-- Table structure for table `llx_sellyoursaas_cancellation_extrafields`
--

CREATE TABLE `llx_sellyoursaas_cancellation_extrafields` (
  `rowid` int(11) NOT NULL AUTO_INCREMENT,
  `tms` timestamp NOT NULL DEFAULT CURRENT_TIMESTAMP ON UPDATE CURRENT_TIMESTAMP,
  `fk_object` int(11) NOT NULL,
  `import_key` varchar(14) COLLATE utf8_unicode_ci DEFAULT NULL,
  PRIMARY KEY (`rowid`)
) ENGINE=InnoDB DEFAULT CHARSET=utf8 COLLATE=utf8_unicode_ci;

--
-- Dumping data for table `llx_sellyoursaas_cancellation_extrafields`
--


--
-- Table structure for table `llx_societe`
--

CREATE TABLE `llx_societe` (
  `rowid` int(11) NOT NULL AUTO_INCREMENT,
  `statut` tinyint(4) DEFAULT '0',
  `parent` int(11) DEFAULT NULL,
  `tms` timestamp NOT NULL DEFAULT CURRENT_TIMESTAMP ON UPDATE CURRENT_TIMESTAMP,
  `datec` datetime DEFAULT NULL,
  `nom` varchar(128) COLLATE utf8_unicode_ci DEFAULT NULL,
  `entity` int(11) NOT NULL DEFAULT '1',
  `ref_ext` varchar(255) COLLATE utf8_unicode_ci DEFAULT NULL,
  `ref_int` varchar(60) COLLATE utf8_unicode_ci DEFAULT NULL,
  `code_client` varchar(24) COLLATE utf8_unicode_ci DEFAULT NULL,
  `code_fournisseur` varchar(24) COLLATE utf8_unicode_ci DEFAULT NULL,
  `code_compta` varchar(24) COLLATE utf8_unicode_ci DEFAULT NULL,
  `code_compta_fournisseur` varchar(24) COLLATE utf8_unicode_ci DEFAULT NULL,
  `address` varchar(255) COLLATE utf8_unicode_ci DEFAULT NULL,
  `zip` varchar(25) COLLATE utf8_unicode_ci DEFAULT NULL,
  `town` varchar(50) COLLATE utf8_unicode_ci DEFAULT NULL,
  `fk_departement` int(11) DEFAULT '0',
  `fk_pays` int(11) DEFAULT '0',
  `phone` varchar(20) COLLATE utf8_unicode_ci DEFAULT NULL,
  `fax` varchar(20) COLLATE utf8_unicode_ci DEFAULT NULL,
  `url` varchar(255) COLLATE utf8_unicode_ci DEFAULT NULL,
  `email` varchar(128) COLLATE utf8_unicode_ci DEFAULT NULL,
  `socialnetworks` text COLLATE utf8_unicode_ci,
  `skype` varchar(255) COLLATE utf8_unicode_ci DEFAULT NULL,
  `whatsapp` varchar(255) COLLATE utf8_unicode_ci DEFAULT NULL,
  `linkedin` varchar(255) COLLATE utf8_unicode_ci DEFAULT NULL,
  `youtube` varchar(255) COLLATE utf8_unicode_ci DEFAULT NULL,
  `googleplus` varchar(255) COLLATE utf8_unicode_ci DEFAULT NULL,
  `snapchat` varchar(255) COLLATE utf8_unicode_ci DEFAULT NULL,
  `instagram` varchar(255) COLLATE utf8_unicode_ci DEFAULT NULL,
  `facebook` varchar(255) COLLATE utf8_unicode_ci DEFAULT NULL,
  `twitter` varchar(255) COLLATE utf8_unicode_ci DEFAULT NULL,
  `fk_effectif` int(11) DEFAULT '0',
  `fk_typent` int(11) DEFAULT '0',
  `fk_forme_juridique` int(11) DEFAULT '0',
  `fk_currency` varchar(3) COLLATE utf8_unicode_ci DEFAULT NULL,
  `siren` varchar(128) COLLATE utf8_unicode_ci DEFAULT NULL,
  `siret` varchar(128) COLLATE utf8_unicode_ci DEFAULT NULL,
  `ape` varchar(128) COLLATE utf8_unicode_ci DEFAULT NULL,
  `idprof4` varchar(128) COLLATE utf8_unicode_ci DEFAULT NULL,
  `tva_intra` varchar(20) COLLATE utf8_unicode_ci DEFAULT NULL,
  `capital` double(24,8) DEFAULT NULL,
  `fk_stcomm` int(11) NOT NULL DEFAULT '0',
  `note_private` text COLLATE utf8_unicode_ci,
  `note_public` text COLLATE utf8_unicode_ci,
  `prefix_comm` varchar(5) COLLATE utf8_unicode_ci DEFAULT NULL,
  `client` tinyint(4) DEFAULT '0',
  `fournisseur` tinyint(4) DEFAULT '0',
  `supplier_account` varchar(32) COLLATE utf8_unicode_ci DEFAULT NULL,
  `fk_prospectlevel` varchar(12) COLLATE utf8_unicode_ci DEFAULT NULL,
  `customer_bad` tinyint(4) DEFAULT '0',
  `customer_rate` double DEFAULT '0',
  `supplier_rate` double DEFAULT '0',
  `fk_user_creat` int(11) DEFAULT NULL,
  `fk_user_modif` int(11) DEFAULT NULL,
  `remise_client` double DEFAULT '0',
  `remise_supplier` double DEFAULT '0',
  `mode_reglement` tinyint(4) DEFAULT NULL,
  `cond_reglement` tinyint(4) DEFAULT NULL,
  `mode_reglement_supplier` int(11) DEFAULT NULL,
  `outstanding_limit` double(24,8) DEFAULT NULL,
  `order_min_amount` double(24,8) DEFAULT NULL,
  `supplier_order_min_amount` double(24,8) DEFAULT NULL,
  `cond_reglement_supplier` int(11) DEFAULT NULL,
  `fk_shipping_method` int(11) DEFAULT NULL,
  `tva_assuj` tinyint(4) DEFAULT '1',
  `localtax1_assuj` tinyint(4) DEFAULT '0',
  `localtax1_value` double(6,3) DEFAULT NULL,
  `localtax2_assuj` tinyint(4) DEFAULT '0',
  `localtax2_value` double(6,3) DEFAULT NULL,
  `barcode` varchar(255) COLLATE utf8_unicode_ci DEFAULT NULL,
  `price_level` int(11) DEFAULT NULL,
  `default_lang` varchar(6) COLLATE utf8_unicode_ci DEFAULT NULL,
  `canvas` varchar(32) COLLATE utf8_unicode_ci DEFAULT NULL,
  `import_key` varchar(14) COLLATE utf8_unicode_ci DEFAULT NULL,
  `status` tinyint(4) DEFAULT '1',
  `logo` varchar(255) COLLATE utf8_unicode_ci DEFAULT NULL,
  `idprof5` varchar(128) COLLATE utf8_unicode_ci DEFAULT NULL,
  `idprof6` varchar(128) COLLATE utf8_unicode_ci DEFAULT NULL,
  `fk_barcode_type` int(11) DEFAULT '0',
  `webservices_url` varchar(255) COLLATE utf8_unicode_ci DEFAULT NULL,
  `webservices_key` varchar(128) COLLATE utf8_unicode_ci DEFAULT NULL,
  `name_alias` varchar(128) COLLATE utf8_unicode_ci DEFAULT NULL,
  `fk_incoterms` int(11) DEFAULT NULL,
  `location_incoterms` varchar(255) COLLATE utf8_unicode_ci DEFAULT NULL,
  `model_pdf` varchar(255) COLLATE utf8_unicode_ci DEFAULT NULL,
  `fk_multicurrency` int(11) DEFAULT NULL,
  `multicurrency_code` varchar(255) COLLATE utf8_unicode_ci DEFAULT NULL,
  `fk_account` int(11) DEFAULT NULL,
  `fk_entrepot` int(11) DEFAULT '0',
  `logo_squarred` varchar(255) COLLATE utf8_unicode_ci DEFAULT NULL,
  PRIMARY KEY (`rowid`),
  UNIQUE KEY `uk_societe_prefix_comm` (`prefix_comm`,`entity`),
  UNIQUE KEY `uk_societe_code_client` (`code_client`,`entity`),
  UNIQUE KEY `uk_societe_barcode` (`barcode`,`fk_barcode_type`,`entity`),
  UNIQUE KEY `uk_societe_code_fournisseur` (`code_fournisseur`,`entity`),
  KEY `idx_societe_user_creat` (`fk_user_creat`),
  KEY `idx_societe_user_modif` (`fk_user_modif`),
  KEY `idx_societe_barcode` (`barcode`)
) ENGINE=InnoDB AUTO_INCREMENT=31 DEFAULT CHARSET=utf8 COLLATE=utf8_unicode_ci;

--
-- Dumping data for table `llx_societe`
--

INSERT INTO `llx_societe` VALUES (1,0,NULL,'2018-01-16 15:21:09','2012-07-08 14:21:44','Indian SAS',1,NULL,NULL,'CU1212-0007','SU1212-0005','7050','6050','1 alalah road',NULL,'Delhi',0,117,NULL,NULL,NULL,NULL,NULL,NULL,NULL,NULL,NULL,NULL,NULL,NULL,NULL,NULL,NULL,4,NULL,'0','','','','','',5000.00000000,1,NULL,NULL,NULL,1,1,NULL,NULL,0,0,0,1,12,0,0,NULL,NULL,NULL,NULL,NULL,NULL,NULL,NULL,1,NULL,0.000,NULL,0.000,NULL,NULL,'en_IN',NULL,NULL,1,'indiancompany.png','','',0,NULL,NULL,'',0,NULL,NULL,NULL,NULL,NULL,0,NULL),(2,0,NULL,'2018-07-30 11:45:49','2012-07-08 14:23:48','Teclib',1,NULL,NULL,'CU1108-0001','SU1108-0001','411CU11080001','401SU11080001','',NULL,'Paris',0,1,NULL,NULL,'www.teclib.com',NULL,NULL,NULL,NULL,NULL,NULL,NULL,NULL,NULL,NULL,NULL,4,3,57,'0','123456789','','ACE14','','',400000.00000000,0,NULL,NULL,NULL,3,1,NULL,'',0,0,0,1,12,0,0,NULL,NULL,NULL,NULL,NULL,NULL,NULL,NULL,1,0,0.000,NULL,0.000,NULL,NULL,'fr_FR',NULL,NULL,1,'teclibcompany.png','','',0,NULL,NULL,'',0,NULL,NULL,0,'',NULL,0,NULL),(3,0,NULL,'2017-02-16 00:47:25','2012-07-08 22:42:12','Spanish Comp',1,NULL,NULL,'SPANISHCOMP','SU1601-0009',NULL,NULL,'1 via mallere',NULL,'Madrid',123,4,NULL,NULL,NULL,NULL,NULL,NULL,NULL,NULL,NULL,NULL,NULL,NULL,NULL,NULL,3,4,408,'0','','','','','',10000.00000000,0,NULL,NULL,NULL,1,1,NULL,NULL,0,0,0,1,12,0,0,NULL,NULL,NULL,NULL,NULL,NULL,NULL,NULL,1,NULL,0.000,NULL,0.000,NULL,NULL,'es_AR',NULL,NULL,1,'spanishcompany.png','','',0,NULL,NULL,'',0,NULL,NULL,NULL,NULL,NULL,0,NULL),(4,0,NULL,'2018-01-22 17:24:53','2012-07-08 22:48:18','Prospector Vaalen',1,NULL,NULL,'CU1303-0014',NULL,NULL,NULL,'',NULL,'Bruxelles',103,2,NULL,NULL,NULL,NULL,NULL,NULL,NULL,NULL,NULL,NULL,NULL,NULL,NULL,NULL,3,4,201,'0','12345678','','','','',0.00000000,0,NULL,NULL,NULL,3,0,NULL,'PL_LOW',0,0,0,1,12,0,0,NULL,NULL,NULL,NULL,NULL,NULL,NULL,NULL,1,NULL,0.000,NULL,0.000,NULL,NULL,NULL,NULL,NULL,1,'valeencompany.png','','',0,NULL,NULL,'',0,NULL,NULL,NULL,NULL,NULL,0,NULL),(5,0,NULL,'2017-02-21 11:01:17','2012-07-08 23:22:57','NoCountry GmBh',1,NULL,NULL,NULL,NULL,NULL,NULL,'',NULL,NULL,0,0,NULL,NULL,NULL,NULL,NULL,NULL,NULL,NULL,NULL,NULL,NULL,NULL,NULL,NULL,NULL,0,NULL,'0','','','','','',0.00000000,0,NULL,NULL,NULL,0,0,NULL,'',0,0,0,1,12,0,0,NULL,NULL,NULL,NULL,NULL,NULL,NULL,NULL,1,0,0.000,NULL,0.000,NULL,NULL,NULL,NULL,NULL,1,'nocountrycomp.png','','',0,NULL,NULL,'',0,NULL,NULL,1,'EUR',NULL,0,NULL),(6,0,NULL,'2018-01-16 15:35:56','2012-07-09 00:15:09','Swiss Touch',1,NULL,NULL,'CU1601-0018','SU1601-0010',NULL,NULL,'',NULL,'Genevia',0,6,NULL,NULL,NULL,'swisstouch@example.ch',NULL,NULL,NULL,NULL,NULL,NULL,NULL,NULL,NULL,NULL,2,2,601,'0','','','','','',56000.00000000,0,NULL,NULL,NULL,3,1,NULL,NULL,0,0,0,1,12,0,0,NULL,NULL,NULL,NULL,NULL,NULL,NULL,NULL,1,NULL,0.000,NULL,0.000,NULL,NULL,NULL,NULL,NULL,1,'swisstouch.png','','',0,NULL,NULL,'',0,NULL,NULL,NULL,NULL,NULL,0,NULL),(7,0,NULL,'2018-01-16 15:38:32','2012-07-09 01:24:26','Generic customer',1,NULL,NULL,'CU1302-0011',NULL,NULL,NULL,'',NULL,NULL,0,7,NULL,NULL,NULL,'ttt@ttt.com',NULL,NULL,NULL,NULL,NULL,NULL,NULL,NULL,NULL,NULL,NULL,8,NULL,'0','','','','','',0.00000000,0,'Generic customer to use for Point Of Sale module.<br />',NULL,NULL,1,0,NULL,NULL,0,0,0,1,12,0,0,NULL,NULL,NULL,NULL,NULL,NULL,NULL,NULL,1,NULL,0.000,NULL,0.000,NULL,NULL,NULL,NULL,NULL,1,'genericcustomer.png','','',0,NULL,NULL,'',0,NULL,NULL,NULL,NULL,NULL,0,NULL),(10,0,NULL,'2020-01-13 12:57:02','2012-07-10 15:13:08','NLTechno',1,NULL,NULL,'CU1212-0005','SU1601-0011','411CU12120005','401SU16010011','',NULL,NULL,0,102,NULL,NULL,NULL,'vsmith@email.com',NULL,NULL,NULL,NULL,NULL,NULL,NULL,NULL,NULL,NULL,1,4,54,'0','493861496','49386149600039','6209Z','22-01-2007','FR123456789',10000.00000000,0,NULL,'aa < aa<br />\r\nd<strong>dd</strong>d',NULL,1,1,NULL,'',0,0,0,1,12,0,0,NULL,NULL,NULL,NULL,NULL,NULL,NULL,NULL,1,NULL,0.000,NULL,0.000,'123456789012',NULL,'fr_FR',NULL,NULL,1,'logo_nltechno_94x100.png','','',0,NULL,NULL,'The OpenSource company',0,NULL,'generic_odt:/home/ldestailleur/git/dolibarr_11.0/documents/doctemplates/thirdparties/template_thirdparty.ods',0,'',NULL,0,NULL),(11,0,NULL,'2019-11-28 11:52:58','2012-07-10 18:35:57','Company Corp 1',1,NULL,NULL,'CU1510-0017',NULL,'7051',NULL,'21 Green Hill street','75500','Los Angeles',0,11,'444123456',NULL,'companycorp1.com','companycorp1@example.com','{\"skype\":\"corp1\"}',NULL,NULL,NULL,NULL,NULL,NULL,NULL,NULL,NULL,1,1,NULL,'0','AB1234567','','','','USABS123',10000.00000000,0,NULL,NULL,NULL,3,0,NULL,'PL_LOW',0,0,0,1,12,0,0,NULL,NULL,NULL,NULL,NULL,NULL,NULL,NULL,1,0,0.000,NULL,0.000,NULL,NULL,'en_US',NULL,NULL,1,'comapnycorp1company.png','','',0,NULL,NULL,'',0,NULL,NULL,1,'EUR',NULL,0,NULL),(12,0,NULL,'2019-09-26 11:38:11','2012-07-11 16:18:08','Dupont Alain',1,NULL,NULL,'CU1601-0019',NULL,'411CU16010019',NULL,'',NULL,NULL,0,0,NULL,NULL,NULL,'pcurie@example.com',NULL,NULL,NULL,NULL,NULL,NULL,NULL,NULL,NULL,NULL,NULL,0,NULL,'0','','','','','',0.00000000,0,NULL,NULL,NULL,1,0,NULL,'',0,0,0,1,12,0,0,NULL,NULL,NULL,NULL,NULL,NULL,NULL,NULL,1,NULL,0.000,NULL,0.000,NULL,NULL,NULL,NULL,NULL,1,'pierrecurie.jpg','','',0,NULL,NULL,'',0,NULL,NULL,0,'',NULL,0,NULL),(13,0,NULL,'2019-10-08 09:57:51','2012-07-11 17:13:20','Company Corp 2',1,NULL,NULL,'CU1910-00021','SU1510-0008','411CU191000021','401SU15100008','',NULL,NULL,0,1,NULL,NULL,NULL,NULL,NULL,NULL,NULL,NULL,NULL,NULL,NULL,NULL,NULL,NULL,NULL,0,NULL,'0','','','','','',0.00000000,0,NULL,NULL,NULL,3,1,NULL,'',0,0,0,1,12,0,0,NULL,NULL,NULL,NULL,NULL,NULL,NULL,NULL,1,NULL,0.000,NULL,0.000,NULL,NULL,NULL,NULL,NULL,1,'companycorp2company.png','','',0,NULL,NULL,'',0,NULL,NULL,1,'EUR',NULL,0,NULL),(17,0,NULL,'2019-11-28 15:02:49','2013-08-01 02:41:26','Book Keeping Company',1,NULL,NULL,'CU1108-0004','SU1108-0004',NULL,'401SU11080004','The French Company',NULL,'Paris',0,1,NULL,NULL,NULL,NULL,'[]',NULL,NULL,NULL,NULL,NULL,NULL,NULL,NULL,NULL,1,0,NULL,'0','','','','','',0.00000000,0,NULL,NULL,NULL,0,1,NULL,'',0,0,0,1,12,0,0,NULL,NULL,NULL,NULL,NULL,NULL,NULL,NULL,1,NULL,0.000,NULL,0.000,NULL,NULL,NULL,NULL,NULL,1,'bookkeepercompany.png','','',0,NULL,NULL,'',0,NULL,NULL,1,'EUR',NULL,0,NULL),(19,0,NULL,'2019-09-26 12:03:13','2015-01-12 12:23:05','Magic Food Store',1,NULL,NULL,'CU1301-0008',NULL,NULL,NULL,'65 holdywood boulevard','123456','BigTown',0,4,NULL,'0101',NULL,'myemail@domain.com',NULL,NULL,NULL,NULL,NULL,NULL,NULL,NULL,NULL,NULL,NULL,0,NULL,'0','','','10/10/2010','','',0.00000000,0,NULL,NULL,NULL,1,0,NULL,NULL,0,0,0,1,12,0,0,NULL,NULL,NULL,NULL,NULL,NULL,NULL,NULL,0,NULL,0.000,NULL,0.000,NULL,NULL,'en_US',NULL,NULL,1,'magicfoodstore.png','','',0,NULL,NULL,'',0,NULL,'sepamandate',NULL,NULL,NULL,0,NULL),(25,0,NULL,'2018-01-22 17:21:17','2015-03-10 15:47:37','Print Company',1,NULL,NULL,'CU1303-0016','SU1303-0007',NULL,NULL,'21 Gutenberg street','45600','Berlin',0,5,NULL,NULL,NULL,'printcompany@example.com',NULL,NULL,NULL,NULL,NULL,NULL,NULL,NULL,NULL,NULL,NULL,0,NULL,'0','','','','','',0.00000000,0,NULL,NULL,NULL,0,1,NULL,NULL,0,0,0,1,12,0,0,NULL,NULL,NULL,NULL,NULL,NULL,NULL,NULL,1,NULL,0.000,NULL,0.000,NULL,NULL,'de_DE',NULL,NULL,1,'printcompany.png','','',0,NULL,NULL,'',0,NULL,NULL,NULL,NULL,NULL,0,NULL),(26,0,NULL,'2019-09-26 12:06:05','2017-02-12 23:17:04','Calculation Power',1,NULL,NULL,'CU1702-0020',NULL,'411CU17020020',NULL,'',NULL,'Calgary',0,14,NULL,NULL,NULL,'calculationpower@example.com',NULL,NULL,NULL,NULL,NULL,NULL,NULL,NULL,NULL,NULL,NULL,0,NULL,NULL,'','','','','',NULL,0,NULL,NULL,NULL,3,0,NULL,'',0,0,0,12,12,0,0,NULL,NULL,NULL,NULL,NULL,NULL,NULL,NULL,0,0,0.000,0,0.000,NULL,NULL,'en_US',NULL,NULL,1,'bookkeepercompany.png','','',0,NULL,NULL,'',0,NULL,NULL,1,'EUR',NULL,0,NULL),(29,0,NULL,'2020-01-13 12:56:22','2020-01-06 00:39:58','Patient',1,NULL,NULL,'CU2001-00022',NULL,'411CU200100022',NULL,'',NULL,NULL,0,117,'01','02',NULL,NULL,'null',NULL,NULL,NULL,NULL,NULL,NULL,NULL,NULL,NULL,NULL,0,NULL,NULL,'','','','','',NULL,0,'aa < ddd',NULL,NULL,3,0,NULL,'',0,0,0,12,12,0,0,NULL,NULL,NULL,NULL,NULL,NULL,NULL,NULL,NULL,NULL,0.000,NULL,0.000,NULL,NULL,NULL,'patient@cabinetmed',NULL,1,NULL,'','',0,NULL,NULL,'',0,NULL,NULL,0,'',NULL,0,NULL),(30,0,NULL,'2020-01-17 14:21:26','2020-01-13 17:19:24','Italo',1,NULL,NULL,'CU2001-00023',NULL,'411CU200100023',NULL,'12 Alagio','123','Milano',777,3,NULL,NULL,NULL,NULL,'[]',NULL,NULL,NULL,NULL,NULL,NULL,NULL,NULL,NULL,NULL,0,NULL,NULL,'','','','','',NULL,0,NULL,NULL,NULL,3,0,NULL,'',0,0,0,12,12,0,0,NULL,NULL,NULL,NULL,NULL,NULL,NULL,NULL,1,0,0.000,0,0.000,NULL,4,NULL,NULL,NULL,1,NULL,'','',0,NULL,NULL,'',0,NULL,NULL,1,'EUR',NULL,0,NULL);

--
-- Table structure for table `llx_societe_account`
--

CREATE TABLE `llx_societe_account` (
  `rowid` int(11) NOT NULL AUTO_INCREMENT,
  `entity` int(11) DEFAULT '1',
  `login` varchar(128) COLLATE utf8_unicode_ci NOT NULL,
  `pass_encoding` varchar(24) COLLATE utf8_unicode_ci DEFAULT NULL,
  `pass_crypted` varchar(128) COLLATE utf8_unicode_ci DEFAULT NULL,
  `pass_temp` varchar(128) COLLATE utf8_unicode_ci DEFAULT NULL,
  `fk_soc` int(11) DEFAULT NULL,
  `site` varchar(128) COLLATE utf8_unicode_ci DEFAULT NULL,
  `fk_website` int(11) DEFAULT NULL,
  `note_private` mediumtext COLLATE utf8_unicode_ci,
  `date_last_login` datetime DEFAULT NULL,
  `date_previous_login` datetime DEFAULT NULL,
  `date_creation` datetime NOT NULL,
  `tms` timestamp NOT NULL DEFAULT CURRENT_TIMESTAMP ON UPDATE CURRENT_TIMESTAMP,
  `fk_user_creat` int(11) NOT NULL,
  `fk_user_modif` int(11) DEFAULT NULL,
  `import_key` varchar(14) COLLATE utf8_unicode_ci DEFAULT NULL,
  `status` int(11) DEFAULT NULL,
  `key_account` varchar(128) COLLATE utf8_unicode_ci DEFAULT NULL,
  `site_account` varchar(128) COLLATE utf8_unicode_ci DEFAULT NULL,
  PRIMARY KEY (`rowid`),
  UNIQUE KEY `uk_societe_account_login_website_soc` (`entity`,`fk_soc`,`login`,`site`,`fk_website`),
  UNIQUE KEY `uk_societe_account_key_account_soc` (`entity`,`fk_soc`,`key_account`,`site`,`fk_website`),
  KEY `idx_societe_account_rowid` (`rowid`),
  KEY `idx_societe_account_login` (`login`),
  KEY `idx_societe_account_status` (`status`),
  KEY `idx_societe_account_fk_website` (`fk_website`),
  KEY `idx_societe_account_fk_soc` (`fk_soc`),
  CONSTRAINT `llx_societe_account_fk_societe` FOREIGN KEY (`fk_soc`) REFERENCES `llx_societe` (`rowid`),
  CONSTRAINT `llx_societe_account_fk_website` FOREIGN KEY (`fk_website`) REFERENCES `llx_website` (`rowid`)
) ENGINE=InnoDB AUTO_INCREMENT=53 DEFAULT CHARSET=utf8 COLLATE=utf8_unicode_ci;

--
-- Dumping data for table `llx_societe_account`
--

INSERT INTO `llx_societe_account` VALUES (1,1,'','',NULL,NULL,204,'stripe',NULL,NULL,NULL,NULL,'2018-03-13 19:25:01','2018-03-19 09:01:17',12,NULL,NULL,0,'',NULL),(4,1,'','',NULL,NULL,148,'stripe',NULL,NULL,NULL,NULL,'2018-03-14 01:04:19','2018-03-14 19:58:19',12,NULL,NULL,0,'cus_CTnHl6FRkiJJYC',NULL),(5,1,'','',NULL,NULL,148,'stripe',NULL,NULL,NULL,NULL,'2018-03-14 01:08:02','2018-03-14 19:58:19',12,NULL,NULL,0,'cus_CTnHl6FRkiJJYC',NULL),(6,1,'','',NULL,NULL,145,'stripe',NULL,NULL,NULL,NULL,'2018-03-14 17:09:36','2018-03-14 14:46:15',12,NULL,NULL,0,'cus_CUZzMg8S2T3oEo',NULL),(7,1,'','',NULL,NULL,145,'stripe',NULL,NULL,NULL,NULL,'2018-03-14 17:09:44','2018-03-14 14:46:15',12,NULL,NULL,0,'cus_CUZzMg8S2T3oEo',NULL),(8,1,'','',NULL,NULL,145,'stripe',NULL,NULL,NULL,NULL,'2018-03-14 18:43:23','2018-03-14 14:46:15',12,NULL,NULL,0,'cus_CUZzMg8S2T3oEo',NULL),(9,1,'','',NULL,NULL,145,'stripe',NULL,NULL,NULL,NULL,'2018-03-14 18:46:09','2018-03-14 14:46:15',12,NULL,NULL,0,'cus_CUZzMg8S2T3oEo',NULL),(10,1,'','',NULL,NULL,145,'stripe',NULL,NULL,NULL,NULL,'2018-03-14 18:46:15','2018-03-14 14:46:15',12,NULL,NULL,0,'cus_CUZzMg8S2T3oEo',NULL),(13,1,'',NULL,NULL,NULL,163,'stripe',NULL,NULL,NULL,NULL,'2018-03-14 19:33:19','2018-03-14 15:33:19',0,NULL,NULL,0,'cus_CUam8x0KCoKZlc',NULL),(14,1,'',NULL,NULL,NULL,182,'stripe',NULL,NULL,NULL,NULL,'2018-03-14 19:48:48','2018-03-14 15:48:49',0,NULL,NULL,0,'cus_CUb2Xt4A2p5vMd',NULL),(15,1,'',NULL,NULL,NULL,203,'stripe',NULL,NULL,NULL,NULL,'2018-03-14 19:52:13','2018-03-21 10:43:37',12,NULL,NULL,0,'',NULL),(17,1,'','',NULL,NULL,148,'stripe',NULL,NULL,NULL,NULL,'2018-03-14 23:57:42','2018-03-14 19:58:19',12,NULL,NULL,0,'cus_CTnHl6FRkiJJYC',NULL),(18,1,'','',NULL,NULL,148,'stripe',NULL,NULL,NULL,NULL,'2018-03-14 23:57:47','2018-03-14 19:58:19',12,NULL,NULL,0,'cus_CTnHl6FRkiJJYC',NULL),(19,1,'','',NULL,NULL,148,'stripe',NULL,NULL,NULL,NULL,'2018-03-14 23:58:13','2018-03-14 19:58:19',12,NULL,NULL,0,'cus_CTnHl6FRkiJJYC',NULL),(20,1,'','',NULL,NULL,148,'stripe',NULL,NULL,NULL,NULL,'2018-03-14 23:58:19','2018-03-14 19:58:19',12,NULL,NULL,0,'cus_CTnHl6FRkiJJYC',NULL),(21,1,'',NULL,NULL,NULL,151,'stripe',NULL,NULL,NULL,NULL,'2018-03-16 19:10:29','2018-03-16 15:10:29',12,NULL,NULL,0,'cus_CVKshSj8uuaATf',NULL),(22,1,'','',NULL,NULL,152,'stripe',NULL,NULL,NULL,NULL,'2018-03-16 19:11:15','2018-03-16 15:11:15',12,NULL,NULL,0,'cus_CTnHl6FRkiJJYC',NULL),(24,1,'',NULL,NULL,NULL,153,'stripe',NULL,NULL,NULL,NULL,'2018-03-16 20:15:45','2018-03-16 16:15:45',18,NULL,NULL,0,'cus_CVLv9rX4wMouSk',NULL),(25,1,'','',NULL,NULL,155,'stripe',NULL,NULL,NULL,NULL,'2018-03-18 23:55:37','2018-03-18 19:55:37',12,NULL,NULL,0,'cus_CVLLzP90RCWx76',NULL),(26,1,'','',NULL,NULL,155,'stripe',NULL,NULL,NULL,NULL,'2018-03-19 00:01:47','2018-03-18 20:01:47',12,NULL,NULL,1,'cus_CVLLzP90RCWx76',NULL),(27,1,'','',NULL,NULL,204,'stripe',NULL,NULL,NULL,NULL,'2018-03-19 13:01:17','2018-03-19 09:01:17',12,NULL,NULL,0,'',NULL),(28,1,'',NULL,NULL,NULL,204,'stripe',NULL,NULL,NULL,NULL,'2018-03-19 13:21:02','2018-03-19 09:21:02',0,NULL,NULL,0,'cus_CWMu7PlGViJN1S',NULL),(29,1,'',NULL,NULL,NULL,1,'stripe',NULL,NULL,NULL,NULL,'2018-03-19 13:38:26','2018-03-19 09:38:26',0,NULL,NULL,0,'cus_CWNCF7mttdVEae',NULL),(30,1,'','',NULL,NULL,203,'stripe',NULL,NULL,NULL,NULL,'2018-03-21 14:43:37','2018-03-21 10:43:37',12,NULL,NULL,0,'',NULL),(31,1,'',NULL,NULL,NULL,203,'stripe',NULL,NULL,NULL,NULL,'2018-03-21 14:44:18','2018-03-21 10:44:18',0,NULL,NULL,0,'cus_CX8hWwDQPMht5r',NULL),(32,1,'',NULL,NULL,NULL,211,'stripe',NULL,NULL,NULL,NULL,'2018-04-19 16:20:27','2018-04-19 14:20:27',18,NULL,NULL,0,'cus_Ci3khlxtfYB0Xl',NULL),(33,1,'',NULL,NULL,NULL,7,'stripe',NULL,NULL,NULL,NULL,'2018-04-30 14:57:29','2018-04-30 12:57:29',0,NULL,NULL,0,'cus_Cm9td5UQieFnlZ',NULL),(38,1,'',NULL,NULL,NULL,154,'stripe',NULL,NULL,NULL,NULL,'2018-05-16 17:01:24','2018-05-16 15:01:24',18,NULL,NULL,0,'cus_CsBVSuBeNzmYw9',NULL),(39,1,'','',NULL,NULL,151,'stripe',NULL,NULL,NULL,NULL,'2018-05-17 09:42:37','2018-05-17 07:42:37',12,NULL,NULL,1,'cus_CVKshSj8uuaATf',NULL),(40,1,'',NULL,NULL,NULL,217,'stripe',NULL,NULL,NULL,NULL,'2018-06-01 19:47:16','2018-06-01 17:47:16',18,NULL,NULL,0,'cus_CyDmj3FJD8rYsd',NULL),(41,1,'',NULL,NULL,NULL,218,'stripe',NULL,NULL,NULL,NULL,'2018-06-11 11:34:38','2018-06-11 09:34:38',12,NULL,NULL,0,'cus_D1q6IoIUoG7LMq',NULL),(42,1,'',NULL,NULL,NULL,10,'stripe',NULL,NULL,NULL,NULL,'2018-06-12 13:49:51','2018-06-12 11:49:51',0,NULL,NULL,0,'cus_D2FVgMTgsYjt6k',NULL),(44,1,'',NULL,NULL,NULL,215,'stripe',NULL,NULL,NULL,NULL,'2018-06-15 16:01:07','2018-06-15 14:01:07',18,NULL,NULL,0,'cus_D3PIZ5HzIeMj7B',NULL),(45,1,'',NULL,NULL,NULL,229,'stripe',NULL,NULL,NULL,NULL,'2018-06-27 01:40:40','2018-06-26 23:40:40',18,NULL,NULL,0,'cus_D7g8Bvgx0AFfha',NULL),(46,1,'',NULL,NULL,NULL,156,'stripe',NULL,NULL,NULL,NULL,'2018-07-17 14:13:48','2018-07-17 12:13:48',18,NULL,NULL,0,'cus_DFMnr5WsUoaCJX',NULL),(47,1,'',NULL,NULL,NULL,231,'stripe',NULL,NULL,NULL,NULL,'2018-07-17 17:46:42','2018-07-17 15:46:42',18,NULL,NULL,0,'cus_DFQEkv3jONVJwR',NULL),(48,1,'',NULL,NULL,NULL,250,'stripe',NULL,NULL,NULL,NULL,'2018-09-17 09:27:23','2018-09-17 07:27:23',18,NULL,NULL,0,'cus_DcWBnburaSkf0c',NULL),(49,1,'',NULL,NULL,NULL,11,'stripe',NULL,NULL,NULL,NULL,'2018-10-12 20:08:01','2018-10-12 18:08:01',0,NULL,NULL,0,'cus_Dm39EV1tf8CRBT',NULL),(50,1,'',NULL,NULL,NULL,214,'stripe',NULL,NULL,NULL,NULL,'2018-10-12 20:57:17','2018-10-12 18:57:17',18,NULL,NULL,0,'cus_Dm3wMg8aMLoRC9',NULL),(51,1,'',NULL,NULL,NULL,213,'stripe',NULL,NULL,NULL,NULL,'2018-10-12 20:59:41','2018-10-12 18:59:41',18,NULL,NULL,0,'cus_Dm3zHwLuFKePzk',NULL),(52,1,'',NULL,NULL,NULL,19,'stripe',NULL,NULL,NULL,NULL,'2020-01-02 23:41:45','2020-01-02 19:41:45',12,NULL,NULL,0,'cus_GTWb6Y0oPo4ciI',NULL);

--
-- Table structure for table `llx_societe_address`
--

CREATE TABLE `llx_societe_address` (
  `rowid` int(11) NOT NULL AUTO_INCREMENT,
  `datec` datetime DEFAULT NULL,
  `tms` timestamp NOT NULL DEFAULT CURRENT_TIMESTAMP ON UPDATE CURRENT_TIMESTAMP,
  `label` varchar(30) COLLATE utf8_unicode_ci DEFAULT NULL,
  `fk_soc` int(11) DEFAULT '0',
  `name` varchar(60) COLLATE utf8_unicode_ci DEFAULT NULL,
  `address` varchar(255) COLLATE utf8_unicode_ci DEFAULT NULL,
  `zip` varchar(10) COLLATE utf8_unicode_ci DEFAULT NULL,
  `town` varchar(50) COLLATE utf8_unicode_ci DEFAULT NULL,
  `fk_pays` int(11) DEFAULT '0',
  `phone` varchar(20) COLLATE utf8_unicode_ci DEFAULT NULL,
  `fax` varchar(20) COLLATE utf8_unicode_ci DEFAULT NULL,
  `note` text COLLATE utf8_unicode_ci,
  `fk_user_creat` int(11) DEFAULT NULL,
  `fk_user_modif` int(11) DEFAULT NULL,
  PRIMARY KEY (`rowid`)
) ENGINE=InnoDB DEFAULT CHARSET=utf8 COLLATE=utf8_unicode_ci;

--
-- Dumping data for table `llx_societe_address`
--


--
-- Table structure for table `llx_societe_commerciaux`
--

CREATE TABLE `llx_societe_commerciaux` (
  `rowid` int(11) NOT NULL AUTO_INCREMENT,
  `fk_soc` int(11) DEFAULT NULL,
  `fk_user` int(11) DEFAULT NULL,
  `import_key` varchar(14) COLLATE utf8_unicode_ci DEFAULT NULL,
  PRIMARY KEY (`rowid`),
  UNIQUE KEY `uk_societe_commerciaux` (`fk_soc`,`fk_user`)
) ENGINE=InnoDB AUTO_INCREMENT=13 DEFAULT CHARSET=utf8 COLLATE=utf8_unicode_ci;

--
-- Dumping data for table `llx_societe_commerciaux`
--

INSERT INTO `llx_societe_commerciaux` VALUES (1,2,2,NULL),(2,3,2,NULL),(5,17,1,NULL),(6,19,1,NULL),(8,19,3,NULL),(9,11,16,NULL),(10,13,17,NULL),(11,26,12,NULL),(12,29,12,NULL);

--
-- Table structure for table `llx_societe_contacts`
--

CREATE TABLE `llx_societe_contacts` (
  `rowid` int(11) NOT NULL AUTO_INCREMENT,
  `entity` int(11) NOT NULL DEFAULT '1',
  `date_creation` datetime NOT NULL,
  `fk_soc` int(11) NOT NULL,
  `fk_c_type_contact` int(11) NOT NULL,
  `fk_socpeople` int(11) NOT NULL,
  `tms` timestamp NOT NULL DEFAULT CURRENT_TIMESTAMP ON UPDATE CURRENT_TIMESTAMP,
  `import_key` varchar(14) COLLATE utf8_unicode_ci DEFAULT NULL,
  PRIMARY KEY (`rowid`),
  UNIQUE KEY `idx_societe_contacts_idx1` (`entity`,`fk_soc`,`fk_c_type_contact`,`fk_socpeople`),
  KEY `fk_societe_contacts_fk_c_type_contact` (`fk_c_type_contact`),
  KEY `fk_societe_contacts_fk_soc` (`fk_soc`),
  KEY `fk_societe_contacts_fk_socpeople` (`fk_socpeople`),
  CONSTRAINT `fk_societe_contacts_fk_c_type_contact` FOREIGN KEY (`fk_c_type_contact`) REFERENCES `llx_c_type_contact` (`rowid`),
  CONSTRAINT `fk_societe_contacts_fk_soc` FOREIGN KEY (`fk_soc`) REFERENCES `llx_societe` (`rowid`),
  CONSTRAINT `fk_societe_contacts_fk_socpeople` FOREIGN KEY (`fk_socpeople`) REFERENCES `llx_socpeople` (`rowid`)
) ENGINE=InnoDB DEFAULT CHARSET=utf8 COLLATE=utf8_unicode_ci;

--
-- Dumping data for table `llx_societe_contacts`
--


--
-- Table structure for table `llx_societe_extrafields`
--

CREATE TABLE `llx_societe_extrafields` (
  `rowid` int(11) NOT NULL AUTO_INCREMENT,
  `tms` timestamp NOT NULL DEFAULT CURRENT_TIMESTAMP ON UPDATE CURRENT_TIMESTAMP,
  `fk_object` int(11) NOT NULL,
  `import_key` varchar(14) COLLATE utf8_unicode_ci DEFAULT NULL,
  `height` varchar(128) COLLATE utf8_unicode_ci DEFAULT NULL,
  `weight` varchar(128) COLLATE utf8_unicode_ci DEFAULT NULL,
  `prof` varchar(128) COLLATE utf8_unicode_ci DEFAULT NULL,
  `birthdate` date DEFAULT NULL,
  PRIMARY KEY (`rowid`),
  UNIQUE KEY `uk_societe_extrafields` (`fk_object`)
) ENGINE=InnoDB AUTO_INCREMENT=103 DEFAULT CHARSET=utf8 COLLATE=utf8_unicode_ci;

--
-- Dumping data for table `llx_societe_extrafields`
--

INSERT INTO `llx_societe_extrafields` VALUES (75,'2018-01-22 16:40:03',10,NULL,NULL,NULL,NULL,NULL),(77,'2018-01-22 16:41:56',12,NULL,NULL,NULL,NULL,NULL),(79,'2018-01-22 17:13:16',13,NULL,NULL,NULL,NULL,NULL),(81,'2018-01-22 17:18:08',19,NULL,NULL,NULL,NULL,NULL),(82,'2018-01-22 17:21:17',25,NULL,NULL,NULL,NULL,NULL),(83,'2018-01-22 17:21:51',1,NULL,NULL,NULL,NULL,NULL),(85,'2018-01-22 17:22:32',3,NULL,NULL,NULL,NULL,NULL),(86,'2018-01-22 17:24:53',4,NULL,NULL,NULL,NULL,NULL),(88,'2018-01-22 17:25:26',6,NULL,NULL,NULL,NULL,NULL),(89,'2018-01-22 17:25:41',7,NULL,NULL,NULL,NULL,NULL),(92,'2018-07-30 11:45:49',2,NULL,NULL,NULL,NULL,NULL),(94,'2017-02-15 22:55:34',17,NULL,NULL,NULL,NULL,NULL),(96,'2017-02-21 11:01:17',5,NULL,NULL,NULL,NULL,NULL),(97,'2017-05-12 09:06:31',11,NULL,NULL,NULL,NULL,NULL),(99,'2019-09-26 12:06:05',26,NULL,NULL,NULL,NULL,NULL),(100,'2020-01-05 20:39:58',29,NULL,NULL,NULL,NULL,NULL),(102,'2020-01-13 13:19:57',30,NULL,NULL,NULL,NULL,NULL);

--
-- Table structure for table `llx_societe_log`
--

CREATE TABLE `llx_societe_log` (
  `id` int(11) NOT NULL AUTO_INCREMENT,
  `datel` datetime DEFAULT NULL,
  `fk_soc` int(11) DEFAULT NULL,
  `fk_statut` int(11) DEFAULT NULL,
  `fk_user` int(11) DEFAULT NULL,
  `author` varchar(30) COLLATE utf8_unicode_ci DEFAULT NULL,
  `label` varchar(128) COLLATE utf8_unicode_ci DEFAULT NULL,
  PRIMARY KEY (`id`)
) ENGINE=InnoDB DEFAULT CHARSET=utf8 COLLATE=utf8_unicode_ci;

--
-- Dumping data for table `llx_societe_log`
--


--
-- Table structure for table `llx_societe_prices`
--

CREATE TABLE `llx_societe_prices` (
  `rowid` int(11) NOT NULL AUTO_INCREMENT,
  `fk_soc` int(11) DEFAULT '0',
  `tms` timestamp NULL DEFAULT NULL,
  `datec` datetime DEFAULT NULL,
  `fk_user_author` int(11) DEFAULT NULL,
  `price_level` tinyint(4) DEFAULT '1',
  PRIMARY KEY (`rowid`)
) ENGINE=InnoDB AUTO_INCREMENT=4 DEFAULT CHARSET=utf8 COLLATE=utf8_unicode_ci;

--
-- Dumping data for table `llx_societe_prices`
--

INSERT INTO `llx_societe_prices` VALUES (1,30,NULL,'2020-01-17 14:54:44',12,4),(2,30,NULL,'2020-01-17 15:19:28',12,1),(3,30,NULL,'2020-01-17 15:21:26',12,4);

--
-- Table structure for table `llx_societe_remise`
--

CREATE TABLE `llx_societe_remise` (
  `rowid` int(11) NOT NULL AUTO_INCREMENT,
  `entity` int(11) NOT NULL DEFAULT '1',
  `fk_soc` int(11) NOT NULL,
  `tms` timestamp NOT NULL DEFAULT CURRENT_TIMESTAMP ON UPDATE CURRENT_TIMESTAMP,
  `datec` datetime DEFAULT NULL,
  `fk_user_author` int(11) DEFAULT NULL,
  `remise_client` double(6,3) NOT NULL DEFAULT '0.000',
  `note` text COLLATE utf8_unicode_ci,
  PRIMARY KEY (`rowid`)
) ENGINE=InnoDB DEFAULT CHARSET=utf8 COLLATE=utf8_unicode_ci;

--
-- Dumping data for table `llx_societe_remise`
--


--
-- Table structure for table `llx_societe_remise_except`
--

CREATE TABLE `llx_societe_remise_except` (
  `rowid` int(11) NOT NULL AUTO_INCREMENT,
  `entity` int(11) NOT NULL DEFAULT '1',
  `fk_soc` int(11) NOT NULL,
  `discount_type` int(11) NOT NULL DEFAULT '0',
  `datec` datetime DEFAULT NULL,
  `amount_ht` double(24,8) NOT NULL,
  `amount_tva` double(24,8) NOT NULL DEFAULT '0.00000000',
  `amount_ttc` double(24,8) NOT NULL DEFAULT '0.00000000',
  `tva_tx` double(6,3) NOT NULL DEFAULT '0.000',
  `fk_user` int(11) NOT NULL,
  `fk_facture_line` int(11) DEFAULT NULL,
  `fk_facture` int(11) DEFAULT NULL,
  `fk_facture_source` int(11) DEFAULT NULL,
  `description` text COLLATE utf8_unicode_ci NOT NULL,
  `multicurrency_amount_ht` double(24,8) NOT NULL DEFAULT '0.00000000',
  `multicurrency_amount_tva` double(24,8) NOT NULL DEFAULT '0.00000000',
  `multicurrency_amount_ttc` double(24,8) NOT NULL DEFAULT '0.00000000',
  `fk_invoice_supplier_line` int(11) DEFAULT NULL,
  `fk_invoice_supplier` int(11) DEFAULT NULL,
  `fk_invoice_supplier_source` int(11) DEFAULT NULL,
  PRIMARY KEY (`rowid`),
  KEY `idx_societe_remise_except_fk_user` (`fk_user`),
  KEY `idx_societe_remise_except_fk_soc` (`fk_soc`),
  KEY `idx_societe_remise_except_fk_facture_line` (`fk_facture_line`),
  KEY `idx_societe_remise_except_fk_facture` (`fk_facture`),
  KEY `idx_societe_remise_except_fk_facture_source` (`fk_facture_source`),
  KEY `fk_soc_remise_fk_invoice_supplier_line` (`fk_invoice_supplier_line`),
  KEY `fk_societe_remise_fk_invoice_supplier_source` (`fk_invoice_supplier`),
  KEY `idx_societe_remise_except_discount_type` (`discount_type`),
  CONSTRAINT `fk_soc_remise_fk_facture_line` FOREIGN KEY (`fk_facture_line`) REFERENCES `llx_facturedet` (`rowid`),
  CONSTRAINT `fk_soc_remise_fk_invoice_supplier_line` FOREIGN KEY (`fk_invoice_supplier_line`) REFERENCES `llx_facture_fourn_det` (`rowid`),
  CONSTRAINT `fk_soc_remise_fk_soc` FOREIGN KEY (`fk_soc`) REFERENCES `llx_societe` (`rowid`),
  CONSTRAINT `fk_societe_remise_fk_facture` FOREIGN KEY (`fk_facture`) REFERENCES `llx_facture` (`rowid`),
  CONSTRAINT `fk_societe_remise_fk_facture_line` FOREIGN KEY (`fk_facture_line`) REFERENCES `llx_facturedet` (`rowid`),
  CONSTRAINT `fk_societe_remise_fk_facture_source` FOREIGN KEY (`fk_facture_source`) REFERENCES `llx_facture` (`rowid`),
  CONSTRAINT `fk_societe_remise_fk_invoice_supplier` FOREIGN KEY (`fk_invoice_supplier`) REFERENCES `llx_facture_fourn` (`rowid`),
  CONSTRAINT `fk_societe_remise_fk_invoice_supplier_source` FOREIGN KEY (`fk_invoice_supplier`) REFERENCES `llx_facture_fourn` (`rowid`),
  CONSTRAINT `fk_societe_remise_fk_soc` FOREIGN KEY (`fk_soc`) REFERENCES `llx_societe` (`rowid`),
  CONSTRAINT `fk_societe_remise_fk_user` FOREIGN KEY (`fk_user`) REFERENCES `llx_user` (`rowid`)
) ENGINE=InnoDB AUTO_INCREMENT=20 DEFAULT CHARSET=utf8 COLLATE=utf8_unicode_ci;

--
-- Dumping data for table `llx_societe_remise_except`
--

INSERT INTO `llx_societe_remise_except` VALUES (2,1,19,0,'2015-03-19 09:36:15',10.00000000,1.25000000,11.25000000,12.500,1,NULL,NULL,NULL,'hfghgf',0.00000000,0.00000000,0.00000000,NULL,NULL,NULL),(14,1,17,1,'2020-01-01 22:06:30',79.16444000,9.89556000,89.06000000,12.500,12,NULL,NULL,NULL,'(CREDIT_NOTE)',0.00000000,0.00000000,0.00000000,NULL,NULL,27),(15,1,19,0,'2020-01-16 02:34:47',20.50000000,0.00000000,20.50000000,0.000,12,1065,NULL,224,'(DEPOSIT)',20.50000000,0.00000000,20.50000000,NULL,NULL,NULL),(16,1,1,0,'2020-01-19 14:49:41',10.00000000,1.96000000,11.96000000,19.600,12,NULL,NULL,NULL,'111',10.00000000,1.96000000,11.96000000,NULL,NULL,NULL),(19,1,1,0,'2020-01-19 15:16:27',48.60000000,1.94000000,50.54000000,4.000,12,NULL,NULL,228,'(DEPOSIT)',48.60000000,1.94000000,50.54000000,NULL,NULL,NULL);

--
-- Table structure for table `llx_societe_remise_supplier`
--

CREATE TABLE `llx_societe_remise_supplier` (
  `rowid` int(11) NOT NULL AUTO_INCREMENT,
  `entity` int(11) NOT NULL DEFAULT '1',
  `fk_soc` int(11) NOT NULL,
  `tms` timestamp NOT NULL DEFAULT CURRENT_TIMESTAMP ON UPDATE CURRENT_TIMESTAMP,
  `datec` datetime DEFAULT NULL,
  `fk_user_author` int(11) DEFAULT NULL,
  `remise_supplier` double(6,3) NOT NULL DEFAULT '0.000',
  `note` mediumtext COLLATE utf8_unicode_ci,
  PRIMARY KEY (`rowid`)
) ENGINE=InnoDB AUTO_INCREMENT=2 DEFAULT CHARSET=utf8 COLLATE=utf8_unicode_ci;

--
-- Dumping data for table `llx_societe_remise_supplier`
--

INSERT INTO `llx_societe_remise_supplier` VALUES (1,1,1,'2018-04-06 18:21:00','2018-04-06 20:21:00',12,6.000,'llll');

--
-- Table structure for table `llx_societe_rib`
--

CREATE TABLE `llx_societe_rib` (
  `rowid` int(11) NOT NULL AUTO_INCREMENT,
  `type` varchar(32) COLLATE utf8_unicode_ci NOT NULL,
  `fk_soc` int(11) NOT NULL,
  `datec` datetime DEFAULT NULL,
  `tms` timestamp NOT NULL DEFAULT CURRENT_TIMESTAMP ON UPDATE CURRENT_TIMESTAMP,
  `label` varchar(200) COLLATE utf8_unicode_ci DEFAULT NULL,
  `bank` varchar(255) COLLATE utf8_unicode_ci DEFAULT NULL,
  `code_banque` varchar(128) COLLATE utf8_unicode_ci DEFAULT NULL,
  `code_guichet` varchar(6) COLLATE utf8_unicode_ci DEFAULT NULL,
  `number` varchar(255) COLLATE utf8_unicode_ci DEFAULT NULL,
  `cle_rib` varchar(5) COLLATE utf8_unicode_ci DEFAULT NULL,
  `bic` varchar(20) COLLATE utf8_unicode_ci DEFAULT NULL,
  `iban_prefix` varchar(34) COLLATE utf8_unicode_ci DEFAULT NULL,
  `domiciliation` varchar(255) COLLATE utf8_unicode_ci DEFAULT NULL,
  `proprio` varchar(60) COLLATE utf8_unicode_ci DEFAULT NULL,
  `owner_address` text COLLATE utf8_unicode_ci,
  `default_rib` tinyint(4) NOT NULL DEFAULT '0',
  `rum` varchar(32) COLLATE utf8_unicode_ci DEFAULT NULL,
  `date_rum` date DEFAULT NULL,
  `frstrecur` varchar(16) COLLATE utf8_unicode_ci DEFAULT 'FRST',
  `import_key` varchar(14) COLLATE utf8_unicode_ci DEFAULT NULL,
  `last_four` varchar(4) COLLATE utf8_unicode_ci DEFAULT NULL,
  `card_type` varchar(255) COLLATE utf8_unicode_ci DEFAULT NULL,
  `cvn` varchar(255) COLLATE utf8_unicode_ci DEFAULT NULL,
  `exp_date_month` int(11) DEFAULT NULL,
  `exp_date_year` int(11) DEFAULT NULL,
  `country_code` varchar(10) COLLATE utf8_unicode_ci DEFAULT NULL,
  `approved` int(11) DEFAULT '0',
  `email` varchar(255) COLLATE utf8_unicode_ci DEFAULT NULL,
  `ending_date` date DEFAULT NULL,
  `max_total_amount_of_all_payments` double(24,8) DEFAULT NULL,
  `preapproval_key` varchar(255) COLLATE utf8_unicode_ci DEFAULT NULL,
  `starting_date` date DEFAULT NULL,
  `total_amount_of_all_payments` double(24,8) DEFAULT NULL,
  `stripe_card_ref` varchar(128) COLLATE utf8_unicode_ci DEFAULT NULL,
  `status` int(11) NOT NULL DEFAULT '1',
  `comment` varchar(255) COLLATE utf8_unicode_ci DEFAULT NULL,
  `ipaddress` varchar(68) COLLATE utf8_unicode_ci DEFAULT NULL,
  PRIMARY KEY (`rowid`)
) ENGINE=InnoDB AUTO_INCREMENT=2 DEFAULT CHARSET=utf8 COLLATE=utf8_unicode_ci;

--
-- Dumping data for table `llx_societe_rib`
--

INSERT INTO `llx_societe_rib` VALUES (1,'ban',19,'2017-02-21 15:50:32','2017-02-21 11:53:08','Morgan Bank','Morgan Bank','','','','','PSPBFIHH','ES80 2310 0001 1800 0001 2345','Royal via,\r\nMadrid','Mr Esposito','10 via ferrata,\r\nMadrid',1,'RUM1301-0008-0',NULL,'FRST',NULL,NULL,NULL,NULL,NULL,NULL,NULL,0,NULL,NULL,NULL,NULL,NULL,NULL,NULL,1,NULL,NULL);

--
-- Table structure for table `llx_socpeople`
--

CREATE TABLE `llx_socpeople` (
  `rowid` int(11) NOT NULL AUTO_INCREMENT,
  `datec` datetime DEFAULT NULL,
  `tms` timestamp NOT NULL DEFAULT CURRENT_TIMESTAMP ON UPDATE CURRENT_TIMESTAMP,
  `fk_soc` int(11) DEFAULT NULL,
  `entity` int(11) NOT NULL DEFAULT '1',
  `ref_ext` varchar(255) COLLATE utf8_unicode_ci DEFAULT NULL,
  `civility` varchar(6) COLLATE utf8_unicode_ci DEFAULT NULL,
  `lastname` varchar(50) COLLATE utf8_unicode_ci DEFAULT NULL,
  `firstname` varchar(50) COLLATE utf8_unicode_ci DEFAULT NULL,
  `address` varchar(255) COLLATE utf8_unicode_ci DEFAULT NULL,
  `zip` varchar(25) COLLATE utf8_unicode_ci DEFAULT NULL,
  `town` text COLLATE utf8_unicode_ci,
  `fk_departement` int(11) DEFAULT NULL,
  `fk_pays` int(11) DEFAULT '0',
  `birthday` date DEFAULT NULL,
  `poste` varchar(80) COLLATE utf8_unicode_ci DEFAULT NULL,
  `phone` varchar(30) COLLATE utf8_unicode_ci DEFAULT NULL,
  `phone_perso` varchar(30) COLLATE utf8_unicode_ci DEFAULT NULL,
  `phone_mobile` varchar(30) COLLATE utf8_unicode_ci DEFAULT NULL,
  `fax` varchar(30) COLLATE utf8_unicode_ci DEFAULT NULL,
  `email` varchar(255) COLLATE utf8_unicode_ci DEFAULT NULL,
  `socialnetworks` text COLLATE utf8_unicode_ci,
  `jabberid` varchar(255) COLLATE utf8_unicode_ci DEFAULT NULL,
  `skype` varchar(255) COLLATE utf8_unicode_ci DEFAULT NULL,
  `whatsapp` varchar(255) COLLATE utf8_unicode_ci DEFAULT NULL,
  `linkedin` varchar(255) COLLATE utf8_unicode_ci DEFAULT NULL,
  `youtube` varchar(255) COLLATE utf8_unicode_ci DEFAULT NULL,
  `googleplus` varchar(255) COLLATE utf8_unicode_ci DEFAULT NULL,
  `snapchat` varchar(255) COLLATE utf8_unicode_ci DEFAULT NULL,
  `instagram` varchar(255) COLLATE utf8_unicode_ci DEFAULT NULL,
  `facebook` varchar(255) COLLATE utf8_unicode_ci DEFAULT NULL,
  `twitter` varchar(255) COLLATE utf8_unicode_ci DEFAULT NULL,
  `photo` varchar(255) COLLATE utf8_unicode_ci DEFAULT NULL,
  `priv` smallint(6) NOT NULL DEFAULT '0',
  `no_email` smallint(6) NOT NULL DEFAULT '0',
  `fk_user_creat` int(11) DEFAULT '0',
  `fk_user_modif` int(11) DEFAULT NULL,
  `note_private` text COLLATE utf8_unicode_ci,
  `note_public` text COLLATE utf8_unicode_ci,
  `default_lang` varchar(6) COLLATE utf8_unicode_ci DEFAULT NULL,
  `canvas` varchar(32) COLLATE utf8_unicode_ci DEFAULT NULL,
  `import_key` varchar(14) COLLATE utf8_unicode_ci DEFAULT NULL,
  `statut` tinyint(4) NOT NULL DEFAULT '1',
  PRIMARY KEY (`rowid`),
  KEY `idx_socpeople_fk_soc` (`fk_soc`),
  KEY `idx_socpeople_fk_user_creat` (`fk_user_creat`),
  CONSTRAINT `fk_socpeople_fk_soc` FOREIGN KEY (`fk_soc`) REFERENCES `llx_societe` (`rowid`),
  CONSTRAINT `fk_socpeople_user_creat_user_rowid` FOREIGN KEY (`fk_user_creat`) REFERENCES `llx_user` (`rowid`)
) ENGINE=InnoDB AUTO_INCREMENT=13 DEFAULT CHARSET=utf8 COLLATE=utf8_unicode_ci;

--
-- Dumping data for table `llx_socpeople`
--

INSERT INTO `llx_socpeople` VALUES (1,'2012-07-08 14:26:14','2019-11-28 11:52:58',1,1,NULL,'MR','Indra','Mahala','','','',297,117,'2012-07-08','Project leader','','','','','','[]',NULL,NULL,NULL,NULL,NULL,NULL,NULL,NULL,NULL,NULL,NULL,0,0,1,12,'Met during a congress at Dubai','',NULL,NULL,NULL,1),(2,'2012-07-08 22:44:50','2019-11-28 11:52:58',NULL,1,NULL,'MR','Freeman','Public','','','',200,11,NULL,'','','','','','','[]',NULL,NULL,NULL,NULL,NULL,NULL,NULL,NULL,NULL,NULL,NULL,0,0,1,1,'A friend that is a free contact not linked to any company',NULL,NULL,NULL,NULL,1),(3,'2012-07-08 22:59:02','2019-11-28 11:52:58',NULL,1,NULL,'MR','Mywife','Nicy','','','',NULL,11,'1980-10-03','','','','','','','[]',NULL,NULL,NULL,NULL,NULL,NULL,NULL,NULL,NULL,NULL,NULL,1,0,1,12,'This is a private contact','',NULL,NULL,NULL,1),(4,'2012-07-09 00:16:58','2019-11-28 11:52:58',6,1,NULL,'MR','Rotchield','Evan','','','',NULL,6,NULL,'Bank director','','','','','','[]',NULL,NULL,NULL,NULL,NULL,NULL,NULL,NULL,NULL,NULL,NULL,0,0,1,1,'The bank director',NULL,NULL,NULL,NULL,1),(6,'2013-08-01 02:41:26','2019-11-28 11:52:58',17,1,NULL,'','Bookkeeper','Bob','','','',NULL,NULL,NULL,'book keeper','','','','','bbookkeeper@example.com','{\"skype\":\"skypebbookkeeper\"}',NULL,NULL,NULL,NULL,NULL,NULL,NULL,NULL,NULL,NULL,'',0,0,1,12,'','',NULL,NULL,NULL,1),(7,'2018-07-30 16:11:06','2019-11-28 11:52:58',NULL,1,'','MR','Dad','','','','',NULL,14,'1967-09-04','','','','','','','[]',NULL,NULL,NULL,NULL,NULL,NULL,NULL,NULL,NULL,NULL,'',1,0,12,12,'','',NULL,NULL,NULL,1),(8,'2018-07-30 16:13:03','2019-11-28 11:52:58',NULL,1,'','MLE','Mom','','','','',NULL,14,NULL,'','','','','','','[]',NULL,NULL,NULL,NULL,NULL,NULL,NULL,NULL,NULL,NULL,'',1,0,12,12,'','',NULL,NULL,NULL,1),(9,'2018-07-30 16:14:41','2019-11-28 11:52:58',NULL,1,'','MR','Francky','','','89455','Virigia',NULL,205,'1980-07-09','Baker','555-98989898','','','','francky@example.com','[]',NULL,NULL,NULL,NULL,NULL,NULL,NULL,NULL,NULL,NULL,'',0,0,12,12,'','',NULL,NULL,NULL,1),(10,'2018-07-30 16:26:22','2019-11-28 11:52:58',10,1,'','','Destailleur','Laurent','','','',NULL,NULL,'1972-10-10','Dolibarr project leader','','','','','ldestailleur@example.com','[]',NULL,NULL,NULL,NULL,NULL,NULL,NULL,NULL,NULL,NULL,'ldestailleur_200x200.jpg',0,0,NULL,12,'','',NULL,NULL,NULL,1),(11,'2017-05-12 13:16:36','2019-11-28 11:52:58',11,1,'','MR','Smith','Laurent','45 Big road','897','Seattle',NULL,11,NULL,'Director','','','','','','[]',NULL,NULL,NULL,NULL,NULL,NULL,NULL,NULL,NULL,NULL,'ldestailleur_200x200.png',0,0,12,12,'','',NULL,NULL,NULL,1),(12,'2017-05-12 13:19:31','2019-11-28 11:52:58',11,1,'','MR','Einstein','','','','',NULL,11,NULL,'Genius','333444555','','','','genius@example.com','[]',NULL,NULL,NULL,NULL,NULL,NULL,NULL,NULL,NULL,NULL,'Einstein.jpg',0,0,12,12,'','',NULL,NULL,NULL,1);

--
-- Table structure for table `llx_socpeople_extrafields`
--

CREATE TABLE `llx_socpeople_extrafields` (
  `rowid` int(11) NOT NULL AUTO_INCREMENT,
  `tms` timestamp NOT NULL DEFAULT CURRENT_TIMESTAMP ON UPDATE CURRENT_TIMESTAMP,
  `fk_object` int(11) NOT NULL,
  `import_key` varchar(14) COLLATE utf8_unicode_ci DEFAULT NULL,
  PRIMARY KEY (`rowid`),
  KEY `idx_socpeople_extrafields` (`fk_object`)
) ENGINE=InnoDB DEFAULT CHARSET=utf8 COLLATE=utf8_unicode_ci;

--
-- Dumping data for table `llx_socpeople_extrafields`
--


--
-- Table structure for table `llx_stock_lotserial`
--

CREATE TABLE `llx_stock_lotserial` (
  `rowid` int(11) NOT NULL AUTO_INCREMENT,
  `entity` int(11) DEFAULT NULL,
  `fk_product` int(11) NOT NULL,
  `batch` varchar(30) COLLATE utf8_unicode_ci DEFAULT NULL,
  `eatby` date DEFAULT NULL,
  `sellby` date DEFAULT NULL,
  `datec` datetime DEFAULT NULL,
  `tms` timestamp NOT NULL DEFAULT CURRENT_TIMESTAMP ON UPDATE CURRENT_TIMESTAMP,
  `fk_user_creat` int(11) DEFAULT NULL,
  `fk_user_modif` int(11) DEFAULT NULL,
  `import_key` int(11) DEFAULT NULL,
  PRIMARY KEY (`rowid`)
) ENGINE=InnoDB DEFAULT CHARSET=utf8 COLLATE=utf8_unicode_ci;

--
-- Dumping data for table `llx_stock_lotserial`
--


--
-- Table structure for table `llx_stock_mouvement`
--

CREATE TABLE `llx_stock_mouvement` (
  `rowid` int(11) NOT NULL AUTO_INCREMENT,
  `tms` timestamp NOT NULL DEFAULT CURRENT_TIMESTAMP ON UPDATE CURRENT_TIMESTAMP,
  `datem` datetime DEFAULT NULL,
  `fk_product` int(11) NOT NULL,
  `fk_entrepot` int(11) NOT NULL,
  `value` double DEFAULT NULL,
  `price` double(24,8) DEFAULT '0.00000000',
  `type_mouvement` smallint(6) DEFAULT NULL,
  `fk_user_author` int(11) DEFAULT NULL,
  `label` varchar(255) COLLATE utf8_unicode_ci DEFAULT NULL,
  `fk_origin` int(11) DEFAULT NULL,
  `origintype` varchar(32) COLLATE utf8_unicode_ci DEFAULT NULL,
  `model_pdf` varchar(255) COLLATE utf8_unicode_ci DEFAULT NULL,
  `fk_projet` int(11) NOT NULL DEFAULT '0',
  `inventorycode` varchar(128) COLLATE utf8_unicode_ci DEFAULT NULL,
  `batch` varchar(30) COLLATE utf8_unicode_ci DEFAULT NULL,
  `eatby` date DEFAULT NULL,
  `sellby` date DEFAULT NULL,
  `fk_project` int(11) DEFAULT NULL,
  PRIMARY KEY (`rowid`),
  KEY `idx_stock_mouvement_fk_product` (`fk_product`),
  KEY `idx_stock_mouvement_fk_entrepot` (`fk_entrepot`)
) ENGINE=InnoDB AUTO_INCREMENT=79 DEFAULT CHARSET=utf8 COLLATE=utf8_unicode_ci;

--
-- Dumping data for table `llx_stock_mouvement`
--

INSERT INTO `llx_stock_mouvement` VALUES (1,'2012-07-08 22:43:51','2012-07-09 00:43:51',2,2,1000,0.00000000,0,1,'Correct stock',NULL,NULL,NULL,0,NULL,NULL,NULL,NULL,NULL),(3,'2012-07-10 22:56:18','2012-07-11 00:56:18',4,2,500,0.00000000,0,1,'Init',NULL,NULL,NULL,0,NULL,NULL,NULL,NULL,NULL),(4,'2012-07-10 23:02:20','2012-07-11 01:02:20',4,2,500,0.00000000,0,1,'',NULL,NULL,NULL,0,NULL,NULL,NULL,NULL,NULL),(5,'2012-07-11 16:49:44','2012-07-11 18:49:44',4,1,2,10.00000000,3,1,'',NULL,NULL,NULL,0,NULL,NULL,NULL,NULL,NULL),(6,'2012-07-11 16:49:44','2012-07-11 18:49:44',1,1,4,0.00000000,3,1,'',NULL,NULL,NULL,0,NULL,NULL,NULL,NULL,NULL),(7,'2015-01-19 17:22:48','2015-01-19 18:22:48',11,1,-1,0.00000000,2,1,'Facture cr&eacute;&eacute;e dans DoliPOS',NULL,NULL,NULL,0,NULL,NULL,NULL,NULL,NULL),(8,'2015-01-19 17:22:48','2015-01-19 18:22:48',4,1,-1,5.00000000,2,1,'Facture cr&eacute;&eacute;e dans DoliPOS',NULL,NULL,NULL,0,NULL,NULL,NULL,NULL,NULL),(9,'2015-01-19 17:22:48','2015-01-19 18:22:48',1,1,-2,0.00000000,2,1,'Facture cr&eacute;&eacute;e dans DoliPOS',NULL,NULL,NULL,0,NULL,NULL,NULL,NULL,NULL),(10,'2015-01-19 17:31:10','2015-01-19 18:31:10',2,1,-1,0.00000000,2,1,'Facture cr&eacute;&eacute;e dans DoliPOS',NULL,NULL,NULL,0,NULL,NULL,NULL,NULL,NULL),(11,'2015-01-19 17:31:58','2015-01-19 18:31:58',2,1,-1,0.00000000,2,1,'Facture cr&eacute;&eacute;e dans DoliPOS',NULL,NULL,NULL,0,NULL,NULL,NULL,NULL,NULL),(12,'2018-07-30 13:39:31','2018-07-30 17:39:31',10,2,50,0.00000000,0,12,'Stock correction for product COMP-XP4523',0,'',NULL,0,NULL,'5599887766452',NULL,NULL,NULL),(13,'2018-07-30 13:40:12','2018-07-30 17:40:12',10,2,60,0.00000000,0,12,'Stock correction for product COMP-XP4523',0,'',NULL,0,NULL,'4494487766452',NULL,NULL,NULL),(14,'2018-07-30 13:40:39','2018-07-30 17:40:39',10,2,-35,0.00000000,1,12,'Stock transfer of product COMP-XP4523 into another warehouse',0,'',NULL,0,'160730174015','5599887766452',NULL,NULL,NULL),(15,'2018-07-30 13:40:39','2018-07-30 17:40:39',10,1,35,0.00000000,0,12,'Stock transfer of product COMP-XP4523 into another warehouse',0,'',NULL,0,'160730174015','5599887766452',NULL,NULL,NULL),(16,'2017-02-15 23:58:08','2017-02-16 03:58:08',10,1,-1,100.00000000,2,12,'Exp&eacute;dition SH1702-0002 valid&eacute;e',3,'shipping',NULL,0,NULL,'5599887766452',NULL,NULL,NULL),(17,'2017-02-16 00:12:09','2017-02-16 04:12:09',10,1,1,0.00000000,3,12,'Exp&eacute;dition SH1702-0002 supprim&eacute;e',0,'',NULL,0,NULL,'5599887766452',NULL,NULL,NULL),(18,'2020-01-02 20:57:29','2020-01-03 00:57:29',25,1,50,0.00000000,0,12,'Stock correction for product POS-APPLE',0,'',NULL,0,'200103005654',NULL,NULL,NULL,NULL),(23,'2020-01-06 01:44:30','2020-01-06 05:44:30',25,1,-12,0.00000000,2,12,'Production MO1912-0002 - 2020-01-06 05:26:49',0,'',NULL,0,'MO1912-0002_20200106052649',NULL,NULL,NULL,NULL),(24,'2020-01-06 01:44:30','2020-01-06 05:44:30',4,2,3,0.00000000,3,12,'Production MO1912-0002 - 2020-01-06 05:26:49',0,'',NULL,0,'MO1912-0002_20200106052649',NULL,'2020-01-06',NULL,NULL),(25,'2020-01-06 01:54:05','2020-01-06 05:54:05',25,1,-2,0.00000000,2,12,'Production MO1912-0002 - 2020-01-06 05:53:52',0,'',NULL,0,'MO1912-0002_20200106055352',NULL,NULL,NULL,NULL),(26,'2020-01-06 01:54:05','2020-01-06 05:54:05',4,2,3,0.00000000,3,12,'Production MO1912-0002 - 2020-01-06 05:53:52',0,'',NULL,0,'MO1912-0002_20200106055352',NULL,'2020-01-06',NULL,NULL),(27,'2020-01-06 02:44:49','2020-01-06 06:44:49',25,1,-1,0.00000000,2,12,'Production MO2001-0003 - 2020-01-06 06:44:37',0,'',NULL,0,'MO2001-0003',NULL,NULL,NULL,NULL),(28,'2020-01-06 02:44:49','2020-01-06 06:44:49',4,1,1,0.00000000,3,12,'Production MO2001-0003 - 2020-01-06 06:44:37',0,'',NULL,0,'MO2001-0003',NULL,'2020-01-06',NULL,NULL),(29,'2020-01-06 02:46:03','2020-01-06 06:46:03',25,1,-1,0.00000000,2,12,'Production MO2001-0003 - 2020-01-06 06:45:53',0,'',NULL,0,'MO2001-0003',NULL,NULL,NULL,NULL),(30,'2020-01-06 02:46:03','2020-01-06 06:46:03',4,1,1,0.00000000,3,12,'Production MO2001-0003 - 2020-01-06 06:45:53',0,'',NULL,0,'MO2001-0003',NULL,'2020-01-06',NULL,NULL),(31,'2020-01-06 02:48:22','2020-01-06 06:48:22',25,1,-1,0.00000000,2,12,'Production MO2001-0003 - 2020-01-06 06:48:11',0,'',NULL,0,'MO2001-0003',NULL,NULL,NULL,NULL),(32,'2020-01-06 02:48:22','2020-01-06 06:48:22',4,1,1,0.00000000,3,12,'Production MO2001-0003 - 2020-01-06 06:48:11',0,'',NULL,0,'MO2001-0003',NULL,'2020-01-06',NULL,NULL),(33,'2020-01-06 02:50:05','2020-01-06 06:50:05',25,1,-1,0.00000000,2,12,'Production MO2001-0003 - 2020-01-06 06:49:57',0,'',NULL,0,'MO2001-0003',NULL,NULL,NULL,NULL),(34,'2020-01-06 02:50:05','2020-01-06 06:50:05',4,1,1,0.00000000,3,12,'Production MO2001-0003 - 2020-01-06 06:49:57',0,'',NULL,0,'MO2001-0003',NULL,'2020-01-06',NULL,NULL),(35,'2020-01-07 16:25:02','2020-01-07 20:25:02',25,1,-2,0.00000000,2,12,'Production MO1912-0002 - 2020-01-07 20:24:49',0,'',NULL,0,'MO1912-0002',NULL,NULL,NULL,NULL),(36,'2020-01-07 16:25:02','2020-01-07 20:25:02',4,2,1,0.00000000,3,12,'Production MO1912-0002 - 2020-01-07 20:24:49',0,'',NULL,0,'MO1912-0002',NULL,'2020-01-07',NULL,NULL),(37,'2020-01-07 17:12:37','2020-01-07 21:12:37',25,1,0,0.00000000,2,12,'Production MO1912-0002 - 2020-01-07 21:12:26',0,'',NULL,0,'MO1912-0002',NULL,NULL,NULL,NULL),(38,'2020-01-07 17:12:37','2020-01-07 21:12:37',4,2,0,0.00000000,3,12,'Production MO1912-0002 - 2020-01-07 21:12:26',0,'',NULL,0,'MO1912-0002',NULL,'2020-01-07',NULL,NULL),(39,'2020-01-07 17:13:00','2020-01-07 21:13:00',25,1,0,0.00000000,2,12,'Production MO1912-0002 - 2020-01-07 21:12:58',0,'',NULL,0,'MO1912-0002',NULL,NULL,NULL,NULL),(40,'2020-01-07 17:13:00','2020-01-07 21:13:00',4,2,0,0.00000000,3,12,'Production MO1912-0002 - 2020-01-07 21:12:58',0,'',NULL,0,'MO1912-0002',NULL,'2020-01-07',NULL,NULL),(41,'2020-01-07 17:13:49','2020-01-07 21:13:49',25,1,0,0.00000000,2,12,'Production MO1912-0002 - 2020-01-07 21:12:58',0,'',NULL,0,'MO1912-0002',NULL,NULL,NULL,NULL),(42,'2020-01-07 17:13:49','2020-01-07 21:13:49',4,2,0,0.00000000,3,12,'Production MO1912-0002 - 2020-01-07 21:12:58',0,'',NULL,0,'MO1912-0002',NULL,'2020-01-07',NULL,NULL),(43,'2020-01-07 17:46:58','2020-01-07 21:46:58',4,2,0,0.00000000,3,12,'Production MO1912-0002 - 2020-01-07 21:46:55',0,'',NULL,0,'MO1912-0002',NULL,'2020-01-07',NULL,NULL),(44,'2020-01-07 17:52:34','2020-01-07 21:52:34',4,2,0,0.00000000,3,12,'Production MO1912-0002 - 2020-01-07 21:52:28',0,'',NULL,0,'MO1912-0002',NULL,'2020-01-07',NULL,NULL),(45,'2020-01-07 17:53:44','2020-01-07 21:53:44',4,2,0,0.00000000,3,12,'Production MO1912-0002 - 2020-01-07 21:52:37',0,'',NULL,0,'MO1912-0002',NULL,'2020-01-07',NULL,NULL),(46,'2020-01-07 17:53:58','2020-01-07 21:53:58',25,1,-1,0.00000000,2,12,'Production MO1912-0002 - 2020-01-07 21:53:46',0,'',NULL,0,'MO1912-0002',NULL,NULL,NULL,NULL),(47,'2020-01-07 17:53:58','2020-01-07 21:53:58',4,2,0,0.00000000,3,12,'Production MO1912-0002 - 2020-01-07 21:53:46',0,'',NULL,0,'MO1912-0002',NULL,'2020-01-07',NULL,NULL),(48,'2020-01-07 17:54:11','2020-01-07 21:54:11',25,1,-1,0.00000000,2,12,'Production MO1912-0002 - 2020-01-07 21:54:00',0,'',NULL,0,'MO1912-0002',NULL,NULL,NULL,NULL),(49,'2020-01-07 17:54:12','2020-01-07 21:54:12',4,2,0,0.00000000,3,12,'Production MO1912-0002 - 2020-01-07 21:54:00',0,'',NULL,0,'MO1912-0002',NULL,'2020-01-07',NULL,NULL),(51,'2020-01-07 18:00:55','2020-01-07 22:00:55',25,1,-1,0.00000000,2,12,'Production MO1912-0002 - 2020-01-07 22:00:40',5,'mo',NULL,7,'MO1912-0002',NULL,NULL,NULL,NULL),(52,'2020-01-07 18:00:55','2020-01-07 22:00:55',4,1,1,0.00000000,3,12,'Production MO1912-0002 - 2020-01-07 22:00:40',5,'mo',NULL,7,'MO1912-0002',NULL,'2020-01-07',NULL,NULL),(53,'2020-01-07 18:39:52','2020-01-07 22:39:52',25,1,-1,0.00000000,2,12,'Production MO2001-0003 - 2020-01-07 22:39:38',14,'mo',NULL,0,'MO2001-0003',NULL,NULL,NULL,NULL),(54,'2020-01-07 18:39:52','2020-01-07 22:39:52',4,1,2,0.00000000,3,12,'Production MO2001-0003 - 2020-01-07 22:39:38',14,'mo',NULL,0,'MO2001-0003',NULL,'2020-01-07',NULL,NULL),(55,'2020-01-07 19:09:04','2020-01-07 23:09:04',25,1,-2,0.00000000,2,12,'Production of MO2001-0003',14,'mo',NULL,0,'Production of MO2001-0003',NULL,NULL,NULL,NULL),(56,'2020-01-07 19:09:04','2020-01-07 23:09:04',4,1,4,0.00000000,3,12,'Production of MO2001-0003',14,'mo',NULL,0,'Production of MO2001-0003',NULL,'2020-01-07',NULL,NULL),(57,'2020-01-07 19:50:40','2020-01-07 23:50:40',25,1,-1,0.00000000,2,12,'Production of MO1912-0002',5,'mo',NULL,7,'Production of MO1912-0002',NULL,NULL,NULL,NULL),(58,'2020-01-07 19:50:40','2020-01-07 23:50:40',4,2,0,0.00000000,3,12,'Production of MO1912-0002',5,'mo',NULL,7,'Production of MO1912-0002',NULL,'2020-01-07',NULL,NULL),(59,'2020-01-07 19:51:27','2020-01-07 23:51:27',25,1,-1,0.00000000,2,12,'Production of MO1912-0002',5,'mo',NULL,7,'Production of MO1912-0002',NULL,NULL,NULL,NULL),(60,'2020-01-07 19:51:27','2020-01-07 23:51:27',4,2,0,0.00000000,3,12,'Production of MO1912-0002',5,'mo',NULL,7,'Production of MO1912-0002',NULL,'2020-01-07',NULL,NULL),(61,'2020-01-07 20:25:23','2020-01-08 00:25:23',4,2,0,0.00000000,3,12,'Production of MO1912-0002',5,'mo',NULL,7,'Production of MO1912-0002',NULL,'2020-01-08',NULL,NULL),(62,'2020-01-07 20:25:43','2020-01-08 00:25:43',4,2,0,0.00000000,3,12,'Production of MO1912-0002',5,'mo',NULL,7,'Production of MO1912-0002',NULL,'2020-01-08',NULL,NULL),(63,'2020-01-07 20:29:24','2020-01-08 00:29:24',25,1,-1.1,0.00000000,2,12,'Production of MO1912-0002',5,'mo',NULL,7,'Production of MO1912-0002',NULL,NULL,NULL,NULL),(64,'2020-01-07 20:29:24','2020-01-08 00:29:24',4,2,0,0.00000000,3,12,'Production of MO1912-0002',5,'mo',NULL,7,'Production of MO1912-0002',NULL,'2020-01-08',NULL,NULL),(65,'2020-01-07 20:29:43','2020-01-08 00:29:43',4,2,0,0.00000000,3,12,'Production of MO1912-0002',5,'mo',NULL,7,'Production of MO1912-0002',NULL,'2020-01-08',NULL,NULL),(66,'2020-01-07 21:09:15','2020-01-08 01:09:15',25,1,-1.1,0.00000000,2,12,'Production of MO1912-0002',5,'mo',NULL,7,'Production of MO1912-0002',NULL,NULL,NULL,NULL),(67,'2020-01-07 21:09:15','2020-01-08 01:09:15',4,2,0,0.00000000,3,12,'Production of MO1912-0002',5,'mo',NULL,7,'Production of MO1912-0002',NULL,'2020-01-08',NULL,NULL),(68,'2020-01-07 21:15:02','2020-01-08 01:15:02',25,1,-1.1,0.00000000,2,12,'Production of MO1912-0002',5,'mo',NULL,7,'Production of MO1912-0002',NULL,NULL,NULL,NULL),(69,'2020-01-07 21:17:16','2020-01-08 01:17:16',25,1,-1.1,0.00000000,2,12,'Production of MO1912-0002',5,'mo',NULL,7,'Production of MO1912-0002',NULL,NULL,NULL,NULL),(70,'2020-01-08 16:21:22','2020-01-08 20:21:22',25,1,-1,0.00000000,2,12,'Production of MO2001-0005',28,'mo',NULL,0,'Production of MO2001-0005',NULL,NULL,NULL,NULL),(73,'2020-01-08 16:41:18','2020-01-08 20:41:18',1,1,-1.1,0.00000000,2,12,'Production of MO2001-0005',28,'mo',NULL,0,'Production of MO2001-0005','000000',NULL,NULL,NULL),(74,'2020-01-08 16:41:18','2020-01-08 20:41:18',4,1,1.2,0.00000000,3,12,'Production of MO2001-0005',28,'mo',NULL,0,'Production of MO2001-0005','aaa',NULL,NULL,NULL),(75,'2020-01-13 11:13:19','2020-01-13 15:13:19',25,1,-1,0.00000000,2,12,'Production of MO2001-0006',24,'mo',NULL,6,'Production of MO2001-0006',NULL,NULL,NULL,NULL),(76,'2020-01-13 11:14:15','2020-01-13 15:14:15',1,1,-0.1,0.00000000,2,12,'Production of MO2001-0006',24,'mo',NULL,6,'Production of MO2001-0006','000000',NULL,NULL,NULL),(77,'2020-01-18 19:16:58','2020-01-18 20:16:58',1,1,1,0.00000000,3,12,'string',0,'',NULL,0,'string','string',NULL,NULL,NULL),(78,'2020-01-18 19:17:03','2020-01-18 20:17:03',1,1,1,0.00000000,3,12,'string',0,'',NULL,0,'string','string',NULL,NULL,NULL);

--
-- Table structure for table `llx_submitew_message`
--

CREATE TABLE `llx_submitew_message` (
  `rowid` int(11) NOT NULL AUTO_INCREMENT,
  `statut` smallint(6) DEFAULT '0',
  `label` varchar(60) COLLATE utf8_unicode_ci DEFAULT NULL,
  `entity` int(11) NOT NULL DEFAULT '1',
  `title` varchar(60) COLLATE utf8_unicode_ci DEFAULT NULL,
  `body_short` text COLLATE utf8_unicode_ci,
  `body_long` text COLLATE utf8_unicode_ci,
  `url` varchar(255) COLLATE utf8_unicode_ci DEFAULT NULL,
  `cible` varchar(60) COLLATE utf8_unicode_ci DEFAULT NULL,
  `nbemail` int(11) DEFAULT NULL,
  `email_from` varchar(160) COLLATE utf8_unicode_ci DEFAULT NULL,
  `email_replyto` varchar(160) COLLATE utf8_unicode_ci DEFAULT NULL,
  `email_errorsto` varchar(160) COLLATE utf8_unicode_ci DEFAULT NULL,
  `tag` varchar(128) COLLATE utf8_unicode_ci DEFAULT NULL,
  `date_creat` datetime DEFAULT NULL,
  `date_valid` datetime DEFAULT NULL,
  `date_appro` datetime DEFAULT NULL,
  `date_envoi` datetime DEFAULT NULL,
  `fk_user_creat` int(11) DEFAULT NULL,
  `fk_user_valid` int(11) DEFAULT NULL,
  `fk_user_appro` int(11) DEFAULT NULL,
  `joined_file1` varchar(255) COLLATE utf8_unicode_ci DEFAULT NULL,
  `joined_file2` varchar(255) COLLATE utf8_unicode_ci DEFAULT NULL,
  `joined_file3` varchar(255) COLLATE utf8_unicode_ci DEFAULT NULL,
  `joined_file4` varchar(255) COLLATE utf8_unicode_ci DEFAULT NULL,
  PRIMARY KEY (`rowid`)
) ENGINE=InnoDB DEFAULT CHARSET=utf8 COLLATE=utf8_unicode_ci;

--
-- Dumping data for table `llx_submitew_message`
--


--
-- Table structure for table `llx_submitew_targets`
--

CREATE TABLE `llx_submitew_targets` (
  `rowid` int(11) NOT NULL AUTO_INCREMENT,
  `label` varchar(64) COLLATE utf8_unicode_ci NOT NULL,
  `targetcode` varchar(16) COLLATE utf8_unicode_ci NOT NULL,
  `langcode` varchar(5) COLLATE utf8_unicode_ci DEFAULT 'en_US',
  `url` varchar(250) COLLATE utf8_unicode_ci DEFAULT NULL,
  `login` varchar(128) COLLATE utf8_unicode_ci DEFAULT NULL,
  `pass` varchar(128) COLLATE utf8_unicode_ci DEFAULT NULL,
  `comment` varchar(250) COLLATE utf8_unicode_ci DEFAULT NULL,
  `position` int(11) DEFAULT '0',
  `titlelength` int(11) DEFAULT '32',
  `descshortlength` int(11) DEFAULT '256',
  `desclonglength` int(11) DEFAULT '2000',
  PRIMARY KEY (`rowid`),
  UNIQUE KEY `uk_submitewtargets` (`label`,`langcode`)
) ENGINE=InnoDB AUTO_INCREMENT=72 DEFAULT CHARSET=utf8 COLLATE=utf8_unicode_ci;

--
-- Dumping data for table `llx_submitew_targets`
--

INSERT INTO `llx_submitew_targets` VALUES (17,'hhho','email','fr_FR','',NULL,NULL,NULL,0,0,-1,0),(34,'pppp','facebook','fr_FR',NULL,'eldy','ld101010-fk',NULL,0,-1,-1,-1),(35,'hfghfgh','web','de_DE','http://wwww','ffffmmm','null',NULL,0,-1,-1,-1),(37,'llll','linkedin','fr_FR','',NULL,NULL,NULL,0,32,256,2000),(55,'fff','dig','fr_FR',NULL,'hfgh','hfghgf',NULL,0,-1,-1,-1),(56,'aaaaaaa','linkedin','da_DK',NULL,'aa','aaa',NULL,0,32,256,2000),(57,'ddd','dig','en_US',NULL,'dd',NULL,NULL,0,32,256,2000),(59,'dddff','dig','en_US',NULL,NULL,NULL,NULL,0,32,256,2000),(68,'dddffe','dig','en_US',NULL,NULL,NULL,NULL,0,32,256,2000),(70,'dddffef','dig','en_US','http://www.dig.com',NULL,NULL,NULL,0,32,256,2000),(71,'ffff','dig','en_US','http://www.dig.com',NULL,NULL,NULL,0,32,256,2000);

--
-- Table structure for table `llx_submitew_targets_params`
--

CREATE TABLE `llx_submitew_targets_params` (
  `rowid` int(11) NOT NULL AUTO_INCREMENT,
  `fk_target` int(11) NOT NULL,
  `paramkey` varchar(16) COLLATE utf8_unicode_ci NOT NULL,
  `paramvalue` varchar(128) COLLATE utf8_unicode_ci DEFAULT '',
  PRIMARY KEY (`rowid`),
  UNIQUE KEY `idx_submitewtargets_fk_target` (`fk_target`),
  UNIQUE KEY `uk_submitewtargets_params` (`fk_target`,`paramkey`,`paramvalue`),
  CONSTRAINT `fk_submitewtargets_fk_target` FOREIGN KEY (`fk_target`) REFERENCES `llx_submitew_targets` (`rowid`)
) ENGINE=InnoDB DEFAULT CHARSET=utf8 COLLATE=utf8_unicode_ci;

--
-- Dumping data for table `llx_submitew_targets_params`
--


--
-- Table structure for table `llx_subscription`
--

CREATE TABLE `llx_subscription` (
  `rowid` int(11) NOT NULL AUTO_INCREMENT,
  `tms` timestamp NOT NULL DEFAULT CURRENT_TIMESTAMP ON UPDATE CURRENT_TIMESTAMP,
  `datec` datetime DEFAULT NULL,
  `fk_adherent` int(11) DEFAULT NULL,
  `dateadh` datetime DEFAULT NULL,
  `datef` date DEFAULT NULL,
  `subscription` double(24,8) DEFAULT NULL,
  `fk_bank` int(11) DEFAULT NULL,
  `note` text COLLATE utf8_unicode_ci,
  `fk_type` int(11) DEFAULT NULL,
  PRIMARY KEY (`rowid`),
  UNIQUE KEY `uk_subscription` (`fk_adherent`,`dateadh`)
) ENGINE=InnoDB AUTO_INCREMENT=7 DEFAULT CHARSET=utf8 COLLATE=utf8_unicode_ci;

--
-- Dumping data for table `llx_subscription`
--

INSERT INTO `llx_subscription` VALUES (2,'2020-01-21 00:02:14','2020-01-21 01:02:14',3,'2013-07-18 00:00:00','2014-07-17',50.00000000,51,'Subscription 2013',2),(3,'2020-01-21 09:22:37','2020-01-21 10:22:37',4,'2017-07-18 00:00:00','2018-07-17',50.00000000,52,'Subscription 2017',2),(4,'2020-01-21 09:23:17','2020-01-21 10:23:17',2,'2017-07-18 00:00:00','2018-07-17',50.00000000,53,'Subscription 2017',2),(5,'2020-01-21 09:23:28','2020-01-21 10:23:28',2,'2018-07-18 00:00:00','2019-07-17',50.00000000,54,'Subscription 2018',2),(6,'2020-01-21 09:23:49','2020-01-21 10:23:49',2,'2019-07-18 00:00:00','2020-07-17',50.00000000,55,'Subscription 2019',2);

--
-- Table structure for table `llx_supplier_proposal`
--

CREATE TABLE `llx_supplier_proposal` (
  `rowid` int(11) NOT NULL AUTO_INCREMENT,
  `ref` varchar(30) COLLATE utf8_unicode_ci NOT NULL,
  `entity` int(11) NOT NULL DEFAULT '1',
  `ref_ext` varchar(255) COLLATE utf8_unicode_ci DEFAULT NULL,
  `ref_int` varchar(255) COLLATE utf8_unicode_ci DEFAULT NULL,
  `fk_soc` int(11) DEFAULT NULL,
  `fk_projet` int(11) DEFAULT NULL,
  `tms` timestamp NOT NULL DEFAULT CURRENT_TIMESTAMP ON UPDATE CURRENT_TIMESTAMP,
  `datec` datetime DEFAULT NULL,
  `date_valid` datetime DEFAULT NULL,
  `date_cloture` datetime DEFAULT NULL,
  `fk_user_author` int(11) DEFAULT NULL,
  `fk_user_modif` int(11) DEFAULT NULL,
  `fk_user_valid` int(11) DEFAULT NULL,
  `fk_user_cloture` int(11) DEFAULT NULL,
  `fk_statut` smallint(6) NOT NULL DEFAULT '0',
  `price` double DEFAULT '0',
  `remise_percent` double DEFAULT '0',
  `remise_absolue` double DEFAULT '0',
  `remise` double DEFAULT '0',
  `total_ht` double(24,8) DEFAULT '0.00000000',
  `tva` double(24,8) DEFAULT '0.00000000',
  `localtax1` double(24,8) DEFAULT '0.00000000',
  `localtax2` double(24,8) DEFAULT '0.00000000',
  `total` double(24,8) DEFAULT '0.00000000',
  `fk_account` int(11) DEFAULT NULL,
  `fk_currency` varchar(3) COLLATE utf8_unicode_ci DEFAULT NULL,
  `fk_cond_reglement` int(11) DEFAULT NULL,
  `fk_mode_reglement` int(11) DEFAULT NULL,
  `note_private` text COLLATE utf8_unicode_ci,
  `note_public` text COLLATE utf8_unicode_ci,
  `model_pdf` varchar(255) COLLATE utf8_unicode_ci DEFAULT NULL,
  `date_livraison` date DEFAULT NULL,
  `fk_shipping_method` int(11) DEFAULT NULL,
  `import_key` varchar(14) COLLATE utf8_unicode_ci DEFAULT NULL,
  `extraparams` varchar(255) COLLATE utf8_unicode_ci DEFAULT NULL,
  `fk_multicurrency` int(11) DEFAULT NULL,
  `multicurrency_code` varchar(255) COLLATE utf8_unicode_ci DEFAULT NULL,
  `multicurrency_tx` double(24,8) DEFAULT '1.00000000',
  `multicurrency_total_ht` double(24,8) DEFAULT '0.00000000',
  `multicurrency_total_tva` double(24,8) DEFAULT '0.00000000',
  `multicurrency_total_ttc` double(24,8) DEFAULT '0.00000000',
  `last_main_doc` varchar(255) COLLATE utf8_unicode_ci DEFAULT NULL,
  PRIMARY KEY (`rowid`)
) ENGINE=InnoDB AUTO_INCREMENT=5 DEFAULT CHARSET=utf8 COLLATE=utf8_unicode_ci;

--
-- Dumping data for table `llx_supplier_proposal`
--

INSERT INTO `llx_supplier_proposal` VALUES (2,'(PROV2)',1,NULL,NULL,10,NULL,'2020-01-20 11:19:25','2017-02-17 04:40:14',NULL,NULL,12,12,NULL,NULL,0,0,NULL,NULL,0,290.00000000,0.00000000,0.00000000,0.00000000,290.00000000,NULL,NULL,2,7,'Private note','Public note','aurore','2017-02-17',1,NULL,NULL,1,'EUR',1.00000000,290.00000000,0.00000000,290.00000000,NULL),(3,'(PROV3)',1,NULL,NULL,1,NULL,'2020-01-20 11:06:39','2020-01-20 12:06:39',NULL,NULL,12,NULL,NULL,NULL,0,0,NULL,NULL,0,0.00000000,0.00000000,0.00000000,0.00000000,0.00000000,NULL,NULL,NULL,NULL,'','','aurore',NULL,NULL,NULL,NULL,1,'EUR',1.00000000,0.00000000,0.00000000,0.00000000,NULL),(4,'(PROV4)',1,NULL,NULL,17,NULL,'2020-01-20 11:23:36','2020-01-20 12:23:22',NULL,NULL,12,NULL,NULL,NULL,0,0,NULL,NULL,0,195.00000000,0.00000000,0.00000000,0.00000000,195.00000000,NULL,NULL,NULL,NULL,'','','aurore',NULL,NULL,NULL,NULL,1,'EUR',1.00000000,195.00000000,0.00000000,195.00000000,NULL);

--
-- Table structure for table `llx_supplier_proposal_extrafields`
--

CREATE TABLE `llx_supplier_proposal_extrafields` (
  `rowid` int(11) NOT NULL AUTO_INCREMENT,
  `tms` timestamp NOT NULL DEFAULT CURRENT_TIMESTAMP ON UPDATE CURRENT_TIMESTAMP,
  `fk_object` int(11) NOT NULL,
  `import_key` varchar(14) COLLATE utf8_unicode_ci DEFAULT NULL,
  PRIMARY KEY (`rowid`)
) ENGINE=InnoDB DEFAULT CHARSET=utf8 COLLATE=utf8_unicode_ci;

--
-- Dumping data for table `llx_supplier_proposal_extrafields`
--


--
-- Table structure for table `llx_supplier_proposaldet`
--

CREATE TABLE `llx_supplier_proposaldet` (
  `rowid` int(11) NOT NULL AUTO_INCREMENT,
  `fk_supplier_proposal` int(11) NOT NULL,
  `fk_parent_line` int(11) DEFAULT NULL,
  `fk_product` int(11) DEFAULT NULL,
  `label` varchar(255) COLLATE utf8_unicode_ci DEFAULT NULL,
  `description` text COLLATE utf8_unicode_ci,
  `fk_remise_except` int(11) DEFAULT NULL,
  `tva_tx` double(6,3) DEFAULT '0.000',
  `vat_src_code` varchar(10) COLLATE utf8_unicode_ci DEFAULT '',
  `localtax1_tx` double(6,3) DEFAULT '0.000',
  `localtax1_type` varchar(10) COLLATE utf8_unicode_ci DEFAULT NULL,
  `localtax2_tx` double(6,3) DEFAULT '0.000',
  `localtax2_type` varchar(10) COLLATE utf8_unicode_ci DEFAULT NULL,
  `qty` double DEFAULT NULL,
  `remise_percent` double DEFAULT '0',
  `remise` double DEFAULT '0',
  `price` double DEFAULT NULL,
  `subprice` double(24,8) DEFAULT '0.00000000',
  `total_ht` double(24,8) DEFAULT '0.00000000',
  `total_tva` double(24,8) DEFAULT '0.00000000',
  `total_localtax1` double(24,8) DEFAULT '0.00000000',
  `total_localtax2` double(24,8) DEFAULT '0.00000000',
  `total_ttc` double(24,8) DEFAULT '0.00000000',
  `product_type` int(11) DEFAULT '0',
  `info_bits` int(11) DEFAULT '0',
  `buy_price_ht` double(24,8) DEFAULT '0.00000000',
  `fk_product_fournisseur_price` int(11) DEFAULT NULL,
  `special_code` int(11) DEFAULT '0',
  `rang` int(11) DEFAULT '0',
  `ref_fourn` varchar(30) COLLATE utf8_unicode_ci DEFAULT NULL,
  `fk_multicurrency` int(11) DEFAULT NULL,
  `multicurrency_code` varchar(255) COLLATE utf8_unicode_ci DEFAULT NULL,
  `multicurrency_subprice` double(24,8) DEFAULT '0.00000000',
  `multicurrency_total_ht` double(24,8) DEFAULT '0.00000000',
  `multicurrency_total_tva` double(24,8) DEFAULT '0.00000000',
  `multicurrency_total_ttc` double(24,8) DEFAULT '0.00000000',
  `fk_unit` int(11) DEFAULT NULL,
  `date_start` datetime DEFAULT NULL,
  `date_end` datetime DEFAULT NULL,
  PRIMARY KEY (`rowid`),
  KEY `idx_supplier_proposaldet_fk_supplier_proposal` (`fk_supplier_proposal`),
  KEY `idx_supplier_proposaldet_fk_product` (`fk_product`),
  KEY `fk_supplier_proposaldet_fk_unit` (`fk_unit`),
  CONSTRAINT `fk_supplier_proposaldet_fk_supplier_proposal` FOREIGN KEY (`fk_supplier_proposal`) REFERENCES `llx_supplier_proposal` (`rowid`),
  CONSTRAINT `fk_supplier_proposaldet_fk_unit` FOREIGN KEY (`fk_unit`) REFERENCES `llx_c_units` (`rowid`)
) ENGINE=InnoDB AUTO_INCREMENT=12 DEFAULT CHARSET=utf8 COLLATE=utf8_unicode_ci;

--
-- Dumping data for table `llx_supplier_proposaldet`
--

INSERT INTO `llx_supplier_proposaldet` VALUES (2,2,NULL,NULL,NULL,'A powerfull computer with 8Gb memory.',NULL,0.000,'',0.000,'0',0.000,'0',1,0,0,NULL,200.00000000,200.00000000,0.00000000,0.00000000,0.00000000,200.00000000,0,0,0.00000000,NULL,0,1,'',1,'EUR',200.00000000,200.00000000,0.00000000,200.00000000,NULL,NULL,NULL),(7,3,NULL,1,NULL,'A beatifull pink dress 2',NULL,12.500,'',0.000,'0',0.000,'0',1,0,0,NULL,0.00000000,0.00000000,0.00000000,0.00000000,0.00000000,0.00000000,0,0,0.00000000,NULL,0,1,NULL,1,'EUR',0.00000000,0.00000000,0.00000000,0.00000000,NULL,NULL,NULL),(9,2,NULL,1,'Pink dress','A beatifull pink dress',NULL,0.000,'',0.000,'0',0.000,'0',1,10,0,NULL,100.00000000,90.00000000,0.00000000,0.00000000,0.00000000,90.00000000,0,0,79.16667000,3,0,2,'aaa',1,'EUR',100.00000000,90.00000000,0.00000000,90.00000000,NULL,NULL,NULL),(10,4,NULL,1,NULL,'A beatifull pink dress. 2',NULL,0.000,'',0.000,'0',0.000,'0',1,0,0,NULL,95.00000000,95.00000000,0.00000000,0.00000000,0.00000000,95.00000000,0,0,0.00000000,NULL,0,1,'BK01',1,'EUR',95.00000000,95.00000000,0.00000000,95.00000000,NULL,NULL,NULL),(11,4,NULL,1,'Pink dress','A beatifull pink dress',NULL,0.000,'',0.000,'0',0.000,'0',1,0,0,NULL,100.00000000,100.00000000,0.00000000,0.00000000,0.00000000,100.00000000,0,0,79.16667000,7,0,2,'bbb',1,'EUR',100.00000000,100.00000000,0.00000000,100.00000000,NULL,NULL,NULL);

--
-- Table structure for table `llx_supplier_proposaldet_extrafields`
--

CREATE TABLE `llx_supplier_proposaldet_extrafields` (
  `rowid` int(11) NOT NULL AUTO_INCREMENT,
  `tms` timestamp NOT NULL DEFAULT CURRENT_TIMESTAMP ON UPDATE CURRENT_TIMESTAMP,
  `fk_object` int(11) NOT NULL,
  `import_key` varchar(14) COLLATE utf8_unicode_ci DEFAULT NULL,
  PRIMARY KEY (`rowid`)
) ENGINE=InnoDB DEFAULT CHARSET=utf8 COLLATE=utf8_unicode_ci;

--
-- Dumping data for table `llx_supplier_proposaldet_extrafields`
--


--
-- Table structure for table `llx_takepos_floor_tables`
--

CREATE TABLE `llx_takepos_floor_tables` (
  `rowid` int(11) NOT NULL AUTO_INCREMENT,
  `entity` int(11) NOT NULL DEFAULT '1',
  `label` varchar(255) COLLATE utf8_unicode_ci DEFAULT NULL,
  `leftpos` float DEFAULT NULL,
  `toppos` float DEFAULT NULL,
  `floor` int(3) DEFAULT NULL,
  PRIMARY KEY (`rowid`)
) ENGINE=InnoDB DEFAULT CHARSET=utf8 COLLATE=utf8_unicode_ci;

--
-- Dumping data for table `llx_takepos_floor_tables`
--


--
-- Table structure for table `llx_ticket`
--

CREATE TABLE `llx_ticket` (
  `rowid` int(11) NOT NULL AUTO_INCREMENT,
  `entity` int(11) DEFAULT '1',
  `ref` varchar(128) COLLATE utf8_unicode_ci NOT NULL,
  `track_id` varchar(128) COLLATE utf8_unicode_ci NOT NULL,
  `fk_soc` int(11) DEFAULT '0',
  `fk_project` int(11) DEFAULT '0',
  `origin_email` varchar(128) COLLATE utf8_unicode_ci DEFAULT NULL,
  `fk_user_create` int(11) DEFAULT NULL,
  `fk_user_assign` int(11) DEFAULT NULL,
  `subject` varchar(255) COLLATE utf8_unicode_ci DEFAULT NULL,
  `message` mediumtext COLLATE utf8_unicode_ci,
  `fk_statut` int(11) DEFAULT NULL,
  `resolution` int(11) DEFAULT NULL,
  `progress` varchar(100) COLLATE utf8_unicode_ci DEFAULT NULL,
  `timing` varchar(20) COLLATE utf8_unicode_ci DEFAULT NULL,
  `type_code` varchar(32) COLLATE utf8_unicode_ci DEFAULT NULL,
  `category_code` varchar(32) COLLATE utf8_unicode_ci DEFAULT NULL,
  `severity_code` varchar(32) COLLATE utf8_unicode_ci DEFAULT NULL,
  `datec` datetime DEFAULT NULL,
  `date_read` datetime DEFAULT NULL,
  `date_close` datetime DEFAULT NULL,
  `notify_tiers_at_create` tinyint(4) DEFAULT NULL,
  `tms` timestamp NOT NULL DEFAULT CURRENT_TIMESTAMP ON UPDATE CURRENT_TIMESTAMP,
  PRIMARY KEY (`rowid`),
  UNIQUE KEY `uk_ticket_track_id` (`track_id`)
) ENGINE=InnoDB AUTO_INCREMENT=8 DEFAULT CHARSET=utf8 COLLATE=utf8_unicode_ci;

--
-- Dumping data for table `llx_ticket`
--

INSERT INTO `llx_ticket` VALUES (2,1,'TS1909-0001','15ff11cay39skiaa',NULL,6,NULL,12,12,'Increase memory on server','Pleae increase the memory of server to 164GB',3,NULL,'0',NULL,'REQUEST','OTHER','NORMAL','2019-09-26 14:08:46',NULL,NULL,0,'2019-09-26 12:12:21'),(3,1,'TS1909-0002','r5ya6gdi9f39dcjt',1,NULL,NULL,12,14,'Problem with customer','Please recontact customer.<br />\r\nNeed someone speaking chinese...',0,NULL,'100',NULL,'ISSUE','OTHER','NORMAL','2019-09-26 14:10:31',NULL,'2019-10-04 13:05:55',0,'2019-11-29 08:45:30'),(4,1,'TS1910-0003','fdv9wrzcte7b3c8b',NULL,NULL,NULL,12,NULL,'test','test',2,NULL,'0',NULL,'COM','OTHER','NORMAL','2019-10-04 12:58:04',NULL,NULL,0,'2019-10-04 10:58:07'),(6,1,'TS1911-0004','5gvo9bsjri55zef9',NULL,4,NULL,12,16,'What is the price for Dolibarr ERP CRM ?','I need to use it for 10 users.',3,NULL,'0',NULL,'COM','OTHER','NORMAL','2019-11-29 12:46:29','2019-11-29 12:46:34',NULL,0,'2019-11-29 08:48:00'),(7,1,'TS1911-0005','d51wjy4nym7wltg7',NULL,NULL,'customer@customercompany.com',NULL,16,'What is the price for Dolibarr ERP CRM ?','I need it for 10 people...',8,NULL,'100',NULL,'COM','OTHER','NORMAL','2019-11-29 12:50:45','2019-11-29 12:52:32','2019-11-29 12:55:48',1,'2019-11-29 08:55:48');

--
-- Table structure for table `llx_ticket_extrafields`
--

CREATE TABLE `llx_ticket_extrafields` (
  `rowid` int(11) NOT NULL AUTO_INCREMENT,
  `tms` timestamp NOT NULL DEFAULT CURRENT_TIMESTAMP ON UPDATE CURRENT_TIMESTAMP,
  `fk_object` int(11) NOT NULL,
  `import_key` varchar(14) COLLATE utf8_unicode_ci DEFAULT NULL,
  `aaa` int(10) DEFAULT NULL,
  PRIMARY KEY (`rowid`),
  KEY `idx_ticket_extrafields` (`fk_object`)
) ENGINE=InnoDB DEFAULT CHARSET=utf8 COLLATE=utf8_unicode_ci;

--
-- Dumping data for table `llx_ticket_extrafields`
--


--
-- Table structure for table `llx_tva`
--

CREATE TABLE `llx_tva` (
  `rowid` int(11) NOT NULL AUTO_INCREMENT,
  `tms` timestamp NOT NULL DEFAULT CURRENT_TIMESTAMP ON UPDATE CURRENT_TIMESTAMP,
  `datec` date DEFAULT NULL,
  `datep` date DEFAULT NULL,
  `datev` date DEFAULT NULL,
  `amount` double(24,8) DEFAULT NULL,
  `label` varchar(255) COLLATE utf8_unicode_ci DEFAULT NULL,
  `entity` int(11) NOT NULL DEFAULT '1',
  `note` text COLLATE utf8_unicode_ci,
  `fk_bank` int(11) DEFAULT NULL,
  `fk_user_creat` int(11) DEFAULT NULL,
  `fk_user_modif` int(11) DEFAULT NULL,
  `fk_typepayment` int(11) DEFAULT NULL,
  `num_payment` varchar(50) COLLATE utf8_unicode_ci DEFAULT NULL,
  `import_key` varchar(14) COLLATE utf8_unicode_ci DEFAULT NULL,
  PRIMARY KEY (`rowid`)
) ENGINE=InnoDB DEFAULT CHARSET=utf8 COLLATE=utf8_unicode_ci;

--
-- Dumping data for table `llx_tva`
--


--
-- Table structure for table `llx_user`
--

CREATE TABLE `llx_user` (
  `rowid` int(11) NOT NULL AUTO_INCREMENT,
  `datec` datetime DEFAULT NULL,
  `tms` timestamp NOT NULL DEFAULT CURRENT_TIMESTAMP ON UPDATE CURRENT_TIMESTAMP,
  `fk_user_creat` int(11) DEFAULT NULL,
  `fk_user_modif` int(11) DEFAULT NULL,
  `login` varchar(50) COLLATE utf8_unicode_ci NOT NULL,
  `entity` int(11) NOT NULL DEFAULT '1',
  `civility` varchar(6) COLLATE utf8_unicode_ci DEFAULT NULL,
  `ref_ext` varchar(50) COLLATE utf8_unicode_ci DEFAULT NULL,
  `ref_int` varchar(50) COLLATE utf8_unicode_ci DEFAULT NULL,
  `employee` smallint(6) DEFAULT '1',
  `fk_establishment` int(11) DEFAULT '0',
  `pass` varchar(128) COLLATE utf8_unicode_ci DEFAULT NULL,
  `pass_crypted` varchar(128) COLLATE utf8_unicode_ci DEFAULT NULL,
  `pass_temp` varchar(128) COLLATE utf8_unicode_ci DEFAULT NULL,
  `api_key` varchar(128) COLLATE utf8_unicode_ci DEFAULT NULL,
  `lastname` varchar(50) COLLATE utf8_unicode_ci DEFAULT NULL,
  `firstname` varchar(50) COLLATE utf8_unicode_ci DEFAULT NULL,
  `job` varchar(128) COLLATE utf8_unicode_ci DEFAULT NULL,
  `skype` varchar(255) COLLATE utf8_unicode_ci DEFAULT NULL,
  `office_phone` varchar(20) COLLATE utf8_unicode_ci DEFAULT NULL,
  `office_fax` varchar(20) COLLATE utf8_unicode_ci DEFAULT NULL,
  `user_mobile` varchar(20) COLLATE utf8_unicode_ci DEFAULT NULL,
  `personal_mobile` varchar(20) COLLATE utf8_unicode_ci DEFAULT NULL,
  `email` varchar(255) COLLATE utf8_unicode_ci DEFAULT NULL,
  `personal_email` varchar(255) COLLATE utf8_unicode_ci DEFAULT NULL,
  `socialnetworks` text COLLATE utf8_unicode_ci,
  `signature` text COLLATE utf8_unicode_ci,
  `admin` smallint(6) DEFAULT '0',
  `webcal_login` varchar(25) COLLATE utf8_unicode_ci DEFAULT NULL,
  `module_comm` smallint(6) DEFAULT '1',
  `module_compta` smallint(6) DEFAULT '1',
  `fk_soc` int(11) DEFAULT NULL,
  `fk_socpeople` int(11) DEFAULT NULL,
  `fk_member` int(11) DEFAULT NULL,
  `note` text COLLATE utf8_unicode_ci,
  `datelastlogin` datetime DEFAULT NULL,
  `datepreviouslogin` datetime DEFAULT NULL,
  `egroupware_id` int(11) DEFAULT NULL,
  `ldap_sid` varchar(255) COLLATE utf8_unicode_ci DEFAULT NULL,
  `statut` tinyint(4) DEFAULT '1',
  `photo` varchar(255) COLLATE utf8_unicode_ci DEFAULT NULL,
  `lang` varchar(6) COLLATE utf8_unicode_ci DEFAULT NULL,
  `openid` varchar(255) COLLATE utf8_unicode_ci DEFAULT NULL,
  `fk_user` int(11) DEFAULT NULL,
  `fk_user_expense_validator` int(11) DEFAULT NULL,
  `fk_user_holiday_validator` int(11) DEFAULT NULL,
  `thm` double(24,8) DEFAULT NULL,
  `address` varchar(255) COLLATE utf8_unicode_ci DEFAULT NULL,
  `zip` varchar(25) COLLATE utf8_unicode_ci DEFAULT NULL,
  `town` varchar(50) COLLATE utf8_unicode_ci DEFAULT NULL,
  `fk_state` int(11) DEFAULT '0',
  `fk_country` int(11) DEFAULT '0',
  `color` varchar(6) COLLATE utf8_unicode_ci DEFAULT NULL,
  `accountancy_code` varchar(32) COLLATE utf8_unicode_ci DEFAULT NULL,
  `barcode` varchar(255) COLLATE utf8_unicode_ci DEFAULT NULL,
  `fk_barcode_type` int(11) DEFAULT '0',
  `nb_holiday` int(11) DEFAULT '0',
  `salary` double(24,8) DEFAULT NULL,
  `tjm` double(24,8) DEFAULT NULL,
  `salaryextra` double(24,8) DEFAULT NULL,
  `weeklyhours` double(16,8) DEFAULT NULL,
  `gender` varchar(10) COLLATE utf8_unicode_ci DEFAULT NULL,
  `note_public` text COLLATE utf8_unicode_ci,
  `dateemployment` datetime DEFAULT NULL,
  `import_key` varchar(14) COLLATE utf8_unicode_ci DEFAULT NULL,
  `model_pdf` varchar(255) COLLATE utf8_unicode_ci DEFAULT NULL,
  `birth` date DEFAULT NULL,
  `pass_encoding` varchar(24) COLLATE utf8_unicode_ci DEFAULT NULL,
  `default_range` int(11) DEFAULT NULL,
  `default_c_exp_tax_cat` int(11) DEFAULT NULL,
  `dateemploymentend` date DEFAULT NULL,
  `twitter` varchar(255) COLLATE utf8_unicode_ci DEFAULT NULL,
  `facebook` varchar(255) COLLATE utf8_unicode_ci DEFAULT NULL,
  `instagram` varchar(255) COLLATE utf8_unicode_ci DEFAULT NULL,
  `snapchat` varchar(255) COLLATE utf8_unicode_ci DEFAULT NULL,
  `googleplus` varchar(255) COLLATE utf8_unicode_ci DEFAULT NULL,
  `youtube` varchar(255) COLLATE utf8_unicode_ci DEFAULT NULL,
  `whatsapp` varchar(255) COLLATE utf8_unicode_ci DEFAULT NULL,
  `linkedin` varchar(255) COLLATE utf8_unicode_ci DEFAULT NULL,
  `fk_warehouse` int(11) DEFAULT NULL,
  `iplastlogin` varchar(250) COLLATE utf8_unicode_ci DEFAULT NULL,
  `ippreviouslogin` varchar(250) COLLATE utf8_unicode_ci DEFAULT NULL,
  PRIMARY KEY (`rowid`),
  UNIQUE KEY `uk_user_login` (`login`,`entity`),
  UNIQUE KEY `uk_user_fk_socpeople` (`fk_socpeople`),
  UNIQUE KEY `uk_user_fk_member` (`fk_member`),
  UNIQUE KEY `uk_user_api_key` (`api_key`),
  KEY `idx_user_api_key` (`api_key`),
  KEY `idx_user_fk_societe` (`fk_soc`)
) ENGINE=InnoDB AUTO_INCREMENT=20 DEFAULT CHARSET=utf8 COLLATE=utf8_unicode_ci;

--
-- Dumping data for table `llx_user`
--

INSERT INTO `llx_user` VALUES (1,'2012-07-08 13:20:11','2019-11-28 11:52:58',NULL,NULL,'aeinstein',0,NULL,NULL,NULL,1,0,NULL,'11c9c772d6471aa24c27274bdd8a223b',NULL,NULL,'Einstein','Albert','',NULL,'123456789','','','','aeinstein@example.com','','[]','',0,'',1,1,NULL,NULL,NULL,'','2017-10-05 08:32:44','2017-10-03 11:43:50',NULL,'',1,'alberteinstein.jpg',NULL,NULL,14,NULL,NULL,NULL,'','','',NULL,NULL,'aaaaff','',NULL,0,0,NULL,NULL,NULL,44.00000000,'man',NULL,NULL,NULL,NULL,NULL,NULL,NULL,NULL,NULL,NULL,NULL,NULL,NULL,NULL,NULL,NULL,NULL,-1,NULL,NULL),(2,'2012-07-08 13:54:48','2019-11-28 11:52:58',NULL,NULL,'demo',1,NULL,NULL,NULL,1,0,NULL,'fe01ce2a7fbac8fafaed7c982a04e229',NULL,NULL,'Doe','David','Trainee',NULL,'09123123','','','','daviddoe@example.com','','[]','',0,'',1,1,NULL,NULL,NULL,'','2018-07-30 23:10:54','2018-07-30 23:04:17',NULL,'',1,'person9.jpeg',NULL,NULL,11,NULL,NULL,NULL,'','','',NULL,NULL,'','',NULL,0,0,NULL,NULL,NULL,35.00000000,'man',NULL,NULL,NULL,NULL,NULL,NULL,NULL,NULL,NULL,NULL,NULL,NULL,NULL,NULL,NULL,NULL,NULL,-1,NULL,NULL),(3,'2012-07-11 16:18:59','2020-01-21 09:30:27',NULL,NULL,'pcurie',1,NULL,NULL,NULL,1,0,NULL,'ab335b4eb4c3c99334f656e5db9584c9',NULL,NULL,'Curie','Pierre','',NULL,'','','','','pcurie@example.com','','[]','',0,'',1,1,NULL,NULL,2,'','2014-12-21 17:38:55',NULL,NULL,'',1,'pierrecurie.jpg',NULL,NULL,14,NULL,NULL,NULL,'','','',NULL,NULL,'','',NULL,0,0,NULL,NULL,NULL,39.00000000,NULL,NULL,NULL,NULL,NULL,NULL,NULL,NULL,NULL,NULL,NULL,NULL,NULL,NULL,NULL,NULL,NULL,NULL,-1,NULL,NULL),(4,'2015-01-23 17:52:27','2019-11-28 11:52:58',NULL,NULL,'bbookkeeper',1,NULL,NULL,NULL,1,0,NULL,'a7d30b58d647fcf59b7163f9592b1dbb',NULL,NULL,'Bookkeeper','Bob','Bookkeeper',NULL,'','','','','bbookkeeper@example.com','','{\"skype\":\"skypebbookkeeper\"}','',0,'',1,1,17,6,NULL,'','2015-02-25 10:18:41','2015-01-23 17:53:20',NULL,'',1,'person8.jpeg',NULL,NULL,11,NULL,NULL,NULL,'','','',NULL,NULL,'','',NULL,0,0,NULL,NULL,NULL,16.00000000,'man',NULL,NULL,NULL,NULL,NULL,NULL,NULL,NULL,NULL,NULL,NULL,NULL,NULL,NULL,NULL,NULL,NULL,-1,NULL,NULL),(10,'2017-10-03 11:47:41','2019-11-28 11:52:58',NULL,NULL,'mcurie',1,NULL,NULL,NULL,1,0,NULL,'52cda011808bb282d1d3625ab607a145',NULL,'t3mnkbhs','Curie','Marie','',NULL,'','','','','mcurie@example.com','','[]','',0,NULL,1,1,NULL,NULL,NULL,'',NULL,NULL,NULL,'',1,'mariecurie.jpg',NULL,NULL,14,NULL,NULL,NULL,'','','',NULL,NULL,'ffaaff','',NULL,0,0,NULL,NULL,NULL,44.00000000,'woman',NULL,NULL,NULL,NULL,NULL,NULL,NULL,NULL,NULL,NULL,NULL,NULL,NULL,NULL,NULL,NULL,NULL,-1,NULL,NULL),(11,'2017-10-05 09:07:52','2019-11-28 11:52:58',NULL,NULL,'zzeceo',1,NULL,NULL,NULL,1,0,NULL,'92af989c4c3a5140fb5d73eb77a52454',NULL,'cq78nf9m','Zeceo','Zack','President - CEO',NULL,'','','','','zzeceo@example.com','','[]','',0,NULL,1,1,NULL,NULL,NULL,'','2017-10-05 22:48:08','2017-10-05 21:18:46',NULL,'',1,'person4.jpeg',NULL,NULL,NULL,NULL,NULL,NULL,'','','',NULL,NULL,'','',NULL,0,0,NULL,NULL,NULL,39.00000000,NULL,NULL,'2019-06-10 00:00:00',NULL,NULL,NULL,NULL,NULL,NULL,NULL,NULL,NULL,NULL,NULL,NULL,NULL,NULL,NULL,-1,NULL,NULL),(12,'2017-10-05 09:09:46','2020-01-07 13:47:17',NULL,NULL,'admin',0,NULL,NULL,NULL,1,0,NULL,'f6fdffe48c908deb0f4c3bd36c032e72',NULL,'nd6hgbcr','Adminson','Alice','Admin Technical',NULL,'','','','','aadminson@example.com','','[]','Alice - 123',1,NULL,1,1,NULL,NULL,NULL,'','2020-01-21 10:38:41','2020-01-21 10:35:27',NULL,'',1,'person6.jpeg',NULL,NULL,11,NULL,NULL,NULL,'','','',NULL,NULL,'','',NULL,0,0,2700.00000000,NULL,NULL,39.00000000,'woman',NULL,NULL,NULL,'generic_user_odt','1985-09-15',NULL,NULL,NULL,NULL,NULL,NULL,NULL,NULL,NULL,NULL,NULL,NULL,-1,NULL,NULL),(13,'2017-10-05 21:29:35','2019-11-28 11:52:58',NULL,NULL,'ccommercy',1,NULL,NULL,NULL,1,0,NULL,'179858e041af35e8f4c81d68c55fe9da',NULL,'y451ksdv','Commercy','Coraly','Commercial leader',NULL,'','','','','ccommercy@example.com','','[]','',0,NULL,1,1,NULL,NULL,NULL,'',NULL,NULL,NULL,'',1,'person7.jpeg',NULL,NULL,11,NULL,NULL,NULL,'','','',NULL,NULL,'','',NULL,0,0,1890.00000000,NULL,NULL,25.00000000,'woman',NULL,'2018-09-11 00:00:00',NULL,NULL,'1998-12-08',NULL,NULL,NULL,NULL,NULL,NULL,NULL,NULL,NULL,NULL,NULL,NULL,-1,NULL,NULL),(14,'2017-10-05 21:33:33','2019-11-28 11:52:58',NULL,NULL,'sscientol',1,NULL,NULL,NULL,1,0,NULL,'39bee07ac42f31c98e79cdcd5e5fe4c5',NULL,'s2hp8bxd','Scientol','Sam','Scientist leader',NULL,'','','','','sscientol@example.com','','[]','',0,NULL,1,1,NULL,NULL,NULL,'',NULL,NULL,NULL,'',1,'person3.jpeg',NULL,NULL,11,NULL,NULL,NULL,'','','',NULL,NULL,'','',NULL,0,0,3500.00000000,NULL,NULL,39.00000000,NULL,NULL,'2018-07-03 00:00:00',NULL,NULL,NULL,NULL,NULL,NULL,NULL,NULL,NULL,NULL,NULL,NULL,NULL,NULL,NULL,-1,NULL,NULL),(16,'2017-10-05 22:47:52','2019-11-28 11:52:58',NULL,NULL,'ccommerson',1,NULL,NULL,NULL,1,0,NULL,'d68005ccf362b82d084551b6291792a3',NULL,'cx9y1dk0','Charle1','Commerson','Sale representative',NULL,'','','','','ccommerson@example.com','','[]','',0,NULL,1,1,NULL,NULL,NULL,'','2017-10-05 23:46:24','2017-10-05 23:37:31',NULL,'',1,'person1.jpeg',NULL,NULL,13,NULL,NULL,NULL,'','','',NULL,NULL,'','',NULL,0,0,2900.00000000,NULL,NULL,39.00000000,NULL,NULL,'2019-09-01 00:00:00',NULL,NULL,'1976-02-05',NULL,NULL,NULL,NULL,NULL,NULL,NULL,NULL,NULL,NULL,NULL,NULL,-1,NULL,NULL),(17,'2017-10-05 22:48:39','2019-11-28 11:52:58',NULL,NULL,'aleerfok',1,NULL,NULL,NULL,1,0,NULL,'a964065211872fb76f876c6c3e952ea3',NULL,'gw8cb7xj','Leerfok','Amanda','Sale representative',NULL,'','','','','aleerfok@example.com','','[]','',0,NULL,1,1,NULL,NULL,NULL,'','2017-10-05 23:16:06',NULL,NULL,'',0,'person5.jpeg',NULL,NULL,13,NULL,NULL,NULL,'','','',NULL,NULL,'','',NULL,0,0,NULL,NULL,NULL,39.00000000,'woman',NULL,NULL,NULL,NULL,NULL,NULL,NULL,NULL,NULL,NULL,NULL,NULL,NULL,NULL,NULL,NULL,NULL,-1,NULL,NULL),(18,'2018-01-22 17:27:02','2019-11-28 11:52:58',NULL,NULL,'ldestailleur',1,NULL,NULL,NULL,1,0,NULL,'1bb7805145a7a5066df9e6d585b8b645',NULL,'87g06wbx','Destailleur','Laurent','Project leader of Dolibarr ERP CRM',NULL,'','','','','ldestailleur@example.com','','[]','<div><strong>Laurent DESTAILLEUR</strong></div>\r\n\r\n<div>\r\n<div><span style=\"color:#606163; font-family:arial; font-size:medium\"><strong>Project Director</strong></span><br />\r\n<span style=\"color:#336699\"><span style=\"color:#993399; font-family:tahoma,new york,times,serif\"><span style=\"color:#336699\">ldestailleur@example.com</span></span></span></div>\r\n\r\n<div>&nbsp;</div>\r\n\r\n<div>\r\n<div><span style=\"color:#993399; font-family:arial,helvetica,sans-serif; font-size:small\"><span style=\"color:#336699\"><a href=\"http://www.facebook.com/teclib\" style=\"color: rgb(153, 51, 153); text-decoration: none; cursor: pointer;\" target=\"_blank\">Facebook</a></span>&nbsp;|&nbsp;<span style=\"color:#336699\"><a href=\"http://twitter.com/teclib\" style=\"color: rgb(153, 51, 153); text-decoration: none; cursor: pointer;\" target=\"_blank\">Twitter</a></span>&nbsp;|&nbsp;<span style=\"color:#336699\"><span style=\"color:#993399\"><a href=\"http://www.teclib.com/\" style=\"color: rgb(153, 51, 153); text-decoration: none; cursor: pointer;\" target=\"_blank\">www.teclib.com</a></span></span></span></div>\r\n</div>\r\n</div>',0,NULL,1,1,10,10,NULL,'More information on http://www.destailleur.fr','2019-10-04 10:06:40','2017-09-06 11:55:30',NULL,'',1,'ldestailleur_200x200.jpg',NULL,NULL,NULL,NULL,NULL,NULL,'','','',NULL,NULL,'007f7f','',NULL,0,0,NULL,NULL,NULL,NULL,'man',NULL,NULL,NULL,NULL,NULL,NULL,NULL,NULL,NULL,NULL,NULL,NULL,NULL,NULL,NULL,NULL,NULL,-1,NULL,NULL),(19,'2017-02-02 03:55:44','2020-01-16 15:44:42',NULL,NULL,'aboston',1,NULL,NULL,NULL,1,0,NULL,'a7a77a5aff2d5fc2f75f2f61507c88d4',NULL,NULL,'Boston','Alex','',NULL,'','','','','aboston@example.com','','[]','<strong>Alex Boston</strong><br />\r\nAdmin support service - 555 01 02 03 04',0,NULL,1,1,NULL,NULL,NULL,'',NULL,NULL,NULL,'',0,'person2.jpeg',NULL,NULL,12,NULL,NULL,25.00000000,'','','',NULL,NULL,'ff00ff','',NULL,0,0,2700.00000000,NULL,NULL,32.00000000,NULL,NULL,'2016-11-04 00:00:00',NULL,NULL,NULL,NULL,NULL,NULL,NULL,NULL,NULL,NULL,NULL,NULL,NULL,NULL,NULL,-1,NULL,NULL);

--
-- Table structure for table `llx_user_alert`
--

CREATE TABLE `llx_user_alert` (
  `rowid` int(11) NOT NULL AUTO_INCREMENT,
  `type` int(11) DEFAULT NULL,
  `fk_contact` int(11) DEFAULT NULL,
  `fk_user` int(11) DEFAULT NULL,
  PRIMARY KEY (`rowid`)
) ENGINE=InnoDB AUTO_INCREMENT=3 DEFAULT CHARSET=utf8 COLLATE=utf8_unicode_ci;

--
-- Dumping data for table `llx_user_alert`
--

INSERT INTO `llx_user_alert` VALUES (1,1,1,1),(2,1,10,12);

--
-- Table structure for table `llx_user_clicktodial`
--

CREATE TABLE `llx_user_clicktodial` (
  `fk_user` int(11) NOT NULL,
  `url` varchar(255) COLLATE utf8_unicode_ci DEFAULT NULL,
  `login` varchar(32) COLLATE utf8_unicode_ci DEFAULT NULL,
  `pass` varchar(64) COLLATE utf8_unicode_ci DEFAULT NULL,
  `poste` varchar(20) COLLATE utf8_unicode_ci DEFAULT NULL,
  PRIMARY KEY (`fk_user`)
) ENGINE=InnoDB DEFAULT CHARSET=utf8 COLLATE=utf8_unicode_ci;

--
-- Dumping data for table `llx_user_clicktodial`
--


--
-- Table structure for table `llx_user_employment`
--

CREATE TABLE `llx_user_employment` (
  `rowid` int(11) NOT NULL AUTO_INCREMENT,
  `entity` int(11) NOT NULL DEFAULT '1',
  `ref` varchar(50) COLLATE utf8_unicode_ci DEFAULT NULL,
  `ref_ext` varchar(50) COLLATE utf8_unicode_ci DEFAULT NULL,
  `fk_user` int(11) DEFAULT NULL,
  `datec` datetime DEFAULT NULL,
  `tms` timestamp NOT NULL DEFAULT CURRENT_TIMESTAMP ON UPDATE CURRENT_TIMESTAMP,
  `fk_user_creat` int(11) DEFAULT NULL,
  `fk_user_modif` int(11) DEFAULT NULL,
  `job` varchar(128) COLLATE utf8_unicode_ci DEFAULT NULL,
  `status` int(11) NOT NULL,
  `salary` double(24,8) DEFAULT NULL,
  `salaryextra` double(24,8) DEFAULT NULL,
  `weeklyhours` double(16,8) DEFAULT NULL,
  `dateemployment` date DEFAULT NULL,
  `dateemploymentend` date DEFAULT NULL,
  PRIMARY KEY (`rowid`),
  UNIQUE KEY `uk_user_employment` (`ref`,`entity`),
  KEY `fk_user_employment_fk_user` (`fk_user`),
  CONSTRAINT `fk_user_employment_fk_user` FOREIGN KEY (`fk_user`) REFERENCES `llx_user` (`rowid`)
) ENGINE=InnoDB DEFAULT CHARSET=utf8 COLLATE=utf8_unicode_ci;

--
-- Dumping data for table `llx_user_employment`
--


--
-- Table structure for table `llx_user_extrafields`
--

CREATE TABLE `llx_user_extrafields` (
  `rowid` int(11) NOT NULL AUTO_INCREMENT,
  `tms` timestamp NOT NULL DEFAULT CURRENT_TIMESTAMP ON UPDATE CURRENT_TIMESTAMP,
  `fk_object` int(11) NOT NULL,
  `import_key` varchar(14) COLLATE utf8_unicode_ci DEFAULT NULL,
  PRIMARY KEY (`rowid`),
  KEY `idx_user_extrafields` (`fk_object`)
) ENGINE=InnoDB DEFAULT CHARSET=utf8 COLLATE=utf8_unicode_ci;

--
-- Dumping data for table `llx_user_extrafields`
--


--
-- Table structure for table `llx_user_param`
--

CREATE TABLE `llx_user_param` (
  `fk_user` int(11) NOT NULL,
  `entity` int(11) NOT NULL DEFAULT '1',
  `param` varchar(255) COLLATE utf8_unicode_ci NOT NULL,
  `value` text COLLATE utf8_unicode_ci NOT NULL,
  UNIQUE KEY `uk_user_param` (`fk_user`,`param`,`entity`)
) ENGINE=InnoDB DEFAULT CHARSET=utf8 COLLATE=utf8_unicode_ci;

--
-- Dumping data for table `llx_user_param`
--

INSERT INTO `llx_user_param` VALUES (1,1,'MAIN_BOXES_0','1'),(1,1,'MAIN_THEME','eldy'),(1,3,'THEME_ELDY_ENABLE_PERSONALIZED','1'),(1,1,'THEME_ELDY_RGB','ded0ed'),(1,3,'THEME_ELDY_RGB','d0ddc3'),(2,1,'MAIN_BOXES_0','1'),(11,1,'MAIN_BOXES_0','1'),(12,1,'MAIN_BOXES_0','1'),(12,1,'MAIN_BOXES_27','1'),(12,1,'MAIN_LANG_DEFAULT','en_US'),(12,1,'MAIN_SELECTEDFIELDS_/dolibarr_4.0/htdocs/adherents/list.php','d.zip,d.ref,d.lastname,d.firstname,d.company,d.login,d.morphy,t.libelle,d.email,d.datefin,d.statut,'),(12,1,'MAIN_SELECTEDFIELDS_emailsenderprofilelist','t.tms,t.label,t.email,t.private,t.position,t.date_creation,t.active,'),(12,1,'MAIN_SELECTEDFIELDS_inventorylist','t.fk_user_creat,t.ref,t.title,t.fk_warehouse,t.fk_product,t.date_inventory,t.fk_user_modif,t.fk_user_valid,t.status,'),(12,1,'MAIN_SELECTEDFIELDS_poslist','f.ref,f.ref_client,f.date,f.date_lim_reglement,p.ref,s.nom,s.town,s.zip,f.total_ht,f.fk_statut,'),(12,1,'MAIN_SELECTEDFIELDS_projectlist','p.budget_amount,p.ref,p.title,s.nom,commercial,p.dateo,p.datee,p.public,p.opp_amount,p.fk_opp_status,p.opp_percent,p.fk_statut,ef.priority,'),(12,1,'MAIN_SELECTEDFIELDS_proposallist','p.ref,p.ref_client,s.nom,s.zip,country.code_iso,p.date,p.fin_validite,p.total_ht,u.login,p.datec,p.fk_statut,'),(12,1,'MAIN_SELECTEDFIELDS_servicelist','p.ref,p.label,p.duration,p.sellprice,p.minbuyprice,p.tosell,p.tobuy,'),(12,1,'MAIN_SELECTEDFIELDS_ticketlist','t.origin_email,t.ref,t.fk_user_create,t.subject,t.type_code,t.severity_code,t.fk_soc,t.datec,t.date_read,t.fk_user_assign,t.fk_statut,'),(12,1,'MAIN_SELECTEDFIELDS_userlist','u.employee,u.login,u.lastname,u.firstname,u.email,u.fk_soc,u.fk_user,u.datelastlogin,u.statut,');

--
-- Table structure for table `llx_user_rib`
--

CREATE TABLE `llx_user_rib` (
  `rowid` int(11) NOT NULL AUTO_INCREMENT,
  `fk_user` int(11) NOT NULL,
  `entity` int(11) NOT NULL DEFAULT '1',
  `datec` datetime DEFAULT NULL,
  `tms` timestamp NOT NULL DEFAULT CURRENT_TIMESTAMP ON UPDATE CURRENT_TIMESTAMP,
  `label` varchar(30) COLLATE utf8_unicode_ci DEFAULT NULL,
  `bank` varchar(255) COLLATE utf8_unicode_ci DEFAULT NULL,
  `code_banque` varchar(128) COLLATE utf8_unicode_ci DEFAULT NULL,
  `code_guichet` varchar(6) COLLATE utf8_unicode_ci DEFAULT NULL,
  `number` varchar(255) COLLATE utf8_unicode_ci DEFAULT NULL,
  `cle_rib` varchar(5) COLLATE utf8_unicode_ci DEFAULT NULL,
  `bic` varchar(11) COLLATE utf8_unicode_ci DEFAULT NULL,
  `iban_prefix` varchar(34) COLLATE utf8_unicode_ci DEFAULT NULL,
  `domiciliation` varchar(255) COLLATE utf8_unicode_ci DEFAULT NULL,
  `proprio` varchar(60) COLLATE utf8_unicode_ci DEFAULT NULL,
  `owner_address` varchar(255) COLLATE utf8_unicode_ci DEFAULT NULL,
  PRIMARY KEY (`rowid`)
) ENGINE=InnoDB DEFAULT CHARSET=utf8 COLLATE=utf8_unicode_ci;

--
-- Dumping data for table `llx_user_rib`
--


--
-- Table structure for table `llx_user_rights`
--

CREATE TABLE `llx_user_rights` (
  `rowid` int(11) NOT NULL AUTO_INCREMENT,
  `entity` int(11) NOT NULL DEFAULT '1',
  `fk_user` int(11) NOT NULL,
  `fk_id` int(11) NOT NULL,
  PRIMARY KEY (`rowid`),
  UNIQUE KEY `uk_user_rights` (`entity`,`fk_user`,`fk_id`),
  KEY `fk_user_rights_fk_user_user` (`fk_user`),
  CONSTRAINT `fk_user_rights_fk_user_user` FOREIGN KEY (`fk_user`) REFERENCES `llx_user` (`rowid`)
) ENGINE=InnoDB AUTO_INCREMENT=19638 DEFAULT CHARSET=utf8 COLLATE=utf8_unicode_ci;

--
-- Dumping data for table `llx_user_rights`
--

INSERT INTO `llx_user_rights` VALUES (12402,1,1,11),(12380,1,1,12),(12385,1,1,13),(12389,1,1,14),(12393,1,1,15),(12398,1,1,16),(12404,1,1,19),(9726,1,1,21),(9700,1,1,22),(9706,1,1,24),(9711,1,1,25),(9716,1,1,26),(9722,1,1,27),(9728,1,1,28),(9978,1,1,31),(9968,1,1,32),(9974,1,1,34),(1910,1,1,36),(9980,1,1,38),(11573,1,1,41),(11574,1,1,42),(11575,1,1,44),(11576,1,1,45),(7184,1,1,61),(7181,1,1,62),(7183,1,1,64),(7185,1,1,67),(7186,1,1,68),(1678,1,1,71),(1673,1,1,72),(1675,1,1,74),(1679,1,1,75),(1677,1,1,76),(1681,1,1,78),(1682,1,1,79),(12322,1,1,81),(12309,1,1,82),(12312,1,1,84),(12314,1,1,86),(12317,1,1,87),(12320,1,1,88),(12323,1,1,89),(11580,1,1,91),(11581,1,1,92),(11582,1,1,93),(11583,1,1,94),(10097,1,1,95),(10099,1,1,96),(10103,1,1,97),(10104,1,1,98),(7139,1,1,101),(7134,1,1,102),(7136,1,1,104),(7137,1,1,105),(7138,1,1,106),(7140,1,1,109),(10229,1,1,111),(10201,1,1,112),(10207,1,1,113),(10213,1,1,114),(10219,1,1,115),(10225,1,1,116),(10231,1,1,117),(12518,1,1,121),(12508,1,1,122),(12514,1,1,125),(12520,1,1,126),(11577,1,1,141),(11578,1,1,142),(11579,1,1,144),(2307,1,1,151),(2304,1,1,152),(2306,1,1,153),(2308,1,1,154),(10092,1,1,161),(10093,1,1,162),(10094,1,1,163),(10095,1,1,164),(10096,1,1,165),(1585,1,1,170),(12342,1,1,171),(12331,1,1,172),(12335,1,1,173),(12339,1,1,174),(12343,1,1,178),(10000,1,1,221),(9990,1,1,222),(9996,1,1,223),(10002,1,1,229),(10007,1,1,237),(10011,1,1,238),(10015,1,1,239),(1686,1,1,241),(1685,1,1,242),(1687,1,1,243),(12604,1,1,251),(12566,1,1,252),(12569,1,1,253),(12572,1,1,254),(12575,1,1,255),(12579,1,1,256),(1617,1,1,258),(12525,1,1,262),(12544,1,1,281),(12534,1,1,282),(12540,1,1,283),(12546,1,1,286),(12288,1,1,300),(12290,1,1,301),(11591,1,1,302),(1763,1,1,331),(1762,1,1,332),(1764,1,1,333),(12582,1,1,341),(12584,1,1,342),(12586,1,1,343),(12588,1,1,344),(12600,1,1,351),(12593,1,1,352),(12597,1,1,353),(12601,1,1,354),(12605,1,1,358),(12560,1,1,531),(12553,1,1,532),(12557,1,1,534),(1625,1,1,536),(12561,1,1,538),(12358,1,1,700),(12348,1,1,701),(12354,1,1,702),(12360,1,1,703),(1755,1,1,1001),(1754,1,1,1002),(1756,1,1,1003),(1758,1,1,1004),(1759,1,1,1005),(7146,1,1,1101),(7143,1,1,1102),(7145,1,1,1104),(7147,1,1,1109),(12412,1,1,1181),(12458,1,1,1182),(12417,1,1,1183),(12420,1,1,1184),(12423,1,1,1185),(12427,1,1,1186),(12431,1,1,1187),(12437,1,1,1188),(12434,1,1,1189),(1578,1,1,1201),(1579,1,1,1202),(12454,1,1,1231),(12443,1,1,1232),(12446,1,1,1233),(12449,1,1,1234),(12452,1,1,1235),(12455,1,1,1236),(12459,1,1,1237),(1736,1,1,1251),(12409,1,1,1321),(12326,1,1,1421),(8190,1,1,1791),(8187,1,1,1792),(8191,1,1,1793),(12264,1,1,2401),(12260,1,1,2402),(12266,1,1,2403),(12280,1,1,2411),(12276,1,1,2412),(12282,1,1,2413),(12286,1,1,2414),(1618,1,1,2500),(12370,1,1,2501),(12367,1,1,2503),(12371,1,1,2515),(9610,1,1,5001),(9611,1,1,5002),(12490,1,1,20001),(12468,1,1,20002),(12474,1,1,20003),(12480,1,1,20004),(12486,1,1,20005),(12492,1,1,20006),(12302,1,1,23001),(12295,1,1,23002),(12299,1,1,23003),(12303,1,1,23004),(7701,1,1,50101),(4984,1,1,50401),(4983,1,1,50402),(4985,1,1,50403),(4987,1,1,50411),(4988,1,1,50412),(4989,1,1,50415),(12498,1,1,55001),(12499,1,1,55002),(3564,1,1,100700),(3565,1,1,100701),(9596,1,1,101051),(9598,1,1,101052),(9600,1,1,101053),(9604,1,1,101060),(9605,1,1,101061),(7177,1,1,101201),(7178,1,1,101202),(10353,1,1,101250),(10355,1,1,101251),(8980,1,1,101261),(8981,1,1,101262),(7616,1,1,101331),(10030,1,1,101701),(10031,1,1,101702),(3582,1,1,102000),(3583,1,1,102001),(9819,1,1,400051),(9823,1,1,400052),(9827,1,1,400053),(9831,1,1,400055),(132,1,2,11),(133,1,2,12),(134,1,2,13),(135,1,2,14),(136,1,2,16),(137,1,2,19),(138,1,2,21),(139,1,2,22),(140,1,2,24),(141,1,2,25),(142,1,2,26),(143,1,2,27),(10359,1,2,31),(145,1,2,32),(10361,1,2,34),(146,1,2,36),(147,1,2,41),(148,1,2,42),(149,1,2,44),(150,1,2,61),(151,1,2,62),(152,1,2,64),(153,1,2,71),(154,1,2,72),(155,1,2,74),(156,1,2,75),(157,1,2,78),(158,1,2,79),(159,1,2,81),(160,1,2,82),(161,1,2,84),(162,1,2,86),(163,1,2,87),(164,1,2,88),(165,1,2,89),(166,1,2,91),(167,1,2,92),(168,1,2,93),(2475,1,2,95),(2476,1,2,96),(2477,1,2,97),(2478,1,2,98),(169,1,2,101),(170,1,2,102),(171,1,2,104),(172,1,2,109),(173,1,2,111),(174,1,2,112),(175,1,2,113),(176,1,2,114),(177,1,2,116),(178,1,2,117),(179,1,2,121),(180,1,2,122),(181,1,2,125),(182,1,2,141),(183,1,2,142),(184,1,2,144),(2479,1,2,151),(2480,1,2,152),(2481,1,2,153),(2482,1,2,154),(185,1,2,161),(186,1,2,162),(187,1,2,163),(188,1,2,164),(189,1,2,165),(190,1,2,170),(2471,1,2,171),(192,1,2,172),(2472,1,2,173),(193,1,2,221),(194,1,2,222),(195,1,2,229),(196,1,2,241),(197,1,2,242),(198,1,2,243),(199,1,2,251),(201,1,2,262),(202,1,2,281),(203,1,2,282),(204,1,2,283),(205,1,2,331),(15072,1,2,510),(2483,1,2,531),(207,1,2,532),(2484,1,2,534),(208,1,2,536),(2473,1,2,700),(210,1,2,701),(211,1,2,702),(2474,1,2,703),(15064,1,2,771),(15057,1,2,772),(15059,1,2,773),(15061,1,2,774),(15063,1,2,775),(15065,1,2,776),(212,1,2,1001),(213,1,2,1002),(214,1,2,1003),(215,1,2,1004),(216,1,2,1005),(217,1,2,1101),(218,1,2,1102),(219,1,2,1104),(220,1,2,1109),(15073,1,2,1121),(15074,1,2,1122),(15075,1,2,1123),(15076,1,2,1124),(15077,1,2,1125),(15078,1,2,1126),(221,1,2,1181),(222,1,2,1182),(223,1,2,1183),(224,1,2,1184),(225,1,2,1185),(226,1,2,1186),(227,1,2,1187),(228,1,2,1188),(229,1,2,1201),(230,1,2,1202),(231,1,2,1231),(232,1,2,1232),(233,1,2,1233),(234,1,2,1234),(235,1,2,1421),(236,1,2,2401),(237,1,2,2402),(238,1,2,2403),(239,1,2,2411),(240,1,2,2412),(241,1,2,2413),(242,1,2,2500),(2470,1,2,2501),(243,1,2,2515),(10363,1,2,20001),(10364,1,2,20002),(10365,1,2,20003),(10366,1,2,20004),(10367,1,2,20005),(10368,1,2,20006),(15054,1,2,23001),(10362,1,2,50101),(15067,1,2,55001),(15066,1,2,59001),(15068,1,2,63001),(15069,1,2,63002),(15070,1,2,63003),(15071,1,2,63004),(10372,1,2,101250),(1807,1,3,11),(1808,1,3,31),(1809,1,3,36),(1810,1,3,41),(1811,1,3,61),(1812,1,3,71),(1813,1,3,72),(1814,1,3,74),(1815,1,3,75),(1816,1,3,78),(1817,1,3,79),(1818,1,3,91),(1819,1,3,95),(1820,1,3,97),(1821,1,3,111),(1822,1,3,121),(1823,1,3,122),(1824,1,3,125),(1825,1,3,161),(1826,1,3,170),(1827,1,3,171),(1828,1,3,172),(1829,1,3,221),(1830,1,3,222),(1831,1,3,229),(1832,1,3,241),(1833,1,3,242),(1834,1,3,243),(1835,1,3,251),(1836,1,3,255),(1837,1,3,256),(1838,1,3,262),(1839,1,3,281),(1840,1,3,282),(1841,1,3,283),(1842,1,3,331),(1843,1,3,531),(1844,1,3,536),(1845,1,3,700),(1846,1,3,1001),(1847,1,3,1002),(1848,1,3,1003),(1849,1,3,1004),(1850,1,3,1005),(1851,1,3,1181),(1852,1,3,1182),(1853,1,3,1201),(1854,1,3,1202),(1855,1,3,1231),(1856,1,3,2401),(1857,1,3,2402),(1858,1,3,2403),(1859,1,3,2411),(1860,1,3,2412),(1861,1,3,2413),(1862,1,3,2500),(1863,1,3,2515),(8026,1,4,11),(8027,1,4,21),(8028,1,4,31),(8029,1,4,41),(8030,1,4,61),(8031,1,4,71),(8032,1,4,72),(8033,1,4,74),(8034,1,4,75),(8035,1,4,78),(8036,1,4,79),(8037,1,4,81),(8038,1,4,91),(8039,1,4,95),(8040,1,4,97),(8041,1,4,101),(8042,1,4,111),(8043,1,4,121),(8044,1,4,151),(8045,1,4,161),(8046,1,4,171),(8047,1,4,221),(8048,1,4,222),(8049,1,4,229),(8050,1,4,241),(8051,1,4,242),(8052,1,4,243),(8146,1,4,251),(8147,1,4,253),(8053,1,4,262),(8054,1,4,281),(8055,1,4,331),(8056,1,4,341),(8057,1,4,342),(8058,1,4,343),(8059,1,4,344),(8060,1,4,531),(8061,1,4,700),(8062,1,4,1001),(8063,1,4,1002),(8064,1,4,1003),(8065,1,4,1004),(8066,1,4,1005),(8067,1,4,1101),(8068,1,4,1181),(8069,1,4,1182),(8070,1,4,1201),(8071,1,4,1202),(8072,1,4,1231),(8073,1,4,2401),(8074,1,4,2501),(8075,1,4,2503),(8076,1,4,2515),(8077,1,4,20001),(8078,1,4,50101),(8079,1,4,101201),(8080,1,4,101261),(8081,1,4,102000),(8082,1,4,400051),(8083,1,4,400052),(8084,1,4,400053),(8085,1,4,400055),(12608,1,10,11),(12609,1,10,21),(12610,1,10,31),(12611,1,10,41),(12612,1,10,61),(12613,1,10,71),(12614,1,10,72),(12615,1,10,74),(12616,1,10,75),(12617,1,10,78),(12618,1,10,79),(12619,1,10,81),(12620,1,10,91),(12621,1,10,95),(12622,1,10,97),(12623,1,10,101),(12624,1,10,111),(12625,1,10,121),(12626,1,10,151),(12627,1,10,161),(12628,1,10,171),(12629,1,10,221),(12630,1,10,222),(12631,1,10,229),(12632,1,10,241),(12633,1,10,242),(12634,1,10,243),(12635,1,10,262),(12636,1,10,281),(12637,1,10,300),(12638,1,10,331),(12639,1,10,341),(12640,1,10,342),(12641,1,10,343),(12642,1,10,344),(12643,1,10,531),(12644,1,10,700),(12645,1,10,1001),(12646,1,10,1002),(12647,1,10,1003),(12648,1,10,1004),(12649,1,10,1005),(12650,1,10,1101),(12651,1,10,1181),(12652,1,10,1182),(12653,1,10,1201),(12654,1,10,1202),(12655,1,10,1231),(12656,1,10,2401),(12657,1,10,2501),(12658,1,10,2503),(12659,1,10,2515),(12660,1,10,20001),(12661,1,10,20002),(12662,1,10,23001),(12663,1,10,50101),(12664,1,11,11),(12665,1,11,21),(12666,1,11,31),(12667,1,11,41),(12668,1,11,61),(12669,1,11,71),(12670,1,11,72),(12671,1,11,74),(12672,1,11,75),(12673,1,11,78),(12674,1,11,79),(12675,1,11,81),(12676,1,11,91),(12677,1,11,95),(12678,1,11,97),(12679,1,11,101),(12680,1,11,111),(12681,1,11,121),(12682,1,11,151),(12683,1,11,161),(12684,1,11,171),(12685,1,11,221),(12686,1,11,222),(12687,1,11,229),(12688,1,11,241),(12689,1,11,242),(12690,1,11,243),(12691,1,11,262),(12692,1,11,281),(12693,1,11,300),(12694,1,11,331),(12695,1,11,341),(12696,1,11,342),(12697,1,11,343),(12698,1,11,344),(12699,1,11,531),(12700,1,11,700),(12701,1,11,1001),(12702,1,11,1002),(12703,1,11,1003),(12704,1,11,1004),(12705,1,11,1005),(12706,1,11,1101),(12707,1,11,1181),(12708,1,11,1182),(12709,1,11,1201),(12710,1,11,1202),(12711,1,11,1231),(12712,1,11,2401),(12713,1,11,2501),(12714,1,11,2503),(12715,1,11,2515),(12716,1,11,20001),(12717,1,11,20002),(12718,1,11,23001),(12719,1,11,50101),(19519,1,12,11),(19511,1,12,12),(19512,1,12,13),(19513,1,12,14),(19514,1,12,15),(19517,1,12,16),(19520,1,12,19),(14146,1,12,21),(14135,1,12,22),(14137,1,12,24),(14139,1,12,25),(14142,1,12,26),(14145,1,12,27),(14148,1,12,28),(14930,1,12,31),(14926,1,12,32),(14929,1,12,34),(14932,1,12,38),(13816,1,12,41),(13813,1,12,42),(13815,1,12,44),(13817,1,12,45),(14094,1,12,61),(14091,1,12,62),(14093,1,12,64),(14095,1,12,67),(14096,1,12,68),(16203,1,12,71),(16198,1,12,72),(16200,1,12,74),(16204,1,12,75),(16202,1,12,76),(16206,1,12,78),(16207,1,12,79),(19491,1,12,81),(19485,1,12,82),(19486,1,12,84),(19487,1,12,86),(19489,1,12,87),(19490,1,12,88),(19492,1,12,89),(15401,1,12,91),(15397,1,12,92),(15400,1,12,93),(15403,1,12,94),(13990,1,12,95),(12734,1,12,97),(19241,1,12,101),(19237,1,12,102),(19238,1,12,104),(19239,1,12,105),(19240,1,12,106),(19242,1,12,109),(15390,1,12,111),(15377,1,12,112),(15380,1,12,113),(15383,1,12,114),(15386,1,12,115),(15389,1,12,116),(15392,1,12,117),(19588,1,12,121),(19583,1,12,122),(19586,1,12,125),(19589,1,12,126),(13821,1,12,141),(13820,1,12,142),(13822,1,12,144),(13912,1,12,151),(13909,1,12,152),(13911,1,12,153),(13913,1,12,154),(14063,1,12,161),(14056,1,12,162),(14058,1,12,163),(14060,1,12,164),(14062,1,12,165),(14064,1,12,167),(13350,1,12,171),(13345,1,12,172),(13347,1,12,173),(13349,1,12,174),(13351,1,12,178),(13838,1,12,221),(13834,1,12,222),(13837,1,12,223),(13840,1,12,229),(13842,1,12,237),(13844,1,12,238),(13846,1,12,239),(13516,1,12,241),(13515,1,12,242),(13517,1,12,243),(19629,1,12,251),(19610,1,12,252),(19612,1,12,253),(19613,1,12,254),(19615,1,12,255),(19617,1,12,256),(19590,1,12,262),(19600,1,12,281),(19595,1,12,282),(19598,1,12,283),(19601,1,12,286),(19474,1,12,300),(19475,1,12,301),(16194,1,12,331),(16193,1,12,332),(16195,1,12,333),(19618,1,12,341),(19619,1,12,342),(19620,1,12,343),(19621,1,12,344),(19627,1,12,351),(19624,1,12,352),(19626,1,12,353),(19628,1,12,354),(19630,1,12,358),(19249,1,12,430),(16384,1,12,501),(16378,1,12,502),(13865,1,12,510),(19577,1,12,511),(19574,1,12,512),(19576,1,12,514),(19578,1,12,517),(15291,1,12,520),(15286,1,12,522),(15288,1,12,524),(15290,1,12,525),(15292,1,12,527),(19607,1,12,531),(19604,1,12,532),(19606,1,12,534),(19608,1,12,538),(16932,1,12,650),(16931,1,12,651),(16933,1,12,652),(17124,1,12,660),(17123,1,12,661),(17125,1,12,662),(13358,1,12,700),(19500,1,12,701),(19498,1,12,702),(19501,1,12,703),(15090,1,12,771),(15081,1,12,772),(15083,1,12,773),(15085,1,12,774),(15087,1,12,775),(15089,1,12,776),(15091,1,12,779),(14917,1,12,1001),(14916,1,12,1002),(14918,1,12,1003),(14920,1,12,1004),(14921,1,12,1005),(19247,1,12,1101),(19245,1,12,1102),(19246,1,12,1104),(19248,1,12,1109),(19233,1,12,1121),(19226,1,12,1122),(19228,1,12,1123),(19230,1,12,1124),(19232,1,12,1125),(19234,1,12,1126),(19523,1,12,1181),(19537,1,12,1182),(19526,1,12,1183),(19527,1,12,1184),(19529,1,12,1185),(19531,1,12,1186),(19533,1,12,1187),(19536,1,12,1188),(19534,1,12,1189),(19538,1,12,1191),(13827,1,12,1201),(13828,1,12,1202),(19546,1,12,1231),(19541,1,12,1232),(19542,1,12,1233),(19544,1,12,1234),(19545,1,12,1235),(19547,1,12,1236),(16302,1,12,1237),(13829,1,12,1251),(19521,1,12,1321),(19522,1,12,1322),(19493,1,12,1421),(19463,1,12,2401),(19461,1,12,2402),(19464,1,12,2403),(19471,1,12,2411),(19469,1,12,2412),(19472,1,12,2413),(19473,1,12,2414),(19505,1,12,2501),(19504,1,12,2503),(19506,1,12,2515),(16386,1,12,3200),(15435,1,12,5001),(15436,1,12,5002),(19636,1,12,10001),(19633,1,12,10002),(19635,1,12,10003),(19637,1,12,10005),(19559,1,12,20001),(19550,1,12,20002),(19552,1,12,20003),(19556,1,12,20004),(19558,1,12,20005),(19560,1,12,20006),(19554,1,12,20007),(19481,1,12,23001),(19478,1,12,23002),(19480,1,12,23003),(19482,1,12,23004),(19019,1,12,50101),(16743,1,12,50151),(19445,1,12,50401),(19453,1,12,50411),(19448,1,12,50412),(19450,1,12,50414),(19452,1,12,50415),(19454,1,12,50418),(19455,1,12,50420),(19456,1,12,50430),(19444,1,12,50440),(19562,1,12,55001),(19563,1,12,55002),(16740,1,12,56001),(16737,1,12,56002),(16739,1,12,56003),(16741,1,12,56004),(16742,1,12,56005),(17135,1,12,59001),(17136,1,12,59002),(17137,1,12,59003),(19570,1,12,63001),(19567,1,12,63002),(19569,1,12,63003),(19571,1,12,63004),(19564,1,12,64001),(17328,1,12,101130),(17327,1,12,101131),(17329,1,12,101132),(16009,1,12,101331),(16010,1,12,101332),(16011,1,12,101333),(19208,1,12,101701),(19209,1,12,101702),(12776,1,13,11),(12777,1,13,21),(12778,1,13,31),(12779,1,13,41),(12780,1,13,61),(12781,1,13,71),(12782,1,13,72),(12783,1,13,74),(12784,1,13,75),(12785,1,13,78),(12786,1,13,79),(12787,1,13,81),(12788,1,13,91),(12789,1,13,95),(12790,1,13,97),(12791,1,13,101),(12792,1,13,111),(12793,1,13,121),(12794,1,13,151),(12795,1,13,161),(12796,1,13,171),(12797,1,13,221),(12798,1,13,222),(12799,1,13,229),(12800,1,13,241),(12801,1,13,242),(12802,1,13,243),(12803,1,13,262),(12804,1,13,281),(12805,1,13,300),(12806,1,13,331),(12807,1,13,341),(12808,1,13,342),(12809,1,13,343),(12810,1,13,344),(12811,1,13,531),(12812,1,13,700),(12813,1,13,1001),(12814,1,13,1002),(12815,1,13,1003),(12816,1,13,1004),(12817,1,13,1005),(12818,1,13,1101),(12819,1,13,1181),(12820,1,13,1182),(12821,1,13,1201),(12822,1,13,1202),(12823,1,13,1231),(12824,1,13,2401),(12825,1,13,2501),(12826,1,13,2503),(12827,1,13,2515),(12828,1,13,20001),(12829,1,13,20002),(12830,1,13,23001),(12831,1,13,50101),(12832,1,14,11),(12833,1,14,21),(12834,1,14,31),(12835,1,14,41),(12836,1,14,61),(12837,1,14,71),(12838,1,14,72),(12839,1,14,74),(12840,1,14,75),(12841,1,14,78),(12842,1,14,79),(12843,1,14,81),(12844,1,14,91),(12845,1,14,95),(12846,1,14,97),(12847,1,14,101),(12848,1,14,111),(12849,1,14,121),(12850,1,14,151),(12851,1,14,161),(12852,1,14,171),(12853,1,14,221),(12854,1,14,222),(12855,1,14,229),(12856,1,14,241),(12857,1,14,242),(12858,1,14,243),(12859,1,14,262),(12860,1,14,281),(12861,1,14,300),(12862,1,14,331),(12863,1,14,341),(12864,1,14,342),(12865,1,14,343),(12866,1,14,344),(12867,1,14,531),(12868,1,14,700),(12869,1,14,1001),(12870,1,14,1002),(12871,1,14,1003),(12872,1,14,1004),(12873,1,14,1005),(12874,1,14,1101),(12875,1,14,1181),(12876,1,14,1182),(12877,1,14,1201),(12878,1,14,1202),(12879,1,14,1231),(12880,1,14,2401),(12881,1,14,2501),(12882,1,14,2503),(12883,1,14,2515),(12884,1,14,20001),(12885,1,14,20002),(12886,1,14,23001),(12887,1,14,50101),(12944,1,16,11),(12945,1,16,21),(12946,1,16,31),(13056,1,16,41),(13057,1,16,42),(13058,1,16,44),(13059,1,16,45),(12948,1,16,61),(12949,1,16,71),(12950,1,16,72),(12951,1,16,74),(12952,1,16,75),(12953,1,16,78),(12954,1,16,79),(12955,1,16,81),(12956,1,16,91),(12957,1,16,95),(12958,1,16,97),(12959,1,16,101),(12960,1,16,111),(12961,1,16,121),(13060,1,16,141),(13061,1,16,142),(13062,1,16,144),(12962,1,16,151),(12963,1,16,161),(12964,1,16,171),(12965,1,16,221),(12966,1,16,222),(12967,1,16,229),(12968,1,16,241),(12969,1,16,242),(12970,1,16,243),(13128,1,16,251),(13064,1,16,262),(12972,1,16,281),(12973,1,16,300),(12974,1,16,331),(12975,1,16,341),(12976,1,16,342),(12977,1,16,343),(12978,1,16,344),(12979,1,16,531),(12980,1,16,700),(12981,1,16,1001),(12982,1,16,1002),(12983,1,16,1003),(12984,1,16,1004),(12985,1,16,1005),(12986,1,16,1101),(12987,1,16,1181),(12988,1,16,1182),(12989,1,16,1201),(12990,1,16,1202),(12991,1,16,1231),(12992,1,16,2401),(12993,1,16,2501),(12994,1,16,2503),(12995,1,16,2515),(12996,1,16,20001),(12997,1,16,20002),(12998,1,16,23001),(12999,1,16,50101),(13000,1,17,11),(13001,1,17,21),(13002,1,17,31),(13065,1,17,41),(13066,1,17,42),(13067,1,17,44),(13068,1,17,45),(13004,1,17,61),(13005,1,17,71),(13006,1,17,72),(13007,1,17,74),(13008,1,17,75),(13009,1,17,78),(13010,1,17,79),(13011,1,17,81),(13012,1,17,91),(13013,1,17,95),(13014,1,17,97),(13015,1,17,101),(13016,1,17,111),(13017,1,17,121),(13069,1,17,141),(13070,1,17,142),(13071,1,17,144),(13018,1,17,151),(13019,1,17,161),(13020,1,17,171),(13021,1,17,221),(13022,1,17,222),(13023,1,17,229),(13024,1,17,241),(13025,1,17,242),(13026,1,17,243),(13028,1,17,281),(13029,1,17,300),(13030,1,17,331),(13031,1,17,341),(13032,1,17,342),(13033,1,17,343),(13034,1,17,344),(13035,1,17,531),(13036,1,17,700),(13037,1,17,1001),(13038,1,17,1002),(13039,1,17,1003),(13040,1,17,1004),(13041,1,17,1005),(13042,1,17,1101),(13043,1,17,1181),(13044,1,17,1182),(13045,1,17,1201),(13046,1,17,1202),(13047,1,17,1231),(13048,1,17,2401),(13049,1,17,2501),(13050,1,17,2503),(13051,1,17,2515),(13052,1,17,20001),(13053,1,17,20002),(13054,1,17,23001),(13055,1,17,50101),(14504,1,18,11),(14505,1,18,21),(14506,1,18,31),(14507,1,18,41),(14508,1,18,61),(14509,1,18,71),(14510,1,18,78),(14511,1,18,81),(14512,1,18,91),(14513,1,18,95),(14514,1,18,101),(14515,1,18,111),(14516,1,18,121),(14517,1,18,151),(14518,1,18,161),(14519,1,18,221),(14520,1,18,241),(14521,1,18,262),(14522,1,18,281),(14523,1,18,300),(14524,1,18,331),(14525,1,18,332),(14526,1,18,333),(14527,1,18,341),(14528,1,18,342),(14529,1,18,343),(14530,1,18,344),(14531,1,18,531),(14532,1,18,701),(14533,1,18,771),(14534,1,18,774),(14535,1,18,1001),(14536,1,18,1004),(14537,1,18,1101),(14538,1,18,1181),(14539,1,18,1182),(14540,1,18,1201),(14541,1,18,1231),(14542,1,18,2401),(14543,1,18,2501),(14544,1,18,2503),(14545,1,18,2515),(14546,1,18,20001),(14547,1,18,20002),(14548,1,18,50101),(14549,1,18,59001),(15242,1,19,21),(15243,1,19,31),(15244,1,19,41),(15245,1,19,61),(15246,1,19,71),(15247,1,19,78),(15248,1,19,81),(15249,1,19,101),(15250,1,19,121),(15251,1,19,151),(15252,1,19,161),(15253,1,19,221),(15254,1,19,241),(15255,1,19,262),(15256,1,19,281),(15257,1,19,300),(15258,1,19,331),(15259,1,19,332),(15260,1,19,341),(15261,1,19,342),(15262,1,19,343),(15263,1,19,344),(15264,1,19,531),(15265,1,19,701),(15266,1,19,771),(15267,1,19,774),(15268,1,19,777),(15269,1,19,1001),(15270,1,19,1004),(15271,1,19,1101),(15272,1,19,1121),(15273,1,19,1181),(15274,1,19,1182),(15275,1,19,1201),(15276,1,19,1231),(15277,1,19,2401),(15278,1,19,2501),(15279,1,19,20001),(15280,1,19,20002),(15281,1,19,50101),(15282,1,19,59001),(15283,1,19,63001);

--
-- Table structure for table `llx_usergroup`
--

CREATE TABLE `llx_usergroup` (
  `rowid` int(11) NOT NULL AUTO_INCREMENT,
  `nom` varchar(255) COLLATE utf8_unicode_ci NOT NULL,
  `entity` int(11) NOT NULL DEFAULT '1',
  `datec` datetime DEFAULT NULL,
  `tms` timestamp NOT NULL DEFAULT CURRENT_TIMESTAMP ON UPDATE CURRENT_TIMESTAMP,
  `note` text COLLATE utf8_unicode_ci,
  `model_pdf` varchar(255) COLLATE utf8_unicode_ci DEFAULT NULL,
  PRIMARY KEY (`rowid`),
  UNIQUE KEY `uk_usergroup_name` (`nom`,`entity`)
) ENGINE=InnoDB AUTO_INCREMENT=5 DEFAULT CHARSET=utf8 COLLATE=utf8_unicode_ci;

--
-- Dumping data for table `llx_usergroup`
--

INSERT INTO `llx_usergroup` VALUES (1,'Sale representatives',1,'2015-01-16 20:48:08','2017-10-03 09:44:44','All sales representative users',NULL),(2,'Management',1,'2017-10-03 11:46:25','2017-10-03 09:46:25','',NULL),(3,'Scientists',1,'2017-10-03 11:46:46','2017-10-03 09:46:46','',NULL),(4,'Commercial',1,'2017-10-05 21:30:13','2017-10-05 19:30:13','',NULL);

--
-- Table structure for table `llx_usergroup_extrafields`
--

CREATE TABLE `llx_usergroup_extrafields` (
  `rowid` int(11) NOT NULL AUTO_INCREMENT,
  `tms` timestamp NOT NULL DEFAULT CURRENT_TIMESTAMP ON UPDATE CURRENT_TIMESTAMP,
  `fk_object` int(11) NOT NULL,
  `import_key` varchar(14) COLLATE utf8_unicode_ci DEFAULT NULL,
  PRIMARY KEY (`rowid`),
  KEY `idx_usergroup_extrafields` (`fk_object`)
) ENGINE=InnoDB DEFAULT CHARSET=utf8 COLLATE=utf8_unicode_ci;

--
-- Dumping data for table `llx_usergroup_extrafields`
--


--
-- Table structure for table `llx_usergroup_rights`
--

CREATE TABLE `llx_usergroup_rights` (
  `rowid` int(11) NOT NULL AUTO_INCREMENT,
  `entity` int(11) NOT NULL DEFAULT '1',
  `fk_usergroup` int(11) NOT NULL,
  `fk_id` int(11) NOT NULL,
  PRIMARY KEY (`rowid`),
  UNIQUE KEY `uk_usergroup_rights` (`entity`,`fk_usergroup`,`fk_id`),
  KEY `fk_usergroup_rights_fk_usergroup` (`fk_usergroup`),
  CONSTRAINT `fk_usergroup_rights_fk_usergroup` FOREIGN KEY (`fk_usergroup`) REFERENCES `llx_usergroup` (`rowid`)
) ENGINE=InnoDB AUTO_INCREMENT=200 DEFAULT CHARSET=utf8 COLLATE=utf8_unicode_ci;

--
-- Dumping data for table `llx_usergroup_rights`
--

INSERT INTO `llx_usergroup_rights` VALUES (1,1,1,2401),(2,1,1,2402),(3,1,1,2403),(4,1,1,2411),(5,1,1,2412),(6,1,1,2413),(78,1,2,11),(79,1,2,12),(80,1,2,13),(81,1,2,14),(82,1,2,15),(83,1,2,16),(84,1,2,19),(144,1,2,21),(145,1,2,22),(146,1,2,24),(147,1,2,25),(148,1,2,26),(149,1,2,27),(150,1,2,28),(133,1,2,31),(134,1,2,32),(135,1,2,34),(136,1,2,38),(137,1,2,41),(138,1,2,42),(139,1,2,44),(140,1,2,45),(86,1,2,61),(87,1,2,62),(88,1,2,64),(89,1,2,67),(90,1,2,68),(7,1,2,71),(8,1,2,72),(9,1,2,74),(10,1,2,75),(11,1,2,76),(12,1,2,78),(13,1,2,79),(32,1,2,81),(33,1,2,82),(34,1,2,84),(35,1,2,86),(36,1,2,87),(37,1,2,88),(38,1,2,89),(173,1,2,91),(174,1,2,92),(175,1,2,93),(176,1,2,94),(66,1,2,101),(67,1,2,102),(68,1,2,104),(69,1,2,105),(70,1,2,106),(71,1,2,109),(21,1,2,111),(22,1,2,112),(23,1,2,113),(24,1,2,114),(25,1,2,115),(26,1,2,116),(27,1,2,117),(164,1,2,121),(165,1,2,122),(166,1,2,125),(167,1,2,126),(141,1,2,141),(142,1,2,142),(143,1,2,144),(129,1,2,151),(130,1,2,152),(131,1,2,153),(132,1,2,154),(44,1,2,161),(45,1,2,162),(46,1,2,163),(47,1,2,164),(48,1,2,165),(49,1,2,167),(120,1,2,221),(121,1,2,222),(122,1,2,223),(123,1,2,229),(124,1,2,237),(125,1,2,238),(126,1,2,239),(29,1,2,241),(30,1,2,242),(31,1,2,243),(182,1,2,251),(183,1,2,252),(184,1,2,253),(185,1,2,254),(186,1,2,255),(187,1,2,256),(168,1,2,262),(169,1,2,281),(170,1,2,282),(171,1,2,283),(172,1,2,286),(197,1,2,331),(198,1,2,332),(199,1,2,333),(188,1,2,341),(189,1,2,342),(190,1,2,343),(191,1,2,344),(192,1,2,351),(193,1,2,352),(194,1,2,353),(195,1,2,354),(196,1,2,358),(151,1,2,531),(152,1,2,532),(153,1,2,534),(154,1,2,538),(60,1,2,701),(61,1,2,702),(62,1,2,703),(177,1,2,1001),(178,1,2,1002),(179,1,2,1003),(180,1,2,1004),(181,1,2,1005),(72,1,2,1101),(73,1,2,1102),(74,1,2,1104),(75,1,2,1109),(91,1,2,1181),(92,1,2,1182),(93,1,2,1183),(94,1,2,1184),(95,1,2,1185),(96,1,2,1186),(97,1,2,1187),(98,1,2,1188),(99,1,2,1189),(76,1,2,1201),(77,1,2,1202),(100,1,2,1231),(101,1,2,1232),(102,1,2,1233),(103,1,2,1234),(104,1,2,1235),(105,1,2,1236),(113,1,2,1251),(85,1,2,1321),(39,1,2,1421),(14,1,2,2401),(15,1,2,2402),(16,1,2,2403),(17,1,2,2411),(18,1,2,2412),(19,1,2,2413),(20,1,2,2414),(63,1,2,2501),(64,1,2,2503),(65,1,2,2515),(114,1,2,20001),(115,1,2,20002),(116,1,2,20003),(117,1,2,20004),(118,1,2,20005),(119,1,2,20006),(50,1,2,23001),(51,1,2,23002),(52,1,2,23003),(53,1,2,23004),(127,1,2,55001),(128,1,2,55002);

--
-- Table structure for table `llx_usergroup_user`
--

CREATE TABLE `llx_usergroup_user` (
  `rowid` int(11) NOT NULL AUTO_INCREMENT,
  `entity` int(11) NOT NULL DEFAULT '1',
  `fk_user` int(11) NOT NULL,
  `fk_usergroup` int(11) NOT NULL,
  PRIMARY KEY (`rowid`),
  UNIQUE KEY `uk_usergroup_user` (`entity`,`fk_user`,`fk_usergroup`),
  KEY `fk_usergroup_user_fk_user` (`fk_user`),
  KEY `fk_usergroup_user_fk_usergroup` (`fk_usergroup`),
  CONSTRAINT `fk_usergroup_user_fk_user` FOREIGN KEY (`fk_user`) REFERENCES `llx_user` (`rowid`),
  CONSTRAINT `fk_usergroup_user_fk_usergroup` FOREIGN KEY (`fk_usergroup`) REFERENCES `llx_usergroup` (`rowid`)
) ENGINE=InnoDB AUTO_INCREMENT=14 DEFAULT CHARSET=utf8 COLLATE=utf8_unicode_ci;

--
-- Dumping data for table `llx_usergroup_user`
--

INSERT INTO `llx_usergroup_user` VALUES (2,1,1,3),(12,1,2,4),(3,1,3,3),(4,1,11,2),(13,1,12,1),(5,1,13,4),(6,1,16,1),(7,1,17,1),(11,1,18,1);

--
-- Table structure for table `llx_webmail_draft`
--

CREATE TABLE `llx_webmail_draft` (
  `rowid` int(11) NOT NULL AUTO_INCREMENT,
  `entity` int(11) NOT NULL DEFAULT '1',
  `fk_user` int(11) NOT NULL DEFAULT '0',
  `fk_contact` int(11) NOT NULL DEFAULT '0',
  `size` int(11) NOT NULL DEFAULT '0',
  `subject` mediumtext COLLATE utf8_unicode_ci NOT NULL,
  `body` longtext COLLATE utf8_unicode_ci NOT NULL,
  `from` mediumtext COLLATE utf8_unicode_ci NOT NULL,
  `to` mediumtext COLLATE utf8_unicode_ci NOT NULL,
  `cc` mediumtext COLLATE utf8_unicode_ci NOT NULL,
  `bcc` mediumtext COLLATE utf8_unicode_ci NOT NULL,
  `files` int(11) NOT NULL DEFAULT '0',
  `cron` datetime DEFAULT NULL,
  PRIMARY KEY (`rowid`),
  KEY `idx_webmail_draft_fk_user` (`fk_user`),
  KEY `idx_webmail_draft_cron` (`cron`)
) ENGINE=InnoDB DEFAULT CHARSET=utf8 COLLATE=utf8_unicode_ci;

--
-- Dumping data for table `llx_webmail_draft`
--


--
-- Table structure for table `llx_webmail_files`
--

CREATE TABLE `llx_webmail_files` (
  `rowid` int(11) NOT NULL AUTO_INCREMENT,
  `fk_mail` int(11) NOT NULL DEFAULT '0',
  `fk_user` int(11) NOT NULL DEFAULT '0',
  `datetime` datetime NOT NULL DEFAULT '0000-00-00 00:00:00',
  `file_name` mediumtext COLLATE utf8_unicode_ci NOT NULL,
  `file` mediumtext COLLATE utf8_unicode_ci NOT NULL,
  `file_size` int(11) NOT NULL DEFAULT '0',
  `file_type` varchar(255) COLLATE utf8_unicode_ci NOT NULL DEFAULT '',
  `search` longtext COLLATE utf8_unicode_ci NOT NULL,
  PRIMARY KEY (`rowid`),
  KEY `idx_webmail_files_fk_user` (`fk_user`),
  KEY `idx_webmail_files_files` (`fk_mail`)
) ENGINE=InnoDB DEFAULT CHARSET=utf8 COLLATE=utf8_unicode_ci;

--
-- Dumping data for table `llx_webmail_files`
--


--
-- Table structure for table `llx_webmail_mail`
--

CREATE TABLE `llx_webmail_mail` (
  `rowid` int(11) NOT NULL AUTO_INCREMENT,
  `entity` int(11) NOT NULL DEFAULT '1',
  `fk_user` int(11) NOT NULL DEFAULT '0',
  `fk_soc` int(11) NOT NULL DEFAULT '0',
  `fk_contact` int(11) NOT NULL DEFAULT '0',
  `uidl` varchar(255) COLLATE utf8_unicode_ci NOT NULL DEFAULT '',
  `datetime` datetime NOT NULL DEFAULT '0000-00-00 00:00:00',
  `size` int(11) NOT NULL DEFAULT '0',
  `subject` mediumtext COLLATE utf8_unicode_ci NOT NULL,
  `body` longtext COLLATE utf8_unicode_ci NOT NULL,
  `state_new` int(11) NOT NULL DEFAULT '0',
  `state_reply` int(11) NOT NULL DEFAULT '0',
  `state_forward` int(11) NOT NULL DEFAULT '0',
  `state_wait` int(11) NOT NULL DEFAULT '0',
  `state_spam` int(11) NOT NULL DEFAULT '0',
  `id_correo` int(11) NOT NULL DEFAULT '0',
  `is_outbox` int(11) NOT NULL DEFAULT '0',
  `state_sent` int(11) NOT NULL DEFAULT '0',
  `state_error` varchar(255) COLLATE utf8_unicode_ci NOT NULL DEFAULT '',
  `state_crt` int(11) NOT NULL DEFAULT '0',
  `state_archiv` int(11) NOT NULL DEFAULT '0',
  `priority` int(11) NOT NULL DEFAULT '0',
  `sensitivity` int(11) NOT NULL DEFAULT '0',
  `from` mediumtext COLLATE utf8_unicode_ci NOT NULL,
  `to` mediumtext COLLATE utf8_unicode_ci NOT NULL,
  `cc` mediumtext COLLATE utf8_unicode_ci NOT NULL,
  `bcc` mediumtext COLLATE utf8_unicode_ci NOT NULL,
  `files` int(11) NOT NULL DEFAULT '0',
  `state_delete` int(11) NOT NULL DEFAULT '0',
  PRIMARY KEY (`rowid`),
  KEY `idx_webmail_mail_nospam` (`fk_user`,`state_spam`),
  KEY `idx_webmail_mail_count` (`fk_user`,`state_new`),
  KEY `idx_webmail_mail_sendmail` (`is_outbox`,`state_sent`),
  KEY `idx_webmail_mail_fk_user` (`fk_user`)
) ENGINE=InnoDB AUTO_INCREMENT=2 DEFAULT CHARSET=utf8 COLLATE=utf8_unicode_ci;

--
-- Dumping data for table `llx_webmail_mail`
--

INSERT INTO `llx_webmail_mail` VALUES (1,1,1,27,0,'1452254519','2018-01-08 16:01:59',0,'Submission of invoice 16','You will find here the invoice 16<br />\r\n<br />\r\nSincerely',0,0,0,0,0,0,1,1,'0',0,0,0,0,'first last <fff@ff.com>','Aljoun Samira <contact@example.com>','','',1,0);

--
-- Table structure for table `llx_webmail_users`
--

CREATE TABLE `llx_webmail_users` (
  `rowid` int(11) NOT NULL AUTO_INCREMENT,
  `entity` int(11) NOT NULL DEFAULT '1',
  `fk_user` int(11) NOT NULL,
  `login` varchar(255) COLLATE utf8_unicode_ci NOT NULL,
  `password` mediumtext COLLATE utf8_unicode_ci NOT NULL,
  `safemail` tinyint(4) DEFAULT '1',
  `dayssafe` int(11) DEFAULT '10',
  PRIMARY KEY (`rowid`),
  KEY `fk_webmail_users_fk_user` (`fk_user`),
  CONSTRAINT `fk_webmail_users_fk_user` FOREIGN KEY (`fk_user`) REFERENCES `llx_user` (`rowid`)
) ENGINE=InnoDB DEFAULT CHARSET=utf8 COLLATE=utf8_unicode_ci;

--
-- Dumping data for table `llx_webmail_users`
--


--
-- Table structure for table `llx_webmail_users_view`
--

CREATE TABLE `llx_webmail_users_view` (
  `rowid` int(11) NOT NULL AUTO_INCREMENT,
  `fk_user` int(11) NOT NULL,
  `fk_user_view` int(11) NOT NULL,
  PRIMARY KEY (`rowid`)
) ENGINE=InnoDB DEFAULT CHARSET=utf8 COLLATE=utf8_unicode_ci;

--
-- Dumping data for table `llx_webmail_users_view`
--


--
-- Table structure for table `llx_website`
--

CREATE TABLE `llx_website` (
  `rowid` int(11) NOT NULL AUTO_INCREMENT,
  `entity` int(11) NOT NULL DEFAULT '1',
  `ref` varchar(128) COLLATE utf8_unicode_ci DEFAULT NULL,
  `description` varchar(255) COLLATE utf8_unicode_ci DEFAULT NULL,
  `status` int(11) DEFAULT NULL,
  `fk_default_home` int(11) DEFAULT NULL,
  `virtualhost` varchar(255) COLLATE utf8_unicode_ci DEFAULT NULL,
  `date_creation` datetime DEFAULT NULL,
  `date_modification` datetime DEFAULT NULL,
  `tms` timestamp NOT NULL DEFAULT CURRENT_TIMESTAMP ON UPDATE CURRENT_TIMESTAMP,
  `fk_user_creat` int(11) DEFAULT NULL,
  `fk_user_modif` int(11) DEFAULT NULL,
  `import_key` varchar(14) COLLATE utf8_unicode_ci DEFAULT NULL,
  `maincolor` varchar(16) COLLATE utf8_unicode_ci DEFAULT NULL,
  `maincolorbis` varchar(16) COLLATE utf8_unicode_ci DEFAULT NULL,
  `use_manifest` int(11) DEFAULT NULL,
  PRIMARY KEY (`rowid`),
  UNIQUE KEY `uk_website_ref` (`ref`,`entity`)
) ENGINE=InnoDB AUTO_INCREMENT=4 DEFAULT CHARSET=utf8 COLLATE=utf8_unicode_ci;

--
-- Dumping data for table `llx_website`
--

INSERT INTO `llx_website` VALUES (2,1,'mywebsite','My web site',1,4,'','2019-10-08 20:55:48',NULL,'2019-11-28 12:02:46',12,NULL,NULL,NULL,NULL,NULL),(3,1,'mypersonalsite','My personal web site',1,11,NULL,'2019-10-08 20:57:59',NULL,'2020-01-09 15:59:24',12,12,NULL,NULL,NULL,0);

--
-- Table structure for table `llx_website_extrafields`
--

CREATE TABLE `llx_website_extrafields` (
  `rowid` int(11) NOT NULL AUTO_INCREMENT,
  `tms` timestamp NOT NULL DEFAULT CURRENT_TIMESTAMP ON UPDATE CURRENT_TIMESTAMP,
  `fk_object` int(11) NOT NULL,
  `import_key` varchar(14) COLLATE utf8_unicode_ci DEFAULT NULL,
  PRIMARY KEY (`rowid`),
  KEY `idx_website_extrafields` (`fk_object`)
) ENGINE=InnoDB DEFAULT CHARSET=utf8 COLLATE=utf8_unicode_ci;

--
-- Dumping data for table `llx_website_extrafields`
--


--
-- Table structure for table `llx_website_page`
--

CREATE TABLE `llx_website_page` (
  `rowid` int(11) NOT NULL AUTO_INCREMENT,
  `fk_website` int(11) NOT NULL,
  `pageurl` varchar(255) COLLATE utf8_unicode_ci DEFAULT NULL,
  `aliasalt` varchar(255) COLLATE utf8_unicode_ci DEFAULT NULL,
  `title` varchar(255) COLLATE utf8_unicode_ci DEFAULT NULL,
  `description` varchar(255) COLLATE utf8_unicode_ci DEFAULT NULL,
  `keywords` varchar(255) COLLATE utf8_unicode_ci DEFAULT NULL,
  `content` mediumtext COLLATE utf8_unicode_ci,
  `status` int(11) DEFAULT '1',
  `date_creation` datetime DEFAULT NULL,
  `date_modification` datetime DEFAULT NULL,
  `tms` timestamp NOT NULL DEFAULT CURRENT_TIMESTAMP ON UPDATE CURRENT_TIMESTAMP,
  `fk_user_creat` int(11) DEFAULT NULL,
  `fk_user_modif` int(11) DEFAULT NULL,
  `type_container` varchar(16) COLLATE utf8_unicode_ci NOT NULL DEFAULT 'page',
  `lang` varchar(6) COLLATE utf8_unicode_ci DEFAULT NULL,
  `fk_page` int(11) DEFAULT NULL,
  `grabbed_from` varchar(255) COLLATE utf8_unicode_ci DEFAULT NULL,
  `htmlheader` mediumtext COLLATE utf8_unicode_ci,
  `import_key` varchar(14) COLLATE utf8_unicode_ci DEFAULT NULL,
  `image` varchar(255) COLLATE utf8_unicode_ci DEFAULT NULL,
  PRIMARY KEY (`rowid`),
  UNIQUE KEY `uk_website_page_url` (`fk_website`,`pageurl`),
  CONSTRAINT `fk_website_page_website` FOREIGN KEY (`fk_website`) REFERENCES `llx_website` (`rowid`)
) ENGINE=InnoDB AUTO_INCREMENT=20 DEFAULT CHARSET=utf8 COLLATE=utf8_unicode_ci;

--
-- Dumping data for table `llx_website_page`
--

INSERT INTO `llx_website_page` VALUES (1,3,'blog','','Blog','Blog','blog','<div class=\"page\">\n\n    <?php includeContainer(\'header\'); ?>\n\n      <section id=\"sectionimage\" contenteditable=\"true\">\n        <div class=\"\">\n          <div class=\"swiper-wrapper text-center\" style=\"transform: translate3d(0px, 0px, 0px); transition-duration: 0ms;\">\n            <div class=\"swiper-slide swiper-slide-active\" style=\"height: 200px; background-image: url(\'medias/image/mypersonalsite/background_sunset.jpg\'); background-size: cover;\">\n              <div class=\"swiper-slide-caption\">\n                <div class=\"container\">\n                  <div class=\"row justify-content-sm-center\">\n                    <div class=\"col-md-11 col-lg-10\">\n                      <div class=\"text-white text-uppercase jumbotron-custom border-modern fadeInUp animated\" data-caption-animate=\"fadeInUp\" data-caption-delay=\"0s\">The latest news...</span>\n                      </div>\n                    </div>\n                  </div>\n                </div>\n              </div>\n            </div>\n        </div>\n      </section>\n\n\n        <section id=\"sectionnews\" contenteditable=\"true\" class=\"section-50 section-md-50 section-md-bottom-50\">\n            <div><br><div class=\"text-align: center\">\n            <!--<h2>The latest news...</h2><br><br><br> -->\n            <?php \n            $weblangs->load(\"main\");\n            $websitepage = new WebsitePage($db);\n            $fuser = new User($db);\n            $arrayofblogs = $websitepage->fetchAll($website->id, \'DESC\', \'date_creation\', 5, 0, array(\'type_container\'=>\'blogpost\'));\n            foreach($arrayofblogs as $blog)\n            {\n                print \'<div class=\"row justify-content-sm-center row-40\">\';\n                print \'<div class=\"container blog-box d-xl-inline-block margin-lr-30\" style=\"padding: 20px; box-shadow: -1px 0px 10px 0px rgba(65, 65, 65, 0.12); transition: .3s all ease;\">\';\n                            print \'<a href=\"\'.$blog->pageurl.\'.php\">\';\n                            print \'<div class=\"post-boxed-img-wrap\"><img src=\"\'.($blog->image ? \'viewimage.php?modulepart=medias&file=\'.str_replace(\'mypersonalsite\', $website->ref, $blog->image) : \'medias/image/\'.$website->ref.\'/calendar.svg\"\').\'\" alt=\"\" width=\"120\"></div>\';\n                            print \'<div class=\"post-boxed-caption\">\';\n                            print \'<div class=\"post-boxed-title font-weight-bold\">\'.$blog->title.\'</div>\';\n                            print \'<ul class=\"list-inline list-inline-dashed text-uppercase\">\';\n                            print \'<li>\'.dol_print_date($blog->date_creation, \'daytext\', \'tzserver\', $weblangs).\'</li>\';\n                            $fuser->fetch($blog->fk_user_creat);\n                            print \'<li><span>by<span> <span class=\"text-primary\">\'.$fuser->firstname.\'</span></span></li>\';\n                            print \'</ul>\';\n                            print \'<span class=\"nohover\">\'.$blog->description.\'</span>\';\n                            print \'</div>\';\n                            //includeContainer($blog->pageurl);\n                            print \'</a>\';\n                print \'</div>\';\n                print \'</div>\';\n            }\n            ?>\n            </div></div>\n        </section>\n\n    <br><br>\n\n    <?php includeContainer(\'footer\'); ?>\n\n</div>\n',1,'2019-08-15 00:03:30',NULL,'2020-01-17 12:35:30',NULL,NULL,'page','en_US',NULL,'','',NULL,''),(2,3,'blog-our-company-is-now-on-dolibarr','','Our company is now on Dolibarr ERP CRM','Our company has moved on Dolibarr ERP CRM. This is an important step in improving all of our services.','','<?php includeContainer(\'header\'); ?>\n\n      <?php print getStructuredData(\'blogpost\', $websitepage); ?>\n      \n      <section id=\"sectionimage\" contenteditable=\"true\">\n        <div class=\"\">\n          <div class=\"swiper-wrapper text-center\" style=\"transform: translate3d(0px, 0px, 0px); transition-duration: 0ms;\">\n            <div class=\"swiper-slide swiper-slide-active\" style=\"height: 200px; background-image: url(\'medias/image/mypersonalsite/background_sunset.jpg\'); background-size: cover;\">\n              <div class=\"swiper-slide-caption\">\n                <div class=\"container\">\n                  <div class=\"row justify-content-sm-center\">\n                    <div class=\"col-md-11 col-lg-10\">\n                      <div class=\"text-white text-uppercase border-modern fadeInUp animated\" data-caption-animate=\"fadeInUp\" data-caption-delay=\"0s\" style=\"font-size: 2em\"><?php echo $websitepage->title; ?></span>\n                      </div>\n                    </div>\n                  </div>\n                </div>\n              </div>\n            </div>\n        </div>\n      </section>\n\n        <div class=\"container\" contenteditable=\"true\">\n            <br><br><br>\n            Like several thousands of companies, our company (<?php echo $mysoc->name ?>) has moved all its information system to <a href=\"https://www.dolibarr.org\">Dolibarr ERP CRM</a>. More than 20 applications have been replaced by only one, easier to use and fully integrated.\n            This is an important step in improving all of our services.\n            \n            <br><br><br>\n            \n            <figure>\n            <img src=\"/viewimage.php?modulepart=medias&file=image/mypersonalsite/background_dolibarr.jpg\">\n            <br><br>\n            <figcaption style=\"opacity: 0.5; text-align: center;\">Screenshot of our new Open Source solution</figcaption>\n            </figure>\n            \n            \n            \n            <br><br><br><br><br><br>\n        </div>\n\n\n<?php includeContainer(\'footer\'); ?>\n\n\n',1,'2019-08-15 00:03:30',NULL,'2020-01-17 12:40:39',NULL,NULL,'blogpost','en_US',NULL,'','',NULL,'image/mypersonalsite/background_dolibarr.jpg'),(3,3,'blog-our-new-web-site-has-been-launched','','Our new web site has been launched','Our new website, based on Dolibarr CMS, has been launched. Modern and directly integrated with the internal management tools of the company, many new online services for our customers will be able to see the day...','','<?php includeContainer(\'header\'); ?>\n\n      <section id=\"sectionimage\" contenteditable=\"true\">\n        <div class=\"\">\n          <div class=\"swiper-wrapper text-center\" style=\"transform: translate3d(0px, 0px, 0px); transition-duration: 0ms;\">\n            <div class=\"swiper-slide swiper-slide-active\" style=\"height: 200px; background-image: url(\'medias/image/mypersonalsite/background_sunset.jpg\'); background-size: cover;\">\n              <div class=\"swiper-slide-caption\">\n                <div class=\"container\">\n                  <div class=\"row justify-content-sm-center\">\n                    <div class=\"col-md-11 col-lg-10\">\n                      <div class=\"text-white text-uppercase border-modern fadeInUp animated\" data-caption-animate=\"fadeInUp\" data-caption-delay=\"0s\" style=\"font-size: 2em\"><?php echo $websitepage->title; ?></span>\n                      </div>\n                    </div>\n                  </div>\n                </div>\n              </div>\n            </div>\n        </div>\n      </section>\n\n        <div class=\"container\">\n            <br><br><br><br><br><br>\n\n\n            Our new website, based on Dolibarr CMS, has been launched. <br>\n            Now it is modern and directly integrated with the internal management tools of the company. Many new online services will be available for our customers...\n\n            \n                        <br><br><br>\n            \n            <figure>\n            <img src=\"/viewimage.php?modulepart=medias&file=image/mypersonalsite/background_rough-horn.jpg\">\n            <br><br>\n            <figcaption style=\"opacity: 0.5; text-align: center;\">Theme of our new web site</figcaption>\n            </figure>\n            \n\n            <br><br><br><br><br><br>\n        </div>\n\n\n<?php includeContainer(\'footer\'); ?>\n\n\n\n',1,'2019-08-15 00:03:30',NULL,'2020-01-17 12:42:55',NULL,NULL,'blogpost','en_US',NULL,'','',NULL,'image/template-corporate/background_rough-horn.jpg'),(4,3,'careers','','Careers','Our job opportunities','career','<div class=\"page\">\n\n    <?php includeContainer(\'header\'); ?>\n\n      <section id=\"sectionimage\" contenteditable=\"true\">\n        <div class=\"\">\n          <div class=\"swiper-wrapper text-center\" style=\"transform: translate3d(0px, 0px, 0px); transition-duration: 0ms;\">\n            <div class=\"swiper-slide swiper-slide-active\" style=\"height: 200px; background-image: url(\'medias/image/mypersonalsite/background_sunset.jpg\'); background-size: cover;\">\n              <div class=\"swiper-slide-caption\">\n                <div class=\"container\">\n                  <div class=\"row justify-content-sm-center\">\n                    <div class=\"col-md-11 col-lg-10\">\n                      <div class=\"text-white text-uppercase jumbotron-custom border-modern fadeInUp animated\" data-caption-animate=\"fadeInUp\" data-caption-delay=\"0s\">Job opportunities</span>\n                      </div>\n                    </div>\n                  </div>\n                </div>\n              </div>\n            </div>\n        </div>\n      </section>\n\n\n        <section id=\"sectionfooterdolibarr\" contenteditable=\"true\" class=\"footerdolibarr\">\n            <div style=\"margin: 50px\"><div class=\"text-align: center\">\n<br>\n<br>\n<br>\nThere is no job opportunities for the moment...<br>\n<br>\n<br>\n<br>\n<br>\n            </div></div>\n        </section>\n\n\n    <br><br>\n\n    <?php includeContainer(\'footer\'); ?>\n\n</div>\n    \n\n',1,'2019-08-15 00:03:30',NULL,'2019-08-14 22:24:41',NULL,NULL,'page','en_US',NULL,'','',NULL,''),(5,3,'carriere','','Carrière','Nos opportunités professionnelles','career','<div class=\"page\">\n\n    <?php includeContainer(\'header\'); ?>\n\n      <section id=\"sectionimage\" contenteditable=\"true\">\n        <div class=\"\">\n          <div class=\"swiper-wrapper text-center\" style=\"transform: translate3d(0px, 0px, 0px); transition-duration: 0ms;\">\n            <div class=\"swiper-slide swiper-slide-active\" style=\"height: 200px; background-image: url(\'medias/image/mypersonalsite/background_sunset.jpg\'); background-size: cover;\">\n              <div class=\"swiper-slide-caption\">\n                <div class=\"container\">\n                  <div class=\"row justify-content-sm-center\">\n                    <div class=\"col-md-11 col-lg-10\">\n                      <div class=\"text-white text-uppercase jumbotron-custom border-modern fadeInUp animated\" data-caption-animate=\"fadeInUp\" data-caption-delay=\"0s\">Offres d\'emploi</span>\n                      </div>\n                    </div>\n                  </div>\n                </div>\n              </div>\n            </div>\n        </div>\n      </section>\n\n\n        <section id=\"sectionfooterdolibarr\" contenteditable=\"true\" class=\"footerdolibarr\">\n            <div style=\"margin: 50px\"><div class=\"text-align: center\">\n<br>\n<br>\n<br>\nNous n\'avons pas d\'offres d\'emploi ouvertes en ce moment...<br>\n<br>\n<br>\n<br>\n<br>\n            </div></div>\n        </section>\n\n\n    <br><br>\n\n    <?php includeContainer(\'footer\'); ?>\n\n</div>\n    \n\n',1,'2019-08-15 00:03:30',NULL,'2019-08-14 22:24:57',NULL,NULL,'page','fr_FR',NULL,'','',NULL,''),(6,3,'clients-testimonials','','Clients Testimonials','Client Testimonials','testimonials, use cases, success story','<div class=\"page\">\n\n    <?php includeContainer(\'header\'); ?>\n\n      <section id=\"sectionimage\" contenteditable=\"true\">\n        <div class=\"\">\n          <div class=\"swiper-wrapper text-center\" style=\"transform: translate3d(0px, 0px, 0px); transition-duration: 0ms;\">\n            <div class=\"swiper-slide swiper-slide-active\" style=\"height: 200px; background-image: url(\'medias/image/mypersonalsite/background_sunset.jpg\'); background-size: cover;\">\n              <div class=\"swiper-slide-caption\">\n                <div class=\"container\">\n                  <div class=\"row justify-content-sm-center\">\n                    <div class=\"col-md-11 col-lg-10\">\n                      <div class=\"text-white text-uppercase jumbotron-custom border-modern fadeInUp animated\" data-caption-animate=\"fadeInUp\" data-caption-delay=\"0s\">Testimonials</span>\n                      </div>\n                    </div>\n                  </div>\n                </div>\n              </div>\n            </div>\n        </div>\n      </section>\n\n\n      <div class=\"center\">\n      <br><br>\n      <h1 class=\"text-center\">What they say <span class=\"text-thin\">about us</span></h1>\n      <br><br><br><br>\n      Send us your testimonial (by email to <a href=\"mailto:<?php echo $mysoc->email; ?>\"><?php echo $mysoc->email; ?></a>)\n      <br><br><br><br>\n      <br><br>\n      </div>\n\n    <br><br>\n\n    <?php includeContainer(\'footer\'); ?>\n\n</div>\n    \n',1,'2019-08-15 00:03:30',NULL,'2019-08-14 22:25:18',NULL,NULL,'page','en_US',NULL,'','',NULL,''),(7,3,'contact','','Contact','Privacy Policies','Contact','<div class=\"page\">\n\n    <?php includeContainer(\'header\'); ?>\n\n      <section id=\"sectionimage\" contenteditable=\"true\">\n        <div class=\"\">\n          <div class=\"swiper-wrapper text-center\" style=\"transform: translate3d(0px, 0px, 0px); transition-duration: 0ms;\">\n            <div class=\"swiper-slide swiper-slide-active\" style=\"height: 200px; background-image: url(\'medias/image/mypersonalsite/background_sunset.jpg\'); background-size: cover;\">\n              <div class=\"swiper-slide-caption\">\n                <div class=\"container\">\n                  <div class=\"row justify-content-sm-center\">\n                    <div class=\"col-md-11 col-lg-10\">\n                      <div class=\"text-white text-uppercase jumbotron-custom border-modern fadeInUp animated\" data-caption-animate=\"fadeInUp\" data-caption-delay=\"0s\">Contact</span>\n                      </div>\n                    </div>\n                  </div>\n                </div>\n              </div>\n            </div>\n        </div>\n      </section>\n\n\n        <section id=\"sectionfooterdolibarr\" contenteditable=\"true\" class=\"footerdolibarr\">\n            <div style=\"margin: 50px; text-align: center\">\n<h2>Contact us:</h2> <br> <br> \n<span class=\"fa fa-envelope-o\"></span> <?php echo $mysoc->email ?><br>\n<span class=\"fa fa-address-card-o\"></span> <?php echo $mysoc->getFullAddress() ?><br>\n            </div>\n        </section>\n\n\n        <!-- Google MAPS -->\n        <center><div class=\"mapouter\"><div class=\"gmap_canvas\"><iframe width=\"600\" height=\"500\" id=\"gmap_canvas\" src=\"https://maps.google.com/maps?q=<?php echo urlencode($mysoc->getFullAddress()); ?>&t=&z=13&ie=UTF8&iwloc=&output=embed\" frameborder=\"0\" scrolling=\"no\" marginheight=\"0\" marginwidth=\"0\"></iframe>\n        </div>\n        <style>.mapouter{text-align:right;height:500px;width:600px;}.gmap_canvas {overflow:hidden;background:none!important;height:500px;width:600px;}</style>\n        </div></center>\n\n    <br><br><br>\n\n    <?php includeContainer(\'footer\'); ?>\n\n</div>\n    \n',1,'2019-08-15 00:03:30',NULL,'2019-08-14 22:25:38',NULL,NULL,'page','en_US',NULL,'','',NULL,''),(8,3,'faq','','FAQ','Frequently Asked Questions','faq','<div class=\"page\">\n\n    <?php includeContainer(\'header\'); ?>\n\n      <section id=\"sectionimage\" contenteditable=\"true\">\n        <div class=\"\">\n          <div class=\"swiper-wrapper text-center\" style=\"transform: translate3d(0px, 0px, 0px); transition-duration: 0ms;\">\n            <div class=\"swiper-slide swiper-slide-active\" style=\"height: 200px; background-image: url(\'medias/image/mypersonalsite/background_sunset.jpg\'); background-size: cover;\">\n              <div class=\"swiper-slide-caption\">\n                <div class=\"container\">\n                  <div class=\"row justify-content-sm-center\">\n                    <div class=\"col-md-11 col-lg-10\">\n                      <div class=\"text-white text-uppercase jumbotron-custom border-modern fadeInUp animated\" data-caption-animate=\"fadeInUp\" data-caption-delay=\"0s\">FAQs</span>\n                      </div>\n                    </div>\n                  </div>\n                </div>\n              </div>\n            </div>\n        </div>\n      </section>\n\n\n        <section id=\"sectionfooterdolibarr\" contenteditable=\"true\" class=\"footerdolibarr\">\n            <div class=\"container\">\n<div class=\"text-align: center\"><br><br><h2>Frequently Asked Questions</h2></div>\n<br>\n<br>\n<br>\n<h4>How can I contact you ?</h4><br>\nYou can contact us by using <a href=\"contact.php\">this page</a>.\n<br>\n<br>\n<br>\n<h4>What is your privacy policy ?</h4><br>\nYou may find information about our privacy policy on <a href=\"privacy-policies.php\">this page</a>.\n\n\n<br><br><br><br>\n\n            </div>\n        </section>\n\n\n    <br><br>\n\n    <?php includeContainer(\'footer\'); ?>\n\n</div>\n    \n\n',1,'2019-08-15 00:03:30',NULL,'2019-08-14 22:25:51',NULL,NULL,'page','en_US',NULL,'','',NULL,''),(9,3,'footer','','Footer','Footer','','<!-- At least 2 div required to avoid ckeditor to insert a p -->\n<div class=\"dolcontenteditable\" contenteditable=\"true\">      \n\n    <footer class=\"page-foot bg-cape-cod context-dark\">\n        <section id=\"sectionfooter\" contenteditable=\"true\" class=\"section-40\">\n          <div class=\"container\">\n            <div class=\"row justify-content-sm-center\">\n              <div class=\"col-sm-9 col-md-12 col-xl-12\">\n                <div class=\"row row-50\">\n                  \n                  <div class=\"col-md-6 col-lg-4 col-xl-4\">\n                    <h4 class=\"text-small-16 text-uppercase footer-title\">Product and Services</h4>\n                    <div class=\"row\" style=\"padding-right: 20px\">\n                      <div class=\"col-6\">\n                        <ul class=\"list-marked-variant-2\">\n                          <li><span class=\"fa fa-chevron-right marginrightonly\"></span><a href=\"product-p.php\">Product P</a></li>\n                          <li><span class=\"fa fa-chevron-right marginrightonly\"></span><a href=\"service-s.php\">Service S</a></li>\n                        </ul>\n                      </div>\n                      <div class=\"col-6\">\n                        <ul class=\"list-marked-variant-2\">\n                          <li><span class=\"fa fa-chevron-right marginrightonly\"></span><a href=\"pricing.php\">Prices</a></li>\n                        </ul>\n                      </div>\n                    </div>\n                  </div>\n\n                  <div class=\"col-md-6 col-lg-4 col-xl-4\">\n                    <h4 class=\"text-small-16 text-uppercase footer-title\">Quick links</h4>\n                    <div class=\"row\" style=\"padding-right: 20px\">\n                      <div class=\"col-6\">\n                        <ul class=\"list-marked-variant-2\">\n                          <li><span class=\"fa fa-chevron-right marginrightonly\"></span><a href=\"home.php\">Home</a></li>\n                          <li><span class=\"fa fa-chevron-right marginrightonly\"></span><a href=\"blog.php\">Blog</a></li>\n                          <li><span class=\"fa fa-chevron-right marginrightonly\"></span><a href=\"search.php\">Search</a></li>\n                        </ul>\n                      </div>\n                      <div class=\"col-6\">\n                        <ul class=\"list-marked-variant-2\">\n                          <li><span class=\"fa fa-chevron-right marginrightonly\"></span><a href=\"contact.php\">Contacts</a></li>\n                          <li><span class=\"fa fa-chevron-right marginrightonly\"></span><a href=\"privacy-policies.php\">Privacy policies</a></li>\n                        </ul>\n                        <?php // echo $website->componentSelectLang(\'auto\', $weblangs, \'margin-top-10\'); ?>\n                      </div>\n                    </div>\n                  </div>\n                  \n                  <div class=\"col-md-6 col-lg-4 col-xl-4\">\n                    <h4 class=\"text-small-16 text-uppercase footer-title\">Contact us</h4>\n                    <address class=\"contact-info text-left\">\n                      <div class=\"unit unit-horizontal unit-spacing-md align-items-center\">\n                        <div class=\"unit-left\"><span class=\"icon text-white fa fa-phone\"></span></div>\n                        <div class=\"unit-body\"><a class=\"link-white\" href=\"callto:<?php echo $mysoc->phone; ?>\"><?php echo $mysoc->phone; ?></a></div>\n                      </div>\n                      <div class=\"unit unit-horizontal unit-spacing-md align-items-center\">\n                        <div class=\"unit-left\"><span class=\"icon text-white fa fa-envelope-o\"></span></div>\n                        <div class=\"unit-body\"><a class=\"link-white\" href=\"mailto:<?php echo $mysoc->email; ?>\"><?php echo $mysoc->email; ?></a></div>\n                      </div>\n                      <div class=\"unit unit-horizontal unit-spacing-md\">\n                        <div class=\"unit-left\"><span class=\"icon text-white fa fa-address-card-o\"></span></div>\n                        <div class=\"unit-body\"><span class=\"link-white\"><?php echo $mysoc->getFullAddress(1, \'<br>\', 1); ?></span></div>\n                      </div>\n                    </address>\n                    <div class=\"group-sm group-middle\">\n                      <p class=\"font-italic text-white\">Follow Us:</p>\n                      <ul class=\"list-inline\">\n                        <li><a class=\"icon icon-xxs-smallest\" href=\"https://www.twitter.com/dolibarr/\"><span class=\"fa fa-twitter\" style=\"font-size: 1.6em\"></span></a></li>\n                        <li><a class=\"icon icon-xxs-smallest\" href=\"https://www.facebook.com/dolibarr/\"><span class=\"fa fa-facebook-f\" style=\"margin-left: 5px; font-size: 1.6em\"></span></a></li>\n                      </ul>\n                    </div>\n                  </div>\n                </div>\n              </div>\n            </div>\n          </div>\n        </section>\n\n        <section id=\"sectionfooterdolibarr\" contenteditable=\"true\" class=\"footerdolibarr\">\n            <div class=\"center\">\n            Website generated and powered by <a href=\"https://www.dolibarr.org\" target=\"CRM and ERP for freelances, association and companies\">Dolibarr ERP & CRM</a>\n            </div>\n        </section>\n        \n      </footer>\n      \n      <!--<a href=\"#\" id=\"ui-to-top\" class=\"ui-to-top\"><span class=\"fa fa-angle-up\" style=\"color: #fff; font-size: 1.9em;\"></span></a>-->\n\n</div>\n\n\n<script src=\"/document.php?modulepart=medias&file=js/mypersonalsite/script.js\"></script>\n',1,'2019-08-15 00:03:30',NULL,'2019-08-14 22:28:20',NULL,NULL,'other','en_US',NULL,'','',NULL,''),(10,3,'header','','Header and Top Menu','Header with menu','','<!-- JQuery + Other js libs -->\n<script src=\"/document.php?modulepart=medias&file=js/mypersonalsite/extlib.min.js\"></script>\n\n\n<div class=\"dolcontenteditable dolsticky\" contenteditable=\"true\"><div class=\"div-page-head\">\n      <header class=\"page-head\">\n        <div class=\"rd-navbar-wrap\" style=\"height: 106px;\">\n          <nav class=\"rd-navbar rd-navbar-corporate-dark rd-navbar-original rd-navbar-static\" \n                data-layout=\"rd-navbar-fixed\" data-sm-layout=\"rd-navbar-fixed\" data-md-device-layout=\"rd-navbar-fixed\" \n                data-md-layout=\"rd-navbar-static\" data-lg-layout=\"rd-navbar-static\" data-xl-layout=\"rd-navbar-static\" data-xxl-layout=\"rd-navbar-static\"\n                data-lg-device-layout=\"rd-navbar-static\" data-xl-device-layout=\"rd-navbar-static\" data-xxl-device-layout=\"rd-navbar-static\"\n                data-stick-up-clone=\"false\" data-md-stick-up-offset=\"53px\" data-lg-stick-up-offset=\"53px\" data-md-stick-up=\"true\" data-lg-stick-up=\"true\">\n            <div class=\"rd-navbar-inner\">\n              \n              <div class=\"rd-navbar-group rd-navbar-search-wrap toggle-original-elements\">\n                <div class=\"rd-navbar-panel\">\n                  <button class=\"rd-navbar-toggle\" data-custom-toggle=\".rd-navbar-nav-wrap\" data-custom-toggle-disable-on-blur=\"true\"><span></span></button><a class=\"rd-navbar-brand brand\" href=\"home.php\">\n                      <img src=\"/viewimage.php?modulepart=mycompany&file=logos%2Fthumbs%2Fmybigcompany_small.png\" alt=\"\" height=\"34\"></a>\n                </div>\n                <div class=\"rd-navbar-nav-wrap\">\n                  <div class=\"rd-navbar-nav-inner\">\n                    <div class=\"rd-navbar-search toggle-original-elements\">\n                      <form class=\"rd-search\" action=\"search.php\" method=\"POST\" data-search-live=\"rd-search-results-live\">\n                        <div class=\"form-wrap\">\n                          <input class=\"form-input\" id=\"rd-search-form-input\" type=\"text\" name=\"s\" autocomplete=\"off\" placeholder=\"Search...\">\n                          <div class=\"rd-search-results-live cleared\" id=\"rd-search-results-live\"></div>\n                        </div>\n                        <button class=\"rd-search-submit buttonwithnoborder\" type=\"submit\"><span class=\"icon icon-xs icon-dusty-gray fa fa-search\"></span></button>\n                      </form>\n                      <button class=\"buttonwithnoborder\" data-rd-navbar-toggle=\".rd-navbar-search, .rd-navbar-search-wrap\">\n                          <span class=\"icon icon-xs icon-dusty-gray fa fa-search\"></span>\n                      </button>\n                    </div>\n                    \n                    <!-- Tree with menu -->\n                    <ul class=\"rd-navbar-nav\">\n                      <li class=\"active\"><a href=\"/\">Home</a></li>\n                      <li class=\"rd-navbar--has-megamenu rd-navbar-submenu\"><a href=\"#\">Products | Services</a>\n                        <ul class=\"rd-navbar-megamenu rd-navbar-open-right\">\n                          <li>\n                            <h4 class=\"rd-megamenu-header\">Products and Services</h4>\n                            <ul class=\"rd-navbar-list\">\n                              <li><a href=\"product-p.php\">Product P</a></li>\n                              <li><a href=\"service-s.php\">Service S</a></li>\n                            </ul>\n                          </li>\n                          <li>\n                            <h4 class=\"rd-megamenu-header\">Pricing</h4>\n                            <ul class=\"rd-navbar-list\">\n                              <li><a href=\"pricing.php\">Pricing</a></li>\n                            </ul>\n                          </li>\n                        </ul>\n                      </li>\n                      <li><a href=\"blog.php\">Blog</a></li>\n                      <li class=\"rd-navbar--has-megamenu rd-navbar-submenu\"><a href=\"#\">Our company</a>\n                        <ul class=\"rd-navbar-megamenu rd-navbar-open-right\">\n                          <li>\n                            <h4 class=\"rd-megamenu-header\">Our business</h4>\n                            <ul class=\"rd-navbar-list\">\n                              <li><a href=\"clients-testimonials.php\">Clients testimonials</a></li>\n                              <li><a href=\"partners.php\">Partners</a></li>\n                            </ul>\n                          </li>\n                          <li>\n                            <h4 class=\"rd-megamenu-header\">Human Resources</h4>\n                            <ul class=\"rd-navbar-list\">\n                              <li><a href=\"our-team.php\">Our team</a></li>\n                              <li><a href=\"careers.php\">Careers</a></li>\n                            </ul>\n                          </li>\n                          <li>\n                            <h4 class=\"rd-megamenu-header\">Other</h4>\n                            <ul class=\"rd-navbar-list\">\n                              <li><a href=\"faq.php\">FAQ</a></li>\n                              <li><a href=\"search.php\">Search</a></li>\n                              <li><a href=\"contact.php\">Contact us</a></li>\n                              <li><a href=\"privacy-policies.php\">Privacy policies</a></li>\n                            </ul>\n                          </li>\n                        </ul>\n                      </li>\n                      <li><a href=\"contact.php\">Contacts</a></li>\n                    </ul>\n                    \n                  </div>\n                </div>\n              </div>\n            </div>\n          </nav>\n        </div>\n      </header>\n</div></div>\n',1,'2019-08-15 00:03:30',NULL,'2020-01-17 11:40:26',NULL,NULL,'other','en_US',NULL,'','',NULL,''),(11,3,'home','','Home','Welcome','','<div class=\"page\">\n        \n    <?php includeContainer(\'header\'); ?>\n        \n        \n      <!-- top images -->\n      <section id=\"sectionimage\" contenteditable=\"true\">\n        <div class=\"swiper-container swiper-slider swiper-variant-1 bg-black swiper-container-horizontal\" data-loop=\"false\" data-autoplay=\"5500\" data-swipe=\"true\" data-simulate-touch=\"true\">\n          <div class=\"swiper-wrapper text-center\" style=\"transform: translate3d(0px, 0px, 0px); transition-duration: 0ms;\">\n            <div class=\"swiper-slide swiper-slide-active\" data-slide-bg=\"medias/image/mypersonalsite/background_rough-horn.jpg\" style=\"background-image: url(\'medias/image/mypersonalsite/background_rough-horn.jpg\'); background-size: cover; width: 1905px;\">\n              <div class=\"swiper-slide-caption\">\n                <div class=\"container\">\n                  <div class=\"row justify-content-sm-center\">\n                    <div class=\"col-md-11 col-lg-10\">\n                      <div class=\"text-white text-uppercase jumbotron-custom border-modern fadeInUp animated\" data-caption-animate=\"fadeInUp\" data-caption-delay=\"0s\"><span class=\"text-thin\">Boost your business</span>\n                      </div>\n                      <div data-caption-animate=\"fadeInUp\" data-caption-delay=\"450s\" class=\"fadeInUp animated\">\n                        <p class=\"text-big-19 text-white d-none d-md-inline-block\">We provide powerful solutions for all businesses</p>\n                      </div>\n                      <div class=\"button-block fadeInUp animated\" data-caption-animate=\"fadeInUp\" data-caption-delay=\"550s\"><a class=\"btn btn-primary maincolorbisbackground\" href=\"contact.php\">Contact us</a></div>\n                    </div>\n                  </div>\n                </div>\n              </div>\n            </div>\n            <div class=\"swiper-slide swiper-slide-next\" data-slide-bg=\"medias/image/mypersonalsite/background_sunset.jpg\" style=\"background-image: url(\'medias/image/mypersonalsite/background_sunset.jpg\'); background-size: cover; width: 1905px;\">\n              <div class=\"swiper-slide-caption\">\n                <div class=\"container\">\n                  <div class=\"row justify-content-sm-center\">\n                    <div class=\"col-md-11 col-lg-10 col-xl-12\">\n                      <div class=\"text-white text-uppercase jumbotron-custom border-modern not-animated\" data-caption-animate=\"fadeInUp\" data-caption-delay=\"0s\">&nbsp;Best prices on the market&nbsp;\n                      </div>\n                      <div data-caption-animate=\"fadeInUp\" data-caption-delay=\"450s\" class=\"not-animated\">\n                        <p class=\"text-big-19 text-white d-none d-md-inline-block\">Our optimized processes allows us to provide you very competitive prices</p>\n                      </div>\n                      <div class=\"button-block not-animated\" data-caption-animate=\"fadeInUp\" data-caption-delay=\"550s\"><a class=\"btn btn-primary\" href=\"contact.php\">Contact us</a></div>\n                    </div>\n                  </div>\n                </div>\n              </div>\n            </div>\n          </div>\n          <div class=\"swiper-scrollbar d-xl-none\"><div class=\"swiper-scrollbar-drag\" style=\"transform: translate3d(0px, 0px, 0px); transition-duration: 0ms; width: 0px;\"></div></div>\n          <div class=\"swiper-nav-wrap d-none d-xl-block\">\n            <div class=\"swiper-button-prev swiper-button-disabled\"><span class=\"icon text-white fa fa-chevron-right fa-2x\"></span></div>\n            <div class=\"swiper-button-next\"><span class=\"icon text-white fa fa-chevron-right fa-2x\"></span></div>\n          </div>\n        </div>\n      </section>\n\n<!--<script>\nCKEDITOR.disableAutoInline = true;\nCKEDITOR.inline( \'sectionimage\' , { toolbar: [\'Bold\',\'Italic\'] } );\n</script>\n-->\n\n      <!--Products box-->\n      <section id=\"sectioniconbox\" contenteditable=\"true\">\n        <div class=\"row no-gutters justify-content-sm-center justify-content-md-start row-40 row-sm-0\">\n          <div class=\"col-sm-10 col-md-6 height-fill\">\n            <div class=\"icon-box icon-box-top-line icon-box-hover\">\n              <div class=\"box-top\">\n                <div class=\"box-icon\"><img width=\"50px\" src=\"medias/image/mypersonalsite/briefcase.svg\"></div>\n                <div class=\"box-header\">\n                  <h3><a href=\"our-team.php\">A competent team</a></h3>\n                </div>\n              </div>\n              <div class=\"box-body\">\n                <p class=\"text-black\">Our sales representative are also technicians.</p>\n              </div>\n            </div>\n          </div>\n          <div class=\"col-sm-10 col-md-6 height-fill\">\n            <div class=\"icon-box icon-box-top-line icon-box-hover\">\n              <div class=\"box-top\">\n                <div class=\"box-icon\"><img width=\"50px\" src=\"medias/image/mypersonalsite/package.svg\"></div>\n                <div class=\"box-header\">\n                  <h3><a href=\"pricing.php\">The best prices of market</a></h3>\n                </div>\n              </div>\n              <div class=\"box-body\">\n                <p class=\"text-black\">Take a look at our offers...</p>\n              </div>\n            </div>\n          </div>\n          <div class=\"col-sm-10 col-md-6 height-fill\">\n            <div class=\"icon-box icon-box-hover\">\n              <div class=\"box-top\">\n                <div class=\"box-icon\"><img width=\"50px\" src=\"medias/image/mypersonalsite/light-bulb.svg\"></div>\n                <div class=\"box-header\">\n                  <h3><a href=\"clients-testimonials.php\">A high level of satisfaction</a></h3>\n                </div>\n              </div>\n              <div class=\"box-body\">\n                <p class=\"text-black\">Our customer-supplier relationship is very appreciated by our customers</p>\n              </div>\n            </div>\n          </div>\n          <div class=\"col-sm-10 col-md-6 height-fill\">\n            <div class=\"icon-box icon-box-hover\">\n              <div class=\"box-top\">\n                <div class=\"box-icon\"><img width=\"50px\" src=\"medias/image/mypersonalsite/organization.svg\"></div>\n                <div class=\"box-header\">\n                  <h3><a href=\"/contact.php\">After Sale service</a></h3>\n                </div>\n              </div>\n              <div class=\"box-body\">\n                <p class=\"text-black\">We continue to follow and assist you after the sale. Contact us at any time.</p>\n              </div>\n            </div>\n          </div>\n        </div>\n      </section>\n\n\n      <!-- Looking for our sevices -->\n      <section id=\"sectionfirstclass\" contenteditable=\"true\" class=\"section-with-counters bg-accent text-center\">\n        <div class=\"container bg-cape-cod context-dark section-60 section-lg-90\">\n          <h2 class=\"text-rolling-stone font-weight-bold text-uppercase\">Looking for</h2>\n          <h1 class=\"section-title\"><span class=\"text-thin\">a high quality</span> service?</h1>\n          <p class=\"text-black\">With a lot of experience, hiring us is a security for your business!</p>\n          <div class=\"row list-md-dashed row-40\">\n            <div class=\"col-md-4\">\n              <div class=\"h1 small counter-bold counter maincolorbis\">11</div>\n              <div class=\"counter-title text-black font-weight-bold text-uppercase\">Years of Experience</div>\n            </div>\n            <div class=\"col-md-4\">\n              <div class=\"h1 small counter-bold counter maincolorbis\">\n                  <?php $sql = \"SELECT COUNT(*) as nb FROM \".MAIN_DB_PREFIX.\"user where statut = 1\"; $resql = $db->query($sql); $obj = $db->fetch_object($resql); print $obj->nb; ?>\n              </div>\n              <div class=\"counter-title text-black font-weight-bold text-uppercase\">Experts</div>\n            </div>\n            <div class=\"col-md-4\">\n              <div class=\"h1 small counter-bold counter maincolorbis\">\n                  <?php $sql = \"SELECT COUNT(*) as nb FROM \".MAIN_DB_PREFIX.\"societe where client in (1,3)\"; $resql = $db->query($sql); $obj = $db->fetch_object($resql); print $obj->nb; ?>\n              </div>\n              <div class=\"counter-title text-black font-weight-bold text-uppercase\">Trusted Clients</div>\n            </div>\n          </div>\n          <div class=\"button-block inset-sm-left-60 inset-sm-right-60\">\n            <div class=\"d-md-flex justify-content-md-center align-items-md-center\"><a class=\"btn btn-rect btn-primary d-block d-md-inline-block\" href=\"contact.php\">Contact us</a>\n            <span class=\"font-italic text-black inset-md-left-20 inset-md-right-20 d-block d-md-inline-block text-big-18\">&nbsp; or &nbsp;</span>\n            <a class=\"btn btn-rect btn-white-outline d-block d-md-inline-block maincolorbisbackground\" href=\"pricing.php\" style=\"min-width:236px;\">See our pricing</a></div>\n          </div>\n        </div>\n      </section>\n\n      \n      \n      <!-- Our plans -->\n      <section id=\"sectionplans\" contenteditable=\"true\" class=\"section-67 section-md-top-75 section-md-bottom-75\">\n        <div class=\"container\">\n            <div id=\"carousel-plans-month\" class=\"\" data-interval=\"0\" style=\"margin-top:50px\">\n                    <!-- begin .carousel-inner -->\n                    <div class=\"pricing-plan-slider\" role=\"listbox\">\n                        <!-- begin .item -->\n                        <div class=\"item active\">\n                            <!-- begin .container -->\n                            <div class=\"container\">\n                                <h1 class=\"text-center\">our <span class=\"text-thin\">plans</span></h1>\n\n                                <!-- begin .row -->\n                                <div class=\"plan-list flex-box row spacer-bottom-sm flexwrap_inherit\">\n                                    <!-- begin .plan-item -->\n                                    <div class=\"col-lg-15 col-md-4 col-sm-6 col-xs-12 box\">\n                                            <div class=\"plan-tile\"> \n                                                <div class=\"plan-box-header\"></div>\n                                                <div class=\"plan-title\">FREE</div>\n                                                <div class=\"plan-tag\">The best choice for personal use</div>\n                                                <div class=\"plan-feat\"><span class=\"summaryplan\">The service 1 for free</div>\n                                                <div class=\"plan-pricer\">\n                                                    <span class=\"plan-price\" id=\"monthly_plan_37\"><span><sup></sup>0<sup>€</sup></span>/ month</span>\n                                                </div>\n                                                <div class=\"plan-features\">\n                                                    <span class=\"plan-features-title\">Available features are :</span>                                                                                                        </span>\n                                                    <ul class=\"list-unstyled\">\n                                                        <li>\n                                                            <i class=\"fa fa-check\"></i>\n                                                            Service 1                                                            \n                                                        </li>\n                                                    </ul>\n                                                </div>\n                                                <div class=\"plan-btn plan-picker\">\n                                                    <a href=\"plan-a.php\" class=\"btn btn-rect btn-primary d-block d-md-inline-block\" id=\"plana\">Subcribe</a>\n                                                </div>\n                                            </div>  \n                                    </div>\n                                    <!-- end .plan-item -->\n                                    \n                                    <!-- begin .plan-item -->\n                                    <div class=\"col-lg-15 col-md-4 col-sm-6 col-xs-12 box \">                      \n                                            <div class=\"plan-tile\"> \n                                                <div class=\"plan-box-header\"></div>\n                                                <div class=\"plan-title\">STARTER</div>\n                                                <div class=\"plan-tag\">For small companiess</div>\n                                                <div class=\"plan-feat\">The service 1 and product 1 at low price</div>\n                                                <div class=\"plan-pricer\">\n                                                    <span class=\"plan-price\" id=\"starter\"><span><sup></sup>29<sup>€</sup></span>/ month</span>\n                                                </div>\n                                                <div class=\"plan-features\">\n                                                    <span class=\"plan-features-title\">Available features are :</span>                                                                                                        </span>\n                                                    <ul class=\"list-unstyled\">\n                                                        <li>\n                                                            <i class=\"fa fa-check\"></i>\n                                                            Service 1\n                                                        </li>\n                                                        <li>\n                                                        	<i class=\"fa fa-check\"></i>\n                                                        	Product 1\n                                                        </li>\n                                                    </ul>\n                                                </div>\n                                                <div class=\"plan-btn plan-picker\">\n                                                    <a href=\"plan-b.php\" class=\"btn btn-rect btn-primary d-block d-md-inline-block\" id=\"planb\">Subscribe</a>\n                                                </div>\n                                            </div>  \n                                    </div>\n                                    <!-- end .plan-item -->\n                                    \n                                    <!-- Most popular plan box -->\n                                    <div class=\"col-lg-15 col-md-4 col-sm-6 col-xs-12 box most-popular-plan-box2 most-popular-plan-box \">                  \n                                        <div class=\"plan-tile\">\n                                            <div class=\"plan-box-header\" id=\"default\"></div> \n                                                <div class=\"plan-title\">PREMIUM</div>\n                                                <div class=\"plan-tag\">For large companies</div>\n                                                <div class=\"plan-feat\">The full option package for a one shot price\n                                                </div>\n                                                <div class=\"plan-pricer\">\n                                                    <span class=\"plan-price planPremiumPrice\" id=\"premium\"><span><sup></sup>2499<sup>€</sup></span></span>\n                                                </div>\n                                                <div class=\"plan-features\">\n                                                    <span class=\"plan-features-title\">Available features are :</span>\n                                                    <ul class=\"list-unstyled\">\n                                                        <li>\n                                                            <i class=\"fa fa-check\"></i> \n                                                            Service 1                                                        </li>\n                                                        <li id=\"higherFeature\" class=\"hide\">\n                                                            <i class=\"fa fa-check\"></i> \n                                                            Service 2                                                        </li>\n                                                        <li>\n                                                            <i class=\"fa fa-check\"></i> \n                                                            Product 1                                                        </li>\n                                                    </ul>\n                                                </div>\n                                                <div class=\"plan-btn plan-picker\">\n                                                    <a href=\"planc.php\" class=\"btn btn-rect btn-primary d-block d-md-inline-block maincolorbisbackground\" id=\"planc\">Buy</a>\n                                                </div>\n                                            </div>  \n                                    </div>\n                                    <!-- Ends // Most Popular Plan Box --> \n                                </div>\n                                <!-- end .row -->\n                            </div>\n                            <!-- end .container -->\n                        </div>\n                        <!-- end .item -->\n                    </div>\n                    <!-- end .row -->\n                <!-- end .carousel -->          \n            </div>\n        </div>\n      </section>\n      \n      \n      <!-- Our team -->\n      <section id=\"sectionteam\" contenteditable=\"true\" class=\"section-66 section-md-top-100 section-md-bottom-75\">\n        <div class=\"container\">\n          <h1 class=\"text-center\">our <span class=\"text-thin\">team</span></h1>\n          <div class=\"row justify-content-sm-center\">\n            <div class=\"col-md-8 col-xl-12\">\n              <div class=\"owl-carousel owl-carousel-center owl-nav-modern owl-style-minimal owl-style-minimal-inverse text-center\" data-items=\"1\" data-md-items=\"2\" data-xl-items=\"3\" data-stage-padding=\"15\" data-loop=\"false\" data-margin=\"15\" data-mouse-drag=\"false\" data-nav=\"true\" data-dots=\"true\">\n                <div class=\"owl-item text-center\">\n                  <div class=\"thumbnail-variant-5\">\n                    <div class=\"thumbnail-variant-5-img-wrap\"><img class=\"img-circle\" src=\"medias/image/mypersonalsite/alberteinstein.jpg\" width=\"129\" height=\"129\" alt=\"\"></div>\n                    <h2>Albert Einstein</h2>\n                    <div>CEO</div>\n                    <div class=\"divider-fullwidth bg-porcelain\"></div>\n                    <div class=\"link-group\"><span class=\"icon icon-xxs icon-primary fa fa-phone\"></span><a class=\"link-black\" href=\"callto:#\">+555 123 456</a></div>\n                    <div class=\"link-group\"><span class=\"icon icon-xxs icon-primary fa fa-envelope-o\"></span><a class=\"link-black\" href=\"mailto:#\">email@example.com</a></div>\n                  </div>\n                </div>\n                <div class=\"owl-item text-center\">\n                  <div class=\"thumbnail-variant-5\">\n                    <div class=\"thumbnail-variant-5-img-wrap\"><img class=\"img-circle\" src=\"medias/image/mypersonalsite/pierrecurie.jpg\" width=\"129\" height=\"129\" alt=\"\"></div>\n                    <h2>Pierre Curie</h2>\n                    <div>CTO</div>\n                    <div class=\"divider-fullwidth bg-porcelain\"></div>\n                    <div class=\"link-group\"><span class=\"icon icon-xxs icon-primary fa fa-phone\"></span><a class=\"link-black\" href=\"callto:#\">+555 123 456</a></div>\n                    <div class=\"link-group\"><span class=\"icon icon-xxs icon-primary fa fa-envelope-o\"></span><a class=\"link-black\" href=\"mailto:#\">email@example.com</a></div>\n                  </div>\n                </div>\n                <div class=\"owl-item text-center\">\n                  <div class=\"thumbnail-variant-5\">\n                    <div class=\"thumbnail-variant-5-img-wrap\"><img class=\"img-circle\" src=\"medias/image/mypersonalsite/mariecurie.jpg\" width=\"129\" height=\"129\" alt=\"\"></div>\n                    <h2>Marie Curie</h2>\n                    <div>Bookkeeper</div>\n                    <div class=\"divider-fullwidth bg-porcelain\"></div>\n                    <div class=\"link-group\"><span class=\"icon icon-xxs icon-primary fa fa-phone\"></span><a class=\"link-black\" href=\"callto:#\">+555 123 456</a></div>\n                    <div class=\"link-group\"><span class=\"icon icon-xxs icon-primary fa fa-envelope-o\"></span><a class=\"link-black\" href=\"mailto:#\">email@example.com</a></div>\n                  </div>\n                </div>\n                <div class=\"owl-item text-center\">\n                  <div class=\"thumbnail-variant-5\">\n                    <div class=\"thumbnail-variant-5-img-wrap\"><img class=\"img-circle\" src=\"medias/image/mypersonalsite/daviddoe.png\" width=\"129\" height=\"129\" alt=\"\"></div>\n                    <h2>John Doe</h2>\n                    <div>Project leader</div>\n                    <div class=\"divider-fullwidth bg-porcelain\"></div>\n                    <div class=\"link-group\"><span class=\"icon icon-xxs icon-primary fa fa-phone\"></span><a class=\"link-black\" href=\"callto:#\">+555 123 456</a></div>\n                    <div class=\"link-group\"><span class=\"icon icon-xxs icon-primary fa fa-envelope-o\"></span><a class=\"link-black\" href=\"mailto:#\">email@example.com</a></div>\n                  </div>\n                </div>\n              </div>\n            </div>\n          </div>\n        </div>\n      </section>\n\n\n      <!-- Contact form -->\n      <section id=\"sectionformcontact\" contenteditable=\"true\" class=\"section-67 section-md-top-50 section-md-bottom-50 section-md-bottom-100 section-with-counters\">\n        <div class=\"container\">\n          <div class=\"row justify-content-sm-center\">\n            <div class=\"col-md-10 col-lg-10 col-xl-12\">\n              <div class=\"panel bg-accent bg-default-outline-btn text-center\" style=\"padding: 50px 15px;\">\n                <h1>Request <span class=\"text-thin\">a callback</span></h1>\n                <form class=\"formcontact\" method=\"POST\" action=\"request-callback.php\">\n                  <div class=\"inline-block valignmiddle\">\n                    <input class=\"form-input\" placeholder=\"Name\" id=\"index-request-name\" type=\"text\" name=\"name\" required>\n                  </div>\n                  <div class=\"inline-block valignmiddle\">\n                    <input class=\"form-input\" placeholder=\"Phone Number\" id=\"index-request-phone\" type=\"text\" name=\"phone\" required>\n                  </div>\n                  <div class=\"inline-block valignmiddle\">\n                    <input class=\"form-input\" placeholder=\"Email\" id=\"index-request-email\" type=\"text\" name=\"email\" required>\n                  </div>\n                  <div class=\"inline-block valignmiddle\">\n                    <button class=\"btn btn-rect btn-primary d-block d-md-inline-block maincolorbisbackground\" type=\"submit\">Submit</button>\n                  </div>\n                </form>\n              </div>\n            </div>\n          </div>\n        </div>\n      </section>\n      \n      \n      <!-- Testimonies -->\n      <section id=\"sectiontestimonies\" contenteditable=\"true\" class=\"maincolorbackground context-dark\">\n        <div class=\"container\">\n          <div class=\"row justify-content-sm-center justify-content-lg-start\">\n            <div class=\"col-sm-10 col-lg-12 text-left section-60 section-md-60\">\n              <div>\n                <h1 class=\"text-center text-lg-left\">successful <span class=\"text-thin\">cases</span></h1>\n                <div class=\"carousel-testimonials-home\">\n                  <div class=\"inset-xl-right-50\">\n                    <div class=\"slick-slider slick-slider slick-carousel-round-image slick-images\" id=\"child-carousel\" data-for=\".carousel-parent\" data-arrows=\"false\" data-loop=\"false\"\n                       data-dots=\"false\" data-swipe=\"true\" data-items=\"1\" data-sm-items=\"3\" data-md-items=\"3\" data-lg-items=\"3\" data-xl-items=\"4\" data-slide-to-scroll=\"1\" data-center-mode=\"false\" data-center-padding=\"0\">\n                      <div class=\"itemphotouser\">\n                        <div class=\"imp-wrap\"><img class=\"photouser\" src=\"medias/image/mypersonalsite/alberteinstein.jpg\" alt=\"\" width=\"99\" height=\"99\"/>\n                        </div>\n                      </div>\n                      <div class=\"itemphotouser\">\n                        <div class=\"imp-wrap\"><img class=\"photouser\" src=\"medias/image/mypersonalsite/pierrecurie.jpg\" alt=\"\" width=\"99\" height=\"99\"/>\n                        </div>\n                      </div>\n                      <div class=\"itemphotouser\">\n                        <div class=\"imp-wrap\"><img class=\"photouser\" src=\"medias/image/mypersonalsite/mariecurie.jpg\" alt=\"\" width=\"99\" height=\"99\"/>\n                        </div>\n                      </div>\n                      <div class=\"itemphotouser\">\n                        <div class=\"imp-wrap\"><img class=\"photouser\" src=\"medias/image/mypersonalsite/daviddoe.png\" alt=\"\" width=\"99\" height=\"99\"/>\n                        </div>\n                      </div>\n                    </div>\n                  </div>\n                  <div class=\"slick-slider carousel-parent slick-dots-variant-1\" data-arrows=\"false\" data-loop=\"false\" data-dots=\"true\"\n                  data-swipe=\"true\" data-child=\"#child-carousel\" data-for=\"#child-carousel\" data-items=\"1\" data-sm-items=\"1\" data-md-items=\"1\" data-lg-items=\"1\" data-xl-items=\"1\" data-slide-to-scroll=\"1\" data-center-mode=\"false\">\n                    <div class=\"inset-left-10 inset-right-10 inset-\">\n                      <div class=\"inset-xl-right-85\">\n                        <blockquote class=\"quote-left\">\n                          <div class=\"row align-items-sm-end row-20\">\n                            <div class=\"col-sm-6\">\n                              <div class=\"quote-name\">\n                                <cite>Albert Einstein</cite>\n                              </div>\n                              <div class=\"text-dusty-gray\">Scientist, www.emc2.org</div>\n                            </div>\n                            <div class=\"col-sm-6 text-center\">\n                              <div class=\"quote-desc row d-flex\">\n                                <div class=\"col-sm-6\">\n                                  <div class=\"quote-desc-text maincolorbis\">-20%</div>\n                                  <div class=\"text-medium text-dusty-gray text-uppercase\">Expenses</div>\n                                </div>\n                              </div>\n                            </div>\n                          </div>\n                          <div class=\"divider-fullwidth\"></div>\n                          <div>\n                            <span class=\"fa fa-quote-left\"><!-- Keep this comment --></span>\n                            <q>They did everything, with almost no time or effort for me. The best part was that I could trust their team to represent our company professionally with our clients.</q>\n                            <span class=\"fa fa-quote-right\"><!-- Keep this comment --></span>\n                          </div>\n                        </blockquote>\n                      </div>\n                    </div>\n                    <div class=\"inset-left-10 inset-right-10 inset-\">\n                      <div class=\"inset-xl-right-85\">\n                        <blockquote class=\"quote-left\">\n                          <div class=\"row row-20\">\n                            <div class=\"col-sm-6\">\n                              <div class=\"quote-name\">\n                                <cite>Pierre Curie</cite>\n                              </div>\n                              <div class=\"text-dusty-gray\">CEO “Cyclonic”</div>\n                            </div>\n                            <div class=\"col-sm-6 text-center\">\n                              <div class=\"quote-desc row d-flex\">\n                                <div class=\"col-sm-6\">\n                                  <div class=\"quote-desc-text maincolorbis\">-30%</div>\n                                  <div class=\"text-medium text-dusty-gray text-uppercase\">Expenses</div>\n                                </div>\n                              </div>\n                            </div>\n                          </div>\n                          <div class=\"divider-fullwidth\"></div>\n                          <div>\n                            <span class=\"fa fa-quote-left\"><!-- Keep this comment --></span>\n                            <q>Their course gave me the confidence to implement new techniques in my work. I learn “how” to write – “what” and “why” also became much clearer.</q>\n                            <span class=\"fa fa-quote-right\"><!-- Keep this comment --></span>\n                          </div>\n                        </blockquote>\n                      </div>\n                    </div>\n                    <div class=\"inset-left-10 inset-right-10 inset-\">\n                      <div class=\"inset-xl-right-85\">\n                        <blockquote class=\"quote-left\">\n                          <div class=\"row row-20\">\n                            <div class=\"col-sm-6\">\n                              <div class=\"quote-name\">\n                                <cite>Marie Curie</cite>\n                              </div>\n                              <div class=\"text-dusty-gray\">CTO \"Cyclonic\"</div>\n                            </div>\n                            <div class=\"col-sm-6 text-center\">\n                              <div class=\"quote-desc row d-flex\">\n                                <div class=\"col-sm-6\">\n                                  <div class=\"quote-desc-text maincolorbis\">+22%</div>\n                                  <div class=\"text-medium text-dusty-gray text-uppercase\">Turnover</div>\n                                </div>\n                              </div>\n                            </div>\n                          </div>\n                          <div class=\"divider-fullwidth\"></div>\n                          <div>\n                            <span class=\"fa fa-quote-left\"><!-- Keep this comment --></span>\n                            <q>We were skeptical to work with a consultant to optimize our sales emails, but they were highly recommended by many other startups we knew. They helped us to reach our objective of 20% turnover increase, in 4 monthes.</q>\n                            <span class=\"fa fa-quote-right\"><!-- Keep this comment --></span>\n                          </div>\n                        </blockquote>\n                      </div>\n                    </div>\n                    <div class=\"inset-left-10 inset-right-10 inset-\">\n                      <div class=\"inset-xl-right-85\">\n                        <blockquote class=\"quote-left\">\n                          <div class=\"row row-20\">\n                            <div class=\"col-sm-6\">\n                              <div class=\"quote-name\">\n                                <cite>John Doe</cite>\n                              </div>\n                              <div class=\"text-dusty-gray\">Sale representative</div>\n                            </div>\n                            <div class=\"col-sm-6 text-center\">\n                              <div class=\"quote-desc row d-flex\">\n                                <div class=\"col-sm-6\">\n                                  <div class=\"quote-desc-text maincolorbis\">+40%</div>\n                                  <div class=\"text-medium text-dusty-gray text-uppercase\">Quotes</div>\n                                </div>\n                              </div>\n                            </div>\n                          </div>\n                          <div class=\"divider-fullwidth\"></div>\n                          <div>\n                            <span class=\"fa fa-quote-left\"><!-- Keep this comment --></span>\n                            <q>Their work on our website and Internet marketing has made a significant different to our business. We’ve seen a +40% increase in quote requests from our website.</q>\n                            <span class=\"fa fa-quote-right\"><!-- Keep this comment --></span>\n                          </div>\n                        </blockquote>\n                      </div>\n                    </div>\n                  </div>\n                </div>\n              </div>\n            </div>\n          </div>\n        </div>\n      </section>\n      \n\n      <!-- News -->\n      <section id=\"sectionnews\" contenteditable=\"true\" class=\"section-50 section-md-90 section-md-bottom-100\">\n        <div class=\"container text-center\">\n          <h1>Latest <span class=\"text-thin\">News</span></h1>\n          <div class=\"row justify-content-sm-center row-40\">\n            <?php \n            $fuser = new User($db);\n            $MAXNEWS = 3;\n            $arrayofblogs = $websitepage->fetchAll($website->id, \'DESC\', \'date_creation\', $MAXNEWS, 0, array(\'type_container\'=>\'blogpost\', \'lang\'=>\'en_US\'));\n            foreach($arrayofblogs as $blog)\n            {\n                $fuser->fetch($blog->fk_user_creat);\n                ?>\n                <div class=\"col-sm-8 col-md-7 col-lg-4\">\n                  <div class=\"post-boxed d-xl-inline-block\">\n                    <a href=\"<?php echo $blog->pageurl ?>.php\">\n                    <div class=\"post-boxed-img-wrap\"><img src=\"<?php echo ($blog->image ? \'viewimage.php?modulepart=medias&file=\'.str_replace(\'mypersonalsite\', $website->ref, $blog->image) : \'medias/image/\'.$website->ref.\'/calendar.svg\"\'); ?>\" alt=\"\" height=\"80\"></div>\n                    <div class=\"post-boxed-caption\">\n                      <div class=\"post-boxed-title font-weight-bold\"><?php echo $blog->title ?></div>\n                      <ul class=\"list-inline list-inline-dashed text-uppercase\">\n                        <li><?php $weblangs->load(\"main\"); echo dol_print_date($blog->date_creation, \'daytext\', \'tzuser\', $weblangs); ?></li>\n                        <li><span>by<span> <span class=\"text-primary\"><?php echo $fuser->firstname ?></span></span></li>\n                      </ul>\n                    </div>\n                    </a>\n                  </div>\n                </div>\n                <?php \n            }\n            ?>\n \n          </div>\n        </div>\n      </section>\n\n\n    <?php includeContainer(\'footer\'); ?>\n\n\n</div>\n',1,'2019-08-15 00:03:30',NULL,'2020-01-17 12:35:43',NULL,NULL,'page','en_US',NULL,'','',NULL,''),(12,3,'our-team','','Our team','Our team','team','<div class=\"page\">\n\n    <?php includeContainer(\'header\'); ?>\n\n      <section id=\"sectionimage\" contenteditable=\"true\">\n        <div class=\"\">\n          <div class=\"swiper-wrapper text-center\" style=\"transform: translate3d(0px, 0px, 0px); transition-duration: 0ms;\">\n            <div class=\"swiper-slide swiper-slide-active\" style=\"height: 200px; background-image: url(\'medias/image/mypersonalsite/background_sunset.jpg\'); background-size: cover;\">\n              <div class=\"swiper-slide-caption\">\n                <div class=\"container\">\n                  <div class=\"row justify-content-sm-center\">\n                    <div class=\"col-md-11 col-lg-10\">\n                      <div class=\"text-white text-uppercase jumbotron-custom border-modern fadeInUp animated\" data-caption-animate=\"fadeInUp\" data-caption-delay=\"0s\">Our team</span>\n                      </div>\n                    </div>\n                  </div>\n                </div>\n              </div>\n            </div>\n        </div>\n      </section>\n\n\n        <section id=\"sectionteam\" contenteditable=\"true\" class=\"section-50 section-md-50 section-md-bottom-50\">\n            <div class=\"container\"><div class=\"text-align: center\"><br>\n            <h2>The crew...</h2><br> <br><br> \n            <?php \n            include_once DOL_DOCUMENT_ROOT.\'/core/class/html.form.class.php\';\n            $websitepage = new WebsitePage($db);\n            $fuser = new User($db);\n            $arrayofusers = array();\n            $MAXNB=10;\n            $sql=\'SELECT rowid FROM \'.MAIN_DB_PREFIX.\'user WHERE statut = 1 and fk_soc IS NULL ORDER BY fk_user DESC LIMIT \'.$MAXNB;\n            $resql = $db->query($sql);\n            if (! $resql) dol_print_error($db);\n            while ($obj = $db->fetch_object($resql))\n            {\n                $arrayofusers[]=$obj->rowid;\n            }\n           \n            print \'<div class=\"row justify-content-sm-center row-40\">\';\n            foreach($arrayofusers as $id)\n            {\n                $fuser->fetch($id);\n\n                print \'<div class=\"col-sm-8 col-md-7 col-lg-4\">\';\n                print \'<div class=\"container blog-box d-xl-inline-block\" style=\"padding: 20px; box-shadow: -1px 0px 10px 0px rgba(65, 65, 65, 0.12); transition: .3s all ease;\">\';\n                print \'<div class=\"post-boxed-img-wrap\" style=\"height: 164px\">\';\n                if ($fuser->photo) print Form::showphoto(\'userphoto\', $fuser, 100, 0, 0, \'photowithmargin\', \'\', 0);\n                //print \'<img class=\"img-circle\" src=\"/viewimage.php?modulepart=userphoto&amp;file=\'.$fuser->photo.\'\" width=\"129\" height=\"129\" alt=\"\">\';\n                else print \'<img class=\"img-circle\" src=\"/viewimage.php?modulepart=medias&amp;file=image/mypersonalsite/daviddoe.png\" width=\"129\" height=\"129\" alt=\"\">\';\n                print \'</div>\';\n                print \'<div class=\"post-boxed-caption\">\';\n                print \'<div class=\"post-boxed-title font-weight-bold\">\'.$fuser->firstname.\'</div>\';\n                print \'<ul class=\"list-inline list-inline-dashed text-uppercase\">\';\n                //print \'<li>September 24, 2018</li>\';\n                if ($fuser->job) print \'<li><span class=\"text-primary\">\'.$fuser->job.\'</span></li>\';\n                else print \'<li></li>\';\n                print \'</ul>\';\n                print \'</div>\';\n                print \'</div>\';\n                print \'</div>\';\n            }\n            print \'</div>\';\n\n            ?>\n            </div></div>\n        </section>\n\n    <br><br>\n\n    <?php includeContainer(\'footer\'); ?>\n\n</div>\n    \n',1,'2019-08-15 00:03:30',NULL,'2020-01-10 22:50:50',NULL,NULL,'page','en_US',NULL,'','',NULL,''),(13,3,'partners','','Partners','Partners','partners','<div class=\"page\">\n\n    <?php includeContainer(\'header\'); ?>\n\n      <section id=\"sectionimage\" contenteditable=\"true\">\n        <div class=\"\">\n          <div class=\"swiper-wrapper text-center\" style=\"transform: translate3d(0px, 0px, 0px); transition-duration: 0ms;\">\n            <div class=\"swiper-slide swiper-slide-active\" style=\"height: 200px; background-image: url(\'medias/image/mypersonalsite/background_sunset.jpg\'); background-size: cover;\">\n              <div class=\"swiper-slide-caption\">\n                <div class=\"container\">\n                  <div class=\"row justify-content-sm-center\">\n                    <div class=\"col-md-11 col-lg-10\">\n                      <div class=\"text-white text-uppercase jumbotron-custom border-modern fadeInUp animated\" data-caption-animate=\"fadeInUp\" data-caption-delay=\"0s\">Partners</span>\n                      </div>\n                    </div>\n                  </div>\n                </div>\n              </div>\n            </div>\n        </div>\n      </section>\n\n\n        <section id=\"sectionfooterdolibarr\" contenteditable=\"true\" class=\"footerdolibarr\">\n            <div style=\"margin: 50px\"><div class=\"text-align: center\">\n<br><h2>Our partners...</h2>\n<br>\n<br>\n<br>\n<div class=\"row justify-content-sm-center row-40\">\n    <div class=\"col-sm-8 col-md-2 col-lg-2\">\n        <div>\n            <img src=\"/viewimage.php?modulepart=medias&file=image/mypersonalsite/dolibarr_256x256.png\" height=\"64px\"><br>\n            <div class=\"floatatbottom\"><a href=\"https://www.dolibarr.org\" target=\"_new\">Dolibarr ERP CRM</a></div>\n        </div>\n    </div>\n    <div class=\"col-sm-4 col-md-2 col-lg-2\">\n         <div>\n        <img src=\"/viewimage.php?modulepart=medias&file=image/mypersonalsite/php.png\" height=\"64px\"><br>\n        <div class=\"floatatbottom\"><a href=\"http://www.php.net\" target=\"_new\">PHP</a></div>\n        </div>\n    </div>\n    <div class=\"col-sm-4 col-md-2 col-lg-2\">\n         <div>\n        <img src=\"/viewimage.php?modulepart=medias&file=image/mypersonalsite/apache.png\" height=\"64px\"><br>\n        <div class=\"floatatbottom\"><a href=\"https://www.apache.org\" target=\"_new\">Apache</a></div>\n        </div>\n    </div>\n    <div class=\"col-sm-4 col-md-2 col-lg-2\">\n         <div>\n        <img src=\"/viewimage.php?modulepart=medias&file=image/mypersonalsite/mariadb.png\" height=\"64px\"><br>\n        <div class=\"floatatbottom\"><a href=\"https://www.mariadb.org\" target=\"_new\">MariaDB</a></div>\n        </div>\n    </div>\n</div>\n<br>\n<br>\n<br>\n<br>\n            </div></div>\n        </section>\n\n\n    <br><br>\n\n    <?php includeContainer(\'footer\'); ?>\n\n</div>\n    \n\n',1,'2019-08-15 00:03:30',NULL,'2019-08-14 22:29:51',NULL,NULL,'page','en_US',NULL,'','',NULL,''),(14,3,'pricing','','Pricing','All the prices of our offers','pricing','<div class=\"page\">\n\n    <?php includeContainer(\'header\'); ?>\n\n      <section id=\"sectionimage\" contenteditable=\"true\">\n        <div class=\"\">\n          <div class=\"swiper-wrapper text-center\" style=\"transform: translate3d(0px, 0px, 0px); transition-duration: 0ms;\">\n            <div class=\"swiper-slide swiper-slide-active\" style=\"height: 200px; background-image: url(\'medias/image/mypersonalsite/background_sunset.jpg\'); background-size: cover;\">\n              <div class=\"swiper-slide-caption\">\n                <div class=\"container\">\n                  <div class=\"row justify-content-sm-center\">\n                    <div class=\"col-md-11 col-lg-10\">\n                      <div class=\"text-white text-uppercase jumbotron-custom border-modern fadeInUp animated\" data-caption-animate=\"fadeInUp\" data-caption-delay=\"0s\">Our plans</span>\n                      </div>\n                    </div>\n                  </div>\n                </div>\n              </div>\n            </div>\n        </div>\n      </section>\n\n\n\n\n      <!-- Our plans -->\n      <section id=\"sectionplans\" contenteditable=\"true\" class=\"section-67 section-md-top-50 section-md-bottom-75\">\n        <div class=\"container\">\n            <div id=\"carousel-plans-month\" class=\"\" data-interval=\"0\" style=\"margin-top:50px\">\n                    <!-- begin .carousel-inner -->\n                    <div class=\"pricing-plan-slider\" role=\"listbox\">\n                        <!-- begin .item -->\n                        <div class=\"item active\">\n                            <!-- begin .container -->\n                            <div class=\"container\">\n\n                                <!-- begin .row -->\n                                <div class=\"plan-list flex-box row spacer-bottom-sm flexwrap_inherit\">\n                                    <!-- begin .plan-item -->\n                                    <div class=\"col-lg-15 col-md-4 col-sm-6 col-xs-12 box\">\n                                            <div class=\"plan-tile\"> \n                                                <div class=\"plan-box-header\"></div>\n                                                <div class=\"plan-title\">FREE</div>\n                                                <div class=\"plan-tag\">The best choice for personal use</div>\n                                                <div class=\"plan-feat\"><span class=\"summaryplan\">The service 1 for free</div>\n                                                <div class=\"plan-pricer\">\n                                                    <span class=\"plan-price\" id=\"monthly_plan_37\"><span><sup></sup>0<sup>€</sup></span>/ month</span>\n                                                </div>\n                                                <div class=\"plan-features\">\n                                                    <span class=\"plan-features-title\">Available features are :</span>                                                                                                        </span>\n                                                    <ul class=\"list-unstyled\">\n                                                        <li>\n                                                            <i class=\"fa fa-check\"></i>\n                                                            Service 1                                                            \n                                                        </li>\n                                                    </ul>\n                                                </div>\n                                                <div class=\"plan-btn plan-picker\">\n                                                    <a href=\"plan-a.php\" class=\"btn btn-rect btn-primary d-block d-md-inline-block\" id=\"plana\">Subcribe</a>\n                                                </div>\n                                            </div>  \n                                    </div>\n                                    <!-- end .plan-item -->\n                                    \n                                    <!-- begin .plan-item -->\n                                    <div class=\"col-lg-15 col-md-4 col-sm-6 col-xs-12 box \">                      \n                                            <div class=\"plan-tile\"> \n                                                <div class=\"plan-box-header\"></div>\n                                                <div class=\"plan-title\">STARTER</div>\n                                                <div class=\"plan-tag\">For small companiess</div>\n                                                <div class=\"plan-feat\">The service 1 and product 1 at low price</div>\n                                                <div class=\"plan-pricer\">\n                                                    <span class=\"plan-price\" id=\"starter\"><span><sup></sup>29<sup>€</sup></span>/ month</span>\n                                                </div>\n                                                <div class=\"plan-features\">\n                                                    <span class=\"plan-features-title\">Available features are :</span>                                                                                                        </span>\n                                                    <ul class=\"list-unstyled\">\n                                                        <li>\n                                                            <i class=\"fa fa-check\"></i>\n                                                            Service 1\n                                                        </li>\n                                                        <li>\n                                                        	<i class=\"fa fa-check\"></i>\n                                                        	Product 1\n                                                        </li>\n                                                    </ul>\n                                                </div>\n                                                <div class=\"plan-btn plan-picker\">\n                                                    <a href=\"plan-b.php\" class=\"btn btn-rect btn-primary d-block d-md-inline-block\" id=\"planb\">Subscribe</a>\n                                                </div>\n                                            </div>  \n                                    </div>\n                                    <!-- end .plan-item -->\n                                    \n                                    <!-- Most popular plan box -->\n                                    <div class=\"col-lg-15 col-md-4 col-sm-6 col-xs-12 box most-popular-plan-box2 most-popular-plan-box \">                  \n                                        <div class=\"plan-tile\">\n                                            <div class=\"plan-box-header\" id=\"default\"></div> \n                                                <div class=\"plan-title\">PREMIUM</div>\n                                                <div class=\"plan-tag\">For large companies</div>\n                                                <div class=\"plan-feat\">The full option package for a one shot price\n                                                </div>\n                                                <div class=\"plan-pricer\">\n                                                    <span class=\"plan-price planPremiumPrice\" id=\"premium\"><span><sup></sup>2499<sup>€</sup></span></span>\n                                                </div>\n                                                <div class=\"plan-features\">\n                                                    <span class=\"plan-features-title\">Available features are :</span>\n                                                    <ul class=\"list-unstyled\">\n                                                        <li>\n                                                            <i class=\"fa fa-check\"></i> \n                                                            Service 1                                                        </li>\n                                                        <li id=\"higherFeature\" class=\"hide\">\n                                                            <i class=\"fa fa-check\"></i> \n                                                            Service 2                                                        </li>\n                                                        <li>\n                                                            <i class=\"fa fa-check\"></i> \n                                                            Product 1                                                        </li>\n                                                    </ul>\n                                                </div>\n                                                <div class=\"plan-btn plan-picker\">\n                                                    <a href=\"planc.php\" class=\"btn btn-rect btn-primary d-block d-md-inline-block maincolorbisbackground\" id=\"planc\">Buy</a>\n                                                </div>\n                                            </div>  \n                                    </div>\n                                    <!-- Ends // Most Popular Plan Box --> \n                                </div>\n                                <!-- end .row -->\n                            </div>\n                            <!-- end .container -->\n                        </div>\n                        <!-- end .item -->\n                    </div>\n                    <!-- end .row -->\n                <!-- end .carousel -->          \n            </div>\n        </div>\n      </section>\n      \n      \n        \n    <br><br>\n\n    <?php includeContainer(\'footer\'); ?>\n\n</div>\n    \n',1,'2019-08-15 00:03:30',NULL,'2019-08-14 22:26:54',NULL,NULL,'page','en_US',NULL,'','',NULL,''),(15,3,'privacy-policies','','Privacy Policies','Privacy Policies','Privacy policies, GDPR','<div class=\"page\">\n          \n    \n        <?php includeContainer(\'header\'); ?>\n\n\n      <section id=\"sectionimage\" contenteditable=\"true\">\n        <div class=\"\">\n          <div class=\"swiper-wrapper text-center\" style=\"transform: translate3d(0px, 0px, 0px); transition-duration: 0ms;\">\n            <div class=\"swiper-slide swiper-slide-active\" style=\"height: 200px; background-image: url(\'medias/image/mypersonalsite/background_sunset.jpg\'); background-size: cover;\">\n              <div class=\"swiper-slide-caption\">\n                <div class=\"container\">\n                  <div class=\"row justify-content-sm-center\">\n                    <div class=\"col-md-11 col-lg-10\">\n                      <div class=\"text-white text-uppercase jumbotron-custom border-modern fadeInUp animated\" data-caption-animate=\"fadeInUp\" data-caption-delay=\"0s\">Privacy Policy</span>\n                      </div>\n                    </div>\n                  </div>\n                </div>\n              </div>\n            </div>\n        </div>\n      </section>\n\n<br><br><br>\n\n        <section id=\"sectionfooterdolibarr\" contenteditable=\"true\" class=\"footerdolibarr\" style=\"margin-top: 50px\">\n            <div class=\"container\">\n<p style = \"text-align: justify;\"> <h2> Information collected and used </h2> <br> </p>\n<p style = \"text-align: justify;\"> * Your customer information (email, phone, business name, first and last name of contact, address, postal code, country and VAT number) are stored when you become a customer. This information allows us to bill you. </ P>\n<p style = \"text-align: justify;\"> * If you paid using our online service, we also store the last 4 digits of your card. The full details of your credit card is stored by our payment provider Stripe (the world leader in online payment).</p>\n<p style = \"text-align: justify;\"> * You have the option to request the deletion of your data and the above information at any time (except data required y fiscal tracking rules, like your invoices). </p>\n<p style = \"text-align: justify;\"> * The Privacy Policies and GDPR referral contact for our services is: <?php echo $conf->global->MAIN_INFO_GDPR; ?> </p>\n<p style = \"text-align: justify;\"> <br> </p>\n<p style = \"text-align: justify;\"> <h2> Data Storage and Backups </h2> <br> </p>\n<p style = \"text-align: justify;\"> * The storage of collected data (see \'Information collected and used\') is done in a database. </p>\n<p style = \"text-align: justify;\"> * We made one backup every week. Only 4 weeks are kept. <br> </p>\n<p style = \"text-align: justify;\"> <br> </p>\n<p style = \"text-align: justify;\"> <h2> Subcontractor </h2> <br> </p>\n<p style = \"text-align: justify;\"> * Our services relies on the following subcontractors and service: <br>\n** The host of computer servers, which is ABC company. These servers are hosted in US. No customer information is communicated to this subcontractor who only provides the hardware and network layer, the installation and operation being carried out by us directly. <br>\n** The online payment service <a href=\"https://www.stripe.com\">Stripe</a>, which is used, to ensure regular payment of subscription or your invoices paid online. </p>\n<p style = \"text-align: justify;\"> <br> </p>\n<p style = \"text-align: justify;\"> <h2> Software Protection </h2> <br> </p>\n<p style = \"text-align: justify;\"> * Our services runs on Linux Ubuntu systems and software. They benefit from regular security updates when the operating system editor (Ubuntu Canonical) publishes them. <br> </p>\n<p style = \"text-align: justify;\"> * Our services are accessible in HTTPS (HTTP encrypted) only, encrypted with SHA256 certificates.<br> </p>\n<p style = \"text-align: justify;\"> * Our technical platform are protected by various solutions. <br> </p>\n<p style = \"text-align: justify;\"> <br> </p>\n<p style = \"text-align: justify;\"> <h2> Data theft </h2> <br> </p>\n<p style = \"text-align: justify;\"> * In case of suspicion of a theft of the data we have collected (see first point \'Information collected and used\'), customers will be informed by email, at email corresponding to their customer account <br> </p>\n<p style=\"text-align: justify;\"> </p>\n            </div>\n        </section>\n\n\n      <?php includeContainer(\'footer\'); ?>\n      \n      \n</div>\n    \n',1,'2019-08-15 00:03:30',NULL,'2019-08-14 22:27:09',NULL,NULL,'page','en_US',NULL,'','',NULL,''),(16,3,'product-p','','Product P','Product P','','<div class=\"page\">\n\n    <?php includeContainer(\'header\'); ?>\n\n      <section id=\"sectionimage\" contenteditable=\"true\">\n        <div class=\"\">\n          <div class=\"swiper-wrapper text-center\" style=\"transform: translate3d(0px, 0px, 0px); transition-duration: 0ms;\">\n            <div class=\"swiper-slide swiper-slide-active\" style=\"height: 200px; background-image: url(\'medias/image/mypersonalsite/background_sunset.jpg\'); background-size: cover;\">\n              <div class=\"swiper-slide-caption\">\n                <div class=\"container\">\n                  <div class=\"row justify-content-sm-center\">\n                    <div class=\"col-md-11 col-lg-10\">\n                      <div class=\"text-white text-uppercase jumbotron-custom border-modern fadeInUp animated\" data-caption-animate=\"fadeInUp\" data-caption-delay=\"0s\">Product P</span>\n                      </div>\n                    </div>\n                  </div>\n                </div>\n              </div>\n            </div>\n        </div>\n      </section>\n\n\n        <section id=\"sectionfooterdolibarr\" contenteditable=\"true\" class=\"footerdolibarr\">\n            <div style=\"margin: 50px\"><div class=\"text-align: center\">\n<br>\n<br>\n<br>\nThis is a description page of our product P...<br>\n<br>\n<br>\n<br>\n<br>\n            </div></div>\n        </section>\n\n\n    <br><br>\n\n    <?php includeContainer(\'footer\'); ?>\n\n</div>\n    \n\n',1,'2019-08-15 00:03:30',NULL,'2019-08-14 22:27:20',NULL,NULL,'page','en_US',NULL,'','',NULL,''),(17,3,'search','','Search Page','Search Page','','<div class=\"page\">\n\n    <?php includeContainer(\'header\'); ?>\n\n      <section id=\"sectionimage\" contenteditable=\"true\">\n        <div class=\"\">\n          <div class=\"swiper-wrapper text-center\" style=\"transform: translate3d(0px, 0px, 0px); transition-duration: 0ms;\">\n            <div class=\"swiper-slide swiper-slide-active\" style=\"height: 200px; background-image: url(\'medias/image/mypersonalsite/background_sunset.jpg\'); background-size: cover;\">\n              <div class=\"swiper-slide-caption\">\n                <div class=\"container\">\n                  <div class=\"row justify-content-sm-center\">\n                    <div class=\"col-md-11 col-lg-10\">\n                      <div class=\"text-white text-uppercase jumbotron-custom border-modern fadeInUp animated\" data-caption-animate=\"fadeInUp\" data-caption-delay=\"0s\">Search</span>\n                      </div>\n                    </div>\n                  </div>\n                </div>\n              </div>\n            </div>\n        </div>\n      </section>\n\n<br><br><br>\n\n<center>\n     \n    <div style=\"width: 60%\">\n    <form class=\"rd-search\" action=\"search.php\" method=\"POST\">\n            <div class=\"form-wrap\">\n                  <input class=\"form-input\" id=\"rd-search-form-input\" type=\"text\" name=\"s\" autocomplete=\"off\" placeholder=\"Search...\" value=\"<?php echo GETPOST(\'s\', \'alpha\'); ?>\">\n                  <div class=\"rd-search-results-live cleared\" id=\"rd-search-results-live\"></div>\n            </div>\n            <button class=\"rd-search-submit buttonwithnoborder\" type=\"submit\"><span class=\"icon icon-xs icon-dusty-gray fa fa-search\"></span></button>\n    </form>\n    </div>\n    <br>\n                      \n     <?php\n     $weblangs->load(\"main\");\n     \n     if (function_exists(\'getPagesFromSearchCriterias\'))\n     {\n         if (GETPOSTISSET(\'s\'))\n         {\n             $listofpages = getPagesFromSearchCriterias(\'page\', \'meta\', GETPOST(\'s\', \'none\'));\n             if ($listofpages[\'code\'] == \'OK\')\n             {\n                 foreach($listofpages[\'list\'] as $websitepagefound)\n                 {\n                    print \'<div class=\"rowsearchresult\"><a href=\"\'.$websitepagefound->ref.\'.php\">\'.$websitepagefound->title.\'</a> - \'.$websitepagefound->description.\'</div>\';\n                 }\n             }\n             else\n             {\n                 // If error, show message\n                 print $listofpages[\'message\'];\n             }\n         }\n     }\n     else\n     {\n         print $weblangs->trans(\"FeatureNotYetAvailable\");\n     }\n     ?>\n                      \n<br><br><br><br><br><br>\n</center>\n\n    <?php includeContainer(\'footer\'); ?>\n\n</div>\n',1,'2019-08-15 00:03:30',NULL,'2020-01-17 12:17:47',NULL,NULL,'page','fr_FR',NULL,'','',NULL,''),(18,3,'service-s','','Service S','Service S','','<div class=\"page\">\n\n    <?php includeContainer(\'header\'); ?>\n\n      <section id=\"sectionimage\" contenteditable=\"true\">\n        <div class=\"\">\n          <div class=\"swiper-wrapper text-center\" style=\"transform: translate3d(0px, 0px, 0px); transition-duration: 0ms;\">\n            <div class=\"swiper-slide swiper-slide-active\" style=\"height: 200px; background-image: url(\'medias/image/mypersonalsite/background_sunset.jpg\'); background-size: cover;\">\n              <div class=\"swiper-slide-caption\">\n                <div class=\"container\">\n                  <div class=\"row justify-content-sm-center\">\n                    <div class=\"col-md-11 col-lg-10\">\n                      <div class=\"text-white text-uppercase jumbotron-custom border-modern fadeInUp animated\" data-caption-animate=\"fadeInUp\" data-caption-delay=\"0s\">Service S</span>\n                      </div>\n                    </div>\n                  </div>\n                </div>\n              </div>\n            </div>\n        </div>\n      </section>\n\n\n        <section id=\"sectionfooterdolibarr\" contenteditable=\"true\" class=\"footerdolibarr\">\n            <div style=\"margin: 50px\"><div class=\"text-align: center\">\n<br>\n<br>\n<br>\nThis is a description page of our service S...<br>\n<br>\n<br>\n<br>\n<br>\n            </div></div>\n        </section>\n\n\n    <br><br>\n\n    <?php includeContainer(\'footer\'); ?>\n\n</div>\n',1,'2019-08-15 00:03:30',NULL,'2019-08-14 22:27:45',NULL,NULL,'page','en_US',NULL,'','',NULL,''),(19,3,'test','','test','Page test','test','Test\n<!-- Test \n<?php var_dump($langs->defaultlang); ?>\n<?php var_dump($weblangs->defaultlang); ?>\n-->',1,'2019-08-15 00:03:30',NULL,'2019-08-14 22:03:30',NULL,NULL,'page','en_US',NULL,'','',NULL,'');

--
-- Table structure for table `llx_websiteaccount`
--

CREATE TABLE `llx_websiteaccount` (
  `rowid` int(11) NOT NULL AUTO_INCREMENT,
  `login` varchar(64) COLLATE utf8_unicode_ci NOT NULL,
  `password` varchar(255) COLLATE utf8_unicode_ci DEFAULT NULL,
  `fk_soc` int(11) DEFAULT NULL,
  `date_creation` datetime NOT NULL,
  `tms` timestamp NOT NULL DEFAULT CURRENT_TIMESTAMP ON UPDATE CURRENT_TIMESTAMP,
  `fk_user_creat` int(11) NOT NULL,
  `fk_user_modif` int(11) DEFAULT NULL,
  `import_key` varchar(14) COLLATE utf8_unicode_ci DEFAULT NULL,
  `status` int(11) DEFAULT NULL,
  PRIMARY KEY (`rowid`),
  KEY `idx_websiteaccount_rowid` (`rowid`),
  KEY `idx_websiteaccount_login` (`login`),
  KEY `idx_websiteaccount_fk_soc` (`fk_soc`),
  KEY `idx_websiteaccount_import_key` (`import_key`),
  KEY `idx_websiteaccount_status` (`status`)
) ENGINE=InnoDB DEFAULT CHARSET=utf8 COLLATE=utf8_unicode_ci;

--
-- Dumping data for table `llx_websiteaccount`
--


--
-- Table structure for table `llx_websiteaccount_extrafields`
--

CREATE TABLE `llx_websiteaccount_extrafields` (
  `rowid` int(11) NOT NULL AUTO_INCREMENT,
  `tms` timestamp NOT NULL DEFAULT CURRENT_TIMESTAMP ON UPDATE CURRENT_TIMESTAMP,
  `fk_object` int(11) NOT NULL,
  `import_key` varchar(14) COLLATE utf8_unicode_ci DEFAULT NULL,
  PRIMARY KEY (`rowid`)
) ENGINE=InnoDB DEFAULT CHARSET=utf8 COLLATE=utf8_unicode_ci;

--
-- Dumping data for table `llx_websiteaccount_extrafields`
--


--
-- Table structure for table `llx_workstation`
--

CREATE TABLE `llx_workstation` (
  `rowid` int(11) NOT NULL DEFAULT '0',
  `date_cre` datetime DEFAULT NULL,
  `date_maj` datetime DEFAULT NULL,
  `entity` int(11) NOT NULL DEFAULT '0',
  `fk_usergroup` int(11) NOT NULL DEFAULT '0',
  `name` varchar(255) COLLATE utf8_unicode_ci DEFAULT NULL,
  `background` varchar(255) COLLATE utf8_unicode_ci DEFAULT NULL,
  `type` varchar(10) COLLATE utf8_unicode_ci DEFAULT NULL,
  `code` varchar(10) COLLATE utf8_unicode_ci DEFAULT NULL,
  `nb_hour_prepare` double NOT NULL DEFAULT '0',
  `nb_hour_manufacture` double NOT NULL DEFAULT '0',
  `nb_hour_capacity` double NOT NULL DEFAULT '0',
  `nb_ressource` double NOT NULL DEFAULT '0',
  `thm` double NOT NULL DEFAULT '0',
  `thm_machine` double NOT NULL DEFAULT '0',
  `thm_overtime` double NOT NULL DEFAULT '0',
  `thm_night` double NOT NULL DEFAULT '0',
  `nb_hour_before` double NOT NULL DEFAULT '0',
  `nb_hour_after` double NOT NULL DEFAULT '0',
  `is_parallele` int(11) NOT NULL DEFAULT '0',
  PRIMARY KEY (`rowid`),
  KEY `date_cre` (`date_cre`),
  KEY `date_maj` (`date_maj`),
  KEY `entity` (`entity`),
  KEY `fk_usergroup` (`fk_usergroup`)
) ENGINE=InnoDB DEFAULT CHARSET=utf8 COLLATE=utf8_unicode_ci;

--
-- Dumping data for table `llx_workstation`
--

INSERT INTO `llx_workstation` VALUES (1,'2018-11-18 17:50:22','2018-11-18 17:50:22',1,4,'aaaa','#','HUMAN','',0,0,0,0,0,0,0,0,0,0,0);

--
-- Table structure for table `llx_workstation_product`
--

CREATE TABLE `llx_workstation_product` (
  `rowid` int(11) NOT NULL DEFAULT '0',
  `date_cre` datetime DEFAULT NULL,
  `date_maj` datetime DEFAULT NULL,
  `fk_product` int(11) NOT NULL DEFAULT '0',
  `fk_workstation` int(11) NOT NULL DEFAULT '0',
  `nb_hour` double NOT NULL DEFAULT '0',
  `rang` double NOT NULL DEFAULT '0',
  `nb_hour_prepare` double NOT NULL DEFAULT '0',
  `nb_hour_manufacture` double NOT NULL DEFAULT '0',
  PRIMARY KEY (`rowid`),
  KEY `date_cre` (`date_cre`),
  KEY `date_maj` (`date_maj`),
  KEY `fk_product` (`fk_product`),
  KEY `fk_workstation` (`fk_workstation`)
) ENGINE=InnoDB DEFAULT CHARSET=utf8 COLLATE=utf8_unicode_ci;

--
-- Dumping data for table `llx_workstation_product`
--


--
-- Table structure for table `llx_workstation_schedule`
--

CREATE TABLE `llx_workstation_schedule` (
  `rowid` int(11) NOT NULL DEFAULT '0',
  `date_cre` datetime DEFAULT NULL,
  `date_maj` datetime DEFAULT NULL,
  `fk_workstation` int(11) NOT NULL DEFAULT '0',
  `day_moment` varchar(255) COLLATE utf8_unicode_ci DEFAULT NULL,
  `week_day` int(11) NOT NULL DEFAULT '0',
  `nb_ressource` int(11) NOT NULL DEFAULT '0',
  `date_off` datetime DEFAULT NULL,
  `nb_hour_capacity` double NOT NULL DEFAULT '0',
  PRIMARY KEY (`rowid`),
  KEY `date_cre` (`date_cre`),
  KEY `date_maj` (`date_maj`),
  KEY `fk_workstation` (`fk_workstation`),
  KEY `date_off` (`date_off`)
) ENGINE=InnoDB DEFAULT CHARSET=utf8 COLLATE=utf8_unicode_ci;

--
-- Dumping data for table `llx_workstation_schedule`
--


--
-- Table structure for table `llx_zapier_hook`
--

CREATE TABLE `llx_zapier_hook` (
  `rowid` int(11) NOT NULL AUTO_INCREMENT,
  `entity` int(11) NOT NULL DEFAULT '1',
  `url` varchar(255) COLLATE utf8_unicode_ci DEFAULT NULL,
  `event` varchar(255) COLLATE utf8_unicode_ci DEFAULT NULL,
  `module` varchar(128) COLLATE utf8_unicode_ci DEFAULT NULL,
  `action` varchar(128) COLLATE utf8_unicode_ci DEFAULT NULL,
  `status` int(11) DEFAULT NULL,
  `date_creation` datetime NOT NULL,
  `fk_user` int(11) NOT NULL,
  `tms` timestamp NOT NULL DEFAULT CURRENT_TIMESTAMP ON UPDATE CURRENT_TIMESTAMP,
  `import_key` varchar(14) COLLATE utf8_unicode_ci DEFAULT NULL,
  PRIMARY KEY (`rowid`)
) ENGINE=InnoDB DEFAULT CHARSET=utf8 COLLATE=utf8_unicode_ci;

--
-- Dumping data for table `llx_zapier_hook`
--


--
-- Table structure for table `llx_zapier_hook_extrafields`
--

CREATE TABLE `llx_zapier_hook_extrafields` (
  `rowid` int(11) NOT NULL AUTO_INCREMENT,
  `tms` timestamp NOT NULL DEFAULT CURRENT_TIMESTAMP ON UPDATE CURRENT_TIMESTAMP,
  `fk_object` int(11) NOT NULL,
  `import_key` varchar(14) COLLATE utf8_unicode_ci DEFAULT NULL,
  PRIMARY KEY (`rowid`)
) ENGINE=InnoDB DEFAULT CHARSET=utf8 COLLATE=utf8_unicode_ci;

--
-- Dumping data for table `llx_zapier_hook_extrafields`
--


--
-- Table structure for table `tmp_links`
--

CREATE TABLE `tmp_links` (
  `objectid` int(11) NOT NULL,
  `label` varchar(255) COLLATE utf8_unicode_ci NOT NULL,
  `max_rowid` int(11) DEFAULT NULL,
  `count_rowid` bigint(21) NOT NULL DEFAULT '0'
) ENGINE=InnoDB DEFAULT CHARSET=utf8 COLLATE=utf8_unicode_ci;

--
-- Dumping data for table `tmp_links`
--

INSERT INTO `tmp_links` VALUES (3,'fdf',6,2);

--
-- Table structure for table `tmp_user`
--

CREATE TABLE `tmp_user` (
  `rowid` int(11) NOT NULL DEFAULT '0',
  `datec` datetime DEFAULT NULL,
  `tms` timestamp NOT NULL DEFAULT CURRENT_TIMESTAMP ON UPDATE CURRENT_TIMESTAMP,
  `fk_user_creat` int(11) DEFAULT NULL,
  `fk_user_modif` int(11) DEFAULT NULL,
  `login` varchar(50) COLLATE utf8_unicode_ci NOT NULL,
  `entity` int(11) NOT NULL DEFAULT '1',
  `civility` varchar(6) COLLATE utf8_unicode_ci DEFAULT NULL,
  `ref_ext` varchar(50) COLLATE utf8_unicode_ci DEFAULT NULL,
  `ref_int` varchar(50) COLLATE utf8_unicode_ci DEFAULT NULL,
  `employee` smallint(6) DEFAULT '1',
  `fk_establishment` int(11) DEFAULT '0',
  `pass` varchar(128) COLLATE utf8_unicode_ci DEFAULT NULL,
  `pass_crypted` varchar(128) COLLATE utf8_unicode_ci DEFAULT NULL,
  `pass_temp` varchar(128) COLLATE utf8_unicode_ci DEFAULT NULL,
  `api_key` varchar(128) COLLATE utf8_unicode_ci DEFAULT NULL,
  `lastname` varchar(50) COLLATE utf8_unicode_ci DEFAULT NULL,
  `firstname` varchar(50) COLLATE utf8_unicode_ci DEFAULT NULL,
  `job` varchar(128) COLLATE utf8_unicode_ci DEFAULT NULL,
  `skype` varchar(255) COLLATE utf8_unicode_ci DEFAULT NULL,
  `office_phone` varchar(20) COLLATE utf8_unicode_ci DEFAULT NULL,
  `office_fax` varchar(20) COLLATE utf8_unicode_ci DEFAULT NULL,
  `user_mobile` varchar(20) COLLATE utf8_unicode_ci DEFAULT NULL,
  `personal_mobile` varchar(20) COLLATE utf8_unicode_ci DEFAULT NULL,
  `email` varchar(255) COLLATE utf8_unicode_ci DEFAULT NULL,
  `personal_email` varchar(255) COLLATE utf8_unicode_ci DEFAULT NULL,
  `socialnetworks` text COLLATE utf8_unicode_ci,
  `signature` text COLLATE utf8_unicode_ci,
  `admin` smallint(6) DEFAULT '0',
  `webcal_login` varchar(25) COLLATE utf8_unicode_ci DEFAULT NULL,
  `module_comm` smallint(6) DEFAULT '1',
  `module_compta` smallint(6) DEFAULT '1',
  `fk_soc` int(11) DEFAULT NULL,
  `fk_socpeople` int(11) DEFAULT NULL,
  `fk_member` int(11) DEFAULT NULL,
  `note` text COLLATE utf8_unicode_ci,
  `datelastlogin` datetime DEFAULT NULL,
  `datepreviouslogin` datetime DEFAULT NULL,
  `egroupware_id` int(11) DEFAULT NULL,
  `ldap_sid` varchar(255) COLLATE utf8_unicode_ci DEFAULT NULL,
  `statut` tinyint(4) DEFAULT '1',
  `photo` varchar(255) COLLATE utf8_unicode_ci DEFAULT NULL,
  `lang` varchar(6) COLLATE utf8_unicode_ci DEFAULT NULL,
  `openid` varchar(255) COLLATE utf8_unicode_ci DEFAULT NULL,
  `fk_user` int(11) DEFAULT NULL,
  `fk_user_expense_validator` int(11) DEFAULT NULL,
  `fk_user_holiday_validator` int(11) DEFAULT NULL,
  `thm` double(24,8) DEFAULT NULL,
  `address` varchar(255) COLLATE utf8_unicode_ci DEFAULT NULL,
  `zip` varchar(25) COLLATE utf8_unicode_ci DEFAULT NULL,
  `town` varchar(50) COLLATE utf8_unicode_ci DEFAULT NULL,
  `fk_state` int(11) DEFAULT '0',
  `fk_country` int(11) DEFAULT '0',
  `color` varchar(6) COLLATE utf8_unicode_ci DEFAULT NULL,
  `accountancy_code` varchar(32) COLLATE utf8_unicode_ci DEFAULT NULL,
  `barcode` varchar(255) COLLATE utf8_unicode_ci DEFAULT NULL,
  `fk_barcode_type` int(11) DEFAULT '0',
  `nb_holiday` int(11) DEFAULT '0',
  `salary` double(24,8) DEFAULT NULL,
  `tjm` double(24,8) DEFAULT NULL,
  `salaryextra` double(24,8) DEFAULT NULL,
  `weeklyhours` double(16,8) DEFAULT NULL,
  `gender` varchar(10) COLLATE utf8_unicode_ci DEFAULT NULL,
  `note_public` text COLLATE utf8_unicode_ci,
  `dateemployment` datetime DEFAULT NULL,
  `import_key` varchar(14) COLLATE utf8_unicode_ci DEFAULT NULL,
  `model_pdf` varchar(255) COLLATE utf8_unicode_ci DEFAULT NULL,
  `birth` date DEFAULT NULL,
  `pass_encoding` varchar(24) COLLATE utf8_unicode_ci DEFAULT NULL,
  `default_range` int(11) DEFAULT NULL,
  `default_c_exp_tax_cat` int(11) DEFAULT NULL,
  `dateemploymentend` date DEFAULT NULL,
  `twitter` varchar(255) COLLATE utf8_unicode_ci DEFAULT NULL,
  `facebook` varchar(255) COLLATE utf8_unicode_ci DEFAULT NULL,
  `instagram` varchar(255) COLLATE utf8_unicode_ci DEFAULT NULL,
  `snapchat` varchar(255) COLLATE utf8_unicode_ci DEFAULT NULL,
  `googleplus` varchar(255) COLLATE utf8_unicode_ci DEFAULT NULL,
  `youtube` varchar(255) COLLATE utf8_unicode_ci DEFAULT NULL,
  `whatsapp` varchar(255) COLLATE utf8_unicode_ci DEFAULT NULL,
  `linkedin` varchar(255) COLLATE utf8_unicode_ci DEFAULT NULL,
  `fk_warehouse` int(11) DEFAULT NULL,
  `iplastlogin` varchar(250) COLLATE utf8_unicode_ci DEFAULT NULL,
  `ippreviouslogin` varchar(250) COLLATE utf8_unicode_ci DEFAULT NULL
) ENGINE=InnoDB DEFAULT CHARSET=utf8 COLLATE=utf8_unicode_ci;

--
-- Dumping data for table `tmp_user`
--

INSERT INTO `tmp_user` VALUES (1,'2012-07-08 13:20:11','2019-11-28 11:52:58',NULL,NULL,'aeinstein',0,NULL,NULL,NULL,1,0,NULL,'11c9c772d6471aa24c27274bdd8a223b',NULL,NULL,'Einstein','Albert','',NULL,'123456789','','','','aeinstein@example.com','','[]','',0,'',1,1,NULL,NULL,NULL,'','2017-10-05 08:32:44','2017-10-03 11:43:50',NULL,'',1,'alberteinstein.jpg',NULL,NULL,14,NULL,NULL,NULL,'','','',NULL,NULL,'aaaaff','',NULL,0,0,NULL,NULL,NULL,44.00000000,'man',NULL,NULL,NULL,NULL,NULL,NULL,NULL,NULL,NULL,NULL,NULL,NULL,NULL,NULL,NULL,NULL,NULL,-1,NULL,NULL),(2,'2012-07-08 13:54:48','2019-11-28 11:52:58',NULL,NULL,'demo',1,NULL,NULL,NULL,1,0,NULL,'fe01ce2a7fbac8fafaed7c982a04e229',NULL,NULL,'Doe','David','Trainee',NULL,'09123123','','','','daviddoe@example.com','','[]','',0,'',1,1,NULL,NULL,NULL,'','2018-07-30 23:10:54','2018-07-30 23:04:17',NULL,'',1,'person9.jpeg',NULL,NULL,11,NULL,NULL,NULL,'','','',NULL,NULL,'','',NULL,0,0,NULL,NULL,NULL,35.00000000,'man',NULL,NULL,NULL,NULL,NULL,NULL,NULL,NULL,NULL,NULL,NULL,NULL,NULL,NULL,NULL,NULL,NULL,-1,NULL,NULL),(3,'2012-07-11 16:18:59','2020-01-21 09:30:27',NULL,NULL,'pcurie',1,NULL,NULL,NULL,1,0,NULL,'ab335b4eb4c3c99334f656e5db9584c9',NULL,NULL,'Curie','Pierre','',NULL,'','','','','pcurie@example.com','','[]','',0,'',1,1,NULL,NULL,2,'','2014-12-21 17:38:55',NULL,NULL,'',1,'pierrecurie.jpg',NULL,NULL,14,NULL,NULL,NULL,'','','',NULL,NULL,'','',NULL,0,0,NULL,NULL,NULL,39.00000000,NULL,NULL,NULL,NULL,NULL,NULL,NULL,NULL,NULL,NULL,NULL,NULL,NULL,NULL,NULL,NULL,NULL,NULL,-1,NULL,NULL),(4,'2015-01-23 17:52:27','2019-11-28 11:52:58',NULL,NULL,'bbookkeeper',1,NULL,NULL,NULL,1,0,NULL,'a7d30b58d647fcf59b7163f9592b1dbb',NULL,NULL,'Bookkeeper','Bob','Bookkeeper',NULL,'','','','','bbookkeeper@example.com','','{\"skype\":\"skypebbookkeeper\"}','',0,'',1,1,17,6,NULL,'','2015-02-25 10:18:41','2015-01-23 17:53:20',NULL,'',1,'person8.jpeg',NULL,NULL,11,NULL,NULL,NULL,'','','',NULL,NULL,'','',NULL,0,0,NULL,NULL,NULL,16.00000000,'man',NULL,NULL,NULL,NULL,NULL,NULL,NULL,NULL,NULL,NULL,NULL,NULL,NULL,NULL,NULL,NULL,NULL,-1,NULL,NULL),(10,'2017-10-03 11:47:41','2019-11-28 11:52:58',NULL,NULL,'mcurie',1,NULL,NULL,NULL,1,0,NULL,'52cda011808bb282d1d3625ab607a145',NULL,'t3mnkbhs','Curie','Marie','',NULL,'','','','','mcurie@example.com','','[]','',0,NULL,1,1,NULL,NULL,NULL,'',NULL,NULL,NULL,'',1,'mariecurie.jpg',NULL,NULL,14,NULL,NULL,NULL,'','','',NULL,NULL,'ffaaff','',NULL,0,0,NULL,NULL,NULL,44.00000000,'woman',NULL,NULL,NULL,NULL,NULL,NULL,NULL,NULL,NULL,NULL,NULL,NULL,NULL,NULL,NULL,NULL,NULL,-1,NULL,NULL),(11,'2017-10-05 09:07:52','2019-11-28 11:52:58',NULL,NULL,'zzeceo',1,NULL,NULL,NULL,1,0,NULL,'92af989c4c3a5140fb5d73eb77a52454',NULL,'cq78nf9m','Zeceo','Zack','President - CEO',NULL,'','','','','zzeceo@example.com','','[]','',0,NULL,1,1,NULL,NULL,NULL,'','2017-10-05 22:48:08','2017-10-05 21:18:46',NULL,'',1,'person4.jpeg',NULL,NULL,NULL,NULL,NULL,NULL,'','','',NULL,NULL,'','',NULL,0,0,NULL,NULL,NULL,39.00000000,NULL,NULL,'2019-06-10 00:00:00',NULL,NULL,NULL,NULL,NULL,NULL,NULL,NULL,NULL,NULL,NULL,NULL,NULL,NULL,NULL,-1,NULL,NULL),(12,'2017-10-05 09:09:46','2020-01-07 13:47:17',NULL,NULL,'admin',0,NULL,NULL,NULL,1,0,NULL,'f6fdffe48c908deb0f4c3bd36c032e72',NULL,'nd6hgbcr','Adminson','Alice','Admin Technical',NULL,'','','','','aadminson@example.com','','[]','Alice - 123',1,NULL,1,1,NULL,NULL,NULL,'','2020-01-21 10:38:41','2020-01-21 10:35:27',NULL,'',1,'person6.jpeg',NULL,NULL,11,NULL,NULL,NULL,'','','',NULL,NULL,'','',NULL,0,0,2700.00000000,NULL,NULL,39.00000000,'woman',NULL,NULL,NULL,'generic_user_odt','1985-09-15',NULL,NULL,NULL,NULL,NULL,NULL,NULL,NULL,NULL,NULL,NULL,NULL,-1,NULL,NULL),(13,'2017-10-05 21:29:35','2019-11-28 11:52:58',NULL,NULL,'ccommercy',1,NULL,NULL,NULL,1,0,NULL,'179858e041af35e8f4c81d68c55fe9da',NULL,'y451ksdv','Commercy','Coraly','Commercial leader',NULL,'','','','','ccommercy@example.com','','[]','',0,NULL,1,1,NULL,NULL,NULL,'',NULL,NULL,NULL,'',1,'person7.jpeg',NULL,NULL,11,NULL,NULL,NULL,'','','',NULL,NULL,'','',NULL,0,0,1890.00000000,NULL,NULL,25.00000000,'woman',NULL,'2018-09-11 00:00:00',NULL,NULL,'1998-12-08',NULL,NULL,NULL,NULL,NULL,NULL,NULL,NULL,NULL,NULL,NULL,NULL,-1,NULL,NULL),(14,'2017-10-05 21:33:33','2019-11-28 11:52:58',NULL,NULL,'sscientol',1,NULL,NULL,NULL,1,0,NULL,'39bee07ac42f31c98e79cdcd5e5fe4c5',NULL,'s2hp8bxd','Scientol','Sam','Scientist leader',NULL,'','','','','sscientol@example.com','','[]','',0,NULL,1,1,NULL,NULL,NULL,'',NULL,NULL,NULL,'',1,'person3.jpeg',NULL,NULL,11,NULL,NULL,NULL,'','','',NULL,NULL,'','',NULL,0,0,3500.00000000,NULL,NULL,39.00000000,NULL,NULL,'2018-07-03 00:00:00',NULL,NULL,NULL,NULL,NULL,NULL,NULL,NULL,NULL,NULL,NULL,NULL,NULL,NULL,NULL,-1,NULL,NULL),(16,'2017-10-05 22:47:52','2019-11-28 11:52:58',NULL,NULL,'ccommerson',1,NULL,NULL,NULL,1,0,NULL,'d68005ccf362b82d084551b6291792a3',NULL,'cx9y1dk0','Charle1','Commerson','Sale representative',NULL,'','','','','ccommerson@example.com','','[]','',0,NULL,1,1,NULL,NULL,NULL,'','2017-10-05 23:46:24','2017-10-05 23:37:31',NULL,'',1,'person1.jpeg',NULL,NULL,13,NULL,NULL,NULL,'','','',NULL,NULL,'','',NULL,0,0,2900.00000000,NULL,NULL,39.00000000,NULL,NULL,'2019-09-01 00:00:00',NULL,NULL,'1976-02-05',NULL,NULL,NULL,NULL,NULL,NULL,NULL,NULL,NULL,NULL,NULL,NULL,-1,NULL,NULL),(17,'2017-10-05 22:48:39','2019-11-28 11:52:58',NULL,NULL,'aleerfok',1,NULL,NULL,NULL,1,0,NULL,'a964065211872fb76f876c6c3e952ea3',NULL,'gw8cb7xj','Leerfok','Amanda','Sale representative',NULL,'','','','','aleerfok@example.com','','[]','',0,NULL,1,1,NULL,NULL,NULL,'','2017-10-05 23:16:06',NULL,NULL,'',0,'person5.jpeg',NULL,NULL,13,NULL,NULL,NULL,'','','',NULL,NULL,'','',NULL,0,0,NULL,NULL,NULL,39.00000000,'woman',NULL,NULL,NULL,NULL,NULL,NULL,NULL,NULL,NULL,NULL,NULL,NULL,NULL,NULL,NULL,NULL,NULL,-1,NULL,NULL),(18,'2018-01-22 17:27:02','2019-11-28 11:52:58',NULL,NULL,'ldestailleur',1,NULL,NULL,NULL,1,0,NULL,'1bb7805145a7a5066df9e6d585b8b645',NULL,'87g06wbx','Destailleur','Laurent','Project leader of Dolibarr ERP CRM',NULL,'','','','','ldestailleur@example.com','','[]','<div><strong>Laurent DESTAILLEUR</strong></div>\r\n\r\n<div>\r\n<div><span style=\"color:#606163; font-family:arial; font-size:medium\"><strong>Project Director</strong></span><br />\r\n<span style=\"color:#336699\"><span style=\"color:#993399; font-family:tahoma,new york,times,serif\"><span style=\"color:#336699\">ldestailleur@example.com</span></span></span></div>\r\n\r\n<div>&nbsp;</div>\r\n\r\n<div>\r\n<div><span style=\"color:#993399; font-family:arial,helvetica,sans-serif; font-size:small\"><span style=\"color:#336699\"><a href=\"http://www.facebook.com/teclib\" style=\"color: rgb(153, 51, 153); text-decoration: none; cursor: pointer;\" target=\"_blank\">Facebook</a></span>&nbsp;|&nbsp;<span style=\"color:#336699\"><a href=\"http://twitter.com/teclib\" style=\"color: rgb(153, 51, 153); text-decoration: none; cursor: pointer;\" target=\"_blank\">Twitter</a></span>&nbsp;|&nbsp;<span style=\"color:#336699\"><span style=\"color:#993399\"><a href=\"http://www.teclib.com/\" style=\"color: rgb(153, 51, 153); text-decoration: none; cursor: pointer;\" target=\"_blank\">www.teclib.com</a></span></span></span></div>\r\n</div>\r\n</div>',0,NULL,1,1,10,10,NULL,'More information on http://www.destailleur.fr','2019-10-04 10:06:40','2017-09-06 11:55:30',NULL,'',1,'ldestailleur_200x200.jpg',NULL,NULL,NULL,NULL,NULL,NULL,'','','',NULL,NULL,'007f7f','',NULL,0,0,NULL,NULL,NULL,NULL,'man',NULL,NULL,NULL,NULL,NULL,NULL,NULL,NULL,NULL,NULL,NULL,NULL,NULL,NULL,NULL,NULL,NULL,-1,NULL,NULL),(19,'2017-02-02 03:55:44','2020-01-16 15:44:42',NULL,NULL,'aboston',1,NULL,NULL,NULL,1,0,NULL,'a7a77a5aff2d5fc2f75f2f61507c88d4',NULL,NULL,'Boston','Alex','',NULL,'','','','','aboston@example.com','','[]','<strong>Alex Boston</strong><br />\r\nAdmin support service - 555 01 02 03 04',0,NULL,1,1,NULL,NULL,NULL,'',NULL,NULL,NULL,'',0,'person2.jpeg',NULL,NULL,12,NULL,NULL,25.00000000,'','','',NULL,NULL,'ff00ff','',NULL,0,0,2700.00000000,NULL,NULL,32.00000000,NULL,NULL,'2016-11-04 00:00:00',NULL,NULL,NULL,NULL,NULL,NULL,NULL,NULL,NULL,NULL,NULL,NULL,NULL,NULL,NULL,-1,NULL,NULL);


