(2024,'2023-07-06 11:57:36','PAYMENT_CUSTOMER_CREATE',225.00000000,'d6d324186635e31d96eeb70fd030d3538373f90c4f6788954d0a27cdceabc636','535b697b13fa4f0203a142e48f9ca2e60b60b598472e52fb53ef49566e70db66','payment',1391,'','2023-07-04 12:00:00','O:8:\"stdClass\":7:{s:10:\"thirdparty\";O:8:\"stdClass\":18:{s:4:\"name\";s:4:\"JAMP\";s:10:\"name_alias\";s:38:\"Les Juristes Associés Midi-Pyrénées\";s:7:\"address\";s:16:\"61 rue de MAUBEC\";s:3:\"zip\";s:5:\"31300\";s:4:\"town\";s:8:\"TOULOUSE\";s:10:\"state_code\";s:2:\"31\";s:5:\"phone\";s:10:\"0561570029\";s:5:\"email\";s:15:\"contact@jamp.fr\";s:7:\"idprof1\";s:9:\"383147485\";s:7:\"idprof2\";s:14:\"38314748500031\";s:7:\"idprof3\";s:5:\"6910Z\";s:15:\"localtax1_value\";s:5:\"0.000\";s:15:\"localtax2_value\";s:5:\"0.000\";s:7:\"capital\";s:14:\"43200.00000000\";s:11:\"typent_code\";s:9:\"TE_MEDIUM\";s:20:\"forme_juridique_code\";s:2:\"15\";s:11:\"code_client\";s:8:\"PRB00161\";s:12:\"country_code\";s:2:\"FR\";}s:9:\"mycompany\";O:8:\"stdClass\":16:{s:4:\"name\";s:29:\"PRB CONSULTANT - CLB CONSEILS\";s:7:\"address\";s:52:\"3 Chemin du Pigeonnier de la Cépière \r\nBâtiment C\";s:3:\"zip\";s:5:\"31000\";s:4:\"town\";s:8:\"TOULOUSE\";s:10:\"state_code\";s:2:\"31\";s:5:\"phone\";s:10:\"0561399926\";s:5:\"email\";s:27:\"fournisseur@clbconseils.com\";s:7:\"idprof1\";s:9:\"517911509\";s:7:\"idprof2\";s:14:\"51791150900027\";s:7:\"idprof3\";s:5:\"7022Z\";s:9:\"tva_intra\";s:13:\"FR82517911509\";s:15:\"localtax1_assuj\";i:0;s:15:\"localtax2_assuj\";i:0;s:8:\"managers\";s:14:\"PAROUTI ROMAIN\";s:7:\"capital\";s:7:\"5000.00\";s:12:\"country_code\";s:2:\"FR\";}s:3:\"ref\";s:0:\"\";s:4:\"date\";i:1688464800;s:9:\"type_code\";s:3:\"PRE\";s:12:\"payment_part\";a:1:{i:1;O:8:\"stdClass\":3:{s:6:\"amount\";s:3:\"225\";s:10:\"thirdparty\";O:8:\"stdClass\":18:{s:4:\"name\";s:4:\"JAMP\";s:10:\"name_alias\";s:38:\"Les Juristes Associés Midi-Pyrénées\";s:7:\"address\";s:16:\"61 rue de MAUBEC\";s:3:\"zip\";s:5:\"31300\";s:4:\"town\";s:8:\"TOULOUSE\";s:10:\"state_code\";s:2:\"31\";s:5:\"phone\";s:10:\"0561570029\";s:5:\"email\";s:15:\"contact@jamp.fr\";s:7:\"idprof1\";s:9:\"383147485\";s:7:\"idprof2\";s:14:\"38314748500031\";s:7:\"idprof3\";s:5:\"6910Z\";s:15:\"localtax1_value\";s:5:\"0.000\";s:15:\"localtax2_value\";s:5:\"0.000\";s:7:\"capital\";s:14:\"43200.00000000\";s:11:\"typent_code\";s:9:\"TE_MEDIUM\";s:20:\"forme_juridique_code\";s:2:\"15\";s:11:\"code_client\";s:8:\"PRB00161\";s:12:\"country_code\";s:2:\"FR\";}s:7:\"invoice\";O:8:\"stdClass\":8:{s:4:\"date\";i:1688421600;s:4:\"type\";s:1:\"0\";s:8:\"total_ht\";s:12:\"187.50000000\";s:9:\"total_tva\";s:11:\"37.50000000\";s:9:\"total_ttc\";s:12:\"225.00000000\";s:12:\"revenuestamp\";s:10:\"0.00000000\";s:3:\"ref\";s:11:\"FA2307-1407\";s:11:\"note_public\";s:18:\"Facture Assistance\";}}}s:6:\"amount\";i:225;}',15,1,0,'2023-07-06 13:57:36','AMIOT Ismaël',''),(2025,'2023-07-06 11:58:45','PAYMENT_CUSTOMER_CREATE',600.00000000,'6bff5ade1a4e4de7abe4fabe5626371c400c0adb4926563e05fb37acc3e743e7','ef925871fdc53e90769ad39ff31524d5dd6483da5dcfeb32f88627fdd14e6a27','payment',1392,'','2023-07-04 12:00:00','O:8:\"stdClass\":7:{s:10:\"thirdparty\";O:8:\"stdClass\":16:{s:4:\"name\";s:28:\"COLLEGE / LYCEE JEANNE D\'ARC\";s:10:\"name_alias\";s:39:\"Tutelle Sainte Famille - Secteur FIGEAC\";s:7:\"address\";s:27:\"11 Allées Pierre BEREGOVOY\";s:3:\"zip\";s:5:\"46100\";s:4:\"town\";s:6:\"FIGEAC\";s:10:\"state_code\";s:2:\"46\";s:5:\"phone\";s:10:\"0565342372\";s:7:\"idprof1\";s:9:\"777064239\";s:7:\"idprof3\";s:5:\"8531Z\";s:15:\"localtax1_value\";s:5:\"0.000\";s:15:\"localtax2_value\";s:5:\"0.000\";s:7:\"capital\";s:10:\"0.00000000\";s:11:\"typent_code\";s:8:\"TE_OTHER\";s:20:\"forme_juridique_code\";s:2:\"92\";s:11:\"code_client\";s:8:\"PRB00139\";s:12:\"country_code\";s:2:\"FR\";}s:9:\"mycompany\";O:8:\"stdClass\":16:{s:4:\"name\";s:29:\"PRB CONSULTANT - CLB CONSEILS\";s:7:\"address\";s:52:\"3 Chemin du Pigeonnier de la Cépière \r\nBâtiment C\";s:3:\"zip\";s:5:\"31000\";s:4:\"town\";s:8:\"TOULOUSE\";s:10:\"state_code\";s:2:\"31\";s:5:\"phone\";s:10:\"0561399926\";s:5:\"email\";s:27:\"fournisseur@clbconseils.com\";s:7:\"idprof1\";s:9:\"517911509\";s:7:\"idprof2\";s:14:\"51791150900027\";s:7:\"idprof3\";s:5:\"7022Z\";s:9:\"tva_intra\";s:13:\"FR82517911509\";s:15:\"localtax1_assuj\";i:0;s:15:\"localtax2_assuj\";i:0;s:8:\"managers\";s:14:\"PAROUTI ROMAIN\";s:7:\"capital\";s:7:\"5000.00\";s:12:\"country_code\";s:2:\"FR\";}s:3:\"ref\";s:0:\"\";s:4:\"date\";i:1688464800;s:9:\"type_code\";s:3:\"VIR\";s:12:\"payment_part\";a:1:{i:1;O:8:\"stdClass\":3:{s:6:\"amount\";s:3:\"600\";s:10:\"thirdparty\";O:8:\"stdClass\":16:{s:4:\"name\";s:28:\"COLLEGE / LYCEE JEANNE D\'ARC\";s:10:\"name_alias\";s:39:\"Tutelle Sainte Famille - Secteur FIGEAC\";s:7:\"address\";s:27:\"11 Allées Pierre BEREGOVOY\";s:3:\"zip\";s:5:\"46100\";s:4:\"town\";s:6:\"FIGEAC\";s:10:\"state_code\";s:2:\"46\";s:5:\"phone\";s:10:\"0565342372\";s:7:\"idprof1\";s:9:\"777064239\";s:7:\"idprof3\";s:5:\"8531Z\";s:15:\"localtax1_value\";s:5:\"0.000\";s:15:\"localtax2_value\";s:5:\"0.000\";s:7:\"capital\";s:10:\"0.00000000\";s:11:\"typent_code\";s:8:\"TE_OTHER\";s:20:\"forme_juridique_code\";s:2:\"92\";s:11:\"code_client\";s:8:\"PRB00139\";s:12:\"country_code\";s:2:\"FR\";}s:7:\"invoice\";O:8:\"stdClass\":8:{s:4:\"date\";i:1688421600;s:4:\"type\";s:1:\"0\";s:8:\"total_ht\";s:12:\"500.00000000\";s:9:\"total_tva\";s:12:\"100.00000000\";s:9:\"total_ttc\";s:12:\"600.00000000\";s:12:\"revenuestamp\";s:10:\"0.00000000\";s:3:\"ref\";s:11:\"FA2307-1391\";s:11:\"note_public\";s:28:\"Facture Assistance mensuelle\";}}}s:6:\"amount\";i:600;}',15,1,0,'2023-07-06 13:58:45','AMIOT Ismaël',''),(2026,'2023-07-07 12:07:13','BILL_VALIDATE',1025.46000000,'9f56215ad825e8f3af1dac6c84c1ec7ac54da208e0acc877c50810959904cfaf','628bfbee951d7ac0a0f6205c7cc646449e9370f5ad71ab9dbbf65ee2a8416e19','facture',1665,'FA2307-1424','2023-07-07 00:00:00','O:8:\"stdClass\":11:{s:10:\"thirdparty\";O:8:\"stdClass\":14:{s:4:\"name\";s:27:\"MAIRIE DE CHASSE SUR RHÔNE\";s:7:\"address\";s:19:\"617 route de VIENNE\";s:3:\"zip\";s:5:\"38670\";s:4:\"town\";s:17:\"CHASSE SUR RHÔNE\";s:10:\"state_code\";s:2:\"38\";s:5:\"phone\";s:10:\"0472244800\";s:7:\"idprof1\";s:9:\"213800873\";s:7:\"idprof2\";s:14:\"21380087300019\";s:15:\"localtax1_value\";s:5:\"0.000\";s:15:\"localtax2_value\";s:5:\"0.000\";s:11:\"typent_code\";s:8:\"TE_ADMIN\";s:20:\"forme_juridique_code\";s:2:\"72\";s:11:\"code_client\";s:7:\"PRB0193\";s:12:\"country_code\";s:2:\"FR\";}s:9:\"mycompany\";O:8:\"stdClass\":16:{s:4:\"name\";s:29:\"PRB CONSULTANT - CLB CONSEILS\";s:7:\"address\";s:52:\"3 Chemin du Pigeonnier de la Cépière \r\nBâtiment C\";s:3:\"zip\";s:5:\"31000\";s:4:\"town\";s:8:\"TOULOUSE\";s:10:\"state_code\";s:2:\"31\";s:5:\"phone\";s:10:\"0561399926\";s:5:\"email\";s:27:\"fournisseur@clbconseils.com\";s:7:\"idprof1\";s:9:\"517911509\";s:7:\"idprof2\";s:14:\"51791150900027\";s:7:\"idprof3\";s:5:\"7022Z\";s:9:\"tva_intra\";s:13:\"FR82517911509\";s:15:\"localtax1_assuj\";i:0;s:15:\"localtax2_assuj\";i:0;s:8:\"managers\";s:14:\"PAROUTI ROMAIN\";s:7:\"capital\";s:7:\"5000.00\";s:12:\"country_code\";s:2:\"FR\";}s:4:\"date\";i:1688680800;s:4:\"type\";s:1:\"0\";s:8:\"total_ht\";d:854.55000000000007;s:9:\"total_tva\";d:170.91;s:9:\"total_ttc\";d:1025.46;s:12:\"revenuestamp\";s:10:\"0.00000000\";s:11:\"invoiceline\";a:2:{i:1;O:8:\"stdClass\":15:{s:18:\"multicurrency_code\";s:3:\"EUR\";s:22:\"multicurrency_total_ht\";s:12:\"641.94000000\";s:23:\"multicurrency_total_tva\";s:12:\"128.39000000\";s:23:\"multicurrency_total_ttc\";s:12:\"770.33000000\";s:12:\"product_type\";s:1:\"1\";s:3:\"qty\";s:1:\"1\";s:6:\"tva_tx\";s:6:\"20.000\";s:12:\"localtax1_tx\";s:5:\"0.000\";s:12:\"localtax2_tx\";s:5:\"0.000\";s:8:\"total_ht\";s:12:\"641.94000000\";s:9:\"total_tva\";s:12:\"128.39000000\";s:15:\"total_localtax1\";s:10:\"0.00000000\";s:15:\"total_localtax2\";s:10:\"0.00000000\";s:9:\"total_ttc\";s:12:\"770.33000000\";s:9:\"info_bits\";s:1:\"0\";}i:2;O:8:\"stdClass\":15:{s:18:\"multicurrency_code\";s:3:\"EUR\";s:22:\"multicurrency_total_ht\";s:12:\"212.61000000\";s:23:\"multicurrency_total_tva\";s:11:\"42.52000000\";s:23:\"multicurrency_total_ttc\";s:12:\"255.13000000\";s:12:\"product_type\";s:1:\"1\";s:3:\"qty\";s:1:\"1\";s:6:\"tva_tx\";s:6:\"20.000\";s:12:\"localtax1_tx\";s:5:\"0.000\";s:12:\"localtax2_tx\";s:5:\"0.000\";s:8:\"total_ht\";s:12:\"212.61000000\";s:9:\"total_tva\";s:11:\"42.52000000\";s:15:\"total_localtax1\";s:10:\"0.00000000\";s:15:\"total_localtax2\";s:10:\"0.00000000\";s:9:\"total_ttc\";s:12:\"255.13000000\";s:9:\"info_bits\";s:1:\"0\";}}s:3:\"ref\";s:11:\"FA2307-1424\";s:11:\"note_public\";s:34:\"Facture d\'assistance trimestrielle\";}',15,1,0,'2023-07-07 14:07:13','AMIOT Ismaël',''),(2027,'2023-07-07 12:07:14','DOC_DOWNLOAD',1025.46000000,'feee9d795075fa0ba519bcdc5c7b4ed625fa0c610ed7886956457a10522ab8ec','ee3478d87bd86f9ccb33b72e26686b5d7c74983d0fe80f4284bcf51036946a97','facture',1665,'FA2307-1424','2023-07-07 00:00:00','O:8:\"stdClass\":11:{s:10:\"thirdparty\";O:8:\"stdClass\":14:{s:4:\"name\";s:27:\"MAIRIE DE CHASSE SUR RHÔNE\";s:7:\"address\";s:19:\"617 route de VIENNE\";s:3:\"zip\";s:5:\"38670\";s:4:\"town\";s:17:\"CHASSE SUR RHÔNE\";s:10:\"state_code\";s:2:\"38\";s:5:\"phone\";s:10:\"0472244800\";s:7:\"idprof1\";s:9:\"213800873\";s:7:\"idprof2\";s:14:\"21380087300019\";s:15:\"localtax1_value\";s:5:\"0.000\";s:15:\"localtax2_value\";s:5:\"0.000\";s:11:\"typent_code\";s:8:\"TE_ADMIN\";s:20:\"forme_juridique_code\";s:2:\"72\";s:11:\"code_client\";s:7:\"PRB0193\";s:12:\"country_code\";s:2:\"FR\";}s:9:\"mycompany\";O:8:\"stdClass\":16:{s:4:\"name\";s:29:\"PRB CONSULTANT - CLB CONSEILS\";s:7:\"address\";s:52:\"3 Chemin du Pigeonnier de la Cépière \r\nBâtiment C\";s:3:\"zip\";s:5:\"31000\";s:4:\"town\";s:8:\"TOULOUSE\";s:10:\"state_code\";s:2:\"31\";s:5:\"phone\";s:10:\"0561399926\";s:5:\"email\";s:27:\"fournisseur@clbconseils.com\";s:7:\"idprof1\";s:9:\"517911509\";s:7:\"idprof2\";s:14:\"51791150900027\";s:7:\"idprof3\";s:5:\"7022Z\";s:9:\"tva_intra\";s:13:\"FR82517911509\";s:15:\"localtax1_assuj\";i:0;s:15:\"localtax2_assuj\";i:0;s:8:\"managers\";s:14:\"PAROUTI ROMAIN\";s:7:\"capital\";s:7:\"5000.00\";s:12:\"country_code\";s:2:\"FR\";}s:4:\"date\";i:1688680800;s:4:\"type\";s:1:\"0\";s:8:\"total_ht\";s:12:\"854.55000000\";s:9:\"total_tva\";s:12:\"170.91000000\";s:9:\"total_ttc\";s:13:\"1025.46000000\";s:12:\"revenuestamp\";s:10:\"0.00000000\";s:11:\"invoiceline\";a:2:{i:1;O:8:\"stdClass\":15:{s:18:\"multicurrency_code\";s:3:\"EUR\";s:22:\"multicurrency_total_ht\";s:12:\"641.94000000\";s:23:\"multicurrency_total_tva\";s:12:\"128.39000000\";s:23:\"multicurrency_total_ttc\";s:12:\"770.33000000\";s:12:\"product_type\";s:1:\"1\";s:3:\"qty\";s:1:\"1\";s:6:\"tva_tx\";s:6:\"20.000\";s:12:\"localtax1_tx\";s:5:\"0.000\";s:12:\"localtax2_tx\";s:5:\"0.000\";s:8:\"total_ht\";s:12:\"641.94000000\";s:9:\"total_tva\";s:12:\"128.39000000\";s:15:\"total_localtax1\";s:10:\"0.00000000\";s:15:\"total_localtax2\";s:10:\"0.00000000\";s:9:\"total_ttc\";s:12:\"770.33000000\";s:9:\"info_bits\";s:1:\"0\";}i:2;O:8:\"stdClass\":15:{s:18:\"multicurrency_code\";s:3:\"EUR\";s:22:\"multicurrency_total_ht\";s:12:\"212.61000000\";s:23:\"multicurrency_total_tva\";s:11:\"42.52000000\";s:23:\"multicurrency_total_ttc\";s:12:\"255.13000000\";s:12:\"product_type\";s:1:\"1\";s:3:\"qty\";s:1:\"1\";s:6:\"tva_tx\";s:6:\"20.000\";s:12:\"localtax1_tx\";s:5:\"0.000\";s:12:\"localtax2_tx\";s:5:\"0.000\";s:8:\"total_ht\";s:12:\"212.61000000\";s:9:\"total_tva\";s:11:\"42.52000000\";s:15:\"total_localtax1\";s:10:\"0.00000000\";s:15:\"total_localtax2\";s:10:\"0.00000000\";s:9:\"total_ttc\";s:12:\"255.13000000\";s:9:\"info_bits\";s:1:\"0\";}}s:3:\"ref\";s:11:\"FA2307-1424\";s:11:\"note_public\";s:34:\"Facture d\'assistance trimestrielle\";}',15,1,0,'2023-07-07 14:07:14','AMIOT Ismaël',''),(2028,'2023-07-10 07:42:53','BILL_VALIDATE',2965.27000000,'460785483ccc02567fee92f6048de065f105bae03c25b479647c344a7ce008fa','b29852adf1f0db37327c56b02044f0554302ba8f71bc97c2f0b0d984274b58fa','facture',1666,'FA2307-1425','2023-07-10 00:00:00','O:8:\"stdClass\":10:{s:10:\"thirdparty\";O:8:\"stdClass\":15:{s:4:\"name\";s:7:\"MANUPRO\";s:7:\"address\";s:25:\"71 Impasse de l\'Espinasse\";s:3:\"zip\";s:5:\"31140\";s:4:\"town\";s:10:\"AUCAMVILLE\";s:10:\"state_code\";s:2:\"31\";s:5:\"phone\";s:10:\"0561701166\";s:7:\"idprof1\";s:9:\"404970501\";s:7:\"idprof3\";s:5:\"2899B\";s:15:\"localtax1_value\";s:5:\"0.000\";s:15:\"localtax2_value\";s:5:\"0.000\";s:7:\"capital\";s:15:\"150000.00000000\";s:11:\"typent_code\";s:9:\"TE_MEDIUM\";s:20:\"forme_juridique_code\";s:2:\"57\";s:11:\"code_client\";s:11:\"ESPRB140423\";s:12:\"country_code\";s:2:\"FR\";}s:9:\"mycompany\";O:8:\"stdClass\":16:{s:4:\"name\";s:29:\"PRB CONSULTANT - CLB CONSEILS\";s:7:\"address\";s:52:\"3 Chemin du Pigeonnier de la Cépière \r\nBâtiment C\";s:3:\"zip\";s:5:\"31000\";s:4:\"town\";s:8:\"TOULOUSE\";s:10:\"state_code\";s:2:\"31\";s:5:\"phone\";s:10:\"0561399926\";s:5:\"email\";s:27:\"fournisseur@clbconseils.com\";s:7:\"idprof1\";s:9:\"517911509\";s:7:\"idprof2\";s:14:\"51791150900027\";s:7:\"idprof3\";s:5:\"7022Z\";s:9:\"tva_intra\";s:13:\"FR82517911509\";s:15:\"localtax1_assuj\";i:0;s:15:\"localtax2_assuj\";i:0;s:8:\"managers\";s:14:\"PAROUTI ROMAIN\";s:7:\"capital\";s:7:\"5000.00\";s:12:\"country_code\";s:2:\"FR\";}s:4:\"date\";i:1688940000;s:4:\"type\";s:1:\"0\";s:8:\"total_ht\";d:2471.0599999999999;s:9:\"total_tva\";d:494.20999999999998;s:9:\"total_ttc\";d:2965.27;s:12:\"revenuestamp\";s:10:\"0.00000000\";s:11:\"invoiceline\";a:1:{i:1;O:8:\"stdClass\":15:{s:18:\"multicurrency_code\";s:3:\"EUR\";s:22:\"multicurrency_total_ht\";s:13:\"2471.06000000\";s:23:\"multicurrency_total_tva\";s:12:\"494.21000000\";s:23:\"multicurrency_total_ttc\";s:13:\"2965.27000000\";s:12:\"product_type\";s:1:\"1\";s:3:\"qty\";s:1:\"1\";s:6:\"tva_tx\";s:6:\"20.000\";s:12:\"localtax1_tx\";s:5:\"0.000\";s:12:\"localtax2_tx\";s:5:\"0.000\";s:8:\"total_ht\";s:13:\"2471.06000000\";s:9:\"total_tva\";s:12:\"494.21000000\";s:15:\"total_localtax1\";s:10:\"0.00000000\";s:15:\"total_localtax2\";s:10:\"0.00000000\";s:9:\"total_ttc\";s:13:\"2965.27000000\";s:9:\"info_bits\";s:1:\"0\";}}s:3:\"ref\";s:11:\"FA2307-1425\";}',15,1,0,'2023-07-10 09:42:53','AMIOT Ismaël',''),(2029,'2023-07-10 07:43:24','BILL_VALIDATE',2965.27000000,'92510d5edb508f397ada51c5c254993088894ce8961beaae69758be15fdd0ad2','46f43d18f01354433cd2de83813ddb12540ebea6c7eb9819f93e395f9b8e0a45','facture',1666,'FA2307-1425','2023-07-10 00:00:00','O:8:\"stdClass\":11:{s:10:\"thirdparty\";O:8:\"stdClass\":15:{s:4:\"name\";s:7:\"MANUPRO\";s:7:\"address\";s:25:\"71 Impasse de l\'Espinasse\";s:3:\"zip\";s:5:\"31140\";s:4:\"town\";s:10:\"AUCAMVILLE\";s:10:\"state_code\";s:2:\"31\";s:5:\"phone\";s:10:\"0561701166\";s:7:\"idprof1\";s:9:\"404970501\";s:7:\"idprof3\";s:5:\"2899B\";s:15:\"localtax1_value\";s:5:\"0.000\";s:15:\"localtax2_value\";s:5:\"0.000\";s:7:\"capital\";s:15:\"150000.00000000\";s:11:\"typent_code\";s:9:\"TE_MEDIUM\";s:20:\"forme_juridique_code\";s:2:\"57\";s:11:\"code_client\";s:11:\"ESPRB140423\";s:12:\"country_code\";s:2:\"FR\";}s:9:\"mycompany\";O:8:\"stdClass\":16:{s:4:\"name\";s:29:\"PRB CONSULTANT - CLB CONSEILS\";s:7:\"address\";s:52:\"3 Chemin du Pigeonnier de la Cépière \r\nBâtiment C\";s:3:\"zip\";s:5:\"31000\";s:4:\"town\";s:8:\"TOULOUSE\";s:10:\"state_code\";s:2:\"31\";s:5:\"phone\";s:10:\"0561399926\";s:5:\"email\";s:27:\"fournisseur@clbconseils.com\";s:7:\"idprof1\";s:9:\"517911509\";s:7:\"idprof2\";s:14:\"51791150900027\";s:7:\"idprof3\";s:5:\"7022Z\";s:9:\"tva_intra\";s:13:\"FR82517911509\";s:15:\"localtax1_assuj\";i:0;s:15:\"localtax2_assuj\";i:0;s:8:\"managers\";s:14:\"PAROUTI ROMAIN\";s:7:\"capital\";s:7:\"5000.00\";s:12:\"country_code\";s:2:\"FR\";}s:4:\"date\";i:1688940000;s:4:\"type\";s:1:\"0\";s:8:\"total_ht\";d:2471.0599999999999;s:9:\"total_tva\";d:494.20999999999998;s:9:\"total_ttc\";d:2965.27;s:12:\"revenuestamp\";s:10:\"0.00000000\";s:11:\"invoiceline\";a:1:{i:1;O:8:\"stdClass\":15:{s:18:\"multicurrency_code\";s:3:\"EUR\";s:22:\"multicurrency_total_ht\";s:13:\"2471.06000000\";s:23:\"multicurrency_total_tva\";s:12:\"494.21000000\";s:23:\"multicurrency_total_ttc\";s:13:\"2965.27000000\";s:12:\"product_type\";s:1:\"1\";s:3:\"qty\";s:1:\"1\";s:6:\"tva_tx\";s:6:\"20.000\";s:12:\"localtax1_tx\";s:5:\"0.000\";s:12:\"localtax2_tx\";s:5:\"0.000\";s:8:\"total_ht\";s:13:\"2471.06000000\";s:9:\"total_tva\";s:12:\"494.21000000\";s:15:\"total_localtax1\";s:10:\"0.00000000\";s:15:\"total_localtax2\";s:10:\"0.00000000\";s:9:\"total_ttc\";s:13:\"2965.27000000\";s:9:\"info_bits\";s:1:\"0\";}}s:3:\"ref\";s:11:\"FA2307-1425\";s:11:\"note_public\";s:20:\"Facture d\'honoraires\";}',15,1,0,'2023-07-10 09:43:24','AMIOT Ismaël',''),(2030,'2023-07-10 07:43:26','DOC_DOWNLOAD',2965.27000000,'4b920b3d8f6a10d19831cd5f908a0102ba25c66252c9332fa4d3b8094acbc3b2','0891a44016109ded3ef56497d4f08601098613bd8a281410e38d866f03c553ea','facture',1666,'FA2307-1425','2023-07-10 00:00:00','O:8:\"stdClass\":11:{s:10:\"thirdparty\";O:8:\"stdClass\":15:{s:4:\"name\";s:7:\"MANUPRO\";s:7:\"address\";s:25:\"71 Impasse de l\'Espinasse\";s:3:\"zip\";s:5:\"31140\";s:4:\"town\";s:10:\"AUCAMVILLE\";s:10:\"state_code\";s:2:\"31\";s:5:\"phone\";s:10:\"0561701166\";s:7:\"idprof1\";s:9:\"404970501\";s:7:\"idprof3\";s:5:\"2899B\";s:15:\"localtax1_value\";s:5:\"0.000\";s:15:\"localtax2_value\";s:5:\"0.000\";s:7:\"capital\";s:15:\"150000.00000000\";s:11:\"typent_code\";s:9:\"TE_MEDIUM\";s:20:\"forme_juridique_code\";s:2:\"57\";s:11:\"code_client\";s:11:\"ESPRB140423\";s:12:\"country_code\";s:2:\"FR\";}s:9:\"mycompany\";O:8:\"stdClass\":16:{s:4:\"name\";s:29:\"PRB CONSULTANT - CLB CONSEILS\";s:7:\"address\";s:52:\"3 Chemin du Pigeonnier de la Cépière \r\nBâtiment C\";s:3:\"zip\";s:5:\"31000\";s:4:\"town\";s:8:\"TOULOUSE\";s:10:\"state_code\";s:2:\"31\";s:5:\"phone\";s:10:\"0561399926\";s:5:\"email\";s:27:\"fournisseur@clbconseils.com\";s:7:\"idprof1\";s:9:\"517911509\";s:7:\"idprof2\";s:14:\"51791150900027\";s:7:\"idprof3\";s:5:\"7022Z\";s:9:\"tva_intra\";s:13:\"FR82517911509\";s:15:\"localtax1_assuj\";i:0;s:15:\"localtax2_assuj\";i:0;s:8:\"managers\";s:14:\"PAROUTI ROMAIN\";s:7:\"capital\";s:7:\"5000.00\";s:12:\"country_code\";s:2:\"FR\";}s:4:\"date\";i:1688940000;s:4:\"type\";s:1:\"0\";s:8:\"total_ht\";s:13:\"2471.06000000\";s:9:\"total_tva\";s:12:\"494.21000000\";s:9:\"total_ttc\";s:13:\"2965.27000000\";s:12:\"revenuestamp\";s:10:\"0.00000000\";s:11:\"invoiceline\";a:1:{i:1;O:8:\"stdClass\":15:{s:18:\"multicurrency_code\";s:3:\"EUR\";s:22:\"multicurrency_total_ht\";s:13:\"2471.06000000\";s:23:\"multicurrency_total_tva\";s:12:\"494.21000000\";s:23:\"multicurrency_total_ttc\";s:13:\"2965.27000000\";s:12:\"product_type\";s:1:\"1\";s:3:\"qty\";s:1:\"1\";s:6:\"tva_tx\";s:6:\"20.000\";s:12:\"localtax1_tx\";s:5:\"0.000\";s:12:\"localtax2_tx\";s:5:\"0.000\";s:8:\"total_ht\";s:13:\"2471.06000000\";s:9:\"total_tva\";s:12:\"494.21000000\";s:15:\"total_localtax1\";s:10:\"0.00000000\";s:15:\"total_localtax2\";s:10:\"0.00000000\";s:9:\"total_ttc\";s:13:\"2965.27000000\";s:9:\"info_bits\";s:1:\"0\";}}s:3:\"ref\";s:11:\"FA2307-1425\";s:11:\"note_public\";s:20:\"Facture d\'honoraires\";}',15,1,0,'2023-07-10 09:43:26','AMIOT Ismaël',''),(2031,'2023-07-10 08:43:02','BILL_VALIDATE',6651.60000000,'af0cec277aaf7a0de45f3191b94348f12ce80267aec35db6b48f980f4e09fa3f','2fbb98be533a59366620306a6f482b8d6e2761dacce267666128294bce801ae4','facture',1667,'FA2307-1426','2023-07-10 00:00:00','O:8:\"stdClass\":11:{s:10:\"thirdparty\";O:8:\"stdClass\":12:{s:4:\"name\";s:15:\"ITEP LES EVENTS\";s:7:\"address\";s:15:\"4 rue du Saison\";s:3:\"zip\";s:5:\"64190\";s:4:\"town\";s:9:\"RIVEHAUTE\";s:5:\"phone\";s:10:\"0559386717\";s:5:\"email\";s:24:\"secretariat@lesevents.fr\";s:7:\"idprof1\";s:9:\"324666403\";s:7:\"idprof3\";s:5:\"8710B\";s:15:\"localtax1_value\";s:5:\"0.000\";s:15:\"localtax2_value\";s:5:\"0.000\";s:11:\"code_client\";s:8:\"07042022\";s:12:\"country_code\";s:2:\"FR\";}s:9:\"mycompany\";O:8:\"stdClass\":16:{s:4:\"name\";s:29:\"PRB CONSULTANT - CLB CONSEILS\";s:7:\"address\";s:52:\"3 Chemin du Pigeonnier de la Cépière \r\nBâtiment C\";s:3:\"zip\";s:5:\"31000\";s:4:\"town\";s:8:\"TOULOUSE\";s:10:\"state_code\";s:2:\"31\";s:5:\"phone\";s:10:\"0561399926\";s:5:\"email\";s:27:\"fournisseur@clbconseils.com\";s:7:\"idprof1\";s:9:\"517911509\";s:7:\"idprof2\";s:14:\"51791150900027\";s:7:\"idprof3\";s:5:\"7022Z\";s:9:\"tva_intra\";s:13:\"FR82517911509\";s:15:\"localtax1_assuj\";i:0;s:15:\"localtax2_assuj\";i:0;s:8:\"managers\";s:14:\"PAROUTI ROMAIN\";s:7:\"capital\";s:7:\"5000.00\";s:12:\"country_code\";s:2:\"FR\";}s:4:\"date\";i:1688940000;s:4:\"type\";s:1:\"0\";s:8:\"total_ht\";d:5543;s:9:\"total_tva\";d:1108.5999999999999;s:9:\"total_ttc\";d:6651.6000000000004;s:12:\"revenuestamp\";s:10:\"0.00000000\";s:11:\"invoiceline\";a:1:{i:1;O:8:\"stdClass\":15:{s:18:\"multicurrency_code\";s:3:\"EUR\";s:22:\"multicurrency_total_ht\";s:13:\"5543.00000000\";s:23:\"multicurrency_total_tva\";s:13:\"1108.60000000\";s:23:\"multicurrency_total_ttc\";s:13:\"6651.60000000\";s:12:\"product_type\";s:1:\"1\";s:3:\"qty\";s:1:\"1\";s:6:\"tva_tx\";s:6:\"20.000\";s:12:\"localtax1_tx\";s:5:\"0.000\";s:12:\"localtax2_tx\";s:5:\"0.000\";s:8:\"total_ht\";s:13:\"5543.00000000\";s:9:\"total_tva\";s:13:\"1108.60000000\";s:15:\"total_localtax1\";s:10:\"0.00000000\";s:15:\"total_localtax2\";s:10:\"0.00000000\";s:9:\"total_ttc\";s:13:\"6651.60000000\";s:9:\"info_bits\";s:1:\"0\";}}s:3:\"ref\";s:11:\"FA2307-1426\";s:11:\"note_public\";s:20:\"Facture d\'honoraires\";}',15,1,0,'2023-07-10 10:43:02','AMIOT Ismaël',''),(2032,'2023-07-10 08:44:40','DOC_DOWNLOAD',6651.60000000,'739c2a099f56107f6a7180304f96047a1e477b18fe84a65074db037e9236a6c1','17f45c4e364d4603921f433ad42b1e80899352de2633190f03e1eb458c2f1962','facture',1667,'FA2307-1426','2023-07-10 00:00:00','O:8:\"stdClass\":11:{s:10:\"thirdparty\";O:8:\"stdClass\":12:{s:4:\"name\";s:15:\"ITEP LES EVENTS\";s:7:\"address\";s:15:\"4 rue du Saison\";s:3:\"zip\";s:5:\"64190\";s:4:\"town\";s:9:\"RIVEHAUTE\";s:5:\"phone\";s:10:\"0559386717\";s:5:\"email\";s:24:\"secretariat@lesevents.fr\";s:7:\"idprof1\";s:9:\"324666403\";s:7:\"idprof3\";s:5:\"8710B\";s:15:\"localtax1_value\";s:5:\"0.000\";s:15:\"localtax2_value\";s:5:\"0.000\";s:11:\"code_client\";s:8:\"07042022\";s:12:\"country_code\";s:2:\"FR\";}s:9:\"mycompany\";O:8:\"stdClass\":16:{s:4:\"name\";s:29:\"PRB CONSULTANT - CLB CONSEILS\";s:7:\"address\";s:52:\"3 Chemin du Pigeonnier de la Cépière \r\nBâtiment C\";s:3:\"zip\";s:5:\"31000\";s:4:\"town\";s:8:\"TOULOUSE\";s:10:\"state_code\";s:2:\"31\";s:5:\"phone\";s:10:\"0561399926\";s:5:\"email\";s:27:\"fournisseur@clbconseils.com\";s:7:\"idprof1\";s:9:\"517911509\";s:7:\"idprof2\";s:14:\"51791150900027\";s:7:\"idprof3\";s:5:\"7022Z\";s:9:\"tva_intra\";s:13:\"FR82517911509\";s:15:\"localtax1_assuj\";i:0;s:15:\"localtax2_assuj\";i:0;s:8:\"managers\";s:14:\"PAROUTI ROMAIN\";s:7:\"capital\";s:7:\"5000.00\";s:12:\"country_code\";s:2:\"FR\";}s:4:\"date\";i:1688940000;s:4:\"type\";s:1:\"0\";s:8:\"total_ht\";s:13:\"5543.00000000\";s:9:\"total_tva\";s:13:\"1108.60000000\";s:9:\"total_ttc\";s:13:\"6651.60000000\";s:12:\"revenuestamp\";s:10:\"0.00000000\";s:11:\"invoiceline\";a:1:{i:1;O:8:\"stdClass\":15:{s:18:\"multicurrency_code\";s:3:\"EUR\";s:22:\"multicurrency_total_ht\";s:13:\"5543.00000000\";s:23:\"multicurrency_total_tva\";s:13:\"1108.60000000\";s:23:\"multicurrency_total_ttc\";s:13:\"6651.60000000\";s:12:\"product_type\";s:1:\"1\";s:3:\"qty\";s:1:\"1\";s:6:\"tva_tx\";s:6:\"20.000\";s:12:\"localtax1_tx\";s:5:\"0.000\";s:12:\"localtax2_tx\";s:5:\"0.000\";s:8:\"total_ht\";s:13:\"5543.00000000\";s:9:\"total_tva\";s:13:\"1108.60000000\";s:15:\"total_localtax1\";s:10:\"0.00000000\";s:15:\"total_localtax2\";s:10:\"0.00000000\";s:9:\"total_ttc\";s:13:\"6651.60000000\";s:9:\"info_bits\";s:1:\"0\";}}s:3:\"ref\";s:11:\"FA2307-1426\";s:11:\"note_public\";s:20:\"Facture d\'honoraires\";}',15,1,0,'2023-07-10 10:44:40','AMIOT Ismaël',''),(2033,'2023-07-10 08:51:37','BILL_VALIDATE',6037.50000000,'e747c5b881cbb2cd7ce4a3d4e240503e4905fe1080e802720631409957d8ce12','f422271dcc7fcfd4ed970aa671465caaa134d7d0aaa3d68b221a7353e2b0591e','facture',1668,'FA2307-1427','2023-07-10 00:00:00','O:8:\"stdClass\":11:{s:10:\"thirdparty\";O:8:\"stdClass\":10:{s:4:\"name\";s:40:\"COMMUNAUTE AGGLOMERATION CASTRES MAZAMET\";s:7:\"address\";s:15:\"LE CAUSSE 81100\";s:3:\"zip\";s:5:\"81100\";s:4:\"town\";s:7:\"CASTRES\";s:7:\"idprof1\";s:9:\"248100430\";s:7:\"idprof2\";s:14:\"24810043000045\";s:15:\"localtax1_value\";s:5:\"0.000\";s:15:\"localtax2_value\";s:5:\"0.000\";s:11:\"code_client\";s:8:\"RP072023\";s:12:\"country_code\";s:2:\"FR\";}s:9:\"mycompany\";O:8:\"stdClass\":16:{s:4:\"name\";s:29:\"PRB CONSULTANT - CLB CONSEILS\";s:7:\"address\";s:52:\"3 Chemin du Pigeonnier de la Cépière \r\nBâtiment C\";s:3:\"zip\";s:5:\"31000\";s:4:\"town\";s:8:\"TOULOUSE\";s:10:\"state_code\";s:2:\"31\";s:5:\"phone\";s:10:\"0561399926\";s:5:\"email\";s:27:\"fournisseur@clbconseils.com\";s:7:\"idprof1\";s:9:\"517911509\";s:7:\"idprof2\";s:14:\"51791150900027\";s:7:\"idprof3\";s:5:\"7022Z\";s:9:\"tva_intra\";s:13:\"FR82517911509\";s:15:\"localtax1_assuj\";i:0;s:15:\"localtax2_assuj\";i:0;s:8:\"managers\";s:14:\"PAROUTI ROMAIN\";s:7:\"capital\";s:7:\"5000.00\";s:12:\"country_code\";s:2:\"FR\";}s:4:\"date\";i:1688940000;s:4:\"type\";s:1:\"0\";s:8:\"total_ht\";d:5031.25;s:9:\"total_tva\";d:1006.25;s:9:\"total_ttc\";d:6037.5;s:12:\"revenuestamp\";s:10:\"0.00000000\";s:11:\"invoiceline\";a:1:{i:1;O:8:\"stdClass\":15:{s:18:\"multicurrency_code\";s:3:\"EUR\";s:22:\"multicurrency_total_ht\";s:13:\"5031.25000000\";s:23:\"multicurrency_total_tva\";s:13:\"1006.25000000\";s:23:\"multicurrency_total_ttc\";s:13:\"6037.50000000\";s:12:\"product_type\";s:1:\"1\";s:3:\"qty\";s:1:\"1\";s:6:\"tva_tx\";s:6:\"20.000\";s:12:\"localtax1_tx\";s:5:\"0.000\";s:12:\"localtax2_tx\";s:5:\"0.000\";s:8:\"total_ht\";s:13:\"5031.25000000\";s:9:\"total_tva\";s:13:\"1006.25000000\";s:15:\"total_localtax1\";s:10:\"0.00000000\";s:15:\"total_localtax2\";s:10:\"0.00000000\";s:9:\"total_ttc\";s:13:\"6037.50000000\";s:9:\"info_bits\";s:1:\"0\";}}s:3:\"ref\";s:11:\"FA2307-1427\";s:11:\"note_public\";s:20:\"Facture d\'honoraires\";}',15,1,0,'2023-07-10 10:51:37','AMIOT Ismaël',''),(2034,'2023-07-10 08:51:38','DOC_DOWNLOAD',6037.50000000,'90908b8739a6482f230a63c92b6bd87509edce6685f66cb624780a80364eebe9','2cec3121843e58b5568b8e55db8acb1e2f0b196c6ba007157f50c016eaf81c24','facture',1668,'FA2307-1427','2023-07-10 00:00:00','O:8:\"stdClass\":11:{s:10:\"thirdparty\";O:8:\"stdClass\":10:{s:4:\"name\";s:40:\"COMMUNAUTE AGGLOMERATION CASTRES MAZAMET\";s:7:\"address\";s:15:\"LE CAUSSE 81100\";s:3:\"zip\";s:5:\"81100\";s:4:\"town\";s:7:\"CASTRES\";s:7:\"idprof1\";s:9:\"248100430\";s:7:\"idprof2\";s:14:\"24810043000045\";s:15:\"localtax1_value\";s:5:\"0.000\";s:15:\"localtax2_value\";s:5:\"0.000\";s:11:\"code_client\";s:8:\"RP072023\";s:12:\"country_code\";s:2:\"FR\";}s:9:\"mycompany\";O:8:\"stdClass\":16:{s:4:\"name\";s:29:\"PRB CONSULTANT - CLB CONSEILS\";s:7:\"address\";s:52:\"3 Chemin du Pigeonnier de la Cépière \r\nBâtiment C\";s:3:\"zip\";s:5:\"31000\";s:4:\"town\";s:8:\"TOULOUSE\";s:10:\"state_code\";s:2:\"31\";s:5:\"phone\";s:10:\"0561399926\";s:5:\"email\";s:27:\"fournisseur@clbconseils.com\";s:7:\"idprof1\";s:9:\"517911509\";s:7:\"idprof2\";s:14:\"51791150900027\";s:7:\"idprof3\";s:5:\"7022Z\";s:9:\"tva_intra\";s:13:\"FR82517911509\";s:15:\"localtax1_assuj\";i:0;s:15:\"localtax2_assuj\";i:0;s:8:\"managers\";s:14:\"PAROUTI ROMAIN\";s:7:\"capital\";s:7:\"5000.00\";s:12:\"country_code\";s:2:\"FR\";}s:4:\"date\";i:1688940000;s:4:\"type\";s:1:\"0\";s:8:\"total_ht\";s:13:\"5031.25000000\";s:9:\"total_tva\";s:13:\"1006.25000000\";s:9:\"total_ttc\";s:13:\"6037.50000000\";s:12:\"revenuestamp\";s:10:\"0.00000000\";s:11:\"invoiceline\";a:1:{i:1;O:8:\"stdClass\":15:{s:18:\"multicurrency_code\";s:3:\"EUR\";s:22:\"multicurrency_total_ht\";s:13:\"5031.25000000\";s:23:\"multicurrency_total_tva\";s:13:\"1006.25000000\";s:23:\"multicurrency_total_ttc\";s:13:\"6037.50000000\";s:12:\"product_type\";s:1:\"1\";s:3:\"qty\";s:1:\"1\";s:6:\"tva_tx\";s:6:\"20.000\";s:12:\"localtax1_tx\";s:5:\"0.000\";s:12:\"localtax2_tx\";s:5:\"0.000\";s:8:\"total_ht\";s:13:\"5031.25000000\";s:9:\"total_tva\";s:13:\"1006.25000000\";s:15:\"total_localtax1\";s:10:\"0.00000000\";s:15:\"total_localtax2\";s:10:\"0.00000000\";s:9:\"total_ttc\";s:13:\"6037.50000000\";s:9:\"info_bits\";s:1:\"0\";}}s:3:\"ref\";s:11:\"FA2307-1427\";s:11:\"note_public\";s:20:\"Facture d\'honoraires\";}',15,1,0,'2023-07-10 10:51:38','AMIOT Ismaël',''),(2035,'2023-07-10 08:56:15','DOC_DOWNLOAD',6037.50000000,'2b9a7fd458cd4427891a8b79539300b0c711f31ac8b7406a6fa19b4e79a47595','3648266746bc3e2dd21d04f85b5203e83353bc293ea0bb94a47b62e6503d9336','facture',1668,'FA2307-1427','2023-07-10 00:00:00','O:8:\"stdClass\":11:{s:10:\"thirdparty\";O:8:\"stdClass\":10:{s:4:\"name\";s:40:\"COMMUNAUTE AGGLOMERATION CASTRES MAZAMET\";s:7:\"address\";s:15:\"LE CAUSSE 81100\";s:3:\"zip\";s:5:\"81100\";s:4:\"town\";s:7:\"CASTRES\";s:7:\"idprof1\";s:9:\"248100430\";s:7:\"idprof2\";s:14:\"24810043000045\";s:15:\"localtax1_value\";s:5:\"0.000\";s:15:\"localtax2_value\";s:5:\"0.000\";s:11:\"code_client\";s:8:\"RP072023\";s:12:\"country_code\";s:2:\"FR\";}s:9:\"mycompany\";O:8:\"stdClass\":16:{s:4:\"name\";s:29:\"PRB CONSULTANT - CLB CONSEILS\";s:7:\"address\";s:52:\"3 Chemin du Pigeonnier de la Cépière \r\nBâtiment C\";s:3:\"zip\";s:5:\"31000\";s:4:\"town\";s:8:\"TOULOUSE\";s:10:\"state_code\";s:2:\"31\";s:5:\"phone\";s:10:\"0561399926\";s:5:\"email\";s:27:\"fournisseur@clbconseils.com\";s:7:\"idprof1\";s:9:\"517911509\";s:7:\"idprof2\";s:14:\"51791150900027\";s:7:\"idprof3\";s:5:\"7022Z\";s:9:\"tva_intra\";s:13:\"FR82517911509\";s:15:\"localtax1_assuj\";i:0;s:15:\"localtax2_assuj\";i:0;s:8:\"managers\";s:14:\"PAROUTI ROMAIN\";s:7:\"capital\";s:7:\"5000.00\";s:12:\"country_code\";s:2:\"FR\";}s:4:\"date\";i:1688940000;s:4:\"type\";s:1:\"0\";s:8:\"total_ht\";s:13:\"5031.25000000\";s:9:\"total_tva\";s:13:\"1006.25000000\";s:9:\"total_ttc\";s:13:\"6037.50000000\";s:12:\"revenuestamp\";s:10:\"0.00000000\";s:11:\"invoiceline\";a:1:{i:1;O:8:\"stdClass\":15:{s:18:\"multicurrency_code\";s:3:\"EUR\";s:22:\"multicurrency_total_ht\";s:13:\"5031.25000000\";s:23:\"multicurrency_total_tva\";s:13:\"1006.25000000\";s:23:\"multicurrency_total_ttc\";s:13:\"6037.50000000\";s:12:\"product_type\";s:1:\"1\";s:3:\"qty\";s:1:\"1\";s:6:\"tva_tx\";s:6:\"20.000\";s:12:\"localtax1_tx\";s:5:\"0.000\";s:12:\"localtax2_tx\";s:5:\"0.000\";s:8:\"total_ht\";s:13:\"5031.25000000\";s:9:\"total_tva\";s:13:\"1006.25000000\";s:15:\"total_localtax1\";s:10:\"0.00000000\";s:15:\"total_localtax2\";s:10:\"0.00000000\";s:9:\"total_ttc\";s:13:\"6037.50000000\";s:9:\"info_bits\";s:1:\"0\";}}s:3:\"ref\";s:11:\"FA2307-1427\";s:11:\"note_public\";s:20:\"Facture d\'honoraires\";}',15,1,0,'2023-07-10 10:56:15','AMIOT Ismaël',''),(2036,'2023-07-10 09:02:55','PAYMENT_CUSTOMER_CREATE',2400.00000000,'269d9b20921dde247c9e8f443da6b93ab4a83f88a482fca628ef9c96b2611ee2','37c4a6e859ae52f64e7f0651ce7db9305194510bea9c5e296e394d8ffe6f711e','payment',1393,'','2023-07-07 12:00:00','O:8:\"stdClass\":7:{s:10:\"thirdparty\";O:8:\"stdClass\":12:{s:4:\"name\";s:26:\"ORDRE DES AVOCATS Toulouse\";s:7:\"address\";s:17:\"13 rue des Fleurs\";s:3:\"zip\";s:5:\"31000\";s:4:\"town\";s:8:\"TOULOUSE\";s:10:\"state_code\";s:2:\"31\";s:5:\"phone\";s:10:\"0561149152\";s:7:\"idprof1\";s:9:\"776940165\";s:7:\"idprof3\";s:5:\"9412Z\";s:15:\"localtax1_value\";s:5:\"0.000\";s:15:\"localtax2_value\";s:5:\"0.000\";s:11:\"typent_code\";s:8:\"TE_OTHER\";s:12:\"country_code\";s:2:\"FR\";}s:9:\"mycompany\";O:8:\"stdClass\":16:{s:4:\"name\";s:29:\"PRB CONSULTANT - CLB CONSEILS\";s:7:\"address\";s:52:\"3 Chemin du Pigeonnier de la Cépière \r\nBâtiment C\";s:3:\"zip\";s:5:\"31000\";s:4:\"town\";s:8:\"TOULOUSE\";s:10:\"state_code\";s:2:\"31\";s:5:\"phone\";s:10:\"0561399926\";s:5:\"email\";s:27:\"fournisseur@clbconseils.com\";s:7:\"idprof1\";s:9:\"517911509\";s:7:\"idprof2\";s:14:\"51791150900027\";s:7:\"idprof3\";s:5:\"7022Z\";s:9:\"tva_intra\";s:13:\"FR82517911509\";s:15:\"localtax1_assuj\";i:0;s:15:\"localtax2_assuj\";i:0;s:8:\"managers\";s:14:\"PAROUTI ROMAIN\";s:7:\"capital\";s:7:\"5000.00\";s:12:\"country_code\";s:2:\"FR\";}s:3:\"ref\";s:0:\"\";s:4:\"date\";i:1688724000;s:9:\"type_code\";s:3:\"VIR\";s:12:\"payment_part\";a:1:{i:1;O:8:\"stdClass\":3:{s:6:\"amount\";s:4:\"2400\";s:10:\"thirdparty\";O:8:\"stdClass\":12:{s:4:\"name\";s:26:\"ORDRE DES AVOCATS Toulouse\";s:7:\"address\";s:17:\"13 rue des Fleurs\";s:3:\"zip\";s:5:\"31000\";s:4:\"town\";s:8:\"TOULOUSE\";s:10:\"state_code\";s:2:\"31\";s:5:\"phone\";s:10:\"0561149152\";s:7:\"idprof1\";s:9:\"776940165\";s:7:\"idprof3\";s:5:\"9412Z\";s:15:\"localtax1_value\";s:5:\"0.000\";s:15:\"localtax2_value\";s:5:\"0.000\";s:11:\"typent_code\";s:8:\"TE_OTHER\";s:12:\"country_code\";s:2:\"FR\";}s:7:\"invoice\";O:8:\"stdClass\":7:{s:4:\"date\";i:1688421600;s:4:\"type\";s:1:\"3\";s:8:\"total_ht\";s:13:\"2000.00000000\";s:9:\"total_tva\";s:12:\"400.00000000\";s:9:\"total_ttc\";s:13:\"2400.00000000\";s:12:\"revenuestamp\";s:10:\"0.00000000\";s:3:\"ref\";s:11:\"AC2307-0017\";}}}s:6:\"amount\";i:2400;}',15,1,0,'2023-07-10 11:02:55','AMIOT Ismaël',''),(2037,'2023-07-10 09:05:00','PAYMENT_CUSTOMER_CREATE',414.00000000,'c461b3f155687f38953880aca6725615458d7d16056eb887d19bd66f2873f643','c5d1a99e533f96fb66c450c4a6ba9114de4cfd52426b3b980c4e7514c5b4b3a7','payment',1394,'','2023-07-07 12:00:00','O:8:\"stdClass\":7:{s:10:\"thirdparty\";O:8:\"stdClass\":14:{s:4:\"name\";s:11:\"AD PEP AUDE\";s:7:\"address\";s:16:\"6 rue Emile Zola\";s:3:\"zip\";s:5:\"11000\";s:4:\"town\";s:11:\"CARCASSONNE\";s:10:\"state_code\";s:2:\"11\";s:5:\"phone\";s:10:\"0468112050\";s:5:\"email\";s:19:\"direction@pep11.org\";s:7:\"idprof1\";s:9:\"775555675\";s:15:\"localtax1_value\";s:5:\"0.000\";s:15:\"localtax2_value\";s:5:\"0.000\";s:7:\"capital\";s:10:\"0.00000000\";s:11:\"typent_code\";s:8:\"TE_OTHER\";s:11:\"code_client\";s:8:\"RP100715\";s:12:\"country_code\";s:2:\"FR\";}s:9:\"mycompany\";O:8:\"stdClass\":16:{s:4:\"name\";s:29:\"PRB CONSULTANT - CLB CONSEILS\";s:7:\"address\";s:52:\"3 Chemin du Pigeonnier de la Cépière \r\nBâtiment C\";s:3:\"zip\";s:5:\"31000\";s:4:\"town\";s:8:\"TOULOUSE\";s:10:\"state_code\";s:2:\"31\";s:5:\"phone\";s:10:\"0561399926\";s:5:\"email\";s:27:\"fournisseur@clbconseils.com\";s:7:\"idprof1\";s:9:\"517911509\";s:7:\"idprof2\";s:14:\"51791150900027\";s:7:\"idprof3\";s:5:\"7022Z\";s:9:\"tva_intra\";s:13:\"FR82517911509\";s:15:\"localtax1_assuj\";i:0;s:15:\"localtax2_assuj\";i:0;s:8:\"managers\";s:14:\"PAROUTI ROMAIN\";s:7:\"capital\";s:7:\"5000.00\";s:12:\"country_code\";s:2:\"FR\";}s:3:\"ref\";s:0:\"\";s:4:\"date\";i:1688724000;s:9:\"type_code\";s:3:\"VIR\";s:12:\"payment_part\";a:1:{i:1;O:8:\"stdClass\":3:{s:6:\"amount\";s:3:\"414\";s:10:\"thirdparty\";O:8:\"stdClass\":14:{s:4:\"name\";s:11:\"AD PEP AUDE\";s:7:\"address\";s:16:\"6 rue Emile Zola\";s:3:\"zip\";s:5:\"11000\";s:4:\"town\";s:11:\"CARCASSONNE\";s:10:\"state_code\";s:2:\"11\";s:5:\"phone\";s:10:\"0468112050\";s:5:\"email\";s:19:\"direction@pep11.org\";s:7:\"idprof1\";s:9:\"775555675\";s:15:\"localtax1_value\";s:5:\"0.000\";s:15:\"localtax2_value\";s:5:\"0.000\";s:7:\"capital\";s:10:\"0.00000000\";s:11:\"typent_code\";s:8:\"TE_OTHER\";s:11:\"code_client\";s:8:\"RP100715\";s:12:\"country_code\";s:2:\"FR\";}s:7:\"invoice\";O:8:\"stdClass\":8:{s:4:\"date\";i:1688421600;s:4:\"type\";s:1:\"0\";s:8:\"total_ht\";s:12:\"345.00000000\";s:9:\"total_tva\";s:11:\"69.00000000\";s:9:\"total_ttc\";s:12:\"414.00000000\";s:12:\"revenuestamp\";s:10:\"0.00000000\";s:3:\"ref\";s:11:\"FA2307-1405\";s:11:\"note_public\";s:32:\"Facture Assistance trimestrielle\";}}}s:6:\"amount\";i:414;}',15,1,0,'2023-07-10 11:05:00','AMIOT Ismaël',''),(2038,'2023-07-10 09:06:07','PAYMENT_CUSTOMER_CREATE',543.74000000,'92da930b04b6a28f337492ff8262c0e1992278bc8d6dd31047973a6d79c53e6d','6d75ab5cd6de1698ff83aff6d7266be975df27de1bcd0b971ebf7da3653f59f5','payment',1395,'','2023-07-07 12:00:00','O:8:\"stdClass\":7:{s:10:\"thirdparty\";O:8:\"stdClass\":14:{s:4:\"name\";s:4:\"PACR\";s:10:\"name_alias\";s:10:\"GROUPE PAC\";s:7:\"address\";s:19:\"47 Avenue Lavoisier\";s:3:\"zip\";s:5:\"13340\";s:4:\"town\";s:6:\"ROGNAC\";s:10:\"state_code\";s:2:\"13\";s:7:\"idprof1\";s:9:\"533938346\";s:7:\"idprof2\";s:14:\"53393834600012\";s:15:\"localtax1_value\";s:5:\"0.000\";s:15:\"localtax2_value\";s:5:\"0.000\";s:7:\"capital\";s:15:\"250000.00000000\";s:11:\"typent_code\";s:9:\"TE_MEDIUM\";s:20:\"forme_juridique_code\";s:2:\"57\";s:12:\"country_code\";s:2:\"FR\";}s:9:\"mycompany\";O:8:\"stdClass\":16:{s:4:\"name\";s:29:\"PRB CONSULTANT - CLB CONSEILS\";s:7:\"address\";s:52:\"3 Chemin du Pigeonnier de la Cépière \r\nBâtiment C\";s:3:\"zip\";s:5:\"31000\";s:4:\"town\";s:8:\"TOULOUSE\";s:10:\"state_code\";s:2:\"31\";s:5:\"phone\";s:10:\"0561399926\";s:5:\"email\";s:27:\"fournisseur@clbconseils.com\";s:7:\"idprof1\";s:9:\"517911509\";s:7:\"idprof2\";s:14:\"51791150900027\";s:7:\"idprof3\";s:5:\"7022Z\";s:9:\"tva_intra\";s:13:\"FR82517911509\";s:15:\"localtax1_assuj\";i:0;s:15:\"localtax2_assuj\";i:0;s:8:\"managers\";s:14:\"PAROUTI ROMAIN\";s:7:\"capital\";s:7:\"5000.00\";s:12:\"country_code\";s:2:\"FR\";}s:3:\"ref\";s:0:\"\";s:4:\"date\";i:1688724000;s:9:\"type_code\";s:3:\"VIR\";s:12:\"payment_part\";a:1:{i:1;O:8:\"stdClass\":3:{s:6:\"amount\";s:6:\"543.74\";s:10:\"thirdparty\";O:8:\"stdClass\":14:{s:4:\"name\";s:4:\"PACR\";s:10:\"name_alias\";s:10:\"GROUPE PAC\";s:7:\"address\";s:19:\"47 Avenue Lavoisier\";s:3:\"zip\";s:5:\"13340\";s:4:\"town\";s:6:\"ROGNAC\";s:10:\"state_code\";s:2:\"13\";s:7:\"idprof1\";s:9:\"533938346\";s:7:\"idprof2\";s:14:\"53393834600012\";s:15:\"localtax1_value\";s:5:\"0.000\";s:15:\"localtax2_value\";s:5:\"0.000\";s:7:\"capital\";s:15:\"250000.00000000\";s:11:\"typent_code\";s:9:\"TE_MEDIUM\";s:20:\"forme_juridique_code\";s:2:\"57\";s:12:\"country_code\";s:2:\"FR\";}s:7:\"invoice\";O:8:\"stdClass\":8:{s:4:\"date\";i:1688421600;s:4:\"type\";s:1:\"0\";s:8:\"total_ht\";s:12:\"453.12000000\";s:9:\"total_tva\";s:11:\"90.62000000\";s:9:\"total_ttc\";s:12:\"543.74000000\";s:12:\"revenuestamp\";s:10:\"0.00000000\";s:3:\"ref\";s:11:\"FA2307-1418\";s:11:\"note_public\";s:53:\"Facture d\'assistance trimestrielle - Terme à échoir\";}}}s:6:\"amount\";d:543.74000000000001;}',15,1,0,'2023-07-10 11:06:07','AMIOT Ismaël',''),(2039,'2023-07-10 09:07:53','PAYMENT_CUSTOMER_CREATE',3240.00000000,'d2b044f498ce26136a92ff9d32061f5dbb3eac7659969e5b06b015b44ce56d32','86c4b025dc431b2024a62fe6c2b34daf5007df8f384c1436487ff6e8e628fe61','payment',1396,'','2023-07-10 12:00:00','O:8:\"stdClass\":7:{s:10:\"thirdparty\";O:8:\"stdClass\":15:{s:4:\"name\";s:11:\"ASTEN SANTE\";s:7:\"address\";s:32:\"24 rue Léon GAUMONT\r\n\r\nCS 80261\";s:3:\"zip\";s:5:\"44702\";s:4:\"town\";s:13:\"ORVAULT Cedex\";s:10:\"state_code\";s:2:\"44\";s:5:\"phone\";s:10:\"0969397530\";s:5:\"email\";s:22:\"contact@astensante.com\";s:7:\"idprof1\";s:9:\"513565887\";s:7:\"idprof3\";s:5:\"6420Z\";s:15:\"localtax1_value\";s:5:\"0.000\";s:15:\"localtax2_value\";s:5:\"0.000\";s:7:\"capital\";s:17:\"29275521.00000000\";s:11:\"typent_code\";s:8:\"TE_GROUP\";s:11:\"code_client\";s:7:\"PRB0160\";s:12:\"country_code\";s:2:\"FR\";}s:9:\"mycompany\";O:8:\"stdClass\":16:{s:4:\"name\";s:29:\"PRB CONSULTANT - CLB CONSEILS\";s:7:\"address\";s:52:\"3 Chemin du Pigeonnier de la Cépière \r\nBâtiment C\";s:3:\"zip\";s:5:\"31000\";s:4:\"town\";s:8:\"TOULOUSE\";s:10:\"state_code\";s:2:\"31\";s:5:\"phone\";s:10:\"0561399926\";s:5:\"email\";s:27:\"fournisseur@clbconseils.com\";s:7:\"idprof1\";s:9:\"517911509\";s:7:\"idprof2\";s:14:\"51791150900027\";s:7:\"idprof3\";s:5:\"7022Z\";s:9:\"tva_intra\";s:13:\"FR82517911509\";s:15:\"localtax1_assuj\";i:0;s:15:\"localtax2_assuj\";i:0;s:8:\"managers\";s:14:\"PAROUTI ROMAIN\";s:7:\"capital\";s:7:\"5000.00\";s:12:\"country_code\";s:2:\"FR\";}s:3:\"ref\";s:0:\"\";s:4:\"date\";i:1688983200;s:9:\"type_code\";s:3:\"VIR\";s:12:\"payment_part\";a:1:{i:1;O:8:\"stdClass\":3:{s:6:\"amount\";s:4:\"3240\";s:10:\"thirdparty\";O:8:\"stdClass\":15:{s:4:\"name\";s:11:\"ASTEN SANTE\";s:7:\"address\";s:32:\"24 rue Léon GAUMONT\r\n\r\nCS 80261\";s:3:\"zip\";s:5:\"44702\";s:4:\"town\";s:13:\"ORVAULT Cedex\";s:10:\"state_code\";s:2:\"44\";s:5:\"phone\";s:10:\"0969397530\";s:5:\"email\";s:22:\"contact@astensante.com\";s:7:\"idprof1\";s:9:\"513565887\";s:7:\"idprof3\";s:5:\"6420Z\";s:15:\"localtax1_value\";s:5:\"0.000\";s:15:\"localtax2_value\";s:5:\"0.000\";s:7:\"capital\";s:17:\"29275521.00000000\";s:11:\"typent_code\";s:8:\"TE_GROUP\";s:11:\"code_client\";s:7:\"PRB0160\";s:12:\"country_code\";s:2:\"FR\";}s:7:\"invoice\";O:8:\"stdClass\":8:{s:4:\"date\";i:1680559200;s:4:\"type\";s:1:\"0\";s:8:\"total_ht\";s:13:\"2700.00000000\";s:9:\"total_tva\";s:12:\"540.00000000\";s:9:\"total_ttc\";s:13:\"3240.00000000\";s:12:\"revenuestamp\";s:10:\"0.00000000\";s:3:\"ref\";s:11:\"FA2304-1325\";s:11:\"note_public\";s:44:\"Facturation trimestrielle - Terme à échoir\";}}}s:6:\"amount\";i:3240;}',15,1,0,'2023-07-10 11:07:53','AMIOT Ismaël',''),(2040,'2023-07-10 09:09:48','PAYMENT_CUSTOMER_CREATE',2646.00000000,'87cafc844a7e6a8db8ef9d33d89a0c27416834ff3973291b51b5193ac43d541a','463c73840ba8dff497c3cb090bc45014c81c28769cac0ce0c4763edb5ebe13be','payment',1397,'','2023-07-07 12:00:00','O:8:\"stdClass\":7:{s:10:\"thirdparty\";O:8:\"stdClass\":17:{s:4:\"name\";s:20:\"IRFA NORMANDIE MAINE\";s:10:\"name_alias\";s:10:\"IRFA OUEST\";s:7:\"address\";s:21:\"Chemin du Mont FOULON\";s:3:\"zip\";s:5:\"61250\";s:4:\"town\";s:7:\"DAMIGNY\";s:10:\"state_code\";s:2:\"61\";s:5:\"phone\";s:10:\"0233298042\";s:3:\"fax\";s:10:\"0233297226\";s:7:\"idprof1\";s:9:\"322408535\";s:7:\"idprof3\";s:5:\"8559A\";s:15:\"localtax1_value\";s:5:\"0.000\";s:15:\"localtax2_value\";s:5:\"0.000\";s:7:\"capital\";s:10:\"0.00000000\";s:11:\"typent_code\";s:8:\"TE_OTHER\";s:20:\"forme_juridique_code\";s:2:\"92\";s:11:\"code_client\";s:10:\"0112201501\";s:12:\"country_code\";s:2:\"FR\";}s:9:\"mycompany\";O:8:\"stdClass\":16:{s:4:\"name\";s:29:\"PRB CONSULTANT - CLB CONSEILS\";s:7:\"address\";s:52:\"3 Chemin du Pigeonnier de la Cépière \r\nBâtiment C\";s:3:\"zip\";s:5:\"31000\";s:4:\"town\";s:8:\"TOULOUSE\";s:10:\"state_code\";s:2:\"31\";s:5:\"phone\";s:10:\"0561399926\";s:5:\"email\";s:27:\"fournisseur@clbconseils.com\";s:7:\"idprof1\";s:9:\"517911509\";s:7:\"idprof2\";s:14:\"51791150900027\";s:7:\"idprof3\";s:5:\"7022Z\";s:9:\"tva_intra\";s:13:\"FR82517911509\";s:15:\"localtax1_assuj\";i:0;s:15:\"localtax2_assuj\";i:0;s:8:\"managers\";s:14:\"PAROUTI ROMAIN\";s:7:\"capital\";s:7:\"5000.00\";s:12:\"country_code\";s:2:\"FR\";}s:3:\"ref\";s:0:\"\";s:4:\"date\";i:1688724000;s:9:\"type_code\";s:3:\"PRE\";s:12:\"payment_part\";a:1:{i:1;O:8:\"stdClass\":3:{s:6:\"amount\";s:4:\"2646\";s:10:\"thirdparty\";O:8:\"stdClass\":17:{s:4:\"name\";s:20:\"IRFA NORMANDIE MAINE\";s:10:\"name_alias\";s:10:\"IRFA OUEST\";s:7:\"address\";s:21:\"Chemin du Mont FOULON\";s:3:\"zip\";s:5:\"61250\";s:4:\"town\";s:7:\"DAMIGNY\";s:10:\"state_code\";s:2:\"61\";s:5:\"phone\";s:10:\"0233298042\";s:3:\"fax\";s:10:\"0233297226\";s:7:\"idprof1\";s:9:\"322408535\";s:7:\"idprof3\";s:5:\"8559A\";s:15:\"localtax1_value\";s:5:\"0.000\";s:15:\"localtax2_value\";s:5:\"0.000\";s:7:\"capital\";s:10:\"0.00000000\";s:11:\"typent_code\";s:8:\"TE_OTHER\";s:20:\"forme_juridique_code\";s:2:\"92\";s:11:\"code_client\";s:10:\"0112201501\";s:12:\"country_code\";s:2:\"FR\";}s:7:\"invoice\";O:8:\"stdClass\":8:{s:4:\"date\";i:1683151200;s:4:\"type\";s:1:\"0\";s:8:\"total_ht\";s:13:\"2205.00000000\";s:9:\"total_tva\";s:12:\"441.00000000\";s:9:\"total_ttc\";s:13:\"2646.00000000\";s:12:\"revenuestamp\";s:10:\"0.00000000\";s:3:\"ref\";s:11:\"FA2305-1357\";s:11:\"note_public\";s:32:\"Facture Assistance trimestrielle\";}}}s:6:\"amount\";i:2646;}',15,1,0,'2023-07-10 11:09:48','AMIOT Ismaël',''),(2041,'2023-07-11 15:09:39','DOC_DOWNLOAD',3000.00000000,'6fecd115b37df3ede20ae9ee10f2ac33c18882e260de056a0d7c9e956d98e0ed','175b65b2e2a121c32df7a2b3b233455f1db414734886eaf74139b5378e983ab6','facture',1594,'FA2305-1362','2023-05-04 00:00:00','O:8:\"stdClass\":11:{s:10:\"thirdparty\";O:8:\"stdClass\":15:{s:4:\"name\";s:18:\"MAIRIE LES 2 ALPES\";s:7:\"address\";s:23:\"48 Avenue de la Muzelle\";s:3:\"zip\";s:5:\"38860\";s:4:\"town\";s:10:\"DEUX-ALPES\";s:10:\"state_code\";s:2:\"38\";s:5:\"phone\";s:10:\"0476792424\";s:7:\"idprof1\";s:9:\"200064434\";s:7:\"idprof2\";s:14:\"20006443400018\";s:7:\"idprof3\";s:5:\"8411Z\";s:15:\"localtax1_value\";s:5:\"0.000\";s:15:\"localtax2_value\";s:5:\"0.000\";s:11:\"typent_code\";s:8:\"TE_ADMIN\";s:20:\"forme_juridique_code\";s:2:\"72\";s:11:\"code_client\";s:6:\"180607\";s:12:\"country_code\";s:2:\"FR\";}s:9:\"mycompany\";O:8:\"stdClass\":16:{s:4:\"name\";s:29:\"PRB CONSULTANT - CLB CONSEILS\";s:7:\"address\";s:52:\"3 Chemin du Pigeonnier de la Cépière \r\nBâtiment C\";s:3:\"zip\";s:5:\"31000\";s:4:\"town\";s:8:\"TOULOUSE\";s:10:\"state_code\";s:2:\"31\";s:5:\"phone\";s:10:\"0561399926\";s:5:\"email\";s:27:\"fournisseur@clbconseils.com\";s:7:\"idprof1\";s:9:\"517911509\";s:7:\"idprof2\";s:14:\"51791150900027\";s:7:\"idprof3\";s:5:\"7022Z\";s:9:\"tva_intra\";s:13:\"FR82517911509\";s:15:\"localtax1_assuj\";i:0;s:15:\"localtax2_assuj\";i:0;s:8:\"managers\";s:14:\"PAROUTI ROMAIN\";s:7:\"capital\";s:7:\"5000.00\";s:12:\"country_code\";s:2:\"FR\";}s:4:\"date\";i:1683151200;s:4:\"type\";s:1:\"0\";s:8:\"total_ht\";s:13:\"2500.00000000\";s:9:\"total_tva\";s:12:\"500.00000000\";s:9:\"total_ttc\";s:13:\"3000.00000000\";s:12:\"revenuestamp\";s:10:\"0.00000000\";s:11:\"invoiceline\";a:1:{i:1;O:8:\"stdClass\":15:{s:18:\"multicurrency_code\";s:3:\"EUR\";s:22:\"multicurrency_total_ht\";s:13:\"2500.00000000\";s:23:\"multicurrency_total_tva\";s:12:\"500.00000000\";s:23:\"multicurrency_total_ttc\";s:13:\"3000.00000000\";s:12:\"product_type\";s:1:\"1\";s:3:\"qty\";s:1:\"1\";s:6:\"tva_tx\";s:6:\"20.000\";s:12:\"localtax1_tx\";s:5:\"0.000\";s:12:\"localtax2_tx\";s:5:\"0.000\";s:8:\"total_ht\";s:13:\"2500.00000000\";s:9:\"total_tva\";s:12:\"500.00000000\";s:15:\"total_localtax1\";s:10:\"0.00000000\";s:15:\"total_localtax2\";s:10:\"0.00000000\";s:9:\"total_ttc\";s:13:\"3000.00000000\";s:9:\"info_bits\";s:1:\"0\";}}s:3:\"ref\";s:11:\"FA2305-1362\";s:11:\"note_public\";s:18:\"FACTURE HONORAIRES\";}',9,1,0,'2023-07-11 17:09:39','ALBOUY Chrystèle',''),(2042,'2023-07-11 15:12:00','DOC_DOWNLOAD',135.00000000,'64ac97673dda11089eabba65a46f9a94d5af77516cc6b76971aa3cfac96cf3f2','c6cc54ccc4adba015ce088f9ffa4186fd54ccfe2f3b778cced63c9682d996078','facture',1633,'FA2307-1396','2023-07-04 00:00:00','O:8:\"stdClass\":11:{s:10:\"thirdparty\";O:8:\"stdClass\":14:{s:4:\"name\";s:20:\"MAIRIE DE JONQUIERES\";s:7:\"address\";s:27:\"28 Avenue de la Libération\";s:3:\"zip\";s:5:\"84150\";s:4:\"town\";s:10:\"JONQUIERES\";s:10:\"state_code\";s:2:\"84\";s:5:\"phone\";s:10:\"0490705900\";s:7:\"idprof1\";s:9:\"218400562\";s:7:\"idprof2\";s:14:\"21840056200011\";s:15:\"localtax1_value\";s:5:\"0.000\";s:15:\"localtax2_value\";s:5:\"0.000\";s:11:\"typent_code\";s:8:\"TE_ADMIN\";s:20:\"forme_juridique_code\";s:2:\"72\";s:11:\"code_client\";s:11:\"RPACA010920\";s:12:\"country_code\";s:2:\"FR\";}s:9:\"mycompany\";O:8:\"stdClass\":16:{s:4:\"name\";s:29:\"PRB CONSULTANT - CLB CONSEILS\";s:7:\"address\";s:52:\"3 Chemin du Pigeonnier de la Cépière \r\nBâtiment C\";s:3:\"zip\";s:5:\"31000\";s:4:\"town\";s:8:\"TOULOUSE\";s:10:\"state_code\";s:2:\"31\";s:5:\"phone\";s:10:\"0561399926\";s:5:\"email\";s:27:\"fournisseur@clbconseils.com\";s:7:\"idprof1\";s:9:\"517911509\";s:7:\"idprof2\";s:14:\"51791150900027\";s:7:\"idprof3\";s:5:\"7022Z\";s:9:\"tva_intra\";s:13:\"FR82517911509\";s:15:\"localtax1_assuj\";i:0;s:15:\"localtax2_assuj\";i:0;s:8:\"managers\";s:14:\"PAROUTI ROMAIN\";s:7:\"capital\";s:7:\"5000.00\";s:12:\"country_code\";s:2:\"FR\";}s:4:\"date\";i:1688421600;s:4:\"type\";s:1:\"0\";s:8:\"total_ht\";s:12:\"112.50000000\";s:9:\"total_tva\";s:11:\"22.50000000\";s:9:\"total_ttc\";s:12:\"135.00000000\";s:12:\"revenuestamp\";s:10:\"0.00000000\";s:11:\"invoiceline\";a:1:{i:1;O:8:\"stdClass\":15:{s:18:\"multicurrency_code\";s:3:\"EUR\";s:22:\"multicurrency_total_ht\";s:12:\"112.50000000\";s:23:\"multicurrency_total_tva\";s:11:\"22.50000000\";s:23:\"multicurrency_total_ttc\";s:12:\"135.00000000\";s:12:\"product_type\";s:1:\"1\";s:3:\"qty\";s:1:\"3\";s:6:\"tva_tx\";s:6:\"20.000\";s:12:\"localtax1_tx\";s:5:\"0.000\";s:12:\"localtax2_tx\";s:5:\"0.000\";s:8:\"total_ht\";s:12:\"112.50000000\";s:9:\"total_tva\";s:11:\"22.50000000\";s:15:\"total_localtax1\";s:10:\"0.00000000\";s:15:\"total_localtax2\";s:10:\"0.00000000\";s:9:\"total_ttc\";s:12:\"135.00000000\";s:9:\"info_bits\";s:1:\"0\";}}s:3:\"ref\";s:11:\"FA2307-1396\";s:11:\"note_public\";s:32:\"Facture Assistance trimestrielle\";}',9,1,0,'2023-07-11 17:12:00','ALBOUY Chrystèle',''),(2043,'2023-07-11 15:13:45','DOC_DOWNLOAD',617.96000000,'e404747b9c3eb7d99d34449ec13f394f1aa0062f301b7552314f4fddc4a70231','80fd74c5f05c98d23e4cebcd402dd7ef6cd6b11f7cdc0938f36bf6618bca1568','facture',1645,'FA2307-1408','2023-07-04 00:00:00','O:8:\"stdClass\":11:{s:10:\"thirdparty\";O:8:\"stdClass\":14:{s:4:\"name\";s:17:\"MAIRIE DE SOLAIZE\";s:7:\"address\";s:21:\"47 Place de la Mairie\";s:3:\"zip\";s:5:\"69360\";s:4:\"town\";s:7:\"SOLAIZE\";s:10:\"state_code\";s:2:\"69\";s:5:\"phone\";s:10:\"0478028267\";s:7:\"idprof1\";s:9:\"216902965\";s:7:\"idprof3\";s:5:\"8411Z\";s:15:\"localtax1_value\";s:5:\"0.000\";s:15:\"localtax2_value\";s:5:\"0.000\";s:11:\"typent_code\";s:8:\"TE_ADMIN\";s:20:\"forme_juridique_code\";s:2:\"72\";s:11:\"code_client\";s:7:\"PRB0245\";s:12:\"country_code\";s:2:\"FR\";}s:9:\"mycompany\";O:8:\"stdClass\":16:{s:4:\"name\";s:29:\"PRB CONSULTANT - CLB CONSEILS\";s:7:\"address\";s:52:\"3 Chemin du Pigeonnier de la Cépière \r\nBâtiment C\";s:3:\"zip\";s:5:\"31000\";s:4:\"town\";s:8:\"TOULOUSE\";s:10:\"state_code\";s:2:\"31\";s:5:\"phone\";s:10:\"0561399926\";s:5:\"email\";s:27:\"fournisseur@clbconseils.com\";s:7:\"idprof1\";s:9:\"517911509\";s:7:\"idprof2\";s:14:\"51791150900027\";s:7:\"idprof3\";s:5:\"7022Z\";s:9:\"tva_intra\";s:13:\"FR82517911509\";s:15:\"localtax1_assuj\";i:0;s:15:\"localtax2_assuj\";i:0;s:8:\"managers\";s:14:\"PAROUTI ROMAIN\";s:7:\"capital\";s:7:\"5000.00\";s:12:\"country_code\";s:2:\"FR\";}s:4:\"date\";i:1688421600;s:4:\"type\";s:1:\"0\";s:8:\"total_ht\";s:12:\"514.97000000\";s:9:\"total_tva\";s:12:\"102.99000000\";s:9:\"total_ttc\";s:12:\"617.96000000\";s:12:\"revenuestamp\";s:10:\"0.00000000\";s:11:\"invoiceline\";a:1:{i:1;O:8:\"stdClass\":15:{s:18:\"multicurrency_code\";s:3:\"EUR\";s:22:\"multicurrency_total_ht\";s:12:\"514.97000000\";s:23:\"multicurrency_total_tva\";s:12:\"102.99000000\";s:23:\"multicurrency_total_ttc\";s:12:\"617.96000000\";s:12:\"product_type\";s:1:\"1\";s:3:\"qty\";s:1:\"1\";s:6:\"tva_tx\";s:6:\"20.000\";s:12:\"localtax1_tx\";s:5:\"0.000\";s:12:\"localtax2_tx\";s:5:\"0.000\";s:8:\"total_ht\";s:12:\"514.97000000\";s:9:\"total_tva\";s:12:\"102.99000000\";s:15:\"total_localtax1\";s:10:\"0.00000000\";s:15:\"total_localtax2\";s:10:\"0.00000000\";s:9:\"total_ttc\";s:12:\"617.96000000\";s:9:\"info_bits\";s:1:\"0\";}}s:3:\"ref\";s:11:\"FA2307-1408\";s:11:\"note_public\";s:18:\"Facture Assistance\";}',9,1,0,'2023-07-11 17:13:45','ALBOUY Chrystèle',''),(2044,'2023-07-11 15:15:32','DOC_DOWNLOAD',900.00000000,'0e907e731b92335488592347c11760050335adcc0dcfe4cc6d3ed50e09c230e1','99cf35123bfd7515d38c32221ca79ecf1d8b04fae884e412e7334824eec95d3a','facture',1646,'FA2307-1409','2023-07-04 00:00:00','O:8:\"stdClass\":11:{s:10:\"thirdparty\";O:8:\"stdClass\":15:{s:4:\"name\";s:23:\"MAIRIE DE REVEL-TOURDAN\";s:7:\"address\";s:23:\"50, montée du Château\";s:3:\"zip\";s:5:\"38270\";s:4:\"town\";s:13:\"REVEL-TOURDAN\";s:10:\"state_code\";s:2:\"38\";s:5:\"phone\";s:10:\"0474845705\";s:5:\"email\";s:48:\"mairie.revel-tourdan@territoire-de-beaurepere.fr\";s:7:\"idprof1\";s:9:\"213803356\";s:7:\"idprof3\";s:5:\"8411Z\";s:15:\"localtax1_value\";s:5:\"0.000\";s:15:\"localtax2_value\";s:5:\"0.000\";s:11:\"typent_code\";s:8:\"TE_ADMIN\";s:20:\"forme_juridique_code\";s:2:\"72\";s:11:\"code_client\";s:13:\"CA/20200207-1\";s:12:\"country_code\";s:2:\"FR\";}s:9:\"mycompany\";O:8:\"stdClass\":16:{s:4:\"name\";s:29:\"PRB CONSULTANT - CLB CONSEILS\";s:7:\"address\";s:52:\"3 Chemin du Pigeonnier de la Cépière \r\nBâtiment C\";s:3:\"zip\";s:5:\"31000\";s:4:\"town\";s:8:\"TOULOUSE\";s:10:\"state_code\";s:2:\"31\";s:5:\"phone\";s:10:\"0561399926\";s:5:\"email\";s:27:\"fournisseur@clbconseils.com\";s:7:\"idprof1\";s:9:\"517911509\";s:7:\"idprof2\";s:14:\"51791150900027\";s:7:\"idprof3\";s:5:\"7022Z\";s:9:\"tva_intra\";s:13:\"FR82517911509\";s:15:\"localtax1_assuj\";i:0;s:15:\"localtax2_assuj\";i:0;s:8:\"managers\";s:14:\"PAROUTI ROMAIN\";s:7:\"capital\";s:7:\"5000.00\";s:12:\"country_code\";s:2:\"FR\";}s:4:\"date\";i:1688421600;s:4:\"type\";s:1:\"0\";s:8:\"total_ht\";s:12:\"750.00000000\";s:9:\"total_tva\";s:12:\"150.00000000\";s:9:\"total_ttc\";s:12:\"900.00000000\";s:12:\"revenuestamp\";s:10:\"0.00000000\";s:11:\"invoiceline\";a:1:{i:1;O:8:\"stdClass\":15:{s:18:\"multicurrency_code\";s:3:\"EUR\";s:22:\"multicurrency_total_ht\";s:12:\"750.00000000\";s:23:\"multicurrency_total_tva\";s:12:\"150.00000000\";s:23:\"multicurrency_total_ttc\";s:12:\"900.00000000\";s:12:\"product_type\";s:1:\"1\";s:3:\"qty\";s:1:\"1\";s:6:\"tva_tx\";s:6:\"20.000\";s:12:\"localtax1_tx\";s:5:\"0.000\";s:12:\"localtax2_tx\";s:5:\"0.000\";s:8:\"total_ht\";s:12:\"750.00000000\";s:9:\"total_tva\";s:12:\"150.00000000\";s:15:\"total_localtax1\";s:10:\"0.00000000\";s:15:\"total_localtax2\";s:10:\"0.00000000\";s:9:\"total_ttc\";s:12:\"900.00000000\";s:9:\"info_bits\";s:1:\"0\";}}s:3:\"ref\";s:11:\"FA2307-1409\";s:11:\"note_public\";s:18:\"Facture Assistance\";}',9,1,0,'2023-07-11 17:15:32','ALBOUY Chrystèle',''),(2045,'2023-07-11 15:16:27','DOC_DOWNLOAD',642.60000000,'7b57d2fe85f1ba98daab0099d33048feb3a35759fd9dcd1ca2e60045ac0d29c2','9b571fbcc5f847f630f399b9876815371190d39a557f0669434203f858e5b926','facture',1652,'FA2307-1415','2023-07-04 00:00:00','O:8:\"stdClass\":11:{s:10:\"thirdparty\";O:8:\"stdClass\":14:{s:4:\"name\";s:27:\"MAIRIE DE VALLON PONT D\'ARC\";s:7:\"address\";s:25:\"1 Place de la Résistance\";s:3:\"zip\";s:5:\"07150\";s:4:\"town\";s:17:\"VALLON PONT D\'ARC\";s:10:\"state_code\";s:2:\"07\";s:5:\"phone\";s:10:\"0482774788\";s:7:\"idprof1\";s:9:\"210703302\";s:7:\"idprof3\";s:5:\"8411Z\";s:15:\"localtax1_value\";s:5:\"0.000\";s:15:\"localtax2_value\";s:5:\"0.000\";s:11:\"typent_code\";s:8:\"TE_ADMIN\";s:20:\"forme_juridique_code\";s:2:\"72\";s:11:\"code_client\";s:9:\"CA151020A\";s:12:\"country_code\";s:2:\"FR\";}s:9:\"mycompany\";O:8:\"stdClass\":16:{s:4:\"name\";s:29:\"PRB CONSULTANT - CLB CONSEILS\";s:7:\"address\";s:52:\"3 Chemin du Pigeonnier de la Cépière \r\nBâtiment C\";s:3:\"zip\";s:5:\"31000\";s:4:\"town\";s:8:\"TOULOUSE\";s:10:\"state_code\";s:2:\"31\";s:5:\"phone\";s:10:\"0561399926\";s:5:\"email\";s:27:\"fournisseur@clbconseils.com\";s:7:\"idprof1\";s:9:\"517911509\";s:7:\"idprof2\";s:14:\"51791150900027\";s:7:\"idprof3\";s:5:\"7022Z\";s:9:\"tva_intra\";s:13:\"FR82517911509\";s:15:\"localtax1_assuj\";i:0;s:15:\"localtax2_assuj\";i:0;s:8:\"managers\";s:14:\"PAROUTI ROMAIN\";s:7:\"capital\";s:7:\"5000.00\";s:12:\"country_code\";s:2:\"FR\";}s:4:\"date\";i:1688421600;s:4:\"type\";s:1:\"0\";s:8:\"total_ht\";s:12:\"535.50000000\";s:9:\"total_tva\";s:12:\"107.10000000\";s:9:\"total_ttc\";s:12:\"642.60000000\";s:12:\"revenuestamp\";s:10:\"0.00000000\";s:11:\"invoiceline\";a:1:{i:1;O:8:\"stdClass\":15:{s:18:\"multicurrency_code\";s:3:\"EUR\";s:22:\"multicurrency_total_ht\";s:12:\"535.50000000\";s:23:\"multicurrency_total_tva\";s:12:\"107.10000000\";s:23:\"multicurrency_total_ttc\";s:12:\"642.60000000\";s:12:\"product_type\";s:1:\"1\";s:3:\"qty\";s:1:\"1\";s:6:\"tva_tx\";s:6:\"20.000\";s:12:\"localtax1_tx\";s:5:\"0.000\";s:12:\"localtax2_tx\";s:5:\"0.000\";s:8:\"total_ht\";s:12:\"535.50000000\";s:9:\"total_tva\";s:12:\"107.10000000\";s:15:\"total_localtax1\";s:10:\"0.00000000\";s:15:\"total_localtax2\";s:10:\"0.00000000\";s:9:\"total_ttc\";s:12:\"642.60000000\";s:9:\"info_bits\";s:1:\"0\";}}s:3:\"ref\";s:11:\"FA2307-1415\";s:11:\"note_public\";s:18:\"Facture Assistance\";}',9,1,0,'2023-07-11 17:16:27','ALBOUY Chrystèle',''),(2046,'2023-07-11 15:17:42','DOC_DOWNLOAD',1537.03000000,'6205a6cc79dbddfe1120711bb2f1a7166c54e0149f4b68b8ccb4da8558b20328','41ec075aa5acf4f87dc4601cb828c721bda4a914001e81ea8f9f663fdb4afc19','facture',1660,'FA2307-1421','2023-07-04 00:00:00','O:8:\"stdClass\":10:{s:10:\"thirdparty\";O:8:\"stdClass\":15:{s:4:\"name\";s:14:\"LES FRANCAS 38\";s:10:\"name_alias\";s:23:\"Les FRANCAS de L\'Isère\";s:7:\"address\";s:25:\"13 Rue de l\'Abbé Vincent\";s:3:\"zip\";s:5:\"38600\";s:4:\"town\";s:8:\"FONTAINE\";s:10:\"state_code\";s:2:\"38\";s:5:\"phone\";s:10:\"0456406110\";s:5:\"email\";s:25:\"contact@francas38.asso.fr\";s:7:\"idprof1\";s:9:\"326555141\";s:7:\"idprof3\";s:5:\"8899B\";s:15:\"localtax1_value\";s:5:\"0.000\";s:15:\"localtax2_value\";s:5:\"0.000\";s:11:\"typent_code\";s:8:\"TE_OTHER\";s:20:\"forme_juridique_code\";s:2:\"92\";s:12:\"country_code\";s:2:\"FR\";}s:9:\"mycompany\";O:8:\"stdClass\":16:{s:4:\"name\";s:29:\"PRB CONSULTANT - CLB CONSEILS\";s:7:\"address\";s:52:\"3 Chemin du Pigeonnier de la Cépière \r\nBâtiment C\";s:3:\"zip\";s:5:\"31000\";s:4:\"town\";s:8:\"TOULOUSE\";s:10:\"state_code\";s:2:\"31\";s:5:\"phone\";s:10:\"0561399926\";s:5:\"email\";s:27:\"fournisseur@clbconseils.com\";s:7:\"idprof1\";s:9:\"517911509\";s:7:\"idprof2\";s:14:\"51791150900027\";s:7:\"idprof3\";s:5:\"7022Z\";s:9:\"tva_intra\";s:13:\"FR82517911509\";s:15:\"localtax1_assuj\";i:0;s:15:\"localtax2_assuj\";i:0;s:8:\"managers\";s:14:\"PAROUTI ROMAIN\";s:7:\"capital\";s:7:\"5000.00\";s:12:\"country_code\";s:2:\"FR\";}s:4:\"date\";i:1688421600;s:4:\"type\";s:1:\"0\";s:8:\"total_ht\";s:13:\"1280.86000000\";s:9:\"total_tva\";s:12:\"256.17000000\";s:9:\"total_ttc\";s:13:\"1537.03000000\";s:12:\"revenuestamp\";s:10:\"0.00000000\";s:11:\"invoiceline\";a:1:{i:1;O:8:\"stdClass\":15:{s:18:\"multicurrency_code\";s:3:\"EUR\";s:22:\"multicurrency_total_ht\";s:13:\"1280.86000000\";s:23:\"multicurrency_total_tva\";s:12:\"256.17000000\";s:23:\"multicurrency_total_ttc\";s:13:\"1537.03000000\";s:12:\"product_type\";s:1:\"1\";s:3:\"qty\";s:1:\"1\";s:6:\"tva_tx\";s:6:\"20.000\";s:12:\"localtax1_tx\";s:5:\"0.000\";s:12:\"localtax2_tx\";s:5:\"0.000\";s:8:\"total_ht\";s:13:\"1280.86000000\";s:9:\"total_tva\";s:12:\"256.17000000\";s:15:\"total_localtax1\";s:10:\"0.00000000\";s:15:\"total_localtax2\";s:10:\"0.00000000\";s:9:\"total_ttc\";s:13:\"1537.03000000\";s:9:\"info_bits\";s:1:\"0\";}}s:3:\"ref\";s:11:\"FA2307-1421\";}',9,1,0,'2023-07-11 17:17:42','ALBOUY Chrystèle',''),(2047,'2023-07-12 07:44:01','PAYMENT_CUSTOMER_CREATE',1349.54000000,'99580a612096177a2e32a3fb1ce8cd24c405f5966c11d054832af01a5617ff59','639ef78dbb273f0f157c5af2e2eca657509ed0705a60d7aac5869a652b158afe','payment',1398,'','2023-07-11 12:00:00','O:8:\"stdClass\":7:{s:10:\"thirdparty\";O:8:\"stdClass\":11:{s:4:\"name\";s:26:\"COLLÈGE DU PAYS DE SERRES\";s:7:\"address\";s:14:\"Rue des Carmes\";s:3:\"zip\";s:5:\"82110\";s:4:\"town\";s:8:\"LAUZERTE\";s:5:\"phone\";s:10:\"0563946544\";s:7:\"idprof1\";s:9:\"198200149\";s:7:\"idprof3\";s:5:\"8531Z\";s:15:\"localtax1_value\";s:5:\"0.000\";s:15:\"localtax2_value\";s:5:\"0.000\";s:11:\"typent_code\";s:8:\"TE_ADMIN\";s:12:\"country_code\";s:2:\"FR\";}s:9:\"mycompany\";O:8:\"stdClass\":16:{s:4:\"name\";s:29:\"PRB CONSULTANT - CLB CONSEILS\";s:7:\"address\";s:52:\"3 Chemin du Pigeonnier de la Cépière \r\nBâtiment C\";s:3:\"zip\";s:5:\"31000\";s:4:\"town\";s:8:\"TOULOUSE\";s:10:\"state_code\";s:2:\"31\";s:5:\"phone\";s:10:\"0561399926\";s:5:\"email\";s:27:\"fournisseur@clbconseils.com\";s:7:\"idprof1\";s:9:\"517911509\";s:7:\"idprof2\";s:14:\"51791150900027\";s:7:\"idprof3\";s:5:\"7022Z\";s:9:\"tva_intra\";s:13:\"FR82517911509\";s:15:\"localtax1_assuj\";i:0;s:15:\"localtax2_assuj\";i:0;s:8:\"managers\";s:14:\"PAROUTI ROMAIN\";s:7:\"capital\";s:7:\"5000.00\";s:12:\"country_code\";s:2:\"FR\";}s:3:\"ref\";s:0:\"\";s:4:\"date\";i:1689069600;s:9:\"type_code\";s:3:\"VIR\";s:12:\"payment_part\";a:1:{i:1;O:8:\"stdClass\":3:{s:6:\"amount\";s:7:\"1349.54\";s:10:\"thirdparty\";O:8:\"stdClass\":11:{s:4:\"name\";s:26:\"COLLÈGE DU PAYS DE SERRES\";s:7:\"address\";s:14:\"Rue des Carmes\";s:3:\"zip\";s:5:\"82110\";s:4:\"town\";s:8:\"LAUZERTE\";s:5:\"phone\";s:10:\"0563946544\";s:7:\"idprof1\";s:9:\"198200149\";s:7:\"idprof3\";s:5:\"8531Z\";s:15:\"localtax1_value\";s:5:\"0.000\";s:15:\"localtax2_value\";s:5:\"0.000\";s:11:\"typent_code\";s:8:\"TE_ADMIN\";s:12:\"country_code\";s:2:\"FR\";}s:7:\"invoice\";O:8:\"stdClass\":7:{s:4:\"date\";i:1684188000;s:4:\"type\";s:1:\"0\";s:8:\"total_ht\";s:13:\"1124.62000000\";s:9:\"total_tva\";s:12:\"224.92000000\";s:9:\"total_ttc\";s:13:\"1349.54000000\";s:12:\"revenuestamp\";s:10:\"0.00000000\";s:3:\"ref\";s:11:\"FA2305-1370\";}}}s:6:\"amount\";d:1349.54;}',15,1,0,'2023-07-12 09:44:01','AMIOT Ismaël',''),(2048,'2023-07-12 07:48:21','PAYMENT_CUSTOMER_CREATE',360.00000000,'13bbf7c49d5ca08993fd1af6b362b86d1bb213498e0ee55e2b55c6e05c8c9532','0162eb564201642f4143cc1e659a2a4c47c2eb61ca95c425826720561572ae85','payment',1399,'','2023-07-11 12:00:00','O:8:\"stdClass\":7:{s:10:\"thirdparty\";O:8:\"stdClass\":15:{s:4:\"name\";s:14:\"WALK LA CIOTAT\";s:10:\"name_alias\";s:14:\"MOXY LA CIOTAT\";s:7:\"address\";s:23:\"756 Avenue Émile BODIN\";s:3:\"zip\";s:5:\"13600\";s:4:\"town\";s:9:\"LA CIOTAT\";s:10:\"state_code\";s:2:\"13\";s:5:\"phone\";s:10:\"0422530900\";s:7:\"idprof1\";s:9:\"844108399\";s:7:\"idprof3\";s:5:\"5510Z\";s:15:\"localtax1_value\";s:5:\"0.000\";s:15:\"localtax2_value\";s:5:\"0.000\";s:7:\"capital\";s:15:\"200000.00000000\";s:11:\"typent_code\";s:9:\"TE_MEDIUM\";s:20:\"forme_juridique_code\";s:2:\"57\";s:12:\"country_code\";s:2:\"FR\";}s:9:\"mycompany\";O:8:\"stdClass\":16:{s:4:\"name\";s:29:\"PRB CONSULTANT - CLB CONSEILS\";s:7:\"address\";s:52:\"3 Chemin du Pigeonnier de la Cépière \r\nBâtiment C\";s:3:\"zip\";s:5:\"31000\";s:4:\"town\";s:8:\"TOULOUSE\";s:10:\"state_code\";s:2:\"31\";s:5:\"phone\";s:10:\"0561399926\";s:5:\"email\";s:27:\"fournisseur@clbconseils.com\";s:7:\"idprof1\";s:9:\"517911509\";s:7:\"idprof2\";s:14:\"51791150900027\";s:7:\"idprof3\";s:5:\"7022Z\";s:9:\"tva_intra\";s:13:\"FR82517911509\";s:15:\"localtax1_assuj\";i:0;s:15:\"localtax2_assuj\";i:0;s:8:\"managers\";s:14:\"PAROUTI ROMAIN\";s:7:\"capital\";s:7:\"5000.00\";s:12:\"country_code\";s:2:\"FR\";}s:3:\"ref\";s:0:\"\";s:4:\"date\";i:1689069600;s:9:\"type_code\";s:3:\"VIR\";s:12:\"payment_part\";a:1:{i:1;O:8:\"stdClass\":3:{s:6:\"amount\";s:3:\"360\";s:10:\"thirdparty\";O:8:\"stdClass\":15:{s:4:\"name\";s:14:\"WALK LA CIOTAT\";s:10:\"name_alias\";s:14:\"MOXY LA CIOTAT\";s:7:\"address\";s:23:\"756 Avenue Émile BODIN\";s:3:\"zip\";s:5:\"13600\";s:4:\"town\";s:9:\"LA CIOTAT\";s:10:\"state_code\";s:2:\"13\";s:5:\"phone\";s:10:\"0422530900\";s:7:\"idprof1\";s:9:\"844108399\";s:7:\"idprof3\";s:5:\"5510Z\";s:15:\"localtax1_value\";s:5:\"0.000\";s:15:\"localtax2_value\";s:5:\"0.000\";s:7:\"capital\";s:15:\"200000.00000000\";s:11:\"typent_code\";s:9:\"TE_MEDIUM\";s:20:\"forme_juridique_code\";s:2:\"57\";s:12:\"country_code\";s:2:\"FR\";}s:7:\"invoice\";O:8:\"stdClass\":8:{s:4:\"date\";i:1688421600;s:4:\"type\";s:1:\"0\";s:8:\"total_ht\";s:12:\"300.00000000\";s:9:\"total_tva\";s:11:\"60.00000000\";s:9:\"total_ttc\";s:12:\"360.00000000\";s:12:\"revenuestamp\";s:10:\"0.00000000\";s:3:\"ref\";s:11:\"FA2307-1403\";s:11:\"note_public\";s:32:\"Facture Assistance trimestrielle\";}}}s:6:\"amount\";i:360;}',15,1,0,'2023-07-12 09:48:21','AMIOT Ismaël',''),(2049,'2023-07-12 07:51:24','PAYMENT_CUSTOMER_CREATE',466.02000000,'e5ede2e4ef153ce1c79e52347a82b060e88d3b3c7867a47d161c0bee0aec9fd2','ea9eaf759c307ebd4861ab93d0dba2022ac11e9442376bb027e14cfe374fefca','payment',1400,'','2023-07-12 12:00:00','O:8:\"stdClass\":7:{s:10:\"thirdparty\";O:8:\"stdClass\":16:{s:4:\"name\";s:27:\"MAIRIE DE QUINT-FONSEGRIVES\";s:7:\"address\";s:18:\"Place de la Mairie\";s:3:\"zip\";s:5:\"31130\";s:4:\"town\";s:17:\"QUINT-FONSEGRIVES\";s:10:\"state_code\";s:2:\"31\";s:5:\"phone\";s:10:\"0561240498\";s:3:\"fax\";s:10:\"0561241802\";s:5:\"email\";s:43:\"fabrice.igounet@mairie-quint-fonsegrives.fr\";s:7:\"idprof1\";s:9:\"213104458\";s:7:\"idprof3\";s:5:\"8411Z\";s:15:\"localtax1_value\";s:5:\"0.000\";s:15:\"localtax2_value\";s:5:\"0.000\";s:11:\"typent_code\";s:8:\"TE_ADMIN\";s:20:\"forme_juridique_code\";s:2:\"72\";s:11:\"code_client\";s:6:\"PRB445\";s:12:\"country_code\";s:2:\"FR\";}s:9:\"mycompany\";O:8:\"stdClass\":16:{s:4:\"name\";s:29:\"PRB CONSULTANT - CLB CONSEILS\";s:7:\"address\";s:52:\"3 Chemin du Pigeonnier de la Cépière \r\nBâtiment C\";s:3:\"zip\";s:5:\"31000\";s:4:\"town\";s:8:\"TOULOUSE\";s:10:\"state_code\";s:2:\"31\";s:5:\"phone\";s:10:\"0561399926\";s:5:\"email\";s:27:\"fournisseur@clbconseils.com\";s:7:\"idprof1\";s:9:\"517911509\";s:7:\"idprof2\";s:14:\"51791150900027\";s:7:\"idprof3\";s:5:\"7022Z\";s:9:\"tva_intra\";s:13:\"FR82517911509\";s:15:\"localtax1_assuj\";i:0;s:15:\"localtax2_assuj\";i:0;s:8:\"managers\";s:14:\"PAROUTI ROMAIN\";s:7:\"capital\";s:7:\"5000.00\";s:12:\"country_code\";s:2:\"FR\";}s:3:\"ref\";s:0:\"\";s:4:\"date\";i:1689156000;s:9:\"type_code\";s:3:\"VIR\";s:12:\"payment_part\";a:1:{i:1;O:8:\"stdClass\":3:{s:6:\"amount\";s:6:\"466.02\";s:10:\"thirdparty\";O:8:\"stdClass\":16:{s:4:\"name\";s:27:\"MAIRIE DE QUINT-FONSEGRIVES\";s:7:\"address\";s:18:\"Place de la Mairie\";s:3:\"zip\";s:5:\"31130\";s:4:\"town\";s:17:\"QUINT-FONSEGRIVES\";s:10:\"state_code\";s:2:\"31\";s:5:\"phone\";s:10:\"0561240498\";s:3:\"fax\";s:10:\"0561241802\";s:5:\"email\";s:43:\"fabrice.igounet@mairie-quint-fonsegrives.fr\";s:7:\"idprof1\";s:9:\"213104458\";s:7:\"idprof3\";s:5:\"8411Z\";s:15:\"localtax1_value\";s:5:\"0.000\";s:15:\"localtax2_value\";s:5:\"0.000\";s:11:\"typent_code\";s:8:\"TE_ADMIN\";s:20:\"forme_juridique_code\";s:2:\"72\";s:11:\"code_client\";s:6:\"PRB445\";s:12:\"country_code\";s:2:\"FR\";}s:7:\"invoice\";O:8:\"stdClass\":8:{s:4:\"date\";i:1688421600;s:4:\"type\";s:1:\"0\";s:8:\"total_ht\";s:12:\"388.35000000\";s:9:\"total_tva\";s:11:\"77.67000000\";s:9:\"total_ttc\";s:12:\"466.02000000\";s:12:\"revenuestamp\";s:10:\"0.00000000\";s:3:\"ref\";s:11:\"FA2307-1420\";s:11:\"note_public\";s:34:\"Facture d\'assistance trimestrielle\";}}}s:6:\"amount\";d:466.01999999999998;}',15,1,0,'2023-07-12 09:51:24','AMIOT Ismaël',''),(2050,'2023-07-12 07:53:08','PAYMENT_CUSTOMER_CREATE',4800.00000000,'40f9514e90587ba4979e72a91ae2ee6bde8cd74501fb2ee57ad31912c8c80fca','dc25179171a17c9d84327ceab7a9465024f08e4607fb22132317c6a1f509606f','payment',1401,'','2023-07-12 12:00:00','O:8:\"stdClass\":7:{s:10:\"thirdparty\";O:8:\"stdClass\":12:{s:4:\"name\";s:55:\"COMMUNAUTE DE COMMUNES ALBERES COTE VERMEILLE ILLIBERIS\";s:7:\"address\";s:24:\"3 Impasse De CHARLEMAGNE\";s:3:\"zip\";s:5:\"66700\";s:4:\"town\";s:15:\"ARGELES SUR MER\";s:10:\"state_code\";s:2:\"66\";s:7:\"idprof1\";s:9:\"200043602\";s:7:\"idprof2\";s:14:\"20004360200016\";s:15:\"localtax1_value\";s:5:\"0.000\";s:15:\"localtax2_value\";s:5:\"0.000\";s:11:\"typent_code\";s:8:\"TE_ADMIN\";s:20:\"forme_juridique_code\";s:2:\"72\";s:12:\"country_code\";s:2:\"FR\";}s:9:\"mycompany\";O:8:\"stdClass\":16:{s:4:\"name\";s:29:\"PRB CONSULTANT - CLB CONSEILS\";s:7:\"address\";s:52:\"3 Chemin du Pigeonnier de la Cépière \r\nBâtiment C\";s:3:\"zip\";s:5:\"31000\";s:4:\"town\";s:8:\"TOULOUSE\";s:10:\"state_code\";s:2:\"31\";s:5:\"phone\";s:10:\"0561399926\";s:5:\"email\";s:27:\"fournisseur@clbconseils.com\";s:7:\"idprof1\";s:9:\"517911509\";s:7:\"idprof2\";s:14:\"51791150900027\";s:7:\"idprof3\";s:5:\"7022Z\";s:9:\"tva_intra\";s:13:\"FR82517911509\";s:15:\"localtax1_assuj\";i:0;s:15:\"localtax2_assuj\";i:0;s:8:\"managers\";s:14:\"PAROUTI ROMAIN\";s:7:\"capital\";s:7:\"5000.00\";s:12:\"country_code\";s:2:\"FR\";}s:3:\"ref\";s:0:\"\";s:4:\"date\";i:1689156000;s:9:\"type_code\";s:3:\"VIR\";s:12:\"payment_part\";a:1:{i:1;O:8:\"stdClass\":3:{s:6:\"amount\";s:4:\"4800\";s:10:\"thirdparty\";O:8:\"stdClass\":12:{s:4:\"name\";s:55:\"COMMUNAUTE DE COMMUNES ALBERES COTE VERMEILLE ILLIBERIS\";s:7:\"address\";s:24:\"3 Impasse De CHARLEMAGNE\";s:3:\"zip\";s:5:\"66700\";s:4:\"town\";s:15:\"ARGELES SUR MER\";s:10:\"state_code\";s:2:\"66\";s:7:\"idprof1\";s:9:\"200043602\";s:7:\"idprof2\";s:14:\"20004360200016\";s:15:\"localtax1_value\";s:5:\"0.000\";s:15:\"localtax2_value\";s:5:\"0.000\";s:11:\"typent_code\";s:8:\"TE_ADMIN\";s:20:\"forme_juridique_code\";s:2:\"72\";s:12:\"country_code\";s:2:\"FR\";}s:7:\"invoice\";O:8:\"stdClass\":8:{s:4:\"date\";i:1685397600;s:4:\"type\";s:1:\"0\";s:8:\"total_ht\";s:13:\"4000.00000000\";s:9:\"total_tva\";s:12:\"800.00000000\";s:9:\"total_ttc\";s:13:\"4800.00000000\";s:12:\"revenuestamp\";s:10:\"0.00000000\";s:3:\"ref\";s:11:\"FA2305-1372\";s:11:\"note_public\";s:20:\"Facture d\'honoraires\";}}}s:6:\"amount\";i:4800;}',15,1,0,'2023-07-12 09:53:08','AMIOT Ismaël',''),(2051,'2023-07-12 07:55:57','PAYMENT_CUSTOMER_CREATE',720.00000000,'802ceaee821dd022352d94e205c139975d5f0299e8c90f5c4d6c163c2509d740','80cb316ade2b094d7732dcf4872ca0b56e94ee65fbd55029e6b4005677edc50f','payment',1402,'','2023-07-12 12:00:00','O:8:\"stdClass\":7:{s:10:\"thirdparty\";O:8:\"stdClass\":14:{s:4:\"name\";s:43:\"CENTRE DE CANCEROLOGIE DU GRAND MONTPELLIER\";s:10:\"name_alias\";s:4:\"CCGM\";s:7:\"address\";s:49:\"Clinique Clémentville - 25, rue de Clémentville\";s:3:\"zip\";s:5:\"34070\";s:4:\"town\";s:11:\"MONTPELLIER\";s:10:\"state_code\";s:2:\"34\";s:5:\"phone\";s:10:\"0467926155\";s:7:\"idprof1\";s:9:\"520785767\";s:7:\"idprof2\";s:14:\"52078576700010\";s:15:\"localtax1_value\";s:5:\"0.000\";s:15:\"localtax2_value\";s:5:\"0.000\";s:11:\"typent_code\";s:8:\"TE_OTHER\";s:20:\"forme_juridique_code\";s:2:\"62\";s:12:\"country_code\";s:2:\"FR\";}s:9:\"mycompany\";O:8:\"stdClass\":16:{s:4:\"name\";s:29:\"PRB CONSULTANT - CLB CONSEILS\";s:7:\"address\";s:52:\"3 Chemin du Pigeonnier de la Cépière \r\nBâtiment C\";s:3:\"zip\";s:5:\"31000\";s:4:\"town\";s:8:\"TOULOUSE\";s:10:\"state_code\";s:2:\"31\";s:5:\"phone\";s:10:\"0561399926\";s:5:\"email\";s:27:\"fournisseur@clbconseils.com\";s:7:\"idprof1\";s:9:\"517911509\";s:7:\"idprof2\";s:14:\"51791150900027\";s:7:\"idprof3\";s:5:\"7022Z\";s:9:\"tva_intra\";s:13:\"FR82517911509\";s:15:\"localtax1_assuj\";i:0;s:15:\"localtax2_assuj\";i:0;s:8:\"managers\";s:14:\"PAROUTI ROMAIN\";s:7:\"capital\";s:7:\"5000.00\";s:12:\"country_code\";s:2:\"FR\";}s:3:\"ref\";s:0:\"\";s:4:\"date\";i:1689156000;s:9:\"type_code\";s:3:\"VIR\";s:12:\"payment_part\";a:1:{i:1;O:8:\"stdClass\":3:{s:6:\"amount\";s:3:\"720\";s:10:\"thirdparty\";O:8:\"stdClass\":14:{s:4:\"name\";s:43:\"CENTRE DE CANCEROLOGIE DU GRAND MONTPELLIER\";s:10:\"name_alias\";s:4:\"CCGM\";s:7:\"address\";s:49:\"Clinique Clémentville - 25, rue de Clémentville\";s:3:\"zip\";s:5:\"34070\";s:4:\"town\";s:11:\"MONTPELLIER\";s:10:\"state_code\";s:2:\"34\";s:5:\"phone\";s:10:\"0467926155\";s:7:\"idprof1\";s:9:\"520785767\";s:7:\"idprof2\";s:14:\"52078576700010\";s:15:\"localtax1_value\";s:5:\"0.000\";s:15:\"localtax2_value\";s:5:\"0.000\";s:11:\"typent_code\";s:8:\"TE_OTHER\";s:20:\"forme_juridique_code\";s:2:\"62\";s:12:\"country_code\";s:2:\"FR\";}s:7:\"invoice\";O:8:\"stdClass\":8:{s:4:\"date\";i:1688421600;s:4:\"type\";s:1:\"0\";s:8:\"total_ht\";s:12:\"600.00000000\";s:9:\"total_tva\";s:12:\"120.00000000\";s:9:\"total_ttc\";s:12:\"720.00000000\";s:12:\"revenuestamp\";s:10:\"0.00000000\";s:3:\"ref\";s:11:\"FA2307-1400\";s:11:\"note_public\";s:32:\"Facture Assistance trimestrielle\";}}}s:6:\"amount\";i:720;}',15,1,0,'2023-07-12 09:55:57','AMIOT Ismaël',''),(2052,'2023-07-12 08:06:09','PAYMENT_CUSTOMER_CREATE',720.00000000,'26f1410947d4cf81f655ccdeb6768b1b612339dc7adb893a478cfd81837ac889','0e8617e9e24d641cac0e0480bc58b9c1ecf4e4351784902a46259ee7ae1bcb12','payment',1403,'','2023-07-10 12:00:00','O:8:\"stdClass\":7:{s:10:\"thirdparty\";O:8:\"stdClass\":12:{s:4:\"name\";s:61:\"Comité Régional UFOLEP OCCITANIE Pyrénées-Méditerrannée\";s:7:\"address\";s:21:\"7 Rue André Citroën\";s:3:\"zip\";s:5:\"31130\";s:4:\"town\";s:5:\"BALMA\";s:7:\"idprof1\";s:9:\"449084177\";s:7:\"idprof2\";s:14:\"44908417700020\";s:7:\"idprof3\";s:5:\"9319Z\";s:15:\"localtax1_value\";s:5:\"0.000\";s:15:\"localtax2_value\";s:5:\"0.000\";s:11:\"typent_code\";s:8:\"TE_OTHER\";s:20:\"forme_juridique_code\";s:2:\"92\";s:12:\"country_code\";s:2:\"FR\";}s:9:\"mycompany\";O:8:\"stdClass\":16:{s:4:\"name\";s:29:\"PRB CONSULTANT - CLB CONSEILS\";s:7:\"address\";s:52:\"3 Chemin du Pigeonnier de la Cépière \r\nBâtiment C\";s:3:\"zip\";s:5:\"31000\";s:4:\"town\";s:8:\"TOULOUSE\";s:10:\"state_code\";s:2:\"31\";s:5:\"phone\";s:10:\"0561399926\";s:5:\"email\";s:27:\"fournisseur@clbconseils.com\";s:7:\"idprof1\";s:9:\"517911509\";s:7:\"idprof2\";s:14:\"51791150900027\";s:7:\"idprof3\";s:5:\"7022Z\";s:9:\"tva_intra\";s:13:\"FR82517911509\";s:15:\"localtax1_assuj\";i:0;s:15:\"localtax2_assuj\";i:0;s:8:\"managers\";s:14:\"PAROUTI ROMAIN\";s:7:\"capital\";s:7:\"5000.00\";s:12:\"country_code\";s:2:\"FR\";}s:3:\"ref\";s:0:\"\";s:4:\"date\";i:1688983200;s:9:\"type_code\";s:3:\"VIR\";s:12:\"payment_part\";a:1:{i:1;O:8:\"stdClass\":3:{s:6:\"amount\";s:3:\"720\";s:10:\"thirdparty\";O:8:\"stdClass\":12:{s:4:\"name\";s:61:\"Comité Régional UFOLEP OCCITANIE Pyrénées-Méditerrannée\";s:7:\"address\";s:21:\"7 Rue André Citroën\";s:3:\"zip\";s:5:\"31130\";s:4:\"town\";s:5:\"BALMA\";s:7:\"idprof1\";s:9:\"449084177\";s:7:\"idprof2\";s:14:\"44908417700020\";s:7:\"idprof3\";s:5:\"9319Z\";s:15:\"localtax1_value\";s:5:\"0.000\";s:15:\"localtax2_value\";s:5:\"0.000\";s:11:\"typent_code\";s:8:\"TE_OTHER\";s:20:\"forme_juridique_code\";s:2:\"92\";s:12:\"country_code\";s:2:\"FR\";}s:7:\"invoice\";O:8:\"stdClass\":7:{s:4:\"date\";i:1688508000;s:4:\"type\";s:1:\"0\";s:8:\"total_ht\";s:12:\"600.00000000\";s:9:\"total_tva\";s:12:\"120.00000000\";s:9:\"total_ttc\";s:12:\"720.00000000\";s:12:\"revenuestamp\";s:10:\"0.00000000\";s:3:\"ref\";s:11:\"FA2307-1422\";}}}s:6:\"amount\";i:720;}',15,1,0,'2023-07-12 10:06:09','AMIOT Ismaël','');

--
-- Table structure for table `llx_blockedlog_authority`
--

CREATE TABLE `llx_blockedlog_authority` (
  `rowid` int(11) NOT NULL AUTO_INCREMENT,
  `blockchain` longtext NOT NULL,
  `signature` varchar(100) NOT NULL,
  `tms` timestamp NOT NULL DEFAULT CURRENT_TIMESTAMP ON UPDATE CURRENT_TIMESTAMP,
  PRIMARY KEY (`rowid`),
  KEY `signature` (`signature`)
) ENGINE=InnoDB DEFAULT CHARSET=utf8;

--
-- Dumping data for table `llx_blockedlog_authority`
--


--
-- Table structure for table `llx_bom_bom`
--

CREATE TABLE `llx_bom_bom` (
  `rowid` int(11) NOT NULL AUTO_INCREMENT,
  `entity` int(11) NOT NULL DEFAULT '1',
  `ref` varchar(128) COLLATE utf8_bin NOT NULL,
  `label` varchar(255) COLLATE utf8_bin DEFAULT NULL,
  `description` text COLLATE utf8_bin,
  `note_public` text COLLATE utf8_bin,
  `note_private` text COLLATE utf8_bin,
  `fk_product` int(11) DEFAULT NULL,
  `qty` double(24,8) DEFAULT NULL,
  `efficiency` double(8,4) DEFAULT NULL,
  `date_creation` datetime NOT NULL,
  `tms` timestamp NOT NULL DEFAULT CURRENT_TIMESTAMP ON UPDATE CURRENT_TIMESTAMP,
  `date_valid` datetime DEFAULT NULL,
  `fk_user_creat` int(11) NOT NULL,
  `fk_user_modif` int(11) DEFAULT NULL,
  `fk_user_valid` int(11) DEFAULT NULL,
  `import_key` varchar(14) COLLATE utf8_bin DEFAULT NULL,
  `status` int(11) NOT NULL,
  `duration` double(24,8) DEFAULT NULL,
  `fk_warehouse` int(11) DEFAULT NULL,
  `model_pdf` varchar(255) COLLATE utf8_bin DEFAULT NULL,
  `bomtype` int(11) DEFAULT '0',
  PRIMARY KEY (`rowid`),
  UNIQUE KEY `uk_bom_bom_ref` (`ref`,`entity`),
  KEY `idx_bom_bom_rowid` (`rowid`),
  KEY `idx_bom_bom_ref` (`ref`),
  KEY `llx_bom_bom_fk_user_creat` (`fk_user_creat`),
  KEY `idx_bom_bom_status` (`status`),
  KEY `idx_bom_bom_fk_product` (`fk_product`),
  CONSTRAINT `llx_bom_bom_fk_user_creat` FOREIGN KEY (`fk_user_creat`) REFERENCES `llx_user` (`rowid`)
) ENGINE=InnoDB DEFAULT CHARSET=utf8 COLLATE=utf8_bin;

--
-- Dumping data for table `llx_bom_bom`
--


--
-- Table structure for table `llx_bom_bom_extrafields`
--

CREATE TABLE `llx_bom_bom_extrafields` (
  `rowid` int(11) NOT NULL AUTO_INCREMENT,
  `tms` timestamp NOT NULL DEFAULT CURRENT_TIMESTAMP ON UPDATE CURRENT_TIMESTAMP,
  `fk_object` int(11) NOT NULL,
  `import_key` varchar(14) COLLATE utf8_bin DEFAULT NULL,
  PRIMARY KEY (`rowid`),
  KEY `idx_bom_bom_extrafields_fk_object` (`fk_object`)
) ENGINE=InnoDB DEFAULT CHARSET=utf8 COLLATE=utf8_bin;

--
-- Dumping data for table `llx_bom_bom_extrafields`
--


--
-- Table structure for table `llx_bom_bomline`
--

CREATE TABLE `llx_bom_bomline` (
  `rowid` int(11) NOT NULL AUTO_INCREMENT,
  `fk_bom` int(11) NOT NULL,
  `fk_product` int(11) NOT NULL,
  `fk_bom_child` int(11) DEFAULT NULL,
  `description` text COLLATE utf8_bin,
  `import_key` varchar(14) COLLATE utf8_bin DEFAULT NULL,
  `qty` double(24,8) NOT NULL,
  `efficiency` double(8,4) NOT NULL DEFAULT '1.0000',
  `position` int(11) NOT NULL,
  `qty_frozen` smallint(6) DEFAULT '0',
  `disable_stock_change` smallint(6) DEFAULT '0',
  PRIMARY KEY (`rowid`),
  KEY `idx_bom_bomline_rowid` (`rowid`),
  KEY `idx_bom_bomline_fk_product` (`fk_product`),
  KEY `idx_bom_bomline_fk_bom` (`fk_bom`),
  CONSTRAINT `llx_bom_bomline_fk_bom` FOREIGN KEY (`fk_bom`) REFERENCES `llx_bom_bom` (`rowid`)
) ENGINE=InnoDB DEFAULT CHARSET=utf8 COLLATE=utf8_bin;

--
-- Dumping data for table `llx_bom_bomline`
--


--
-- Table structure for table `llx_bom_bomline_extrafields`
--

CREATE TABLE `llx_bom_bomline_extrafields` (
  `rowid` int(11) NOT NULL AUTO_INCREMENT,
  `tms` timestamp NOT NULL DEFAULT CURRENT_TIMESTAMP ON UPDATE CURRENT_TIMESTAMP,
  `fk_object` int(11) NOT NULL,
  `import_key` varchar(14) COLLATE utf8_bin DEFAULT NULL,
  PRIMARY KEY (`rowid`)
) ENGINE=InnoDB DEFAULT CHARSET=utf8 COLLATE=utf8_bin;

--
-- Dumping data for table `llx_bom_bomline_extrafields`
--


--
-- Table structure for table `llx_bookmark`
--

CREATE TABLE `llx_bookmark` (
  `rowid` int(11) NOT NULL AUTO_INCREMENT,
  `fk_user` int(11) NOT NULL,
  `dateb` datetime DEFAULT NULL,
  `url` text,
  `target` varchar(16) DEFAULT NULL,
  `title` varchar(64) DEFAULT NULL,
  `favicon` varchar(24) DEFAULT NULL,
  `position` int(11) DEFAULT '0',
  `entity` int(11) NOT NULL DEFAULT '1',
  PRIMARY KEY (`rowid`),
  UNIQUE KEY `uk_bookmark_title` (`fk_user`,`entity`,`title`)
) ENGINE=InnoDB AUTO_INCREMENT=18 DEFAULT CHARSET=utf8;

--
-- Dumping data for table `llx_bookmark`
--

INSERT INTO `llx_bookmark` (`rowid`, `fk_user`, `dateb`, `url`, `target`, `title`, `favicon`, `position`, `entity`) VALUES (3,1,'2019-06-26 00:24:46','https://clsconseils.sharepoint.com/:x:/r/sites/CLBGrandSud/_layouts/15/Doc.aspx?sourcedoc=%7B1B939081-21C0-4F3B-AB24-993F003C0183%7D&file=Mise%20en%20relation%20Chryst%C3%A8le%20AG@P.xlsx&action=default&mobileredirect=true','1','TABLEAU SUIVI CHRYSTELE','none',0,1),(5,1,'2019-06-26 00:26:38','https://clsconseils.sharepoint.com/:x:/r/sites/elsan/_layouts/15/Doc.aspx?sourcedoc=%7B450766E0-6808-494C-9AA6-1E0839DCB2FC%7D&file=Encaissements%20CLB%20ELSAN.xlsx&action=default&mobileredirect=true','1','ENCAISSEMENTS ELSAN','none',0,1),(6,1,'2019-06-26 00:27:18','https://clsconseils.sharepoint.com/:x:/r/sites/elsan/_layouts/15/Doc.aspx?sourcedoc=%7BBDC99D3B-DE64-4053-A89B-8ACB10C08C84%7D&file=Tableau%20de%20Suivi%20ELSAN.xlsx&action=default&mobileredirect=true','1','SUIVI ELSAN','none',0,1),(7,3,'2019-07-05 22:07:09','https://clsconseils.sharepoint.com/:x:/r/sites/CLBGrandSud/_layouts/15/Doc.aspx?sourcedoc=%7B1B939081-21C0-4F3B-AB24-993F003C0183%7D&file=Mise%20en%20relation%20Chryst%C3%A8le%20AG@P.xlsx&action=default&mobileredirect=true','1','SUIVI TABLEAU CHRYSTELE','none',0,1),(8,3,'2019-07-05 22:09:36','https://clsconseils.sharepoint.com/:x:/r/sites/elsan/_layouts/15/Doc.aspx?sourcedoc=%7BBDC99D3B-DE64-4053-A89B-8ACB10C08C84%7D&file=Tableau%20de%20Suivi%20ELSAN.xlsx&action=default&mobileredirect=true','1','SUIVI ELSAN','none',0,1),(9,1,'2019-07-05 22:13:05','https://clbconseils-sud.com/fr/','1','CLB GRAND SUD','none',0,1),(10,3,'2019-07-05 22:14:04','https://clsconseils.sharepoint.com/:x:/r/sites/FRANCAS/_layouts/15/Doc.aspx?sourcedoc=%7BA153556F-729E-4735-894D-7F91EFD4AA2B%7D&file=Tableau%20de%20Suivi%20FRANCAS%20CLB.xlsx&action=default&mobileredirect=true','1','SUIVI FRANCAS','none',0,1),(11,8,'2021-11-03 08:30:41','https://clsconseils.sharepoint.com/sites/CLBGrandSud/Documents%20partages/Forms/AllItems.aspx?newTargetListUrl=%2Fsites%2FCLBGrandSud%2FDocuments%20partages&viewpath=%2Fsites%2FCLBGrandSud%2FDocuments%20partages%2FForms%2FAllItems%2Easpx&id=%2Fsites%2FCLB','1','MAIRIE DE REVEL','none',0,1),(13,1,'2021-12-01 10:30:56','https://clsconseils.sharepoint.com/sites/CLBGrandSud/Documents%20partages/Forms/AllItems.aspx','1','SHARE POINT CLB GRAND SUD','none',0,1),(14,5,'2021-12-01 10:33:13','https://clsconseils.sharepoint.com/sites/CLBGrandSud/Documents%20partages/Forms/AllItems.aspx?viewid=dae30c40%2Dbcd1%2D4dfd%2Db7a7%2D8e1bff8a8e37','1','SHARE POINT FRANCOIS','none',0,1),(15,0,'2023-07-04 10:59:38','/projet/card.php?id=26&action=clone','0','PROJET MODELE PREPA MISSION','none',0,1);

--
-- Table structure for table `llx_bordereau_cheque`
--

CREATE TABLE `llx_bordereau_cheque` (
  `rowid` int(11) NOT NULL AUTO_INCREMENT,
  `ref` varchar(30) NOT NULL,
  `ref_ext` varchar(255) DEFAULT NULL,
  `datec` datetime NOT NULL,
  `date_bordereau` date DEFAULT NULL,
  `amount` double(24,8) NOT NULL,
  `nbcheque` smallint(6) NOT NULL,
  `fk_bank_account` int(11) DEFAULT NULL,
  `fk_user_author` int(11) DEFAULT NULL,
  `statut` smallint(6) NOT NULL DEFAULT '0',
  `tms` timestamp NOT NULL DEFAULT CURRENT_TIMESTAMP ON UPDATE CURRENT_TIMESTAMP,
  `note` text,
  `entity` int(11) NOT NULL DEFAULT '1',
  PRIMARY KEY (`rowid`),
  UNIQUE KEY `uk_bordereau_cheque` (`ref`,`entity`)
) ENGINE=InnoDB DEFAULT CHARSET=utf8;

--
-- Dumping data for table `llx_bordereau_cheque`
--


--
-- Table structure for table `llx_boxes`
--

CREATE TABLE `llx_boxes` (
  `rowid` int(11) NOT NULL AUTO_INCREMENT,
  `entity` int(11) NOT NULL DEFAULT '1',
  `box_id` int(11) NOT NULL,
  `position` smallint(6) NOT NULL,
  `box_order` varchar(3) NOT NULL,
  `fk_user` int(11) NOT NULL DEFAULT '0',
  `maxline` int(11) DEFAULT NULL,
  `params` varchar(255) DEFAULT NULL,
  PRIMARY KEY (`rowid`),
  UNIQUE KEY `uk_boxes` (`entity`,`box_id`,`position`,`fk_user`),
  KEY `idx_boxes_boxid` (`box_id`),
  KEY `idx_boxes_fk_user` (`fk_user`),
  CONSTRAINT `fk_boxes_box_id` FOREIGN KEY (`box_id`) REFERENCES `llx_boxes_def` (`rowid`)
) ENGINE=InnoDB AUTO_INCREMENT=1080 DEFAULT CHARSET=utf8;

--
-- Dumping data for table `llx_boxes`
--

INSERT INTO `llx_boxes` (`rowid`, `entity`, `box_id`, `position`, `box_order`, `fk_user`, `maxline`, `params`) VALUES (1,1,1,0,'A03',0,NULL,NULL),(2,1,2,0,'B20',0,NULL,NULL),(3,1,3,0,'B12',0,NULL,NULL),(4,1,4,0,'A07',0,NULL,NULL),(5,1,5,0,'B26',0,NULL,NULL),(6,1,6,0,'A19',0,NULL,NULL),(7,1,7,0,'A13',0,NULL,NULL),(8,1,8,0,'B08',0,NULL,NULL),(9,1,9,0,'A27',0,NULL,NULL),(10,1,10,0,'A21',0,NULL,NULL),(15,1,15,0,'A25',0,NULL,NULL),(16,1,16,0,'B06',0,NULL,NULL),(17,1,17,0,'A11',0,NULL,NULL),(18,1,18,0,'B22',0,NULL,NULL),(44,1,27,0,'B16',0,NULL,NULL),(45,1,28,0,'A09',0,NULL,NULL),(46,1,29,0,'B04',0,NULL,NULL),(47,1,30,0,'A23',0,NULL,NULL),(48,1,31,0,'A17',0,NULL,NULL),(49,1,32,0,'B10',0,NULL,NULL),(54,1,37,0,'A05',0,NULL,NULL),(55,1,38,0,'B24',0,NULL,NULL),(56,1,39,0,'B18',0,NULL,NULL),(260,1,43,0,'A15',0,NULL,NULL),(261,1,44,0,'B02',0,NULL,NULL),(297,1,1,0,'A01',6,NULL,NULL),(298,1,29,0,'A02',6,NULL,NULL),(299,1,3,0,'A03',6,NULL,NULL),(301,1,43,0,'B01',6,NULL,NULL),(302,1,6,0,'B02',6,NULL,NULL),(303,1,2,0,'B03',6,NULL,NULL),(304,1,10,0,'B04',6,NULL,NULL),(305,1,18,0,'B05',6,NULL,NULL),(306,1,15,0,'B06',6,NULL,NULL),(307,1,5,0,'B07',6,NULL,NULL),(621,1,1,0,'A01',3,NULL,NULL),(622,1,27,0,'A02',3,NULL,NULL),(623,1,29,0,'A03',3,NULL,NULL),(624,1,2,0,'A04',3,NULL,NULL),(625,1,31,0,'A05',3,NULL,NULL),(626,1,37,0,'A06',3,NULL,NULL),(627,1,39,0,'A07',3,NULL,NULL),(628,1,16,0,'A08',3,NULL,NULL),(629,1,8,0,'A09',3,NULL,NULL),(630,1,10,0,'A10',3,NULL,NULL),(632,1,38,0,'B01',3,NULL,NULL),(633,1,28,0,'B02',3,NULL,NULL),(634,1,30,0,'B03',3,NULL,NULL),(635,1,32,0,'B04',3,NULL,NULL),(636,1,18,0,'B05',3,NULL,NULL),(637,1,17,0,'B06',3,NULL,NULL),(638,1,15,0,'B07',3,NULL,NULL),(639,1,3,0,'B08',3,NULL,NULL),(640,1,5,0,'B09',3,NULL,NULL),(641,1,7,0,'B10',3,NULL,NULL),(642,1,9,0,'B11',3,NULL,NULL),(644,1,38,0,'A01',1,NULL,NULL),(645,1,1,0,'A02',1,NULL,NULL),(646,1,17,0,'A03',1,NULL,NULL),(647,1,16,0,'A04',1,NULL,NULL),(648,1,15,0,'A05',1,NULL,NULL),(649,1,3,0,'A06',1,NULL,NULL),(650,1,10,0,'A07',1,NULL,NULL),(651,1,37,0,'B01',1,NULL,NULL),(652,1,9,0,'B02',1,NULL,NULL),(653,1,7,0,'B03',1,NULL,NULL),(654,1,6,0,'B04',1,NULL,NULL),(655,1,5,0,'B05',1,NULL,NULL),(656,1,2,0,'B06',1,NULL,NULL),(657,1,18,0,'B07',1,NULL,NULL),(725,1,1,0,'A01',15,NULL,NULL),(726,1,29,0,'A02',15,NULL,NULL),(727,1,37,0,'A03',15,NULL,NULL),(728,1,8,0,'A04',15,NULL,NULL),(730,1,28,0,'A06',15,NULL,NULL),(731,1,32,0,'A07',15,NULL,NULL),(732,1,3,0,'A08',15,NULL,NULL),(733,1,7,0,'A09',15,NULL,NULL),(735,1,43,0,'B01',15,NULL,NULL),(736,1,27,0,'B02',15,NULL,NULL),(737,1,31,0,'B03',15,NULL,NULL),(738,1,39,0,'B04',15,NULL,NULL),(739,1,6,0,'B05',15,NULL,NULL),(740,1,2,0,'B06',15,NULL,NULL),(741,1,10,0,'B07',15,NULL,NULL),(742,1,18,0,'B08',15,NULL,NULL),(743,1,30,0,'B09',15,NULL,NULL),(744,1,38,0,'B10',15,NULL,NULL),(745,1,15,0,'B11',15,NULL,NULL),(746,1,5,0,'B12',15,NULL,NULL),(747,1,9,0,'B13',15,NULL,NULL),(748,1,58,0,'A01',0,NULL,NULL),(774,1,58,0,'A01',5,NULL,NULL),(775,1,1,0,'A02',5,NULL,NULL),(776,1,29,0,'A03',5,NULL,NULL),(777,1,37,0,'A04',5,NULL,NULL),(778,1,16,0,'A05',5,NULL,NULL),(779,1,8,0,'A06',5,NULL,NULL),(780,1,28,0,'A07',5,NULL,NULL),(781,1,32,0,'A08',5,NULL,NULL),(782,1,17,0,'A09',5,NULL,NULL),(783,1,3,0,'A10',5,NULL,NULL),(784,1,7,0,'A11',5,NULL,NULL),(786,1,43,0,'B01',5,NULL,NULL),(787,1,27,0,'B02',5,NULL,NULL),(788,1,31,0,'B03',5,NULL,NULL),(789,1,39,0,'B04',5,NULL,NULL),(790,1,6,0,'B05',5,NULL,NULL),(791,1,2,0,'B06',5,NULL,NULL),(792,1,10,0,'B07',5,NULL,NULL),(793,1,18,0,'B08',5,NULL,NULL),(794,1,30,0,'B09',5,NULL,NULL),(795,1,38,0,'B10',5,NULL,NULL),(796,1,15,0,'B11',5,NULL,NULL),(797,1,5,0,'B12',5,NULL,NULL),(798,1,9,0,'B13',5,NULL,NULL),(1079,1,7,0,'A01',2,NULL,NULL);

--
-- Table structure for table `llx_boxes_def`
--

CREATE TABLE `llx_boxes_def` (
  `rowid` int(11) NOT NULL AUTO_INCREMENT,
  `file` varchar(200) NOT NULL,
  `entity` int(11) NOT NULL DEFAULT '1',
  `tms` timestamp NOT NULL DEFAULT CURRENT_TIMESTAMP ON UPDATE CURRENT_TIMESTAMP,
  `note` varchar(130) DEFAULT NULL,
  PRIMARY KEY (`rowid`),
  UNIQUE KEY `uk_boxes_def` (`file`,`entity`,`note`)
) ENGINE=InnoDB AUTO_INCREMENT=62 DEFAULT CHARSET=utf8;

--
-- Dumping data for table `llx_boxes_def`
--

INSERT INTO `llx_boxes_def` (`rowid`, `file`, `entity`, `tms`, `note`) VALUES (1,'box_clients.php',1,'2014-12-05 09:28:14',NULL),(2,'box_prospect.php',1,'2014-12-05 09:28:14',NULL),(3,'box_contacts.php',1,'2014-12-05 09:28:14',NULL),(4,'box_activity.php',1,'2014-12-05 09:28:14','(WarningUsingThisBoxSlowDown)'),(5,'box_graph_propales_permonth.php',1,'2014-12-05 09:28:20',NULL),(6,'box_propales.php',1,'2014-12-05 09:28:20',NULL),(7,'box_contracts.php',1,'2014-12-05 09:28:26',NULL),(8,'box_services_expired.php',1,'2014-12-05 09:28:26',NULL),(9,'box_services_contracts.php',1,'2014-12-05 09:28:27',NULL),(10,'box_graph_product_distribution.php',1,'2014-12-05 09:28:27',NULL),(15,'box_actions.php',1,'2014-12-05 09:29:04',NULL),(16,'box_commandes.php',1,'2014-12-05 09:30:10',NULL),(17,'box_graph_orders_permonth.php',1,'2014-12-05 09:30:10',NULL),(18,'box_bookmarks.php',1,'2014-12-05 09:31:06',NULL),(27,'box_graph_invoices_supplier_permonth.php',1,'2015-09-02 10:33:18',NULL),(28,'box_graph_orders_supplier_permonth.php',1,'2015-09-02 10:33:18',NULL),(29,'box_fournisseurs.php',1,'2015-09-02 10:33:18',NULL),(30,'box_factures_fourn_imp.php',1,'2015-09-02 10:33:18',NULL),(31,'box_factures_fourn.php',1,'2015-09-02 10:33:18',NULL),(32,'box_supplier_orders.php',1,'2015-09-02 10:33:18',NULL),(37,'box_factures_imp.php',1,'2015-09-02 15:24:50',NULL),(38,'box_factures.php',1,'2015-09-02 15:24:50',NULL),(39,'box_graph_invoices_permonth.php',1,'2015-09-02 15:24:50',NULL),(41,'box_goodcustomers.php',1,'2018-01-19 16:44:52','(WarningUsingThisBoxSlowDown)'),(42,'box_lastlogin.php',1,'2018-01-19 16:44:52',NULL),(43,'box_produits.php',1,'2018-03-07 10:41:13',NULL),(44,'box_produits_alerte_stock.php',1,'2018-03-07 10:41:13',NULL),(45,'box_birthdays.php',1,'2020-01-23 00:26:11',NULL),(46,'box_funnel_of_prospection.php',1,'2021-12-12 22:57:31',NULL),(47,'box_customers_outstanding_bill_reached.php',1,'2021-12-12 22:57:31',NULL),(48,'box_scheduled_jobs.php',1,'2021-12-12 22:57:31',NULL),(49,'box_dolibarr_state_board.php',1,'2021-12-12 22:57:44',NULL),(50,'box_members_last_modified.php',1,'2021-12-12 22:57:44',NULL),(51,'box_members_last_subscriptions.php',1,'2021-12-12 22:57:44',NULL),(52,'box_members_subscriptions_by_year.php',1,'2021-12-12 22:57:44',NULL),(53,'box_members_by_type.php',1,'2021-12-12 22:57:44',NULL),(54,'box_graph_ticket_by_severity.php',1,'2021-12-12 22:57:56',NULL),(55,'box_graph_nb_ticket_last_x_days.php',1,'2021-12-12 22:57:56',NULL),(56,'box_graph_nb_tickets_type.php',1,'2021-12-12 22:57:56',NULL),(57,'box_graph_new_vs_close_ticket.php',1,'2021-12-12 22:57:56',NULL),(58,'box_comptes.php',1,'2021-12-12 22:58:05',NULL),(59,'box_supplier_orders_awaiting_reception.php',1,'2021-12-12 22:58:06',NULL),(60,'box_accountancy_last_manual_entries.php',1,'2023-07-06 08:22:57',NULL),(61,'box_accountancy_suspense_account.php',1,'2023-07-06 08:22:57',NULL);

--
-- Table structure for table `llx_budget`
--

CREATE TABLE `llx_budget` (
  `rowid` int(11) NOT NULL AUTO_INCREMENT,
  `entity` int(11) NOT NULL DEFAULT '1',
  `label` varchar(255) NOT NULL,
  `status` int(11) DEFAULT NULL,
  `note` text,
  `date_start` date DEFAULT NULL,
  `date_end` date DEFAULT NULL,
  `datec` datetime DEFAULT NULL,
  `tms` timestamp NOT NULL DEFAULT CURRENT_TIMESTAMP ON UPDATE CURRENT_TIMESTAMP,
  `fk_user_creat` int(11) DEFAULT NULL,
  `fk_user_modif` int(11) DEFAULT NULL,
  `import_key` int(11) DEFAULT NULL,
  PRIMARY KEY (`rowid`)
) ENGINE=InnoDB DEFAULT CHARSET=utf8;

--
-- Dumping data for table `llx_budget`
--


--
-- Table structure for table `llx_budget_lines`
--

CREATE TABLE `llx_budget_lines` (
  `rowid` int(11) NOT NULL AUTO_INCREMENT,
  `fk_budget` int(11) NOT NULL,
  `fk_project_ids` varchar(255) NOT NULL,
  `amount` double(24,8) NOT NULL,
  `datec` datetime DEFAULT NULL,
  `tms` timestamp NOT NULL DEFAULT CURRENT_TIMESTAMP ON UPDATE CURRENT_TIMESTAMP,
  `fk_user_creat` int(11) DEFAULT NULL,
  `fk_user_modif` int(11) DEFAULT NULL,
  `import_key` int(11) DEFAULT NULL,
  PRIMARY KEY (`rowid`),
  UNIQUE KEY `uk_budget_lines` (`fk_budget`,`fk_project_ids`),
  CONSTRAINT `fk_budget_lines_budget` FOREIGN KEY (`fk_budget`) REFERENCES `llx_budget` (`rowid`)
) ENGINE=InnoDB DEFAULT CHARSET=utf8;

--
-- Dumping data for table `llx_budget_lines`
--


--
-- Table structure for table `llx_c_accounting_category`
--

CREATE TABLE `llx_c_accounting_category` (
  `rowid` int(11) NOT NULL AUTO_INCREMENT,
  `entity` int(11) NOT NULL DEFAULT '1',
  `code` varchar(16) NOT NULL,
  `label` varchar(255) NOT NULL,
  `range_account` varchar(255) NOT NULL,
  `sens` tinyint(4) NOT NULL DEFAULT '0',
  `category_type` tinyint(4) NOT NULL DEFAULT '0',
  `formula` varchar(255) NOT NULL,
  `position` int(11) DEFAULT '0',
  `fk_country` int(11) DEFAULT NULL,
  `active` int(11) DEFAULT '1',
  PRIMARY KEY (`rowid`),
  UNIQUE KEY `uk_c_accounting_category` (`code`,`entity`)
) ENGINE=InnoDB AUTO_INCREMENT=4 DEFAULT CHARSET=utf8;

--
-- Dumping data for table `llx_c_accounting_category`
--

INSERT INTO `llx_c_accounting_category` (`rowid`, `entity`, `code`, `label`, `range_account`, `sens`, `category_type`, `formula`, `position`, `fk_country`, `active`) VALUES (1,1,'VENTES','Ventes de marchandises','7xxxxx',0,0,'',10,1,1),(2,1,'DEPENSES','Coût d\'achats marchandises vendues','6xxxxx',0,0,'',20,1,1),(3,1,'PROFIT','Marge commerciale','Balance',0,1,'VENTES+DEPENSES',30,1,1);

--
-- Table structure for table `llx_c_action_trigger`
--

CREATE TABLE `llx_c_action_trigger` (
  `rowid` int(11) NOT NULL AUTO_INCREMENT,
  `code` varchar(64) NOT NULL,
  `label` varchar(128) NOT NULL,
  `description` varchar(255) DEFAULT NULL,
  `elementtype` varchar(64) NOT NULL,
  `rang` int(11) DEFAULT '0',
  PRIMARY KEY (`rowid`),
  UNIQUE KEY `uk_action_trigger_code` (`code`),
  KEY `idx_action_trigger_rang` (`rang`)
) ENGINE=InnoDB AUTO_INCREMENT=122 DEFAULT CHARSET=utf8;

--
-- Dumping data for table `llx_c_action_trigger`
--

INSERT INTO `llx_c_action_trigger` (`rowid`, `code`, `label`, `description`, `elementtype`, `rang`) VALUES (1,'FICHINTER_VALIDATE','Intervention validated','Executed when a intervention is validated','ficheinter',19),(2,'BILL_VALIDATE','Customer invoice validated','Executed when a customer invoice is approved','facture',6),(3,'ORDER_SUPPLIER_APPROVE','Supplier order request approved','Executed when a supplier order is approved','order_supplier',12),(4,'ORDER_SUPPLIER_REFUSE','Supplier order request refused','Executed when a supplier order is refused','order_supplier',13),(5,'ORDER_VALIDATE','Customer order validate','Executed when a customer order is validated','commande',4),(6,'PROPAL_VALIDATE','Customer proposal validated','Executed when a commercial proposal is validated','propal',2),(9,'COMPANY_SENTBYMAIL','Mails sent from third party card','Executed when you send email from third party card','societe',1),(10,'COMPANY_CREATE','Third party created','Executed when a third party is created','societe',1),(11,'CONTRACT_VALIDATE','Contract validated','Executed when a contract is validated','contrat',18),(12,'PROPAL_SENTBYMAIL','Commercial proposal sent by mail','Executed when a commercial proposal is sent by mail','propal',3),(13,'ORDER_SENTBYMAIL','Customer order sent by mail','Executed when a customer order is sent by mail ','commande',5),(14,'BILL_PAYED','Customer invoice payed','Executed when a customer invoice is payed','facture',7),(15,'BILL_CANCEL','Customer invoice canceled','Executed when a customer invoice is conceled','facture',8),(16,'BILL_SENTBYMAIL','Customer invoice sent by mail','Executed when a customer invoice is sent by mail','facture',9),(17,'ORDER_SUPPLIER_VALIDATE','Supplier order validated','Executed when a supplier order is validated','order_supplier',11),(18,'ORDER_SUPPLIER_SENTBYMAIL','Supplier order sent by mail','Executed when a supplier order is sent by mail','order_supplier',14),(19,'BILL_SUPPLIER_VALIDATE','Supplier invoice validated','Executed when a supplier invoice is validated','invoice_supplier',15),(20,'BILL_SUPPLIER_PAYED','Supplier invoice payed','Executed when a supplier invoice is payed','invoice_supplier',16),(21,'BILL_SUPPLIER_SENTBYMAIL','Supplier invoice sent by mail','Executed when a supplier invoice is sent by mail','invoice_supplier',17),(22,'SHIPPING_VALIDATE','Shipping validated','Executed when a shipping is validated','shipping',20),(23,'SHIPPING_SENTBYMAIL','Shipping sent by mail','Executed when a shipping is sent by mail','shipping',21),(24,'MEMBER_VALIDATE','Member validated','Executed when a member is validated','member',22),(26,'MEMBER_RESILIATE','Member resiliated','Executed when a member is resiliated','member',24),(27,'MEMBER_DELETE','Member deleted','Executed when a member is deleted','member',25),(28,'BILL_UNVALIDATE','Customer invoice unvalidated','Executed when a customer invoice status set back to draft','facture',10),(29,'FICHINTER_SENTBYMAIL','Intervention sent by mail','Executed when a intervention is sent by mail','ficheinter',29),(30,'PROJECT_CREATE','Project creation','Executed when a project is created','project',140),(31,'PROPAL_CLOSE_SIGNED','Customer proposal closed signed','Executed when a customer proposal is closed signed','propal',31),(32,'PROPAL_CLOSE_REFUSED','Customer proposal closed refused','Executed when a customer proposal is closed refused','propal',32),(33,'BILL_SUPPLIER_CANCELED','Supplier invoice cancelled','Executed when a supplier invoice is cancelled','invoice_supplier',33),(34,'MEMBER_MODIFY','Member modified','Executed when a member is modified','member',34),(35,'TASK_CREATE','Task created','Executed when a project task is created','project',35),(36,'TASK_MODIFY','Task modified','Executed when a project task is modified','project',36),(37,'TASK_DELETE','Task deleted','Executed when a project task is deleted','project',37),(38,'FICHINTER_CLASSIFY_BILLED','Intervention set billed','Executed when a intervention is set to billed (when option FICHINTER_CLASSIFY_BILLED is set)','ficheinter',19),(39,'FICHINTER_CLASSIFY_UNBILLED','Intervention set unbilled','Executed when a intervention is set to unbilled (when option FICHINTER_CLASSIFY_BILLED is set)','ficheinter',19),(40,'FICHINTER_REOPEN','Intervention opened','Executed when a intervention is re-opened','ficheinter',19),(41,'PROPAL_CLASSIFY_BILLED','Customer proposal set billed','Executed when a customer proposal is set to billed','propal',2),(42,'ORDER_CLOSE','Customer order classify delivered','Executed when a customer order is set delivered','commande',5),(43,'ORDER_CLASSIFY_BILLED','Customer order classify billed','Executed when a customer order is set to billed','commande',5),(44,'ORDER_CANCEL','Customer order canceled','Executed when a customer order is canceled','commande',5),(45,'BILL_SUPPLIER_UNVALIDATE','Supplier invoice unvalidated','Executed when a supplier invoice status is set back to draft','invoice_supplier',15),(46,'PROJECT_MODIFY','Project modified','Executed when a project is modified','project',141),(47,'PROJECT_DELETE','Project deleted','Executed when a project is deleted','project',142),(48,'ORDER_SUPPLIER_CREATE','Supplier order validated','Executed when a supplier order is validated','order_supplier',11),(49,'ORDER_SUPPLIER_SUBMIT','Supplier order request submited','Executed when a supplier order is approved','order_supplier',12),(50,'ORDER_SUPPLIER_RECEIVE','Supplier order request received','Executed when a supplier order is received','order_supplier',12),(51,'ORDER_SUPPLIER_CLASSIFY_BILLED','Supplier order set billed','Executed when a supplier order is set as billed','order_supplier',14),(52,'PRODUCT_CREATE','Product or service created','Executed when a product or sevice is created','product',30),(53,'PRODUCT_MODIFY','Product or service modified','Executed when a product or sevice is modified','product',30),(54,'PRODUCT_DELETE','Product or service deleted','Executed when a product or sevice is deleted','product',30),(55,'EXPENSE_REPORT_CREATE','Expense report created','Executed when an expense report is created','expensereport',201),(57,'EXPENSE_REPORT_VALIDATE','Expense report validated','Executed when an expense report is validated','expensereport',202),(58,'EXPENSE_REPORT_APPROVE','Expense report approved','Executed when an expense report is approved','expensereport',203),(59,'EXPENSE_REPORT_PAID','Expense report billed','Executed when an expense report is set as billed','expensereport',204),(64,'HOLIDAY_CREATE','Leave request created','Executed when a leave request is created','holiday',221),(65,'HOLIDAY_VALIDATE','Leave request validated','Executed when a leave request is validated','holiday',222),(66,'HOLIDAY_APPROVE','Leave request approved','Executed when a leave request is approved','holiday',223),(67,'MEMBER_SUBSCRIPTION_CREATE','Member subscribtion recorded','Executed when a member subscribtion is deleted','member',24),(68,'MEMBER_SUBSCRIPTION_MODIFY','Member subscribtion modified','Executed when a member subscribtion is modified','member',24),(69,'MEMBER_SUBSCRIPTION_DELETE','Member subscribtion deleted','Executed when a member subscribtion is deleted','member',24),(70,'MEMBER_SENTBYMAIL','Mails sent from member card','Executed when you send email from member card','member',23),(71,'CONTRACT_SENTBYMAIL','Contract sent by mail','Executed when a contract is sent by mail','contrat',18),(72,'PROPOSAL_SUPPLIER_VALIDATE','Price request validated','Executed when a commercial proposal is validated','proposal_supplier',10),(73,'PROPOSAL_SUPPLIER_SENTBYMAIL','Price request sent by mail','Executed when a commercial proposal is sent by mail','proposal_supplier',10),(74,'PROPOSAL_SUPPLIER_CLOSE_SIGNED','Price request closed signed','Executed when a customer proposal is closed signed','proposal_supplier',10),(75,'PROPOSAL_SUPPLIER_CLOSE_REFUSED','Price request closed refused','Executed when a customer proposal is closed refused','proposal_supplier',10),(76,'COMPANY_DELETE','Third party deleted','Executed when you delete third party','societe',1),(77,'PROPAL_DELETE','Customer proposal deleted','Executed when a customer proposal is deleted','propal',2),(78,'ORDER_DELETE','Customer order deleted','Executed when a customer order is deleted','commande',5),(79,'BILL_DELETE','Customer invoice deleted','Executed when a customer invoice is deleted','facture',9),(80,'PROPOSAL_SUPPLIER_DELETE','Price request deleted','Executed when a customer proposal delete','proposal_supplier',10),(81,'ORDER_SUPPLIER_DELETE','Supplier order deleted','Executed when a supplier order is deleted','order_supplier',14),(82,'BILL_SUPPLIER_DELETE','Supplier invoice deleted','Executed when a supplier invoice is deleted','invoice_supplier',17),(83,'CONTRACT_DELETE','Contract deleted','Executed when a contract is deleted','contrat',18),(84,'FICHINTER_DELETE','Intervention is deleted','Executed when a intervention is deleted','ficheinter',35),(85,'EXPENSE_REPORT_DELETE','Expense report deleted','Executed when an expense report is deleted','expensereport',204),(88,'TICKET_CREATE','Ticket created','Executed when a ticket is created','ticket',161),(89,'TICKET_MODIFY','Ticket modified','Executed when a ticket is modified','ticket',163),(90,'TICKET_ASSIGNED','Ticket assigned','Executed when a ticket is assigned to another user','ticket',164),(91,'TICKET_CLOSE','Ticket closed','Executed when a ticket is closed','ticket',165),(92,'TICKET_SENTBYMAIL','Ticket message sent by email','Executed when a message is sent from the ticket record','ticket',166),(93,'TICKET_DELETE','Ticket deleted','Executed when a ticket is deleted','ticket',167),(94,'USER_SENTBYMAIL','Email sent','Executed when an email is sent from user card','user',300),(95,'BOM_VALIDATE','BOM validated','Executed when a BOM is validated','bom',650),(96,'BOM_UNVALIDATE','BOM unvalidated','Executed when a BOM is unvalidated','bom',651),(97,'BOM_CLOSE','BOM disabled','Executed when a BOM is disabled','bom',652),(98,'BOM_REOPEN','BOM reopen','Executed when a BOM is re-open','bom',653),(99,'BOM_DELETE','BOM deleted','Executed when a BOM deleted','bom',654),(100,'MRP_MO_VALIDATE','MO validated','Executed when a MO is validated','bom',660),(101,'MRP_MO_PRODUCED','MO produced','Executed when a MO is produced','bom',661),(102,'MRP_MO_DELETE','MO deleted','Executed when a MO is deleted','bom',662),(103,'MRP_MO_CANCEL','MO canceled','Executed when a MO is canceled','bom',663),(104,'CONTACT_CREATE','Contact address created','Executed when a contact is created','contact',50),(105,'CONTACT_SENTBYMAIL','Mails sent from third party card','Executed when you send email from contact adress card','contact',51),(106,'CONTACT_DELETE','Contact address deleted','Executed when a contact is deleted','contact',52),(107,'RECRUITMENTJOBPOSITION_CREATE','Job created','Executed when a job is created','recruitment',7500),(108,'RECRUITMENTJOBPOSITION_MODIFY','Job modified','Executed when a job is modified','recruitment',7502),(109,'RECRUITMENTJOBPOSITION_SENTBYMAIL','Mails sent from job record','Executed when you send email from job record','recruitment',7504),(110,'RECRUITMENTJOBPOSITION_DELETE','Job deleted','Executed when a job is deleted','recruitment',7506),(111,'RECRUITMENTCANDIDATURE_CREATE','Candidature created','Executed when a candidature is created','recruitment',7510),(112,'RECRUITMENTCANDIDATURE_MODIFY','Candidature modified','Executed when a candidature is modified','recruitment',7512),(113,'RECRUITMENTCANDIDATURE_SENTBYMAIL','Mails sent from candidature record','Executed when you send email from candidature record','recruitment',7514),(114,'RECRUITMENTCANDIDATURE_DELETE','Candidature deleted','Executed when a candidature is deleted','recruitment',7516),(120,'COMPANY_MODIFY','Third party update','Executed when you update third party','societe',1),(121,'CONTACT_MODIFY','Contact address update','Executed when a contact is updated','contact',51);

--
-- Table structure for table `llx_c_actioncomm`
--

CREATE TABLE `llx_c_actioncomm` (
  `id` int(11) NOT NULL,
  `code` varchar(50) NOT NULL,
  `type` varchar(50) NOT NULL DEFAULT 'system',
  `libelle` varchar(48) NOT NULL,
  `module` varchar(50) DEFAULT NULL,
  `active` tinyint(4) NOT NULL DEFAULT '1',
  `todo` tinyint(4) DEFAULT NULL,
  `position` int(11) NOT NULL DEFAULT '0',
  `color` varchar(9) DEFAULT NULL,
  `picto` varchar(48) DEFAULT NULL,
  PRIMARY KEY (`id`),
  UNIQUE KEY `uk_c_actioncomm` (`code`)
) ENGINE=InnoDB DEFAULT CHARSET=utf8;

--
-- Dumping data for table `llx_c_actioncomm`
--

INSERT INTO `llx_c_actioncomm` (`id`, `code`, `type`, `libelle`, `module`, `active`, `todo`, `position`, `color`, `picto`) VALUES (1,'AC_TEL','system','Phone call',NULL,1,NULL,2,NULL,NULL),(2,'AC_FAX','system','Send Fax',NULL,1,NULL,3,NULL,NULL),(4,'AC_EMAIL','system','Send Email',NULL,1,NULL,4,NULL,NULL),(5,'AC_RDV','system','Rendez-vous',NULL,1,NULL,1,NULL,NULL),(6,'AC_EMAIL_IN','system','reception Email',NULL,1,NULL,4,NULL,NULL),(11,'AC_INT','system','Intervention on site',NULL,1,NULL,4,NULL,NULL),(40,'AC_OTH_AUTO','systemauto','Other (automatically inserted events)',NULL,1,NULL,20,NULL,NULL),(50,'AC_OTH','system','Other (manually inserted events)',NULL,1,NULL,5,NULL,NULL),(60,'AC_EO_ONLINECONF','module','Online/Virtual conference','conference@eventorganization',1,NULL,60,NULL,NULL),(61,'AC_EO_INDOORCONF','module','Indoor conference','conference@eventorganization',1,NULL,61,NULL,NULL),(62,'AC_EO_ONLINEBOOTH','module','Online/Virtual booth','booth@eventorganization',1,NULL,62,NULL,NULL),(63,'AC_EO_INDOORBOOTH','module','Indoor booth','booth@eventorganization',1,NULL,63,NULL,NULL);

--
-- Table structure for table `llx_c_availability`
--

CREATE TABLE `llx_c_availability` (
  `rowid` int(11) NOT NULL AUTO_INCREMENT,
  `code` varchar(30) NOT NULL,
  `label` varchar(60) NOT NULL,
  `active` tinyint(4) NOT NULL DEFAULT '1',
  `position` int(11) NOT NULL DEFAULT '0',
  PRIMARY KEY (`rowid`),
  UNIQUE KEY `uk_c_availability` (`code`)
) ENGINE=InnoDB AUTO_INCREMENT=5 DEFAULT CHARSET=utf8;

--
-- Dumping data for table `llx_c_availability`
--

INSERT INTO `llx_c_availability` (`rowid`, `code`, `label`, `active`, `position`) VALUES (1,'AV_NOW','Immediate',1,0),(2,'AV_1W','1 week',1,0),(3,'AV_2W','2 weeks',1,0),(4,'AV_3W','3 weeks',1,0);

--
-- Table structure for table `llx_c_barcode_type`
--

CREATE TABLE `llx_c_barcode_type` (
  `rowid` int(11) NOT NULL AUTO_INCREMENT,
  `code` varchar(16) NOT NULL,
  `entity` int(11) NOT NULL DEFAULT '1',
  `libelle` varchar(50) NOT NULL,
  `coder` varchar(16) NOT NULL,
  `example` varchar(16) NOT NULL,
  PRIMARY KEY (`rowid`),
  UNIQUE KEY `uk_c_barcode_type` (`code`,`entity`)
) ENGINE=InnoDB DEFAULT CHARSET=utf8;

--
-- Dumping data for table `llx_c_barcode_type`
--


--
-- Table structure for table `llx_c_chargesociales`
--

CREATE TABLE `llx_c_chargesociales` (
  `id` int(11) NOT NULL AUTO_INCREMENT,
  `libelle` varchar(80) DEFAULT NULL,
  `deductible` smallint(6) NOT NULL DEFAULT '0',
  `active` tinyint(4) NOT NULL DEFAULT '1',
  `code` varchar(12) NOT NULL,
  `accountancy_code` varchar(32) DEFAULT NULL,
  `fk_pays` int(11) NOT NULL DEFAULT '1',
  `module` varchar(32) DEFAULT NULL,
  PRIMARY KEY (`id`)
) ENGINE=InnoDB AUTO_INCREMENT=4110 DEFAULT CHARSET=utf8;

--
-- Dumping data for table `llx_c_chargesociales`
--

INSERT INTO `llx_c_chargesociales` (`id`, `libelle`, `deductible`, `active`, `code`, `accountancy_code`, `fk_pays`, `module`) VALUES (1,'Allocations familiales',1,1,'TAXFAM',NULL,1,NULL),(2,'CSG Deductible',1,1,'TAXCSGD',NULL,1,NULL),(3,'CSG/CRDS NON Deductible',0,1,'TAXCSGND',NULL,1,NULL),(10,'Taxe apprentissage',0,1,'TAXAPP',NULL,1,NULL),(11,'Taxe professionnelle',0,1,'TAXPRO',NULL,1,NULL),(12,'Cotisation fonciere des entreprises',0,1,'TAXCFE',NULL,1,NULL),(13,'Cotisation sur la valeur ajoutee des entreprises',0,1,'TAXCVAE',NULL,1,NULL),(20,'Impots locaux/fonciers',0,1,'TAXFON',NULL,1,NULL),(25,'Impots revenus',0,1,'TAXREV',NULL,1,NULL),(30,'Assurance Sante',0,1,'TAXSECU',NULL,1,NULL),(40,'Mutuelle',0,1,'TAXMUT',NULL,1,NULL),(50,'Assurance vieillesse',0,1,'TAXRET',NULL,1,NULL),(60,'Assurance Chomage',0,1,'TAXCHOM',NULL,1,NULL),(201,'ONSS',1,1,'TAXBEONSS',NULL,2,NULL),(210,'Precompte professionnel',1,1,'TAXBEPREPRO',NULL,2,NULL),(220,'Prime existence',1,1,'TAXBEPRIEXI',NULL,2,NULL),(230,'Precompte immobilier',1,1,'TAXBEPREIMMO',NULL,2,NULL),(4101,'Krankenversicherung',1,1,'TAXATKV',NULL,41,NULL),(4102,'Unfallversicherung',1,1,'TAXATUV',NULL,41,NULL),(4103,'Pensionsversicherung',1,1,'TAXATPV',NULL,41,NULL),(4104,'Arbeitslosenversicherung',1,1,'TAXATAV',NULL,41,NULL),(4105,'Insolvenzentgeltsicherungsfond',1,1,'TAXATIESG',NULL,41,NULL),(4106,'Wohnbauförderung',1,1,'TAXATWF',NULL,41,NULL),(4107,'Arbeiterkammerumlage',1,1,'TAXATAK',NULL,41,NULL),(4108,'Mitarbeitervorsorgekasse',1,1,'TAXATMVK',NULL,41,NULL),(4109,'Familienlastenausgleichsfond',1,1,'TAXATFLAF',NULL,41,NULL);

--
-- Table structure for table `llx_c_civility`
--

CREATE TABLE `llx_c_civility` (
  `rowid` int(11) NOT NULL,
  `code` varchar(6) NOT NULL,
  `label` varchar(50) DEFAULT NULL,
  `active` tinyint(4) NOT NULL DEFAULT '1',
  `module` varchar(32) DEFAULT NULL,
  PRIMARY KEY (`rowid`),
  UNIQUE KEY `uk_c_civility` (`code`)
) ENGINE=InnoDB DEFAULT CHARSET=utf8;

--
-- Dumping data for table `llx_c_civility`
--

INSERT INTO `llx_c_civility` (`rowid`, `code`, `label`, `active`, `module`) VALUES (1,'MME','Madame',1,NULL),(3,'MR','Monsieur',1,NULL),(5,'MLE','Mademoiselle',1,NULL),(7,'MTRE','Maître',1,NULL),(8,'DR','Docteur',1,NULL);

--
-- Table structure for table `llx_c_country`
--

CREATE TABLE `llx_c_country` (
  `rowid` int(11) NOT NULL,
  `code` varchar(2) NOT NULL,
  `code_iso` varchar(3) DEFAULT NULL,
  `label` varchar(50) DEFAULT NULL,
  `active` tinyint(4) NOT NULL DEFAULT '1',
  `favorite` tinyint(4) DEFAULT '0',
  `eec` int(11) DEFAULT NULL,
  PRIMARY KEY (`rowid`),
  UNIQUE KEY `idx_c_country_code` (`code`),
  UNIQUE KEY `idx_c_pays_libelle` (`label`),
  UNIQUE KEY `idx_c_country_code_iso` (`code_iso`)
) ENGINE=InnoDB DEFAULT CHARSET=utf8;

--
-- Dumping data for table `llx_c_country`
--

INSERT INTO `llx_c_country` (`rowid`, `code`, `code_iso`, `label`, `active`, `favorite`, `eec`) VALUES (0,'',NULL,'-',1,1,NULL),(1,'FR',NULL,'France',1,0,1),(2,'BE',NULL,'Belgium',1,0,1),(3,'IT',NULL,'Italy',1,0,1),(4,'ES',NULL,'Spain',1,0,1),(5,'DE',NULL,'Germany',1,0,1),(6,'CH',NULL,'Switzerland',1,0,NULL),(7,'GB',NULL,'United Kingdom',1,0,1),(8,'IE',NULL,'Irland',1,0,1),(9,'CN',NULL,'China',1,0,NULL),(10,'TN',NULL,'Tunisia',1,0,NULL),(11,'US',NULL,'United States',1,0,NULL),(12,'MA',NULL,'Maroc',1,0,NULL),(13,'DZ',NULL,'Algeria',1,0,NULL),(14,'CA',NULL,'Canada',1,0,NULL),(15,'TG',NULL,'Togo',1,0,NULL),(16,'GA',NULL,'Gabon',1,0,NULL),(17,'NL',NULL,'Nerderland',1,0,1),(18,'HU',NULL,'Hongrie',1,0,1),(19,'RU',NULL,'Russia',1,0,NULL),(20,'SE',NULL,'Sweden',1,0,1),(21,'CI',NULL,'Côte d\'Ivoire',1,0,NULL),(22,'SN',NULL,'Senegal',1,0,NULL),(23,'AR',NULL,'Argentine',1,0,NULL),(24,'CM',NULL,'Cameroun',1,0,NULL),(25,'PT',NULL,'Portugal',1,0,1),(26,'SA',NULL,'Saudi Arabia',1,0,NULL),(27,'MC',NULL,'Monaco',1,0,1),(28,'AU',NULL,'Australia',1,0,NULL),(29,'SG',NULL,'Singapour',1,0,NULL),(30,'AF',NULL,'Afghanistan',1,0,NULL),(31,'AX',NULL,'Iles Aland',1,0,NULL),(32,'AL',NULL,'Albanie',1,0,NULL),(33,'AS',NULL,'Samoa américaines',1,0,NULL),(34,'AD',NULL,'Andorre',1,0,NULL),(35,'AO',NULL,'Angola',1,0,NULL),(36,'AI',NULL,'Anguilla',1,0,NULL),(37,'AQ',NULL,'Antarctique',1,0,NULL),(38,'AG',NULL,'Antigua-et-Barbuda',1,0,NULL),(39,'AM',NULL,'Arménie',1,0,NULL),(40,'AW',NULL,'Aruba',1,0,NULL),(41,'AT',NULL,'Autriche',1,0,1),(42,'AZ',NULL,'Azerbaïdjan',1,0,NULL),(43,'BS',NULL,'Bahamas',1,0,NULL),(44,'BH',NULL,'Bahreïn',1,0,NULL),(45,'BD',NULL,'Bangladesh',1,0,NULL),(46,'BB',NULL,'Barbade',1,0,NULL),(47,'BY',NULL,'Biélorussie',1,0,NULL),(48,'BZ',NULL,'Belize',1,0,NULL),(49,'BJ',NULL,'Bénin',1,0,NULL),(50,'BM',NULL,'Bermudes',1,0,NULL),(51,'BT',NULL,'Bhoutan',1,0,NULL),(52,'BO',NULL,'Bolivie',1,0,NULL),(53,'BA',NULL,'Bosnie-Herzégovine',1,0,NULL),(54,'BW',NULL,'Botswana',1,0,NULL),(55,'BV',NULL,'Ile Bouvet',1,0,NULL),(56,'BR',NULL,'Brazil',1,0,NULL),(57,'IO',NULL,'Territoire britannique de l\'Océan Indien',1,0,NULL),(58,'BN',NULL,'Brunei',1,0,NULL),(59,'BG',NULL,'Bulgarie',1,0,1),(60,'BF',NULL,'Burkina Faso',1,0,NULL),(61,'BI',NULL,'Burundi',1,0,NULL),(62,'KH',NULL,'Cambodge',1,0,NULL),(63,'CV',NULL,'Cap-Vert',1,0,NULL),(64,'KY',NULL,'Iles Cayman',1,0,NULL),(65,'CF',NULL,'République centrafricaine',1,0,NULL),(66,'TD',NULL,'Tchad',1,0,NULL),(67,'CL',NULL,'Chili',1,0,NULL),(68,'CX',NULL,'Ile Christmas',1,0,NULL),(69,'CC',NULL,'Iles des Cocos (Keeling)',1,0,NULL),(70,'CO',NULL,'Colombie',1,0,NULL),(71,'KM',NULL,'Comores',1,0,NULL),(72,'CG',NULL,'Congo',1,0,NULL),(73,'CD',NULL,'République démocratique du Congo',1,0,NULL),(74,'CK',NULL,'Iles Cook',1,0,NULL),(75,'CR',NULL,'Costa Rica',1,0,NULL),(76,'HR',NULL,'Croatie',1,0,1),(77,'CU',NULL,'Cuba',1,0,NULL),(78,'CY',NULL,'Chypre',1,0,1),(79,'CZ',NULL,'République Tchèque',1,0,1),(80,'DK',NULL,'Danemark',1,0,1),(81,'DJ',NULL,'Djibouti',1,0,NULL),(82,'DM',NULL,'Dominique',1,0,NULL),(83,'DO',NULL,'République Dominicaine',1,0,NULL),(84,'EC',NULL,'Equateur',1,0,NULL),(85,'EG',NULL,'Egypte',1,0,NULL),(86,'SV',NULL,'Salvador',1,0,NULL),(87,'GQ',NULL,'Guinée Equatoriale',1,0,NULL),(88,'ER',NULL,'Erythrée',1,0,NULL),(89,'EE',NULL,'Estonia',1,0,1),(90,'ET',NULL,'Ethiopie',1,0,NULL),(91,'FK',NULL,'Iles Falkland',1,0,NULL),(92,'FO',NULL,'Iles Féroé',1,0,NULL),(93,'FJ',NULL,'Iles Fidji',1,0,NULL),(94,'FI',NULL,'Finlande',1,0,1),(95,'GF',NULL,'Guyane française',1,0,NULL),(96,'PF',NULL,'Polynésie française',1,0,NULL),(97,'TF',NULL,'Terres australes françaises',1,0,NULL),(98,'GM',NULL,'Gambie',1,0,NULL),(99,'GE',NULL,'Georgia',1,0,NULL),(100,'GH',NULL,'Ghana',1,0,NULL),(101,'GI',NULL,'Gibraltar',1,0,NULL),(102,'GR',NULL,'Greece',1,0,1),(103,'GL',NULL,'Groenland',1,0,NULL),(104,'GD',NULL,'Grenade',1,0,NULL),(106,'GU',NULL,'Guam',1,0,NULL),(107,'GT',NULL,'Guatemala',1,0,NULL),(108,'GN',NULL,'Guinea',1,0,NULL),(109,'GW',NULL,'Guinea-Bissao',1,0,NULL),(111,'HT',NULL,'Haiti',1,0,NULL),(112,'HM',NULL,'Iles Heard et McDonald',1,0,NULL),(113,'VA',NULL,'Saint-Siège (Vatican)',1,0,NULL),(114,'HN',NULL,'Honduras',1,0,NULL),(115,'HK',NULL,'Hong Kong',1,0,NULL),(116,'IS',NULL,'Islande',1,0,NULL),(117,'IN',NULL,'India',1,0,NULL),(118,'ID',NULL,'Indonésie',1,0,NULL),(119,'IR',NULL,'Iran',1,0,NULL),(120,'IQ',NULL,'Iraq',1,0,NULL),(121,'IL',NULL,'Israel',1,0,NULL),(122,'JM',NULL,'Jamaïque',1,0,NULL),(123,'JP',NULL,'Japon',1,0,NULL),(124,'JO',NULL,'Jordanie',1,0,NULL),(125,'KZ',NULL,'Kazakhstan',1,0,NULL),(126,'KE',NULL,'Kenya',1,0,NULL),(127,'KI',NULL,'Kiribati',1,0,NULL),(128,'KP',NULL,'North Corea',1,0,NULL),(129,'KR',NULL,'South Corea',1,0,NULL),(130,'KW',NULL,'Koweït',1,0,NULL),(131,'KG',NULL,'Kirghizistan',1,0,NULL),(132,'LA',NULL,'Laos',1,0,NULL),(133,'LV',NULL,'Lettonie',1,0,1),(134,'LB',NULL,'Liban',1,0,NULL),(135,'LS',NULL,'Lesotho',1,0,NULL),(136,'LR',NULL,'Liberia',1,0,NULL),(137,'LY',NULL,'Libye',1,0,NULL),(138,'LI',NULL,'Liechtenstein',1,0,NULL),(139,'LT',NULL,'Lituanie',1,0,1),(140,'LU',NULL,'Luxembourg',1,0,1),(141,'MO',NULL,'Macao',1,0,NULL),(142,'MK',NULL,'ex-République yougoslave de Macédoine',1,0,NULL),(143,'MG',NULL,'Madagascar',1,0,NULL),(144,'MW',NULL,'Malawi',1,0,NULL),(145,'MY',NULL,'Malaisie',1,0,NULL),(146,'MV',NULL,'Maldives',1,0,NULL),(147,'ML',NULL,'Mali',1,0,NULL),(148,'MT',NULL,'Malte',1,0,1),(149,'MH',NULL,'Iles Marshall',1,0,NULL),(151,'MR',NULL,'Mauritanie',1,0,NULL),(152,'MU',NULL,'Maurice',1,0,NULL),(153,'YT',NULL,'Mayotte',1,0,NULL),(154,'MX',NULL,'Mexique',1,0,NULL),(155,'FM',NULL,'Micronésie',1,0,NULL),(156,'MD',NULL,'Moldavie',1,0,NULL),(157,'MN',NULL,'Mongolie',1,0,NULL),(158,'MS',NULL,'Monserrat',1,0,NULL),(159,'MZ',NULL,'Mozambique',1,0,NULL),(160,'MM',NULL,'Birmanie (Myanmar)',1,0,NULL),(161,'NA',NULL,'Namibie',1,0,NULL),(162,'NR',NULL,'Nauru',1,0,NULL),(163,'NP',NULL,'Népal',1,0,NULL),(164,'AN',NULL,'Antilles néerlandaises',1,0,NULL),(165,'NC',NULL,'Nouvelle-Calédonie',1,0,NULL),(166,'NZ',NULL,'Nouvelle-Zélande',1,0,NULL),(167,'NI',NULL,'Nicaragua',1,0,NULL),(168,'NE',NULL,'Niger',1,0,NULL),(169,'NG',NULL,'Nigeria',1,0,NULL),(170,'NU',NULL,'Nioué',1,0,NULL),(171,'NF',NULL,'Ile Norfolk',1,0,NULL),(172,'MP',NULL,'Mariannes du Nord',1,0,NULL),(173,'NO',NULL,'Norvège',1,0,NULL),(174,'OM',NULL,'Oman',1,0,NULL),(175,'PK',NULL,'Pakistan',1,0,NULL),(176,'PW',NULL,'Palaos',1,0,NULL),(177,'PS',NULL,'Territoire Palestinien Occupé',1,0,NULL),(178,'PA',NULL,'Panama',1,0,NULL),(179,'PG',NULL,'Papouasie-Nouvelle-Guinée',1,0,NULL),(180,'PY',NULL,'Paraguay',1,0,NULL),(181,'PE',NULL,'Peru',1,0,NULL),(182,'PH',NULL,'Philippines',1,0,NULL),(183,'PN',NULL,'Iles Pitcairn',1,0,NULL),(184,'PL',NULL,'Pologne',1,0,1),(185,'PR',NULL,'Porto Rico',1,0,NULL),(186,'QA',NULL,'Qatar',1,0,NULL),(188,'RO',NULL,'Roumanie',1,0,1),(189,'RW',NULL,'Rwanda',1,0,NULL),(190,'SH',NULL,'Sainte-Hélène',1,0,NULL),(191,'KN',NULL,'Saint-Christophe-et-Niévès',1,0,NULL),(192,'LC',NULL,'Sainte-Lucie',1,0,NULL),(193,'PM',NULL,'Saint-Pierre-et-Miquelon',1,0,NULL),(194,'VC',NULL,'Saint-Vincent-et-les-Grenadines',1,0,NULL),(195,'WS',NULL,'Samoa',1,0,NULL),(196,'SM',NULL,'Saint-Marin',1,0,NULL),(197,'ST',NULL,'Sao Tomé-et-Principe',1,0,NULL),(198,'RS',NULL,'Serbie',1,0,NULL),(199,'SC',NULL,'Seychelles',1,0,NULL),(200,'SL',NULL,'Sierra Leone',1,0,NULL),(201,'SK',NULL,'Slovaquie',1,0,1),(202,'SI',NULL,'Slovénie',1,0,1),(203,'SB',NULL,'Iles Salomon',1,0,NULL),(204,'SO',NULL,'Somalie',1,0,NULL),(205,'ZA',NULL,'Afrique du Sud',1,0,NULL),(206,'GS',NULL,'Iles Géorgie du Sud et Sandwich du Sud',1,0,NULL),(207,'LK',NULL,'Sri Lanka',1,0,NULL),(208,'SD',NULL,'Soudan',1,0,NULL),(209,'SR',NULL,'Suriname',1,0,NULL),(210,'SJ',NULL,'Iles Svalbard et Jan Mayen',1,0,NULL),(211,'SZ',NULL,'Swaziland',1,0,NULL),(212,'SY',NULL,'Syrie',1,0,NULL),(213,'TW',NULL,'Taïwan',1,0,NULL),(214,'TJ',NULL,'Tadjikistan',1,0,NULL),(215,'TZ',NULL,'Tanzanie',1,0,NULL),(216,'TH',NULL,'Thaïlande',1,0,NULL),(217,'TL',NULL,'Timor Oriental',1,0,NULL),(218,'TK',NULL,'Tokélaou',1,0,NULL),(219,'TO',NULL,'Tonga',1,0,NULL),(220,'TT',NULL,'Trinité-et-Tobago',1,0,NULL),(221,'TR',NULL,'Turquie',1,0,NULL),(222,'TM',NULL,'Turkménistan',1,0,NULL),(223,'TC',NULL,'Iles Turks-et-Caicos',1,0,NULL),(224,'TV',NULL,'Tuvalu',1,0,NULL),(225,'UG',NULL,'Ouganda',1,0,NULL),(226,'UA',NULL,'Ukraine',1,0,NULL),(227,'AE',NULL,'Émirats arabes unis',1,0,NULL),(228,'UM',NULL,'Iles mineures éloignées des États-Unis',1,0,NULL),(229,'UY',NULL,'Uruguay',1,0,NULL),(230,'UZ',NULL,'Ouzbékistan',1,0,NULL),(231,'VU',NULL,'Vanuatu',1,0,NULL),(232,'VE',NULL,'Vénézuela',1,0,NULL),(233,'VN',NULL,'Viêt Nam',1,0,NULL),(234,'VG',NULL,'Iles Vierges britanniques',1,0,NULL),(235,'VI',NULL,'Iles Vierges américaines',1,0,NULL),(236,'WF',NULL,'Wallis-et-Futuna',1,0,NULL),(237,'EH',NULL,'Sahara occidental',1,0,NULL),(238,'YE',NULL,'Yémen',1,0,NULL),(239,'ZM',NULL,'Zambie',1,0,NULL),(240,'ZW',NULL,'Zimbabwe',1,0,NULL),(241,'GG',NULL,'Guernesey',1,0,NULL),(242,'IM',NULL,'Ile de Man',1,0,1),(243,'JE',NULL,'Jersey',1,0,NULL),(244,'ME',NULL,'Monténégro',1,0,NULL),(245,'BL',NULL,'Saint-Barthélemy',1,0,NULL),(246,'MF',NULL,'Saint-Martin',1,0,NULL);

--
-- Table structure for table `llx_c_currencies`
--

CREATE TABLE `llx_c_currencies` (
  `code_iso` varchar(3) NOT NULL,
  `label` varchar(64) NOT NULL,
  `unicode` varchar(32) DEFAULT NULL,
  `active` tinyint(4) NOT NULL DEFAULT '1',
  PRIMARY KEY (`code_iso`),
  UNIQUE KEY `uk_c_currencies_code_iso` (`code_iso`)
) ENGINE=InnoDB DEFAULT CHARSET=utf8;

--
-- Dumping data for table `llx_c_currencies`
--

INSERT INTO `llx_c_currencies` (`code_iso`, `label`, `unicode`, `active`) VALUES ('AED','United Arab Emirates Dirham',NULL,1),('AFN','Afghanistan Afghani','[1547]',1),('ALL','Albania Lek','[76,101,107]',1),('ANG','Netherlands Antilles Guilder','[402]',1),('ARP','Pesos argentins',NULL,0),('ARS','Argentino Peso','[36]',1),('ATS','Shiliing autrichiens',NULL,0),('AUD','Australia Dollar','[36]',1),('AWG','Aruba Guilder','[402]',1),('AZN','Azerbaijan New Manat','[1084,1072,1085]',1),('BAM','Bosnia and Herzegovina Convertible Marka','[75,77]',1),('BBD','Barbados Dollar','[36]',1),('BEF','Francs belges',NULL,0),('BGN','Bulgaria Lev','[1083,1074]',1),('BMD','Bermuda Dollar','[36]',1),('BND','Brunei Darussalam Dollar','[36]',1),('BOB','Bolivia Boliviano','[36,98]',1),('BRL','Brazil Real','[82,36]',1),('BSD','Bahamas Dollar','[36]',1),('BWP','Botswana Pula','[80]',1),('BYR','Belarus Ruble','[112,46]',1),('BZD','Belize Dollar','[66,90,36]',1),('CAD','Canada Dollar','[36]',1),('CHF','Switzerland Franc','[67,72,70]',1),('CLP','Chile Peso','[36]',1),('CNY','China Yuan Renminbi','[165]',1),('COP','Colombia Peso','[36]',1),('CRC','Costa Rica Colon','[8353]',1),('CUP','Cuba Peso','[8369]',1),('CZK','Czech Republic Koruna','[75,269]',1),('DEM','Deutsch mark',NULL,0),('DKK','Denmark Krone','[107,114]',1),('DOP','Dominican Republic Peso','[82,68,36]',1),('DZD','Algeria Dinar',NULL,1),('EEK','Estonia Kroon','[107,114]',1),('EGP','Egypt Pound','[163]',1),('ESP','Pesete',NULL,0),('EUR','Euro Member Countries','[8364]',1),('FIM','Mark finlandais',NULL,0),('FJD','Fiji Dollar','[36]',1),('FKP','Falkland Islands (Malvinas) Pound','[163]',1),('FRF','Francs francais',NULL,0),('GBP','United Kingdom Pound','[163]',1),('GGP','Guernsey Pound','[163]',1),('GHC','Ghana Cedis','[162]',1),('GIP','Gibraltar Pound','[163]',1),('GRD','Drachme (grece)',NULL,0),('GTQ','Guatemala Quetzal','[81]',1),('GYD','Guyana Dollar','[36]',1),('HKD','Hong Kong Dollar','[36]',1),('HNL','Honduras Lempira','[76]',1),('HRK','Croatia Kuna','[107,110]',1),('HUF','Hungary Forint','[70,116]',1),('IDR','Indonesia Rupiah','[82,112]',1),('IEP','Livres irlandaises',NULL,0),('ILS','Israel Shekel','[8362]',1),('IMP','Isle of Man Pound','[163]',1),('INR','India Rupee',NULL,1),('IRR','Iran Rial','[65020]',1),('ISK','Iceland Krona','[107,114]',1),('ITL','Lires',NULL,0),('JEP','Jersey Pound','[163]',1),('JMD','Jamaica Dollar','[74,36]',1),('JPY','Japan Yen','[165]',1),('KES','Kenya Shilling',NULL,1),('KGS','Kyrgyzstan Som','[1083,1074]',1),('KHR','Cambodia Riel','[6107]',1),('KPW','Korea (North) Won','[8361]',1),('KRW','Korea (South) Won','[8361]',1),('KYD','Cayman Islands Dollar','[36]',1),('KZT','Kazakhstan Tenge','[1083,1074]',1),('LAK','Laos Kip','[8365]',1),('LBP','Lebanon Pound','[163]',1),('LKR','Sri Lanka Rupee','[8360]',1),('LRD','Liberia Dollar','[36]',1),('LTL','Lithuania Litas','[76,116]',1),('LUF','Francs luxembourgeois',NULL,0),('LVL','Latvia Lat','[76,115]',1),('MAD','Morocco Dirham',NULL,1),('MKD','Macedonia Denar','[1076,1077,1085]',1),('MNT','Mongolia Tughrik','[8366]',1),('MRO','Mauritania Ouguiya',NULL,1),('MUR','Mauritius Rupee','[8360]',1),('MXN','Mexico Peso','[36]',1),('MXP','Pesos Mexicans',NULL,0),('MYR','Malaysia Ringgit','[82,77]',1),('MZN','Mozambique Metical','[77,84]',1),('NAD','Namibia Dollar','[36]',1),('NGN','Nigeria Naira','[8358]',1),('NIO','Nicaragua Cordoba','[67,36]',1),('NLG','Florins',NULL,0),('NOK','Norway Krone','[107,114]',1),('NPR','Nepal Rupee','[8360]',1),('NZD','New Zealand Dollar','[36]',1),('OMR','Oman Rial','[65020]',1),('PAB','Panama Balboa','[66,47,46]',1),('PEN','Peru Nuevo Sol','[83,47,46]',1),('PHP','Philippines Peso','[8369]',1),('PKR','Pakistan Rupee','[8360]',1),('PLN','Poland Zloty','[122,322]',1),('PTE','Escudos',NULL,0),('PYG','Paraguay Guarani','[71,115]',1),('QAR','Qatar Riyal','[65020]',1),('RON','Romania New Leu','[108,101,105]',1),('RSD','Serbia Dinar','[1044,1080,1085,46]',1),('RUB','Russia Ruble','[1088,1091,1073]',1),('SAR','Saudi Arabia Riyal','[65020]',1),('SBD','Solomon Islands Dollar','[36]',1),('SCR','Seychelles Rupee','[8360]',1),('SEK','Sweden Krona','[107,114]',1),('SGD','Singapore Dollar','[36]',1),('SHP','Saint Helena Pound','[163]',1),('SKK','Couronnes slovaques',NULL,0),('SOS','Somalia Shilling','[83]',1),('SRD','Suriname Dollar','[36]',1),('SUR','Rouble',NULL,0),('SVC','El Salvador Colon','[36]',1),('SYP','Syria Pound','[163]',1),('THB','Thailand Baht','[3647]',1),('TND','Tunisia Dinar',NULL,1),('TRL','Turkey Lira','[84,76]',1),('TRY','Turkey Lira','[8356]',1),('TTD','Trinidad and Tobago Dollar','[84,84,36]',1),('TVD','Tuvalu Dollar','[36]',1),('TWD','Taiwan New Dollar','[78,84,36]',1),('UAH','Ukraine Hryvna','[8372]',1),('USD','United States Dollar','[36]',1),('UYU','Uruguay Peso','[36,85]',1),('UZS','Uzbekistan Som','[1083,1074]',1),('VEF','Venezuela Bolivar Fuerte','[66,115]',1),('VND','Viet Nam Dong','[8363]',1),('XAF','Communaute Financiere Africaine (BEAC) CFA Franc',NULL,1),('XCD','East Caribbean Dollar','[36]',1),('XEU','Ecus',NULL,0),('XOF','Communaute Financiere Africaine (BCEAO) Franc',NULL,1),('YER','Yemen Rial','[65020]',1),('ZAR','South Africa Rand','[82]',1),('ZWD','Zimbabwe Dollar','[90,36]',1);

--
-- Table structure for table `llx_c_departements`
--

CREATE TABLE `llx_c_departements` (
  `rowid` int(11) NOT NULL AUTO_INCREMENT,
  `code_departement` varchar(6) NOT NULL,
  `fk_region` int(11) DEFAULT NULL,
  `cheflieu` varchar(50) DEFAULT NULL,
  `tncc` int(11) DEFAULT NULL,
  `ncc` varchar(50) DEFAULT NULL,
  `nom` varchar(50) DEFAULT NULL,
  `active` tinyint(4) NOT NULL DEFAULT '1',
  PRIMARY KEY (`rowid`),
  UNIQUE KEY `uk_departements` (`code_departement`,`fk_region`),
  KEY `idx_departements_fk_region` (`fk_region`),
  CONSTRAINT `fk_departements_code_region` FOREIGN KEY (`fk_region`) REFERENCES `llx_c_regions` (`code_region`)
) ENGINE=InnoDB AUTO_INCREMENT=1176 DEFAULT CHARSET=utf8;

--
-- Dumping data for table `llx_c_departements`
--

INSERT INTO `llx_c_departements` (`rowid`, `code_departement`, `fk_region`, `cheflieu`, `tncc`, `ncc`, `nom`, `active`) VALUES (1,'0',0,'0',0,'-','-',1),(2,'01',84,'01053',5,'AIN','Ain',1),(3,'02',32,'02408',5,'AISNE','Aisne',1),(4,'03',84,'03190',5,'ALLIER','Allier',1),(5,'04',93,'04070',4,'ALPES-DE-HAUTE-PROVENCE','Alpes-de-Haute-Provence',1),(6,'05',93,'05061',4,'HAUTES-ALPES','Hautes-Alpes',1),(7,'06',93,'06088',4,'ALPES-MARITIMES','Alpes-Maritimes',1),(8,'07',84,'07186',5,'ARDECHE','Ardèche',1),(9,'08',44,'08105',4,'ARDENNES','Ardennes',1),(10,'09',76,'09122',5,'ARIEGE','Ariège',1),(11,'10',44,'10387',5,'AUBE','Aube',1),(12,'11',76,'11069',5,'AUDE','Aude',1),(13,'12',76,'12202',5,'AVEYRON','Aveyron',1),(14,'13',93,'13055',4,'BOUCHES-DU-RHONE','Bouches-du-Rhône',1),(15,'14',28,'14118',2,'CALVADOS','Calvados',1),(16,'15',84,'15014',2,'CANTAL','Cantal',1),(17,'16',75,'16015',3,'CHARENTE','Charente',1),(18,'17',75,'17300',3,'CHARENTE-MARITIME','Charente-Maritime',1),(19,'18',24,'18033',2,'CHER','Cher',1),(20,'19',75,'19272',3,'CORREZE','Corrèze',1),(21,'2A',94,'2A004',3,'CORSE-DU-SUD','Corse-du-Sud',1),(22,'2B',94,'2B033',3,'HAUTE-CORSE','Haute-Corse',1),(23,'21',27,'21231',3,'COTE-D OR','Côte-d Or',1),(24,'22',53,'22278',4,'COTES-D ARMOR','Côtes-d Armor',1),(25,'23',75,'23096',3,'CREUSE','Creuse',1),(26,'24',75,'24322',3,'DORDOGNE','Dordogne',1),(27,'25',27,'25056',2,'DOUBS','Doubs',1),(28,'26',84,'26362',3,'DROME','Drôme',1),(29,'27',28,'27229',5,'EURE','Eure',1),(30,'28',24,'28085',1,'EURE-ET-LOIR','Eure-et-Loir',1),(31,'29',53,'29232',2,'FINISTERE','Finistère',1),(32,'30',76,'30189',2,'GARD','Gard',1),(33,'31',76,'31555',3,'HAUTE-GARONNE','Haute-Garonne',1),(34,'32',76,'32013',2,'GERS','Gers',1),(35,'33',75,'33063',3,'GIRONDE','Gironde',1),(36,'34',76,'34172',5,'HERAULT','Hérault',1),(37,'35',53,'35238',1,'ILLE-ET-VILAINE','Ille-et-Vilaine',1),(38,'36',24,'36044',5,'INDRE','Indre',1),(39,'37',24,'37261',1,'INDRE-ET-LOIRE','Indre-et-Loire',1),(40,'38',84,'38185',5,'ISERE','Isère',1),(41,'39',27,'39300',2,'JURA','Jura',1),(42,'40',75,'40192',4,'LANDES','Landes',1),(43,'41',24,'41018',0,'LOIR-ET-CHER','Loir-et-Cher',1),(44,'42',84,'42218',3,'LOIRE','Loire',1),(45,'43',84,'43157',3,'HAUTE-LOIRE','Haute-Loire',1),(46,'44',52,'44109',3,'LOIRE-ATLANTIQUE','Loire-Atlantique',1),(47,'45',24,'45234',2,'LOIRET','Loiret',1),(48,'46',76,'46042',2,'LOT','Lot',1),(49,'47',75,'47001',0,'LOT-ET-GARONNE','Lot-et-Garonne',1),(50,'48',76,'48095',3,'LOZERE','Lozère',1),(51,'49',52,'49007',0,'MAINE-ET-LOIRE','Maine-et-Loire',1),(52,'50',28,'50502',3,'MANCHE','Manche',1),(53,'51',44,'51108',3,'MARNE','Marne',1),(54,'52',44,'52121',3,'HAUTE-MARNE','Haute-Marne',1),(55,'53',52,'53130',3,'MAYENNE','Mayenne',1),(56,'54',44,'54395',0,'MEURTHE-ET-MOSELLE','Meurthe-et-Moselle',1),(57,'55',44,'55029',3,'MEUSE','Meuse',1),(58,'56',53,'56260',2,'MORBIHAN','Morbihan',1),(59,'57',44,'57463',3,'MOSELLE','Moselle',1),(60,'58',27,'58194',3,'NIEVRE','Nièvre',1),(61,'59',32,'59350',2,'NORD','Nord',1),(62,'60',32,'60057',5,'OISE','Oise',1),(63,'61',28,'61001',5,'ORNE','Orne',1),(64,'62',32,'62041',2,'PAS-DE-CALAIS','Pas-de-Calais',1),(65,'63',84,'63113',2,'PUY-DE-DOME','Puy-de-Dôme',1),(66,'64',75,'64445',4,'PYRENEES-ATLANTIQUES','Pyrénées-Atlantiques',1),(67,'65',76,'65440',4,'HAUTES-PYRENEES','Hautes-Pyrénées',1),(68,'66',76,'66136',4,'PYRENEES-ORIENTALES','Pyrénées-Orientales',1),(69,'67',44,'67482',2,'BAS-RHIN','Bas-Rhin',1),(70,'68',44,'68066',2,'HAUT-RHIN','Haut-Rhin',1),(71,'69',84,'69123',2,'RHONE','Rhône',1),(72,'70',27,'70550',3,'HAUTE-SAONE','Haute-Saône',1),(73,'71',27,'71270',0,'SAONE-ET-LOIRE','Saône-et-Loire',1),(74,'72',52,'72181',3,'SARTHE','Sarthe',1),(75,'73',84,'73065',3,'SAVOIE','Savoie',1),(76,'74',84,'74010',3,'HAUTE-SAVOIE','Haute-Savoie',1),(77,'75',11,'75056',0,'PARIS','Paris',1),(78,'76',28,'76540',3,'SEINE-MARITIME','Seine-Maritime',1),(79,'77',11,'77288',0,'SEINE-ET-MARNE','Seine-et-Marne',1),(80,'78',11,'78646',4,'YVELINES','Yvelines',1),(81,'79',75,'79191',4,'DEUX-SEVRES','Deux-Sèvres',1),(82,'80',32,'80021',3,'SOMME','Somme',1),(83,'81',76,'81004',2,'TARN','Tarn',1),(84,'82',76,'82121',0,'TARN-ET-GARONNE','Tarn-et-Garonne',1),(85,'83',93,'83137',2,'VAR','Var',1),(86,'84',93,'84007',0,'VAUCLUSE','Vaucluse',1),(87,'85',52,'85191',3,'VENDEE','Vendée',1),(88,'86',75,'86194',3,'VIENNE','Vienne',1),(89,'87',75,'87085',3,'HAUTE-VIENNE','Haute-Vienne',1),(90,'88',44,'88160',4,'VOSGES','Vosges',1),(91,'89',27,'89024',5,'YONNE','Yonne',1),(92,'90',27,'90010',0,'TERRITOIRE DE BELFORT','Territoire de Belfort',1),(93,'91',11,'91228',5,'ESSONNE','Essonne',1),(94,'92',11,'92050',4,'HAUTS-DE-SEINE','Hauts-de-Seine',1),(95,'93',11,'93008',3,'SEINE-SAINT-DENIS','Seine-Saint-Denis',1),(96,'94',11,'94028',2,'VAL-DE-MARNE','Val-de-Marne',1),(97,'95',11,'95500',2,'VAL-D OISE','Val-d Oise',1),(98,'971',1,'97105',3,'GUADELOUPE','Guadeloupe',1),(99,'972',2,'97209',3,'MARTINIQUE','Martinique',1),(100,'973',3,'97302',3,'GUYANE','Guyane',1),(101,'974',4,'97411',3,'REUNION','Réunion',1),(103,'01',201,'',1,'ANVERS','Anvers',1),(104,'02',203,'',3,'BRUXELLES-CAPITALE','Bruxelles-Capitale',1),(105,'03',202,'',2,'BRABANT-WALLON','Brabant-Wallon',1),(106,'04',201,'',1,'BRABANT-FLAMAND','Brabant-Flamand',1),(107,'05',201,'',1,'FLANDRE-OCCIDENTALE','Flandre-Occidentale',1),(108,'06',201,'',1,'FLANDRE-ORIENTALE','Flandre-Orientale',1),(109,'07',202,'',2,'HAINAUT','Hainaut',1),(110,'08',201,'',2,'LIEGE','Liège',1),(111,'09',202,'',1,'LIMBOURG','Limbourg',1),(112,'10',202,'',2,'LUXEMBOURG','Luxembourg',1),(113,'11',201,'',2,'NAMUR','Namur',1),(114,'AG',315,NULL,NULL,NULL,'AGRIGENTO',1),(115,'AL',312,NULL,NULL,NULL,'ALESSANDRIA',1),(116,'AN',310,NULL,NULL,NULL,'ANCONA',1),(117,'AO',319,NULL,NULL,NULL,'AOSTA',1),(118,'AR',316,NULL,NULL,NULL,'AREZZO',1),(119,'AP',310,NULL,NULL,NULL,'ASCOLI PICENO',1),(120,'AT',312,NULL,NULL,NULL,'ASTI',1),(121,'AV',304,NULL,NULL,NULL,'AVELLINO',1),(122,'BA',313,NULL,NULL,NULL,'BARI',1),(123,'BT',313,NULL,NULL,NULL,'BARLETTA-ANDRIA-TRANI',1),(124,'BL',320,NULL,NULL,NULL,'BELLUNO',1),(125,'BN',304,NULL,NULL,NULL,'BENEVENTO',1),(126,'BG',309,NULL,NULL,NULL,'BERGAMO',1),(127,'BI',312,NULL,NULL,NULL,'BIELLA',1),(128,'BO',305,NULL,NULL,NULL,'BOLOGNA',1),(129,'BZ',317,NULL,NULL,NULL,'BOLZANO',1),(130,'BS',309,NULL,NULL,NULL,'BRESCIA',1),(131,'BR',313,NULL,NULL,NULL,'BRINDISI',1),(132,'CA',314,NULL,NULL,NULL,'CAGLIARI',1),(133,'CL',315,NULL,NULL,NULL,'CALTANISSETTA',1),(134,'CB',311,NULL,NULL,NULL,'CAMPOBASSO',1),(135,'CI',314,NULL,NULL,NULL,'CARBONIA-IGLESIAS',1),(136,'CE',304,NULL,NULL,NULL,'CASERTA',1),(137,'CT',315,NULL,NULL,NULL,'CATANIA',1),(138,'CZ',303,NULL,NULL,NULL,'CATANZARO',1),(139,'CH',301,NULL,NULL,NULL,'CHIETI',1),(140,'CO',309,NULL,NULL,NULL,'COMO',1),(141,'CS',303,NULL,NULL,NULL,'COSENZA',1),(142,'CR',309,NULL,NULL,NULL,'CREMONA',1),(143,'KR',303,NULL,NULL,NULL,'CROTONE',1),(144,'CN',312,NULL,NULL,NULL,'CUNEO',1),(145,'EN',315,NULL,NULL,NULL,'ENNA',1),(146,'FM',310,NULL,NULL,NULL,'FERMO',1),(147,'FE',305,NULL,NULL,NULL,'FERRARA',1),(148,'FI',316,NULL,NULL,NULL,'FIRENZE',1),(149,'FG',313,NULL,NULL,NULL,'FOGGIA',1),(150,'FC',305,NULL,NULL,NULL,'FORLI-CESENA',1),(151,'FR',307,NULL,NULL,NULL,'FROSINONE',1),(152,'GE',308,NULL,NULL,NULL,'GENOVA',1),(153,'GO',306,NULL,NULL,NULL,'GORIZIA',1),(154,'GR',316,NULL,NULL,NULL,'GROSSETO',1),(155,'IM',308,NULL,NULL,NULL,'IMPERIA',1),(156,'IS',311,NULL,NULL,NULL,'ISERNIA',1),(157,'SP',308,NULL,NULL,NULL,'LA SPEZIA',1),(158,'AQ',301,NULL,NULL,NULL,'L AQUILA',1),(159,'LT',307,NULL,NULL,NULL,'LATINA',1),(160,'LE',313,NULL,NULL,NULL,'LECCE',1),(161,'LC',309,NULL,NULL,NULL,'LECCO',1),(162,'LI',314,NULL,NULL,NULL,'LIVORNO',1),(163,'LO',309,NULL,NULL,NULL,'LODI',1),(164,'LU',316,NULL,NULL,NULL,'LUCCA',1),(165,'MC',310,NULL,NULL,NULL,'MACERATA',1),(166,'MN',309,NULL,NULL,NULL,'MANTOVA',1),(167,'MS',316,NULL,NULL,NULL,'MASSA-CARRARA',1),(168,'MT',302,NULL,NULL,NULL,'MATERA',1),(169,'VS',314,NULL,NULL,NULL,'MEDIO CAMPIDANO',1),(170,'ME',315,NULL,NULL,NULL,'MESSINA',1),(171,'MI',309,NULL,NULL,NULL,'MILANO',1),(172,'MB',309,NULL,NULL,NULL,'MONZA e BRIANZA',1),(173,'MO',305,NULL,NULL,NULL,'MODENA',1),(174,'NA',304,NULL,NULL,NULL,'NAPOLI',1),(175,'NO',312,NULL,NULL,NULL,'NOVARA',1),(176,'NU',314,NULL,NULL,NULL,'NUORO',1),(177,'OG',314,NULL,NULL,NULL,'OGLIASTRA',1),(178,'OT',314,NULL,NULL,NULL,'OLBIA-TEMPIO',1),(179,'OR',314,NULL,NULL,NULL,'ORISTANO',1),(180,'PD',320,NULL,NULL,NULL,'PADOVA',1),(181,'PA',315,NULL,NULL,NULL,'PALERMO',1),(182,'PR',305,NULL,NULL,NULL,'PARMA',1),(183,'PV',309,NULL,NULL,NULL,'PAVIA',1),(184,'PG',318,NULL,NULL,NULL,'PERUGIA',1),(185,'PU',310,NULL,NULL,NULL,'PESARO e URBINO',1),(186,'PE',301,NULL,NULL,NULL,'PESCARA',1),(187,'PC',305,NULL,NULL,NULL,'PIACENZA',1),(188,'PI',316,NULL,NULL,NULL,'PISA',1),(189,'PT',316,NULL,NULL,NULL,'PISTOIA',1),(190,'PN',306,NULL,NULL,NULL,'PORDENONE',1),(191,'PZ',302,NULL,NULL,NULL,'POTENZA',1),(192,'PO',316,NULL,NULL,NULL,'PRATO',1),(193,'RG',315,NULL,NULL,NULL,'RAGUSA',1),(194,'RA',305,NULL,NULL,NULL,'RAVENNA',1),(195,'RC',303,NULL,NULL,NULL,'REGGIO CALABRIA',1),(196,'RE',305,NULL,NULL,NULL,'REGGIO NELL EMILIA',1),(197,'RI',307,NULL,NULL,NULL,'RIETI',1),(198,'RN',305,NULL,NULL,NULL,'RIMINI',1),(199,'RM',307,NULL,NULL,NULL,'ROMA',1),(200,'RO',320,NULL,NULL,NULL,'ROVIGO',1),(201,'SA',304,NULL,NULL,NULL,'SALERNO',1),(202,'SS',314,NULL,NULL,NULL,'SASSARI',1),(203,'SV',308,NULL,NULL,NULL,'SAVONA',1),(204,'SI',316,NULL,NULL,NULL,'SIENA',1),(205,'SR',315,NULL,NULL,NULL,'SIRACUSA',1),(206,'SO',309,NULL,NULL,NULL,'SONDRIO',1),(207,'TA',313,NULL,NULL,NULL,'TARANTO',1),(208,'TE',301,NULL,NULL,NULL,'TERAMO',1),(209,'TR',318,NULL,NULL,NULL,'TERNI',1),(210,'TO',312,NULL,NULL,NULL,'TORINO',1),(211,'TP',315,NULL,NULL,NULL,'TRAPANI',1),(212,'TN',317,NULL,NULL,NULL,'TRENTO',1),(213,'TV',320,NULL,NULL,NULL,'TREVISO',1),(214,'TS',306,NULL,NULL,NULL,'TRIESTE',1),(215,'UD',306,NULL,NULL,NULL,'UDINE',1),(216,'VA',309,NULL,NULL,NULL,'VARESE',1),(217,'VE',320,NULL,NULL,NULL,'VENEZIA',1),(218,'VB',312,NULL,NULL,NULL,'VERBANO-CUSIO-OSSOLA',1),(219,'VC',312,NULL,NULL,NULL,'VERCELLI',1),(220,'VR',320,NULL,NULL,NULL,'VERONA',1),(221,'VV',303,NULL,NULL,NULL,'VIBO VALENTIA',1),(222,'VI',320,NULL,NULL,NULL,'VICENZA',1),(223,'VT',307,NULL,NULL,NULL,'VITERBO',1),(224,'NSW',2801,'',1,'','New South Wales',1),(225,'VIC',2801,'',1,'','Victoria',1),(226,'QLD',2801,'',1,'','Queensland',1),(227,'SA',2801,'',1,'','South Australia',1),(228,'ACT',2801,'',1,'','Australia Capital Territory',1),(229,'TAS',2801,'',1,'','Tasmania',1),(230,'WA',2801,'',1,'','Western Australia',1),(231,'NT',2801,'',1,'','Northern Territory',1),(232,'ON',1401,'',1,'','Ontario',1),(233,'QC',1401,'',1,'','Quebec',1),(234,'NS',1401,'',1,'','Nova Scotia',1),(235,'NB',1401,'',1,'','New Brunswick',1),(236,'MB',1401,'',1,'','Manitoba',1),(237,'BC',1401,'',1,'','British Columbia',1),(238,'PE',1401,'',1,'','Prince Edward Island',1),(239,'SK',1401,'',1,'','Saskatchewan',1),(240,'AB',1401,'',1,'','Alberta',1),(241,'NL',1401,'',1,'','Newfoundland and Labrador',1),(242,'VI',419,'',19,'ALAVA','Álava',1),(243,'AB',404,'',4,'ALBACETE','Albacete',1),(244,'A',411,'',11,'ALICANTE','Alicante',1),(245,'AL',401,'',1,'ALMERIA','Almería',1),(246,'AV',403,'',3,'AVILA','Avila',1),(247,'BA',412,'',12,'BADAJOZ','Badajoz',1),(248,'PM',414,'',14,'ISLAS BALEARES','Islas Baleares',1),(249,'B',406,'',6,'BARCELONA','Barcelona',1),(250,'BU',403,'',8,'BURGOS','Burgos',1),(251,'CC',412,'',12,'CACERES','Cáceres',1),(252,'CA',401,'',1,'CADIZ','Cádiz',1),(253,'CS',411,'',11,'CASTELLON','Castellón',1),(254,'CR',404,'',4,'CIUDAD REAL','Ciudad Real',1),(255,'CO',401,'',1,'CORDOBA','Córdoba',1),(256,'C',413,'',13,'LA CORUÑA','La Coruña',1),(257,'CU',404,'',4,'CUENCA','Cuenca',1),(258,'GI',406,'',6,'GERONA','Gerona',1),(259,'GR',401,'',1,'GRANADA','Granada',1),(260,'GU',404,'',4,'GUADALAJARA','Guadalajara',1),(261,'SS',419,'',19,'GUIPUZCOA','Guipúzcoa',1),(262,'H',401,'',1,'HUELVA','Huelva',1),(263,'HU',402,'',2,'HUESCA','Huesca',1),(264,'J',401,'',1,'JAEN','Jaén',1),(265,'LE',403,'',3,'LEON','León',1),(266,'L',406,'',6,'LERIDA','Lérida',1),(267,'LO',415,'',15,'LA RIOJA','La Rioja',1),(268,'LU',413,'',13,'LUGO','Lugo',1),(269,'M',416,'',16,'MADRID','Madrid',1),(270,'MA',401,'',1,'MALAGA','Málaga',1),(271,'MU',417,'',17,'MURCIA','Murcia',1),(272,'NA',408,'',8,'NAVARRA','Navarra',1),(273,'OR',413,'',13,'ORENSE','Orense',1),(274,'O',418,'',18,'ASTURIAS','Asturias',1),(275,'P',403,'',3,'PALENCIA','Palencia',1),(276,'GC',405,'',5,'LAS PALMAS','Las Palmas',1),(277,'PO',413,'',13,'PONTEVEDRA','Pontevedra',1),(278,'SA',403,'',3,'SALAMANCA','Salamanca',1),(279,'TF',405,'',5,'STA. CRUZ DE TENERIFE','Sta. Cruz de Tenerife',1),(280,'S',410,'',10,'CANTABRIA','Cantabria',1),(281,'SG',403,'',3,'SEGOVIA','Segovia',1),(282,'SE',401,'',1,'SEVILLA','Sevilla',1),(283,'SO',403,'',3,'SORIA','Soria',1),(284,'T',406,'',6,'TARRAGONA','Tarragona',1),(285,'TE',402,'',2,'TERUEL','Teruel',1),(286,'TO',404,'',5,'TOLEDO','Toledo',1),(287,'V',411,'',11,'VALENCIA','Valencia',1),(288,'VA',403,'',3,'VALLADOLID','Valladolid',1),(289,'BI',419,'',19,'VIZCAYA','Vizcaya',1),(290,'ZA',403,'',3,'ZAMORA','Zamora',1),(291,'Z',402,'',1,'ZARAGOZA','Zaragoza',1),(292,'CE',407,'',7,'CEUTA','Ceuta',1),(293,'ML',409,'',9,'MELILLA','Melilla',1),(295,'BW',501,NULL,NULL,'BADEN-WÜRTTEMBERG','Baden-Württemberg',1),(296,'BY',501,NULL,NULL,'BAYERN','Bayern',1),(297,'BE',501,NULL,NULL,'BERLIN','Berlin',1),(298,'BB',501,NULL,NULL,'BRANDENBURG','Brandenburg',1),(299,'HB',501,NULL,NULL,'BREMEN','Bremen',1),(300,'HH',501,NULL,NULL,'HAMBURG','Hamburg',1),(301,'HE',501,NULL,NULL,'HESSEN','Hessen',1),(302,'MV',501,NULL,NULL,'MECKLENBURG-VORPOMMERN','Mecklenburg-Vorpommern',1),(303,'NI',501,NULL,NULL,'NIEDERSACHSEN','Niedersachsen',1),(304,'NW',501,NULL,NULL,'NORDRHEIN-WESTFALEN','Nordrhein-Westfalen',1),(305,'RP',501,NULL,NULL,'RHEINLAND-PFALZ','Rheinland-Pfalz',1),(306,'SL',501,NULL,NULL,'SAARLAND','Saarland',1),(307,'SN',501,NULL,NULL,'SACHSEN','Sachsen',1),(308,'ST',501,NULL,NULL,'SACHSEN-ANHALT','Sachsen-Anhalt',1),(309,'SH',501,NULL,NULL,'SCHLESWIG-HOLSTEIN','Schleswig-Holstein',1),(310,'TH',501,NULL,NULL,'THÜRINGEN','Thüringen',1),(311,'66',10201,'',0,'','Αθήνα',1),(312,'67',10205,'',0,'','Δράμα',1),(313,'01',10205,'',0,'','Έβρος',1),(314,'02',10205,'',0,'','Θάσος',1),(315,'03',10205,'',0,'','Καβάλα',1),(316,'04',10205,'',0,'','Ξάνθη',1),(317,'05',10205,'',0,'','Ροδόπη',1),(318,'06',10203,'',0,'','Ημαθία',1),(319,'07',10203,'',0,'','Θεσσαλονίκη',1),(320,'08',10203,'',0,'','Κιλκίς',1),(321,'09',10203,'',0,'','Πέλλα',1),(322,'10',10203,'',0,'','Πιερία',1),(323,'11',10203,'',0,'','Σέρρες',1),(324,'12',10203,'',0,'','Χαλκιδική',1),(325,'13',10206,'',0,'','Άρτα',1),(326,'14',10206,'',0,'','Θεσπρωτία',1),(327,'15',10206,'',0,'','Ιωάννινα',1),(328,'16',10206,'',0,'','Πρέβεζα',1),(329,'17',10213,'',0,'','Γρεβενά',1),(330,'18',10213,'',0,'','Καστοριά',1),(331,'19',10213,'',0,'','Κοζάνη',1),(332,'20',10213,'',0,'','Φλώρινα',1),(333,'21',10212,'',0,'','Καρδίτσα',1),(334,'22',10212,'',0,'','Λάρισα',1),(335,'23',10212,'',0,'','Μαγνησία',1),(336,'24',10212,'',0,'','Τρίκαλα',1),(337,'25',10212,'',0,'','Σποράδες',1),(338,'26',10212,'',0,'','Βοιωτία',1),(339,'27',10202,'',0,'','Εύβοια',1),(340,'28',10202,'',0,'','Ευρυτανία',1),(341,'29',10202,'',0,'','Φθιώτιδα',1),(342,'30',10202,'',0,'','Φωκίδα',1),(343,'31',10209,'',0,'','Αργολίδα',1),(344,'32',10209,'',0,'','Αρκαδία',1),(345,'33',10209,'',0,'','Κορινθία',1),(346,'34',10209,'',0,'','Λακωνία',1),(347,'35',10209,'',0,'','Μεσσηνία',1),(348,'36',10211,'',0,'','Αιτωλοακαρνανία',1),(349,'37',10211,'',0,'','Αχαΐα',1),(350,'38',10211,'',0,'','Ηλεία',1),(351,'39',10207,'',0,'','Ζάκυνθος',1),(352,'40',10207,'',0,'','Κέρκυρα',1),(353,'41',10207,'',0,'','Κεφαλληνία',1),(354,'42',10207,'',0,'','Ιθάκη',1),(355,'43',10207,'',0,'','Λευκάδα',1),(356,'44',10208,'',0,'','Ικαρία',1),(357,'45',10208,'',0,'','Λέσβος',1),(358,'46',10208,'',0,'','Λήμνος',1),(359,'47',10208,'',0,'','Σάμος',1),(360,'48',10208,'',0,'','Χίος',1),(361,'49',10210,'',0,'','Άνδρος',1),(362,'50',10210,'',0,'','Θήρα',1),(363,'51',10210,'',0,'','Κάλυμνος',1),(364,'52',10210,'',0,'','Κάρπαθος',1),(365,'53',10210,'',0,'','Κέα-Κύθνος',1),(366,'54',10210,'',0,'','Κω',1),(367,'55',10210,'',0,'','Μήλος',1),(368,'56',10210,'',0,'','Μύκονος',1),(369,'57',10210,'',0,'','Νάξος',1),(370,'58',10210,'',0,'','Πάρος',1),(371,'59',10210,'',0,'','Ρόδος',1),(372,'60',10210,'',0,'','Σύρος',1),(373,'61',10210,'',0,'','Τήνος',1),(374,'62',10204,'',0,'','Ηράκλειο',1),(375,'63',10204,'',0,'','Λασίθι',1),(376,'64',10204,'',0,'','Ρέθυμνο',1),(377,'65',10204,'',0,'','Χανιά',1),(378,'AG',601,NULL,NULL,'ARGOVIE','Argovie',1),(379,'AI',601,NULL,NULL,'APPENZELL RHODES INTERIEURES','Appenzell Rhodes intérieures',1),(380,'AR',601,NULL,NULL,'APPENZELL RHODES EXTERIEURES','Appenzell Rhodes extérieures',1),(381,'BE',601,NULL,NULL,'BERNE','Berne',1),(382,'BL',601,NULL,NULL,'BALE CAMPAGNE','Bâle Campagne',1),(383,'BS',601,NULL,NULL,'BALE VILLE','Bâle Ville',1),(384,'FR',601,NULL,NULL,'FRIBOURG','Fribourg',1),(385,'GE',601,NULL,NULL,'GENEVE','Genève',1),(386,'GL',601,NULL,NULL,'GLARIS','Glaris',1),(387,'GR',601,NULL,NULL,'GRISONS','Grisons',1),(388,'JU',601,NULL,NULL,'JURA','Jura',1),(389,'LU',601,NULL,NULL,'LUCERNE','Lucerne',1),(390,'NE',601,NULL,NULL,'NEUCHATEL','Neuchâtel',1),(391,'NW',601,NULL,NULL,'NIDWALD','Nidwald',1),(392,'OW',601,NULL,NULL,'OBWALD','Obwald',1),(393,'SG',601,NULL,NULL,'SAINT-GALL','Saint-Gall',1),(394,'SH',601,NULL,NULL,'SCHAFFHOUSE','Schaffhouse',1),(395,'SO',601,NULL,NULL,'SOLEURE','Soleure',1),(396,'SZ',601,NULL,NULL,'SCHWYZ','Schwyz',1),(397,'TG',601,NULL,NULL,'THURGOVIE','Thurgovie',1),(398,'TI',601,NULL,NULL,'TESSIN','Tessin',1),(399,'UR',601,NULL,NULL,'URI','Uri',1),(400,'VD',601,NULL,NULL,'VAUD','Vaud',1),(401,'VS',601,NULL,NULL,'VALAIS','Valais',1),(402,'ZG',601,NULL,NULL,'ZUG','Zug',1),(403,'ZH',601,NULL,NULL,'ZURICH','Zürich',1),(404,'701',701,NULL,0,NULL,'Bedfordshire',1),(405,'702',701,NULL,0,NULL,'Berkshire',1),(406,'703',701,NULL,0,NULL,'Bristol, City of',1),(407,'704',701,NULL,0,NULL,'Buckinghamshire',1),(408,'705',701,NULL,0,NULL,'Cambridgeshire',1),(409,'706',701,NULL,0,NULL,'Cheshire',1),(410,'707',701,NULL,0,NULL,'Cleveland',1),(411,'708',701,NULL,0,NULL,'Cornwall',1),(412,'709',701,NULL,0,NULL,'Cumberland',1),(413,'710',701,NULL,0,NULL,'Cumbria',1),(414,'711',701,NULL,0,NULL,'Derbyshire',1),(415,'712',701,NULL,0,NULL,'Devon',1),(416,'713',701,NULL,0,NULL,'Dorset',1),(417,'714',701,NULL,0,NULL,'Co. Durham',1),(418,'715',701,NULL,0,NULL,'East Riding of Yorkshire',1),(419,'716',701,NULL,0,NULL,'East Sussex',1),(420,'717',701,NULL,0,NULL,'Essex',1),(421,'718',701,NULL,0,NULL,'Gloucestershire',1),(422,'719',701,NULL,0,NULL,'Greater Manchester',1),(423,'720',701,NULL,0,NULL,'Hampshire',1),(424,'721',701,NULL,0,NULL,'Hertfordshire',1),(425,'722',701,NULL,0,NULL,'Hereford and Worcester',1),(426,'723',701,NULL,0,NULL,'Herefordshire',1),(427,'724',701,NULL,0,NULL,'Huntingdonshire',1),(428,'725',701,NULL,0,NULL,'Isle of Man',1),(429,'726',701,NULL,0,NULL,'Isle of Wight',1),(430,'727',701,NULL,0,NULL,'Jersey',1),(431,'728',701,NULL,0,NULL,'Kent',1),(432,'729',701,NULL,0,NULL,'Lancashire',1),(433,'730',701,NULL,0,NULL,'Leicestershire',1),(434,'731',701,NULL,0,NULL,'Lincolnshire',1),(435,'732',701,NULL,0,NULL,'London - City of London',1),(436,'733',701,NULL,0,NULL,'Merseyside',1),(437,'734',701,NULL,0,NULL,'Middlesex',1),(438,'735',701,NULL,0,NULL,'Norfolk',1),(439,'736',701,NULL,0,NULL,'North Yorkshire',1),(440,'737',701,NULL,0,NULL,'North Riding of Yorkshire',1),(441,'738',701,NULL,0,NULL,'Northamptonshire',1),(442,'739',701,NULL,0,NULL,'Northumberland',1),(443,'740',701,NULL,0,NULL,'Nottinghamshire',1),(444,'741',701,NULL,0,NULL,'Oxfordshire',1),(445,'742',701,NULL,0,NULL,'Rutland',1),(446,'743',701,NULL,0,NULL,'Shropshire',1),(447,'744',701,NULL,0,NULL,'Somerset',1),(448,'745',701,NULL,0,NULL,'Staffordshire',1),(449,'746',701,NULL,0,NULL,'Suffolk',1),(450,'747',701,NULL,0,NULL,'Surrey',1),(451,'748',701,NULL,0,NULL,'Sussex',1),(452,'749',701,NULL,0,NULL,'Tyne and Wear',1),(453,'750',701,NULL,0,NULL,'Warwickshire',1),(454,'751',701,NULL,0,NULL,'West Midlands',1),(455,'752',701,NULL,0,NULL,'West Sussex',1),(456,'753',701,NULL,0,NULL,'West Yorkshire',1),(457,'754',701,NULL,0,NULL,'West Riding of Yorkshire',1),(458,'755',701,NULL,0,NULL,'Wiltshire',1),(459,'756',701,NULL,0,NULL,'Worcestershire',1),(460,'757',701,NULL,0,NULL,'Yorkshire',1),(461,'758',702,NULL,0,NULL,'Anglesey',1),(462,'759',702,NULL,0,NULL,'Breconshire',1),(463,'760',702,NULL,0,NULL,'Caernarvonshire',1),(464,'761',702,NULL,0,NULL,'Cardiganshire',1),(465,'762',702,NULL,0,NULL,'Carmarthenshire',1),(466,'763',702,NULL,0,NULL,'Ceredigion',1),(467,'764',702,NULL,0,NULL,'Denbighshire',1),(468,'765',702,NULL,0,NULL,'Flintshire',1),(469,'766',702,NULL,0,NULL,'Glamorgan',1),(470,'767',702,NULL,0,NULL,'Gwent',1),(471,'768',702,NULL,0,NULL,'Gwynedd',1),(472,'769',702,NULL,0,NULL,'Merionethshire',1),(473,'770',702,NULL,0,NULL,'Monmouthshire',1),(474,'771',702,NULL,0,NULL,'Mid Glamorgan',1),(475,'772',702,NULL,0,NULL,'Montgomeryshire',1),(476,'773',702,NULL,0,NULL,'Pembrokeshire',1),(477,'774',702,NULL,0,NULL,'Powys',1),(478,'775',702,NULL,0,NULL,'Radnorshire',1),(479,'776',702,NULL,0,NULL,'South Glamorgan',1),(480,'777',703,NULL,0,NULL,'Aberdeen, City of',1),(481,'778',703,NULL,0,NULL,'Angus',1),(482,'779',703,NULL,0,NULL,'Argyll',1),(483,'780',703,NULL,0,NULL,'Ayrshire',1),(484,'781',703,NULL,0,NULL,'Banffshire',1),(485,'782',703,NULL,0,NULL,'Berwickshire',1),(486,'783',703,NULL,0,NULL,'Bute',1),(487,'784',703,NULL,0,NULL,'Caithness',1),(488,'785',703,NULL,0,NULL,'Clackmannanshire',1),(489,'786',703,NULL,0,NULL,'Dumfriesshire',1),(490,'787',703,NULL,0,NULL,'Dumbartonshire',1),(491,'788',703,NULL,0,NULL,'Dundee, City of',1),(492,'789',703,NULL,0,NULL,'East Lothian',1),(493,'790',703,NULL,0,NULL,'Fife',1),(494,'791',703,NULL,0,NULL,'Inverness',1),(495,'792',703,NULL,0,NULL,'Kincardineshire',1),(496,'793',703,NULL,0,NULL,'Kinross-shire',1),(497,'794',703,NULL,0,NULL,'Kirkcudbrightshire',1),(498,'795',703,NULL,0,NULL,'Lanarkshire',1),(499,'796',703,NULL,0,NULL,'Midlothian',1),(500,'797',703,NULL,0,NULL,'Morayshire',1),(501,'798',703,NULL,0,NULL,'Nairnshire',1),(502,'799',703,NULL,0,NULL,'Orkney',1),(503,'800',703,NULL,0,NULL,'Peebleshire',1),(504,'801',703,NULL,0,NULL,'Perthshire',1),(505,'802',703,NULL,0,NULL,'Renfrewshire',1),(506,'803',703,NULL,0,NULL,'Ross & Cromarty',1),(507,'804',703,NULL,0,NULL,'Roxburghshire',1),(508,'805',703,NULL,0,NULL,'Selkirkshire',1),(509,'806',703,NULL,0,NULL,'Shetland',1),(510,'807',703,NULL,0,NULL,'Stirlingshire',1),(511,'808',703,NULL,0,NULL,'Sutherland',1),(512,'809',703,NULL,0,NULL,'West Lothian',1),(513,'810',703,NULL,0,NULL,'Wigtownshire',1),(514,'811',704,NULL,0,NULL,'Antrim',1),(515,'812',704,NULL,0,NULL,'Armagh',1),(516,'813',704,NULL,0,NULL,'Co. Down',1),(517,'814',704,NULL,0,NULL,'Co. Fermanagh',1),(518,'815',704,NULL,0,NULL,'Co. Londonderry',1),(519,'AL',1101,'',0,'ALABAMA','Alabama',1),(520,'AK',1101,'',0,'ALASKA','Alaska',1),(521,'AZ',1101,'',0,'ARIZONA','Arizona',1),(522,'AR',1101,'',0,'ARKANSAS','Arkansas',1),(523,'CA',1101,'',0,'CALIFORNIA','California',1),(524,'CO',1101,'',0,'COLORADO','Colorado',1),(525,'CT',1101,'',0,'CONNECTICUT','Connecticut',1),(526,'DE',1101,'',0,'DELAWARE','Delaware',1),(527,'FL',1101,'',0,'FLORIDA','Florida',1),(528,'GA',1101,'',0,'GEORGIA','Georgia',1),(529,'HI',1101,'',0,'HAWAII','Hawaii',1),(530,'ID',1101,'',0,'IDAHO','Idaho',1),(531,'IL',1101,'',0,'ILLINOIS','Illinois',1),(532,'IN',1101,'',0,'INDIANA','Indiana',1),(533,'IA',1101,'',0,'IOWA','Iowa',1),(534,'KS',1101,'',0,'KANSAS','Kansas',1),(535,'KY',1101,'',0,'KENTUCKY','Kentucky',1),(536,'LA',1101,'',0,'LOUISIANA','Louisiana',1),(537,'ME',1101,'',0,'MAINE','Maine',1),(538,'MD',1101,'',0,'MARYLAND','Maryland',1),(539,'MA',1101,'',0,'MASSACHUSSETTS','Massachusetts',1),(540,'MI',1101,'',0,'MICHIGAN','Michigan',1),(541,'MN',1101,'',0,'MINNESOTA','Minnesota',1),(542,'MS',1101,'',0,'MISSISSIPPI','Mississippi',1),(543,'MO',1101,'',0,'MISSOURI','Missouri',1),(544,'MT',1101,'',0,'MONTANA','Montana',1),(545,'NE',1101,'',0,'NEBRASKA','Nebraska',1),(546,'NV',1101,'',0,'NEVADA','Nevada',1),(547,'NH',1101,'',0,'NEW HAMPSHIRE','New Hampshire',1),(548,'NJ',1101,'',0,'NEW JERSEY','New Jersey',1),(549,'NM',1101,'',0,'NEW MEXICO','New Mexico',1),(550,'NY',1101,'',0,'NEW YORK','New York',1),(551,'NC',1101,'',0,'NORTH CAROLINA','North Carolina',1),(552,'ND',1101,'',0,'NORTH DAKOTA','North Dakota',1),(553,'OH',1101,'',0,'OHIO','Ohio',1),(554,'OK',1101,'',0,'OKLAHOMA','Oklahoma',1),(555,'OR',1101,'',0,'OREGON','Oregon',1),(556,'PA',1101,'',0,'PENNSYLVANIA','Pennsylvania',1),(557,'RI',1101,'',0,'RHODE ISLAND','Rhode Island',1),(558,'SC',1101,'',0,'SOUTH CAROLINA','South Carolina',1),(559,'SD',1101,'',0,'SOUTH DAKOTA','South Dakota',1),(560,'TN',1101,'',0,'TENNESSEE','Tennessee',1),(561,'TX',1101,'',0,'TEXAS','Texas',1),(562,'UT',1101,'',0,'UTAH','Utah',1),(563,'VT',1101,'',0,'VERMONT','Vermont',1),(564,'VA',1101,'',0,'VIRGINIA','Virginia',1),(565,'WA',1101,'',0,'WASHINGTON','Washington',1),(566,'WV',1101,'',0,'WEST VIRGINIA','West Virginia',1),(567,'WI',1101,'',0,'WISCONSIN','Wisconsin',1),(568,'WY',1101,'',0,'WYOMING','Wyoming',1),(569,'GR',1701,NULL,NULL,NULL,'Groningen',1),(570,'FR',1701,NULL,NULL,NULL,'Friesland',1),(571,'DR',1701,NULL,NULL,NULL,'Drenthe',1),(572,'OV',1701,NULL,NULL,NULL,'Overijssel',1),(573,'GD',1701,NULL,NULL,NULL,'Gelderland',1),(574,'FL',1701,NULL,NULL,NULL,'Flevoland',1),(575,'UT',1701,NULL,NULL,NULL,'Utrecht',1),(576,'NH',1701,NULL,NULL,NULL,'Noord-Holland',1),(577,'ZH',1701,NULL,NULL,NULL,'Zuid-Holland',1),(578,'ZL',1701,NULL,NULL,NULL,'Zeeland',1),(579,'NB',1701,NULL,NULL,NULL,'Noord-Brabant',1),(580,'LB',1701,NULL,NULL,NULL,'Limburg',1),(581,'SS',8601,'',0,'','San Salvador',1),(582,'SA',8603,'',0,'','Santa Ana',1),(583,'AH',8603,'',0,'','Ahuachapan',1),(584,'SO',8603,'',0,'','Sonsonate',1),(585,'US',8602,'',0,'','Usulutan',1),(586,'SM',8602,'',0,'','San Miguel',1),(587,'MO',8602,'',0,'','Morazan',1),(588,'LU',8602,'',0,'','La Union',1),(589,'LL',8601,'',0,'','La Libertad',1),(590,'CH',8601,'',0,'','Chalatenango',1),(591,'CA',8601,'',0,'','Cabañas',1),(592,'LP',8601,'',0,'','La Paz',1),(593,'SV',8601,'',0,'','San Vicente',1),(594,'CU',8601,'',0,'','Cuscatlan',1),(595,'2301',2301,'',0,'CATAMARCA','Catamarca',1),(596,'2302',2301,'',0,'JUJUY','Jujuy',1),(597,'2303',2301,'',0,'TUCAMAN','Tucamán',1),(598,'2304',2301,'',0,'SANTIAGO DEL ESTERO','Santiago del Estero',1),(599,'2305',2301,'',0,'SALTA','Salta',1),(600,'2306',2302,'',0,'CHACO','Chaco',1),(601,'2307',2302,'',0,'CORRIENTES','Corrientes',1),(602,'2308',2302,'',0,'ENTRE RIOS','Entre Ríos',1),(603,'2309',2302,'',0,'FORMOSA','Formosa',1),(604,'2310',2302,'',0,'SANTA FE','Santa Fe',1),(605,'2311',2303,'',0,'LA RIOJA','La Rioja',1),(606,'2312',2303,'',0,'MENDOZA','Mendoza',1),(607,'2313',2303,'',0,'SAN JUAN','San Juan',1),(608,'2314',2303,'',0,'SAN LUIS','San Luis',1),(609,'2315',2304,'',0,'CORDOBA','Córdoba',1),(610,'2316',2304,'',0,'BUENOS AIRES','Buenos Aires',1),(611,'2317',2304,'',0,'CABA','Caba',1),(612,'2318',2305,'',0,'LA PAMPA','La Pampa',1),(613,'2319',2305,'',0,'NEUQUEN','Neuquén',1),(614,'2320',2305,'',0,'RIO NEGRO','Río Negro',1),(615,'2321',2305,'',0,'CHUBUT','Chubut',1),(616,'2322',2305,'',0,'SANTA CRUZ','Santa Cruz',1),(617,'2323',2305,'',0,'TIERRA DEL FUEGO','Tierra del Fuego',1),(618,'2324',2305,'',0,'ISLAS MALVINAS','Islas Malvinas',1),(619,'2325',2305,'',0,'ANTARTIDA','Antártida',1),(620,'AC',5601,'ACRE',0,'AC','Acre',1),(621,'AL',5601,'ALAGOAS',0,'AL','Alagoas',1),(622,'AP',5601,'AMAPA',0,'AP','Amapá',1),(623,'AM',5601,'AMAZONAS',0,'AM','Amazonas',1),(624,'BA',5601,'BAHIA',0,'BA','Bahia',1),(625,'CE',5601,'CEARA',0,'CE','Ceará',1),(626,'ES',5601,'ESPIRITO SANTO',0,'ES','Espirito Santo',1),(627,'GO',5601,'GOIAS',0,'GO','Goiás',1),(628,'MA',5601,'MARANHAO',0,'MA','Maranhão',1),(629,'MT',5601,'MATO GROSSO',0,'MT','Mato Grosso',1),(630,'MS',5601,'MATO GROSSO DO SUL',0,'MS','Mato Grosso do Sul',1),(631,'MG',5601,'MINAS GERAIS',0,'MG','Minas Gerais',1),(632,'PA',5601,'PARA',0,'PA','Pará',1),(633,'PB',5601,'PARAIBA',0,'PB','Paraiba',1),(634,'PR',5601,'PARANA',0,'PR','Paraná',1),(635,'PE',5601,'PERNAMBUCO',0,'PE','Pernambuco',1),(636,'PI',5601,'PIAUI',0,'PI','Piauí',1),(637,'RJ',5601,'RIO DE JANEIRO',0,'RJ','Rio de Janeiro',1),(638,'RN',5601,'RIO GRANDE DO NORTE',0,'RN','Rio Grande do Norte',1),(639,'RS',5601,'RIO GRANDE DO SUL',0,'RS','Rio Grande do Sul',1),(640,'RO',5601,'RONDONIA',0,'RO','Rondônia',1),(641,'RR',5601,'RORAIMA',0,'RR','Roraima',1),(642,'SC',5601,'SANTA CATARINA',0,'SC','Santa Catarina',1),(643,'SE',5601,'SERGIPE',0,'SE','Sergipe',1),(644,'SP',5601,'SAO PAULO',0,'SP','Sao Paulo',1),(645,'TO',5601,'TOCANTINS',0,'TO','Tocantins',1),(646,'DF',5601,'DISTRITO FEDERAL',0,'DF','Distrito Federal',1),(647,'151',6715,'',0,'151','Arica',1),(648,'152',6715,'',0,'152','Parinacota',1),(649,'011',6701,'',0,'011','Iquique',1),(650,'014',6701,'',0,'014','Tamarugal',1),(651,'021',6702,'',0,'021','Antofagasa',1),(652,'022',6702,'',0,'022','El Loa',1),(653,'023',6702,'',0,'023','Tocopilla',1),(654,'031',6703,'',0,'031','Copiapó',1),(655,'032',6703,'',0,'032','Chañaral',1),(656,'033',6703,'',0,'033','Huasco',1),(657,'041',6704,'',0,'041','Elqui',1),(658,'042',6704,'',0,'042','Choapa',1),(659,'043',6704,'',0,'043','Limarí',1),(660,'051',6705,'',0,'051','Valparaíso',1),(661,'052',6705,'',0,'052','Isla de Pascua',1),(662,'053',6705,'',0,'053','Los Andes',1),(663,'054',6705,'',0,'054','Petorca',1),(664,'055',6705,'',0,'055','Quillota',1),(665,'056',6705,'',0,'056','San Antonio',1),(666,'057',6705,'',0,'057','San Felipe de Aconcagua',1),(667,'058',6705,'',0,'058','Marga Marga',1),(668,'061',6706,'',0,'061','Cachapoal',1),(669,'062',6706,'',0,'062','Cardenal Caro',1),(670,'063',6706,'',0,'063','Colchagua',1),(671,'071',6707,'',0,'071','Talca',1),(672,'072',6707,'',0,'072','Cauquenes',1),(673,'073',6707,'',0,'073','Curicó',1),(674,'074',6707,'',0,'074','Linares',1),(675,'081',6708,'',0,'081','Concepción',1),(676,'082',6708,'',0,'082','Arauco',1),(677,'083',6708,'',0,'083','Biobío',1),(678,'084',6708,'',0,'084','Ñuble',1),(679,'091',6709,'',0,'091','Cautín',1),(680,'092',6709,'',0,'092','Malleco',1),(681,'141',6714,'',0,'141','Valdivia',1),(682,'142',6714,'',0,'142','Ranco',1),(683,'101',6710,'',0,'101','Llanquihue',1),(684,'102',6710,'',0,'102','Chiloé',1),(685,'103',6710,'',0,'103','Osorno',1),(686,'104',6710,'',0,'104','Palena',1),(687,'111',6711,'',0,'111','Coihaique',1),(688,'112',6711,'',0,'112','Aisén',1),(689,'113',6711,'',0,'113','Capitán Prat',1),(690,'114',6711,'',0,'114','General Carrera',1),(691,'121',6712,'',0,'121','Magallanes',1),(692,'122',6712,'',0,'122','Antártica Chilena',1),(693,'123',6712,'',0,'123','Tierra del Fuego',1),(694,'124',6712,'',0,'124','Última Esperanza',1),(695,'131',6713,'',0,'131','Santiago',1),(696,'132',6713,'',0,'132','Cordillera',1),(697,'133',6713,'',0,'133','Chacabuco',1),(698,'134',6713,'',0,'134','Maipo',1),(699,'135',6713,'',0,'135','Melipilla',1),(700,'136',6713,'',0,'136','Talagante',1),(701,'AN',11701,NULL,0,'AN','Andaman & Nicobar',1),(702,'AP',11701,NULL,0,'AP','Andhra Pradesh',1),(703,'AR',11701,NULL,0,'AR','Arunachal Pradesh',1),(704,'AS',11701,NULL,0,'AS','Assam',1),(705,'BR',11701,NULL,0,'BR','Bihar',1),(706,'CG',11701,NULL,0,'CG','Chattisgarh',1),(707,'CH',11701,NULL,0,'CH','Chandigarh',1),(708,'DD',11701,NULL,0,'DD','Daman & Diu',1),(709,'DL',11701,NULL,0,'DL','Delhi',1),(710,'DN',11701,NULL,0,'DN','Dadra and Nagar Haveli',1),(711,'GA',11701,NULL,0,'GA','Goa',1),(712,'GJ',11701,NULL,0,'GJ','Gujarat',1),(713,'HP',11701,NULL,0,'HP','Himachal Pradesh',1),(714,'HR',11701,NULL,0,'HR','Haryana',1),(715,'JH',11701,NULL,0,'JH','Jharkhand',1),(716,'JK',11701,NULL,0,'JK','Jammu & Kashmir',1),(717,'KA',11701,NULL,0,'KA','Karnataka',1),(718,'KL',11701,NULL,0,'KL','Kerala',1),(719,'LD',11701,NULL,0,'LD','Lakshadweep',1),(720,'MH',11701,NULL,0,'MH','Maharashtra',1),(721,'ML',11701,NULL,0,'ML','Meghalaya',1),(722,'MN',11701,NULL,0,'MN','Manipur',1),(723,'MP',11701,NULL,0,'MP','Madhya Pradesh',1),(724,'MZ',11701,NULL,0,'MZ','Mizoram',1),(725,'NL',11701,NULL,0,'NL','Nagaland',1),(726,'OR',11701,NULL,0,'OR','Orissa',1),(727,'PB',11701,NULL,0,'PB','Punjab',1),(728,'PY',11701,NULL,0,'PY','Puducherry',1),(729,'RJ',11701,NULL,0,'RJ','Rajasthan',1),(730,'SK',11701,NULL,0,'SK','Sikkim',1),(731,'TN',11701,NULL,0,'TN','Tamil Nadu',1),(732,'TR',11701,NULL,0,'TR','Tripura',1),(733,'UL',11701,NULL,0,'UL','Uttarakhand',1),(734,'UP',11701,NULL,0,'UP','Uttar Pradesh',1),(735,'WB',11701,NULL,0,'WB','West Bengal',1),(736,'DIF',15401,'',0,'DIF','Distrito Federal',1),(737,'AGS',15401,'',0,'AGS','Aguascalientes',1),(738,'BCN',15401,'',0,'BCN','Baja California Norte',1),(739,'BCS',15401,'',0,'BCS','Baja California Sur',1),(740,'CAM',15401,'',0,'CAM','Campeche',1),(741,'CHP',15401,'',0,'CHP','Chiapas',1),(742,'CHI',15401,'',0,'CHI','Chihuahua',1),(743,'COA',15401,'',0,'COA','Coahuila',1),(744,'COL',15401,'',0,'COL','Colima',1),(745,'DUR',15401,'',0,'DUR','Durango',1),(746,'GTO',15401,'',0,'GTO','Guanajuato',1),(747,'GRO',15401,'',0,'GRO','Guerrero',1),(748,'HGO',15401,'',0,'HGO','Hidalgo',1),(749,'JAL',15401,'',0,'JAL','Jalisco',1),(750,'MEX',15401,'',0,'MEX','México',1),(751,'MIC',15401,'',0,'MIC','Michoacán de Ocampo',1),(752,'MOR',15401,'',0,'MOR','Morelos',1),(753,'NAY',15401,'',0,'NAY','Nayarit',1),(754,'NLE',15401,'',0,'NLE','Nuevo León',1),(755,'OAX',15401,'',0,'OAX','Oaxaca',1),(756,'PUE',15401,'',0,'PUE','Puebla',1),(757,'QRO',15401,'',0,'QRO','Querétaro',1),(758,'ROO',15401,'',0,'ROO','Quintana Roo',1),(759,'SLP',15401,'',0,'SLP','San Luis Potosí',1),(760,'SIN',15401,'',0,'SIN','Sinaloa',1),(761,'SON',15401,'',0,'SON','Sonora',1),(762,'TAB',15401,'',0,'TAB','Tabasco',1),(763,'TAM',15401,'',0,'TAM','Tamaulipas',1),(764,'TLX',15401,'',0,'TLX','Tlaxcala',1),(765,'VER',15401,'',0,'VER','Veracruz',1),(766,'YUC',15401,'',0,'YUC','Yucatán',1),(767,'ZAC',15401,'',0,'ZAC','Zacatecas',1),(768,'ANT',7001,'',0,'ANT','Antioquia',1),(769,'BOL',7001,'',0,'BOL','Bolívar',1),(770,'BOY',7001,'',0,'BOY','Boyacá',1),(771,'CAL',7001,'',0,'CAL','Caldas',1),(772,'CAU',7001,'',0,'CAU','Cauca',1),(773,'CUN',7001,'',0,'CUN','Cundinamarca',1),(774,'HUI',7001,'',0,'HUI','Huila',1),(775,'LAG',7001,'',0,'LAG','La Guajira',1),(776,'MET',7001,'',0,'MET','Meta',1),(777,'NAR',7001,'',0,'NAR','Nariño',1),(778,'NDS',7001,'',0,'NDS','Norte de Santander',1),(779,'SAN',7001,'',0,'SAN','Santander',1),(780,'SUC',7001,'',0,'SUC','Sucre',1),(781,'TOL',7001,'',0,'TOL','Tolima',1),(782,'VAC',7001,'',0,'VAC','Valle del Cauca',1),(783,'RIS',7001,'',0,'RIS','Risalda',1),(784,'ATL',7001,'',0,'ATL','Atlántico',1),(785,'COR',7001,'',0,'COR','Córdoba',1),(786,'SAP',7001,'',0,'SAP','San Andrés, Providencia y Santa Catalina',1),(787,'ARA',7001,'',0,'ARA','Arauca',1),(788,'CAS',7001,'',0,'CAS','Casanare',1),(789,'AMA',7001,'',0,'AMA','Amazonas',1),(790,'CAQ',7001,'',0,'CAQ','Caquetá',1),(791,'CHO',7001,'',0,'CHO','Chocó',1),(792,'GUA',7001,'',0,'GUA','Guainía',1),(793,'GUV',7001,'',0,'GUV','Guaviare',1),(794,'PUT',7001,'',0,'PUT','Putumayo',1),(795,'QUI',7001,'',0,'QUI','Quindío',1),(796,'VAU',7001,'',0,'VAU','Vaupés',1),(797,'BOG',7001,'',0,'BOG','Bogotá',1),(798,'VID',7001,'',0,'VID','Vichada',1),(799,'CES',7001,'',0,'CES','Cesar',1),(800,'MAG',7001,'',0,'MAG','Magdalena',1),(801,'AT',11401,'',0,'AT','Atlántida',1),(802,'CH',11401,'',0,'CH','Choluteca',1),(803,'CL',11401,'',0,'CL','Colón',1),(804,'CM',11401,'',0,'CM','Comayagua',1),(805,'CO',11401,'',0,'CO','Copán',1),(806,'CR',11401,'',0,'CR','Cortés',1),(807,'EP',11401,'',0,'EP','El Paraíso',1),(808,'FM',11401,'',0,'FM','Francisco Morazán',1),(809,'GD',11401,'',0,'GD','Gracias a Dios',1),(810,'IN',11401,'',0,'IN','Intibucá',1),(811,'IB',11401,'',0,'IB','Islas de la Bahía',1),(812,'LP',11401,'',0,'LP','La Paz',1),(813,'LM',11401,'',0,'LM','Lempira',1),(814,'OC',11401,'',0,'OC','Ocotepeque',1),(815,'OL',11401,'',0,'OL','Olancho',1),(816,'SB',11401,'',0,'SB','Santa Bárbara',1),(817,'VL',11401,'',0,'VL','Valle',1),(818,'YO',11401,'',0,'YO','Yoro',1),(819,'DC',11401,'',0,'DC','Distrito Central',1),(820,'CC',4601,'Oistins',0,'CC','Christ Church',1),(821,'SA',4601,'Greenland',0,'SA','Saint Andrew',1),(822,'SG',4601,'Bulkeley',0,'SG','Saint George',1),(823,'JA',4601,'Holetown',0,'JA','Saint James',1),(824,'SJ',4601,'Four Roads',0,'SJ','Saint John',1),(825,'SB',4601,'Bathsheba',0,'SB','Saint Joseph',1),(826,'SL',4601,'Crab Hill',0,'SL','Saint Lucy',1),(827,'SM',4601,'Bridgetown',0,'SM','Saint Michael',1),(828,'SP',4601,'Speightstown',0,'SP','Saint Peter',1),(829,'SC',4601,'Crane',0,'SC','Saint Philip',1),(830,'ST',4601,'Hillaby',0,'ST','Saint Thomas',1),(831,'VE-L',23201,'',0,'VE-L','Mérida',1),(832,'VE-T',23201,'',0,'VE-T','Trujillo',1),(833,'VE-E',23201,'',0,'VE-E','Barinas',1),(834,'VE-M',23202,'',0,'VE-M','Miranda',1),(835,'VE-W',23202,'',0,'VE-W','Vargas',1),(836,'VE-A',23202,'',0,'VE-A','Distrito Capital',1),(837,'VE-D',23203,'',0,'VE-D','Aragua',1),(838,'VE-G',23203,'',0,'VE-G','Carabobo',1),(839,'VE-I',23204,'',0,'VE-I','Falcón',1),(840,'VE-K',23204,'',0,'VE-K','Lara',1),(841,'VE-U',23204,'',0,'VE-U','Yaracuy',1),(842,'VE-F',23205,'',0,'VE-F','Bolívar',1),(843,'VE-X',23205,'',0,'VE-X','Amazonas',1),(844,'VE-Y',23205,'',0,'VE-Y','Delta Amacuro',1),(845,'VE-O',23206,'',0,'VE-O','Nueva Esparta',1),(846,'VE-Z',23206,'',0,'VE-Z','Dependencias Federales',1),(847,'VE-C',23207,'',0,'VE-C','Apure',1),(848,'VE-J',23207,'',0,'VE-J','Guárico',1),(849,'VE-H',23207,'',0,'VE-H','Cojedes',1),(850,'VE-P',23207,'',0,'VE-P','Portuguesa',1),(851,'VE-B',23208,'',0,'VE-B','Anzoátegui',1),(852,'VE-N',23208,'',0,'VE-N','Monagas',1),(853,'VE-R',23208,'',0,'VE-R','Sucre',1),(854,'VE-V',23209,'',0,'VE-V','Zulia',1),(855,'VE-S',23209,'',0,'VE-S','Táchira',1),(856,'AL01',1301,'',0,'','Wilaya d\'Adrar',1),(857,'AL02',1301,'',0,'','Wilaya de Chlef',1),(858,'AL03',1301,'',0,'','Wilaya de Laghouat',1),(859,'AL04',1301,'',0,'','Wilaya d\'Oum El Bouaghi',1),(860,'AL05',1301,'',0,'','Wilaya de Batna',1),(861,'AL06',1301,'',0,'','Wilaya de Béjaïa',1),(862,'AL07',1301,'',0,'','Wilaya de Biskra',1),(863,'AL08',1301,'',0,'','Wilaya de Béchar',1),(864,'AL09',1301,'',0,'','Wilaya de Blida',1),(865,'AL11',1301,'',0,'','Wilaya de Bouira',1),(866,'AL12',1301,'',0,'','Wilaya de Tamanrasset',1),(867,'AL13',1301,'',0,'','Wilaya de Tébessa',1),(868,'AL14',1301,'',0,'','Wilaya de Tlemcen',1),(869,'AL15',1301,'',0,'','Wilaya de Tiaret',1),(870,'AL16',1301,'',0,'','Wilaya de Tizi Ouzou',1),(871,'AL17',1301,'',0,'','Wilaya d\'Alger',1),(872,'AL18',1301,'',0,'','Wilaya de Djelfa',1),(873,'AL19',1301,'',0,'','Wilaya de Jijel',1),(874,'AL20',1301,'',0,'','Wilaya de Sétif	',1),(875,'AL21',1301,'',0,'','Wilaya de Saïda',1),(876,'AL22',1301,'',0,'','Wilaya de Skikda',1),(877,'AL23',1301,'',0,'','Wilaya de Sidi Bel Abbès',1),(878,'AL24',1301,'',0,'','Wilaya d\'Annaba',1),(879,'AL25',1301,'',0,'','Wilaya de Guelma',1),(880,'AL26',1301,'',0,'','Wilaya de Constantine',1),(881,'AL27',1301,'',0,'','Wilaya de Médéa',1),(882,'AL28',1301,'',0,'','Wilaya de Mostaganem',1),(883,'AL29',1301,'',0,'','Wilaya de M\'Sila',1),(884,'AL30',1301,'',0,'','Wilaya de Mascara',1),(885,'AL31',1301,'',0,'','Wilaya d\'Ouargla',1),(886,'AL32',1301,'',0,'','Wilaya d\'Oran',1),(887,'AL33',1301,'',0,'','Wilaya d\'El Bayadh',1),(888,'AL34',1301,'',0,'','Wilaya d\'Illizi',1),(889,'AL35',1301,'',0,'','Wilaya de Bordj Bou Arreridj',1),(890,'AL36',1301,'',0,'','Wilaya de Boumerdès',1),(891,'AL37',1301,'',0,'','Wilaya d\'El Tarf',1),(892,'AL38',1301,'',0,'','Wilaya de Tindouf',1),(893,'AL39',1301,'',0,'','Wilaya de Tissemsilt',1),(894,'AL40',1301,'',0,'','Wilaya d\'El Oued',1),(895,'AL41',1301,'',0,'','Wilaya de Khenchela',1),(896,'AL42',1301,'',0,'','Wilaya de Souk Ahras',1),(897,'AL43',1301,'',0,'','Wilaya de Tipaza',1),(898,'AL44',1301,'',0,'','Wilaya de Mila',1),(899,'AL45',1301,'',0,'','Wilaya d\'Aïn Defla',1),(900,'AL46',1301,'',0,'','Wilaya de Naâma',1),(901,'AL47',1301,'',0,'','Wilaya d\'Aïn Témouchent',1),(902,'AL48',1301,'',0,'','Wilaya de Ghardaia',1),(903,'AL49',1301,'',0,'','Wilaya de Relizane',1),(904,'MA',1209,'',0,'','Province de Benslimane',1),(905,'MA1',1209,'',0,'','Province de Berrechid',1),(906,'MA2',1209,'',0,'','Province de Khouribga',1),(907,'MA3',1209,'',0,'','Province de Settat',1),(908,'MA4',1210,'',0,'','Province d\'El Jadida',1),(909,'MA5',1210,'',0,'','Province de Safi',1),(910,'MA6',1210,'',0,'','Province de Sidi Bennour',1),(911,'MA7',1210,'',0,'','Province de Youssoufia',1),(912,'MA6B',1205,'',0,'','Préfecture de Fès',1),(913,'MA7B',1205,'',0,'','Province de Boulemane',1),(914,'MA8',1205,'',0,'','Province de Moulay Yacoub',1),(915,'MA9',1205,'',0,'','Province de Sefrou',1),(916,'MA8A',1202,'',0,'','Province de Kénitra',1),(917,'MA9A',1202,'',0,'','Province de Sidi Kacem',1),(918,'MA10',1202,'',0,'','Province de Sidi Slimane',1),(919,'MA11',1208,'',0,'','Préfecture de Casablanca',1),(920,'MA12',1208,'',0,'','Préfecture de Mohammédia',1),(921,'MA13',1208,'',0,'','Province de Médiouna',1),(922,'MA14',1208,'',0,'','Province de Nouaceur',1),(923,'MA15',1214,'',0,'','Province d\'Assa-Zag',1),(924,'MA16',1214,'',0,'','Province d\'Es-Semara',1),(925,'MA17A',1214,'',0,'','Province de Guelmim',1),(926,'MA18',1214,'',0,'','Province de Tata',1),(927,'MA19',1214,'',0,'','Province de Tan-Tan',1),(928,'MA15',1215,'',0,'','Province de Boujdour',1),(929,'MA16',1215,'',0,'','Province de Lâayoune',1),(930,'MA17',1215,'',0,'','Province de Tarfaya',1),(931,'MA18',1211,'',0,'','Préfecture de Marrakech',1),(932,'MA19',1211,'',0,'','Province d\'Al Haouz',1),(933,'MA20',1211,'',0,'','Province de Chichaoua',1),(934,'MA21',1211,'',0,'','Province d\'El Kelâa des Sraghna',1),(935,'MA22',1211,'',0,'','Province d\'Essaouira',1),(936,'MA23',1211,'',0,'','Province de Rehamna',1),(937,'MA24',1206,'',0,'','Préfecture de Meknès',1),(938,'MA25',1206,'',0,'','Province d’El Hajeb',1),(939,'MA26',1206,'',0,'','Province d\'Errachidia',1),(940,'MA27',1206,'',0,'','Province d’Ifrane',1),(941,'MA28',1206,'',0,'','Province de Khénifra',1),(942,'MA29',1206,'',0,'','Province de Midelt',1),(943,'MA30',1204,'',0,'','Préfecture d\'Oujda-Angad',1),(944,'MA31',1204,'',0,'','Province de Berkane',1),(945,'MA32',1204,'',0,'','Province de Driouch',1),(946,'MA33',1204,'',0,'','Province de Figuig',1),(947,'MA34',1204,'',0,'','Province de Jerada',1),(948,'MA35',1204,'',0,'','Province de Nadorgg',1),(949,'MA36',1204,'',0,'','Province de Taourirt',1),(950,'MA37',1216,'',0,'','Province d\'Aousserd',1),(951,'MA38',1216,'',0,'','Province d\'Oued Ed-Dahab',1),(952,'MA39',1207,'',0,'','Préfecture de Rabat',1),(953,'MA40',1207,'',0,'','Préfecture de Skhirat-Témara',1),(954,'MA41',1207,'',0,'','Préfecture de Salé',1),(955,'MA42',1207,'',0,'','Province de Khémisset',1),(956,'MA43',1213,'',0,'','Préfecture d\'Agadir Ida-Outanane',1),(957,'MA44',1213,'',0,'','Préfecture d\'Inezgane-Aït Melloul',1),(958,'MA45',1213,'',0,'','Province de Chtouka-Aït Baha',1),(959,'MA46',1213,'',0,'','Province d\'Ouarzazate',1),(960,'MA47',1213,'',0,'','Province de Sidi Ifni',1),(961,'MA48',1213,'',0,'','Province de Taroudant',1),(962,'MA49',1213,'',0,'','Province de Tinghir',1),(963,'MA50',1213,'',0,'','Province de Tiznit',1),(964,'MA51',1213,'',0,'','Province de Zagora',1),(965,'MA52',1212,'',0,'','Province d\'Azilal',1),(966,'MA53',1212,'',0,'','Province de Beni Mellal',1),(967,'MA54',1212,'',0,'','Province de Fquih Ben Salah',1),(968,'MA55',1201,'',0,'','Préfecture de M\'diq-Fnideq',1),(969,'MA56',1201,'',0,'','Préfecture de Tanger-Asilah',1),(970,'MA57',1201,'',0,'','Province de Chefchaouen',1),(971,'MA58',1201,'',0,'','Province de Fahs-Anjra',1),(972,'MA59',1201,'',0,'','Province de Larache',1),(973,'MA60',1201,'',0,'','Province d\'Ouezzane',1),(974,'MA61',1201,'',0,'','Province de Tétouan',1),(975,'MA62',1203,'',0,'','Province de Guercif',1),(976,'MA63',1203,'',0,'','Province d\'Al Hoceïma',1),(977,'MA64',1203,'',0,'','Province de Taounate',1),(978,'MA65',1203,'',0,'','Province de Taza',1),(979,'MA6A',1205,'',0,'','Préfecture de Fès',1),(980,'MA7A',1205,'',0,'','Province de Boulemane',1),(981,'MA15A',1214,'',0,'','Province d\'Assa-Zag',1),(982,'MA16A',1214,'',0,'','Province d\'Es-Semara',1),(983,'MA18A',1211,'',0,'','Préfecture de Marrakech',1),(984,'MA19A',1214,'',0,'','Province de Tan-Tan',1),(985,'MA19B',1214,'',0,'','Province de Tan-Tan',1),(986,'TN01',1001,'',0,'','Ariana',1),(987,'TN02',1001,'',0,'','Béja',1),(988,'TN03',1001,'',0,'','Ben Arous',1),(989,'TN04',1001,'',0,'','Bizerte',1),(990,'TN05',1001,'',0,'','Gabès',1),(991,'TN06',1001,'',0,'','Gafsa',1),(992,'TN07',1001,'',0,'','Jendouba',1),(993,'TN08',1001,'',0,'','Kairouan',1),(994,'TN09',1001,'',0,'','Kasserine',1),(995,'TN10',1001,'',0,'','Kébili',1),(996,'TN11',1001,'',0,'','La Manouba',1),(997,'TN12',1001,'',0,'','Le Kef',1),(998,'TN13',1001,'',0,'','Mahdia',1),(999,'TN14',1001,'',0,'','Médenine',1),(1000,'TN15',1001,'',0,'','Monastir',1),(1001,'TN16',1001,'',0,'','Nabeul',1),(1002,'TN17',1001,'',0,'','Sfax',1),(1003,'TN18',1001,'',0,'','Sidi Bouzid',1),(1004,'TN19',1001,'',0,'','Siliana',1),(1005,'TN20',1001,'',0,'','Sousse',1),(1006,'TN21',1001,'',0,'','Tataouine',1),(1007,'TN22',1001,'',0,'','Tozeur',1),(1008,'TN23',1001,'',0,'','Tunis',1),(1009,'TN24',1001,'',0,'','Zaghouan',1),(1010,'001',5201,'',0,'','Belisario Boeto',1),(1011,'002',5201,'',0,'','Hernando Siles',1),(1012,'003',5201,'',0,'','Jaime Zudáñez',1),(1013,'004',5201,'',0,'','Juana Azurduy de Padilla',1),(1014,'005',5201,'',0,'','Luis Calvo',1),(1015,'006',5201,'',0,'','Nor Cinti',1),(1016,'007',5201,'',0,'','Oropeza',1),(1017,'008',5201,'',0,'','Sud Cinti',1),(1018,'009',5201,'',0,'','Tomina',1),(1019,'010',5201,'',0,'','Yamparáez',1),(1020,'011',5202,'',0,'','Abel Iturralde',1),(1021,'012',5202,'',0,'','Aroma',1),(1022,'013',5202,'',0,'','Bautista Saavedra',1),(1023,'014',5202,'',0,'','Caranavi',1),(1024,'015',5202,'',0,'','Eliodoro Camacho',1),(1025,'016',5202,'',0,'','Franz Tamayo',1),(1026,'017',5202,'',0,'','Gualberto Villarroel',1),(1027,'018',5202,'',0,'','Ingaví',1),(1028,'019',5202,'',0,'','Inquisivi',1),(1029,'020',5202,'',0,'','José Ramón Loayza',1),(1030,'021',5202,'',0,'','Larecaja',1),(1031,'022',5202,'',0,'','Los Andes (Bolivia)',1),(1032,'023',5202,'',0,'','Manco Kapac',1),(1033,'024',5202,'',0,'','Muñecas',1),(1034,'025',5202,'',0,'','Nor Yungas',1),(1035,'026',5202,'',0,'','Omasuyos',1),(1036,'027',5202,'',0,'','Pacajes',1),(1037,'028',5202,'',0,'','Pedro Domingo Murillo',1),(1038,'029',5202,'',0,'','Sud Yungas',1),(1039,'030',5202,'',0,'','General José Manuel Pando',1),(1040,'031',5203,'',0,'','Arani',1),(1041,'032',5203,'',0,'','Arque',1),(1042,'033',5203,'',0,'','Ayopaya',1),(1043,'034',5203,'',0,'','Bolívar (Bolivia)',1),(1044,'035',5203,'',0,'','Campero',1),(1045,'036',5203,'',0,'','Capinota',1),(1046,'037',5203,'',0,'','Cercado (Cochabamba)',1),(1047,'038',5203,'',0,'','Esteban Arze',1),(1048,'039',5203,'',0,'','Germán Jordán',1),(1049,'040',5203,'',0,'','José Carrasco',1),(1050,'041',5203,'',0,'','Mizque',1),(1051,'042',5203,'',0,'','Punata',1),(1052,'043',5203,'',0,'','Quillacollo',1),(1053,'044',5203,'',0,'','Tapacarí',1),(1054,'045',5203,'',0,'','Tiraque',1),(1055,'046',5203,'',0,'','Chapare',1),(1056,'047',5204,'',0,'','Carangas',1),(1057,'048',5204,'',0,'','Cercado (Oruro)',1),(1058,'049',5204,'',0,'','Eduardo Avaroa',1),(1059,'050',5204,'',0,'','Ladislao Cabrera',1),(1060,'051',5204,'',0,'','Litoral de Atacama',1),(1061,'052',5204,'',0,'','Mejillones',1),(1062,'053',5204,'',0,'','Nor Carangas',1),(1063,'054',5204,'',0,'','Pantaleón Dalence',1),(1064,'055',5204,'',0,'','Poopó',1),(1065,'056',5204,'',0,'','Sabaya',1),(1066,'057',5204,'',0,'','Sajama',1),(1067,'058',5204,'',0,'','San Pedro de Totora',1),(1068,'059',5204,'',0,'','Saucarí',1),(1069,'060',5204,'',0,'','Sebastián Pagador',1),(1070,'061',5204,'',0,'','Sud Carangas',1),(1071,'062',5204,'',0,'','Tomás Barrón',1),(1072,'063',5205,'',0,'','Alonso de Ibáñez',1),(1073,'064',5205,'',0,'','Antonio Quijarro',1),(1074,'065',5205,'',0,'','Bernardino Bilbao',1),(1075,'066',5205,'',0,'','Charcas (Potosí)',1),(1076,'067',5205,'',0,'','Chayanta',1),(1077,'068',5205,'',0,'','Cornelio Saavedra',1),(1078,'069',5205,'',0,'','Daniel Campos',1),(1079,'070',5205,'',0,'','Enrique Baldivieso',1),(1080,'071',5205,'',0,'','José María Linares',1),(1081,'072',5205,'',0,'','Modesto Omiste',1),(1082,'073',5205,'',0,'','Nor Chichas',1),(1083,'074',5205,'',0,'','Nor Lípez',1),(1084,'075',5205,'',0,'','Rafael Bustillo',1),(1085,'076',5205,'',0,'','Sud Chichas',1),(1086,'077',5205,'',0,'','Sud Lípez',1),(1087,'078',5205,'',0,'','Tomás Frías',1),(1088,'079',5206,'',0,'','Aniceto Arce',1),(1089,'080',5206,'',0,'','Burdet O\'Connor',1),(1090,'081',5206,'',0,'','Cercado (Tarija)',1),(1091,'082',5206,'',0,'','Eustaquio Méndez',1),(1092,'083',5206,'',0,'','José María Avilés',1),(1093,'084',5206,'',0,'','Gran Chaco',1),(1094,'085',5207,'',0,'','Andrés Ibáñez',1),(1095,'086',5207,'',0,'','Caballero',1),(1096,'087',5207,'',0,'','Chiquitos',1),(1097,'088',5207,'',0,'','Cordillera (Bolivia)',1),(1098,'089',5207,'',0,'','Florida',1),(1099,'090',5207,'',0,'','Germán Busch',1),(1100,'091',5207,'',0,'','Guarayos',1),(1101,'092',5207,'',0,'','Ichilo',1),(1102,'093',5207,'',0,'','Obispo Santistevan',1),(1103,'094',5207,'',0,'','Sara',1),(1104,'095',5207,'',0,'','Vallegrande',1),(1105,'096',5207,'',0,'','Velasco',1),(1106,'097',5207,'',0,'','Warnes',1),(1107,'098',5207,'',0,'','Ángel Sandóval',1),(1108,'099',5207,'',0,'','Ñuflo de Chaves',1),(1109,'100',5208,'',0,'','Cercado (Beni)',1),(1110,'101',5208,'',0,'','Iténez',1),(1111,'102',5208,'',0,'','Mamoré',1),(1112,'103',5208,'',0,'','Marbán',1),(1113,'104',5208,'',0,'','Moxos',1),(1114,'105',5208,'',0,'','Vaca Díez',1),(1115,'106',5208,'',0,'','Yacuma',1),(1116,'107',5208,'',0,'','General José Ballivián Segurola',1),(1117,'108',5209,'',0,'','Abuná',1),(1118,'109',5209,'',0,'','Madre de Dios',1),(1119,'110',5209,'',0,'','Manuripi',1),(1120,'111',5209,'',0,'','Nicolás Suárez',1),(1121,'112',5209,'',0,'','General Federico Román',1),(1122,'B',4101,NULL,NULL,'BURGENLAND','Burgenland',1),(1123,'K',4101,NULL,NULL,'KAERNTEN','Kärnten',1),(1124,'N',4101,NULL,NULL,'NIEDEROESTERREICH','Niederösterreich',1),(1125,'O',4101,NULL,NULL,'OBEROESTERREICH','Oberösterreich',1),(1126,'S',4101,NULL,NULL,'SALZBURG','Salzburg',1),(1127,'ST',4101,NULL,NULL,'STEIERMARK','Steiermark',1),(1128,'T',4101,NULL,NULL,'TIROL','Tirol',1),(1129,'V',4101,NULL,NULL,'VORARLBERG','Vorarlberg',1),(1130,'W',4101,NULL,NULL,'WIEN','Wien',1),(1131,'2326',2305,'',0,'MISIONES','Misiones',1),(1132,'PA-1',17801,'',0,'','Bocas del Toro',1),(1133,'PA-2',17801,'',0,'','Coclé',1),(1134,'PA-3',17801,'',0,'','Colón',1),(1135,'PA-4',17801,'',0,'','Chiriquí',1),(1136,'PA-5',17801,'',0,'','Darién',1),(1137,'PA-6',17801,'',0,'','Herrera',1),(1138,'PA-7',17801,'',0,'','Los Santos',1),(1139,'PA-8',17801,'',0,'','Panamá',1),(1140,'PA-9',17801,'',0,'','Veraguas',1),(1141,'PA-13',17801,'',0,'','Panamá Oeste',1),(1142,'BA',11801,NULL,0,'BA','Bali',1),(1143,'BB',11801,NULL,0,'BB','Bangka Belitung',1),(1144,'BT',11801,NULL,0,'BT','Banten',1),(1145,'BE',11801,NULL,0,'BA','Bengkulu',1),(1146,'YO',11801,NULL,0,'YO','DI Yogyakarta',1),(1147,'JK',11801,NULL,0,'JK','DKI Jakarta',1),(1148,'GO',11801,NULL,0,'GO','Gorontalo',1),(1149,'JA',11801,NULL,0,'JA','Jambi',1),(1150,'JB',11801,NULL,0,'JB','Jawa Barat',1),(1151,'JT',11801,NULL,0,'JT','Jawa Tengah',1),(1152,'JI',11801,NULL,0,'JI','Jawa Timur',1),(1153,'KB',11801,NULL,0,'KB','Kalimantan Barat',1),(1154,'KS',11801,NULL,0,'KS','Kalimantan Selatan',1),(1155,'KT',11801,NULL,0,'KT','Kalimantan Tengah',1),(1156,'KI',11801,NULL,0,'KI','Kalimantan Timur',1),(1157,'KU',11801,NULL,0,'KU','Kalimantan Utara',1),(1158,'KR',11801,NULL,0,'KR','Kepulauan Riau',1),(1159,'LA',11801,NULL,0,'LA','Lampung',1),(1160,'MA',11801,NULL,0,'MA','Maluku',1),(1161,'MU',11801,NULL,0,'MU','Maluku Utara',1),(1162,'AC',11801,NULL,0,'AC','Nanggroe Aceh Darussalam',1),(1163,'NB',11801,NULL,0,'NB','Nusa Tenggara Barat',1),(1164,'NT',11801,NULL,0,'NT','Nusa Tenggara Timur',1),(1165,'PA',11801,NULL,0,'PA','Papua',1),(1166,'PB',11801,NULL,0,'PB','Papua Barat',1),(1167,'RI',11801,NULL,0,'RI','Riau',1),(1168,'SR',11801,NULL,0,'SR','Sulawesi Barat',1),(1169,'SN',11801,NULL,0,'SN','Sulawesi Selatan',1),(1170,'ST',11801,NULL,0,'ST','Sulawesi Tengah',1),(1171,'SG',11801,NULL,0,'SG','Sulawesi Tenggara',1),(1172,'SA',11801,NULL,0,'SA','Sulawesi Utara',1),(1173,'SB',11801,NULL,0,'SB','Sumatera Barat',1),(1174,'SS',11801,NULL,0,'SS','Sumatera Selatan',1),(1175,'SU',11801,NULL,0,'SU','Sumatera Utara	',1);

--
-- Table structure for table `llx_c_ecotaxe`
--

CREATE TABLE `llx_c_ecotaxe` (
  `rowid` int(11) NOT NULL AUTO_INCREMENT,
  `code` varchar(64) NOT NULL,
  `label` varchar(255) DEFAULT NULL,
  `price` double(24,8) DEFAULT NULL,
  `organization` varchar(255) DEFAULT NULL,
  `fk_pays` int(11) NOT NULL,
  `active` tinyint(4) NOT NULL DEFAULT '1',
  PRIMARY KEY (`rowid`),
  UNIQUE KEY `uk_c_ecotaxe` (`code`)
) ENGINE=InnoDB AUTO_INCREMENT=39 DEFAULT CHARSET=utf8;

--
-- Dumping data for table `llx_c_ecotaxe`
--

INSERT INTO `llx_c_ecotaxe` (`rowid`, `code`, `label`, `price`, `organization`, `fk_pays`, `active`) VALUES (1,'ER-A-A','Materiels electriques < 0,2kg',0.01000000,'ERP',1,1),(2,'ER-A-B','Materiels electriques >= 0,2 kg et < 0,5 kg',0.03000000,'ERP',1,1),(3,'ER-A-C','Materiels electriques >= 0,5 kg et < 1 kg',0.04000000,'ERP',1,1),(4,'ER-A-D','Materiels electriques >= 1 kg et < 2 kg',0.13000000,'ERP',1,1),(5,'ER-A-E','Materiels electriques >= 2 kg et < 4kg',0.21000000,'ERP',1,1),(6,'ER-A-F','Materiels electriques >= 4 kg et < 8 kg',0.42000000,'ERP',1,1),(7,'ER-A-G','Materiels electriques >= 8 kg et < 15 kg',0.84000000,'ERP',1,1),(8,'ER-A-H','Materiels electriques >= 15 kg et < 20 kg',1.25000000,'ERP',1,1),(9,'ER-A-I','Materiels electriques >= 20 kg et < 30 kg',1.88000000,'ERP',1,1),(10,'ER-A-J','Materiels electriques >= 30 kg',3.34000000,'ERP',1,1),(11,'ER-M-1','TV, Moniteurs < 9kg',0.84000000,'ERP',1,1),(12,'ER-M-2','TV, Moniteurs >= 9kg et < 15kg',1.67000000,'ERP',1,1),(13,'ER-M-3','TV, Moniteurs >= 15kg et < 30kg',3.34000000,'ERP',1,1),(14,'ER-M-4','TV, Moniteurs >= 30 kg',6.69000000,'ERP',1,1),(15,'EC-A-A','Materiels electriques  0,2 kg max',0.00840000,'Ecologic',1,1),(16,'EC-A-B','Materiels electriques 0,21 kg min - 0,50 kg max',0.02500000,'Ecologic',1,1),(17,'EC-A-C','Materiels electriques  0,51 kg min - 1 kg max',0.04000000,'Ecologic',1,1),(18,'EC-A-D','Materiels electriques  1,01 kg min - 2,5 kg max',0.13000000,'Ecologic',1,1),(19,'EC-A-E','Materiels electriques  2,51 kg min - 4 kg max',0.21000000,'Ecologic',1,1),(20,'EC-A-F','Materiels electriques 4,01 kg min - 8 kg max',0.42000000,'Ecologic',1,1),(21,'EC-A-G','Materiels electriques  8,01 kg min - 12 kg max',0.63000000,'Ecologic',1,1),(22,'EC-A-H','Materiels electriques 12,01 kg min - 20 kg max',1.05000000,'Ecologic',1,1),(23,'EC-A-I','Materiels electriques  20,01 kg min',1.88000000,'Ecologic',1,1),(24,'EC-M-1','TV, Moniteurs 9 kg max',0.84000000,'Ecologic',1,1),(25,'EC-M-2','TV, Moniteurs 9,01 kg min - 18 kg max',1.67000000,'Ecologic',1,1),(26,'EC-M-3','TV, Moniteurs 18,01 kg min - 36 kg max',3.34000000,'Ecologic',1,1),(27,'EC-M-4','TV, Moniteurs 36,01 kg min',6.69000000,'Ecologic',1,1),(28,'ES-M-1','TV, Moniteurs <= 20 pouces',0.84000000,'Eco-systemes',1,1),(29,'ES-M-2','TV, Moniteurs > 20 pouces et <= 32 pouces',3.34000000,'Eco-systemes',1,1),(30,'ES-M-3','TV, Moniteurs > 32 pouces et autres grands ecrans',6.69000000,'Eco-systemes',1,1),(31,'ES-A-A','Ordinateur fixe, Audio home systems (HIFI), elements hifi separes',0.84000000,'Eco-systemes',1,1),(32,'ES-A-B','Ordinateur portable, CD-RCR, VCR, lecteurs et enregistreurs DVD, instruments de musique et caisses de resonance, haut parleurs...',0.25000000,'Eco-systemes',1,1),(33,'ES-A-C','Imprimante, photocopieur, telecopieur',0.42000000,'Eco-systemes',1,1),(34,'ES-A-D','Accessoires, clavier, souris, PDA, imprimante photo, appareil photo, gps, telephone, repondeur, telephone sans fil, modem, telecommande, casque, camescope, baladeur mp3, radio portable, radio K7 et CD portable, radio reveil',0.08400000,'Eco-systemes',1,1),(35,'ES-A-E','GSM',0.00840000,'Eco-systemes',1,1),(36,'ES-A-F','Jouets et equipements de loisirs et de sports < 0,5 kg',0.04200000,'Eco-systemes',1,1),(37,'ES-A-G','Jouets et equipements de loisirs et de sports > 0,5 kg',0.17000000,'Eco-systemes',1,1),(38,'ES-A-H','Jouets et equipements de loisirs et de sports > 10 kg',1.25000000,'Eco-systemes',1,1);

--
-- Table structure for table `llx_c_effectif`
--

CREATE TABLE `llx_c_effectif` (
  `id` int(11) NOT NULL,
  `code` varchar(12) NOT NULL,
  `libelle` varchar(30) DEFAULT NULL,
  `active` tinyint(4) NOT NULL DEFAULT '1',
  `module` varchar(32) DEFAULT NULL,
  PRIMARY KEY (`id`),
  UNIQUE KEY `uk_c_effectif` (`code`)
) ENGINE=InnoDB DEFAULT CHARSET=utf8;

--
-- Dumping data for table `llx_c_effectif`
--

INSERT INTO `llx_c_effectif` (`id`, `code`, `libelle`, `active`, `module`) VALUES (0,'EF0','-',1,NULL),(1,'EF1-5','1 - 5',1,NULL),(2,'EF6-10','6 - 10',1,NULL),(3,'EF11-50','11 - 50',1,NULL),(4,'EF51-100','51 - 100',1,NULL),(5,'EF100-500','100 - 500',1,NULL),(6,'EF500-','> 500',1,NULL);

--
-- Table structure for table `llx_c_email_senderprofile`
--

CREATE TABLE `llx_c_email_senderprofile` (
  `rowid` int(11) NOT NULL AUTO_INCREMENT,
  `entity` int(11) NOT NULL DEFAULT '1',
  `private` smallint(6) NOT NULL DEFAULT '0',
  `date_creation` datetime DEFAULT NULL,
  `tms` timestamp NOT NULL DEFAULT CURRENT_TIMESTAMP ON UPDATE CURRENT_TIMESTAMP,
  `label` varchar(255) COLLATE utf8_bin DEFAULT NULL,
  `email` varchar(255) COLLATE utf8_bin DEFAULT NULL,
  `signature` text COLLATE utf8_bin,
  `position` smallint(6) DEFAULT NULL,
  `active` tinyint(4) NOT NULL DEFAULT '1',
  PRIMARY KEY (`rowid`),
  UNIQUE KEY `uk_c_email_senderprofile` (`entity`,`label`,`email`)
) ENGINE=InnoDB DEFAULT CHARSET=utf8 COLLATE=utf8_bin;

--
-- Dumping data for table `llx_c_email_senderprofile`
--


--
-- Table structure for table `llx_c_email_templates`
--

CREATE TABLE `llx_c_email_templates` (
  `rowid` int(11) NOT NULL AUTO_INCREMENT,
  `entity` int(11) NOT NULL DEFAULT '1',
  `module` varchar(32) DEFAULT NULL,
  `type_template` varchar(32) DEFAULT NULL,
  `lang` varchar(6) DEFAULT NULL,
  `private` smallint(6) NOT NULL DEFAULT '0',
  `fk_user` int(11) DEFAULT NULL,
  `datec` datetime DEFAULT NULL,
  `tms` timestamp NOT NULL DEFAULT CURRENT_TIMESTAMP ON UPDATE CURRENT_TIMESTAMP,
  `label` varchar(255) DEFAULT NULL,
  `position` smallint(6) DEFAULT NULL,
  `active` tinyint(4) NOT NULL DEFAULT '1',
  `topic` text,
  `content` mediumtext,
  `content_lines` text,
  `enabled` varchar(255) DEFAULT '1',
  `joinfiles` varchar(255) DEFAULT '1',
  PRIMARY KEY (`rowid`),
  UNIQUE KEY `uk_c_email_templates` (`entity`,`label`,`lang`),
  KEY `idx_type` (`type_template`)
) ENGINE=InnoDB AUTO_INCREMENT=21 DEFAULT CHARSET=utf8;

--
-- Dumping data for table `llx_c_email_templates`
--

INSERT INTO `llx_c_email_templates` (`rowid`, `entity`, `module`, `type_template`, `lang`, `private`, `fk_user`, `datec`, `tms`, `label`, `position`, `active`, `topic`, `content`, `content_lines`, `enabled`, `joinfiles`) VALUES (1,0,'adherent','member','',0,NULL,NULL,'2020-01-23 00:24:30','(SendingAnEMailToMember)',1,1,'__(CardContent)__','__(Hello)__,<br><br>\n\n__(ThisIsContentOfYourCard)__<br>\n__(ID)__ : __ID__<br>\n__(Civiliyty)__ : __MEMBER_CIVILITY__<br>\n__(Firstname)__ : __MEMBER_FIRSTNAME__<br>\n__(Lastname)__ : __MEMBER_LASTNAME__<br>\n__(Fullname)__ : __MEMBER_FULLNAME__<br>\n__(Company)__ : __MEMBER_COMPANY__<br>\n__(Address)__ : __MEMBER_ADDRESS__<br>\n__(Zip)__ : __MEMBER_ZIP__<br>\n__(Town)__ : __MEMBER_TOWN__<br>\n__(Country)__ : __MEMBER_COUNTRY__<br>\n__(Email)__ : __MEMBER_EMAIL__<br>\n__(Birthday)__ : __MEMBER_BIRTH__<br>\n__(Photo)__ : __MEMBER_PHOTO__<br>\n__(Login)__ : __MEMBER_LOGIN__<br>\n__(Password)__ : __MEMBER_PASSWORD__<br>\n__(Phone)__ : __MEMBER_PHONE__<br>\n__(PhonePerso)__ : __MEMBER_PHONEPRO__<br>\n__(PhoneMobile)__ : __MEMBER_PHONEMOBILE__<br><br>\n__(Sincerely)__<br>__USER_SIGNATURE__',NULL,'1','1'),(2,0,'banque','thirdparty','',0,NULL,NULL,'2020-01-23 00:24:30','(YourSEPAMandate)',1,0,'__(YourSEPAMandate)__','__(Hello)__,<br><br>\n\n__(FindYourSEPAMandate)__ :<br>\n__MYCOMPANY_NAME__<br>\n__MYCOMPANY_FULLADDRESS__<br><br>\n__(Sincerely)__<br>\n__USER_SIGNATURE__',NULL,'1','1'),(3,0,'adherent','member','',0,NULL,NULL,'2020-01-23 00:25:25','(SendingEmailOnAutoSubscription)',10,1,'[__[MAIN_INFO_SOCIETE_NOM]__] __(YourMembershipRequestWasReceived)__','__(Hello)__ __MEMBER_FULLNAME__,<br><br>\n\n__(ThisIsContentOfYourMembershipRequestWasReceived)__<br>\n<br>__ONLINE_PAYMENT_TEXT_AND_URL__<br>\n<br><br>\n__(Sincerely)__<br>__USER_SIGNATURE__',NULL,'1','0'),(4,0,'adherent','member','',0,NULL,NULL,'2020-01-23 00:25:26','(SendingEmailOnMemberValidation)',20,1,'[__[MAIN_INFO_SOCIETE_NOM]__] __(YourMembershipWasValidated)__','__(Hello)__ __MEMBER_FULLNAME__,<br><br>\n\n__(ThisIsContentOfYourMembershipWasValidated)__<br>\n<br>__ONLINE_PAYMENT_TEXT_AND_URL__<br>\n<br><br>\n__(Sincerely)__<br>__USER_SIGNATURE__',NULL,'1','0'),(5,0,'adherent','member','',0,NULL,NULL,'2020-01-23 00:25:26','(SendingEmailOnNewSubscription)',30,1,'[__[MAIN_INFO_SOCIETE_NOM]__] __(YourSubscriptionWasRecorded)__','__(Hello)__ __MEMBER_FULLNAME__,<br><br>\n\n__(ThisIsContentOfYourSubscriptionWasRecorded)__<br>\n\n<br><br>\n__(Sincerely)__<br>__USER_SIGNATURE__',NULL,'1','1'),(6,0,'adherent','member','',0,NULL,NULL,'2020-01-23 00:25:26','(SendingReminderForExpiredSubscription)',40,1,'[__[MAIN_INFO_SOCIETE_NOM]__] __(SubscriptionReminderEmail)__','__(Hello)__ __MEMBER_FULLNAME__,<br><br>\n\n__(ThisIsContentOfSubscriptionReminderEmail)__<br>\n<br>__ONLINE_PAYMENT_TEXT_AND_URL__<br>\n<br><br>\n__(Sincerely)__<br>__USER_SIGNATURE__',NULL,'1','0'),(7,0,'adherent','member','',0,NULL,NULL,'2020-01-23 00:25:26','(SendingEmailOnCancelation)',50,1,'[__[MAIN_INFO_SOCIETE_NOM]__] __(YourMembershipWasCanceled)__','__(Hello)__ __MEMBER_FULLNAME__,<br><br>\n\n__(YourMembershipWasCanceled)__<br>\n<br><br>\n__(Sincerely)__<br>__USER_SIGNATURE__',NULL,'1','0'),(9,0,'recruitment','recruitmentcandidature_send','',0,NULL,NULL,'2021-12-12 22:57:23','(AnswerCandidature)',100,1,'[__[MAIN_INFO_SOCIETE_NOM]__] __(YourCandidature)__','__(Hello)__ __CANDIDATE_FULLNAME__,<br><br>\n\n__(YourCandidatureAnswer)__<br>\n<br><br>\n__(Sincerely)__<br>__USER_SIGNATURE__',NULL,'$conf->recruitment->enabled','0'),(10,0,'','conferenceorbooth','',0,NULL,NULL,'2021-12-12 22:57:47','(EventOrganizationEmailAskConf)',10,1,'[__[MAIN_INFO_SOCIETE_NOM]__] __(EventOrganizationEmailAskConf)__','__(Hello)__,<br /><br />__(OrganizationEventConfRequestWasReceived)__<br /><br /><br />__(Sincerely)__<br />__USER_SIGNATURE__',NULL,'1',NULL),(11,0,'','conferenceorbooth','',0,NULL,NULL,'2021-12-12 22:57:47','(EventOrganizationEmailAskBooth)',20,1,'[__[MAIN_INFO_SOCIETE_NOM]__] __(EventOrganizationEmailAskBooth)__','__(Hello)__,<br /><br />__(OrganizationEventBoothRequestWasReceived)__<br /><br /><br />__(Sincerely)__<br />__USER_SIGNATURE__',NULL,'1',NULL),(12,0,'','conferenceorbooth','',0,NULL,NULL,'2021-12-12 22:57:47','(EventOrganizationEmailSubsBooth)',30,1,'[__[MAIN_INFO_SOCIETE_NOM]__] __(EventOrganizationEmailBoothPayment)__','__(Hello)__,<br /><br />__(OrganizationEventPaymentOfBoothWasReceived)__<br /><br /><br />__(Sincerely)__<br />__USER_SIGNATURE__',NULL,'1',NULL),(13,0,'','conferenceorbooth','',0,NULL,NULL,'2021-12-12 22:57:48','(EventOrganizationEmailSubsEvent)',40,1,'[__[MAIN_INFO_SOCIETE_NOM]__] __(EventOrganizationEmailRegistrationPayment)__','__(Hello)__,<br /><br />__(OrganizationEventPaymentOfRegistrationWasReceived)__<br /><br />__(Sincerely)__<br />__USER_SIGNATURE__',NULL,'1',NULL),(14,0,'','conferenceorbooth','',0,NULL,NULL,'2021-12-12 22:57:48','(EventOrganizationMassEmailAttendees)',50,1,'[__[MAIN_INFO_SOCIETE_NOM]__] __(EventOrganizationMassEmailAttendees)__','__(Hello)__,<br /><br />__(OrganizationEventBulkMailToAttendees)__<br /><br />__(Sincerely)__<br />__USER_SIGNATURE__',NULL,'1',NULL),(15,0,'','conferenceorbooth','',0,NULL,NULL,'2021-12-12 22:57:48','(EventOrganizationMassEmailSpeakers)',60,1,'[__[MAIN_INFO_SOCIETE_NOM]__] __(EventOrganizationMassEmailSpeakers)__','__(Hello)__,<br /><br />__(OrganizationEventBulkMailToSpeakers)__<br /><br />__(Sincerely)__<br />__USER_SIGNATURE__',NULL,'1',NULL),(16,0,'partnership','partnership_send','',0,NULL,NULL,'2021-12-12 22:57:58','(SendingEmailOnPartnershipWillSoonBeCanceled)',100,1,'[__[MAIN_INFO_SOCIETE_NOM]__] - __(YourPartnershipWillSoonBeCanceledTopic)__','<body>\n <p>Hello,<br><br>\n__(YourPartnershipWillSoonBeCanceledContent)__</p>\n<br />\n\n<br />\n\n            __(Sincerely)__ <br />\n            __[MAIN_INFO_SOCIETE_NOM]__ <br />\n </body>\n',NULL,'1','0'),(17,0,'partnership','partnership_send','',0,NULL,NULL,'2021-12-12 22:57:58','(SendingEmailOnPartnershipCanceled)',100,1,'[__[MAIN_INFO_SOCIETE_NOM]__] - __(YourPartnershipCanceledTopic)__','<body>\n <p>Hello,<br><br>\n__(YourPartnershipCanceledContent)__</p>\n<br />\n\n<br />\n\n            __(Sincerely)__ <br />\n            __[MAIN_INFO_SOCIETE_NOM]__ <br />\n </body>\n',NULL,'1','0'),(18,0,'partnership','partnership_send','',0,NULL,NULL,'2021-12-12 22:57:58','(SendingEmailOnPartnershipRefused)',100,1,'[__[MAIN_INFO_SOCIETE_NOM]__] - __(YourPartnershipRefusedTopic)__','<body>\n <p>Hello,<br><br>\n__(YourPartnershipRefusedContent)__</p>\n<br />\n\n<br />\n\n            __(Sincerely)__ <br />\n            __[MAIN_INFO_SOCIETE_NOM]__ <br />\n </body>\n',NULL,'1','0'),(19,0,'partnership','partnership_send','',0,NULL,NULL,'2021-12-12 22:57:58','(SendingEmailOnPartnershipAccepted)',100,1,'[__[MAIN_INFO_SOCIETE_NOM]__] - __(YourPartnershipAcceptedTopic)__','<body>\n <p>Hello,<br><br>\n__(YourPartnershipAcceptedContent)__</p>\n<br />\n\n<br />\n\n            __(Sincerely)__ <br />\n            __[MAIN_INFO_SOCIETE_NOM]__ <br />\n </body>\n',NULL,'1','0'),(20,1,NULL,'facture_send',NULL,1,1,NULL,'2022-02-22 07:34:19','fac_auto',1,1,'Facturation CLB Conseils','Bonjour,<br />\r\n<br />\r\nVeuillez trouver ci-joint votre facture d&rsquo;assistance CLB Conseils en date du __DATE_YMD__<br />\r\n<br />\r\n<br />\r\n<br />\r\n<br />\r\n__USER_SIGNATURE__',NULL,'1','1');

--
-- Table structure for table `llx_c_exp_tax_cat`
--

CREATE TABLE `llx_c_exp_tax_cat` (
  `rowid` int(11) NOT NULL AUTO_INCREMENT,
  `label` varchar(48) COLLATE utf8_bin NOT NULL,
  `entity` int(11) NOT NULL DEFAULT '1',
  `active` int(11) NOT NULL DEFAULT '1',
  PRIMARY KEY (`rowid`)
) ENGINE=InnoDB AUTO_INCREMENT=29 DEFAULT CHARSET=utf8 COLLATE=utf8_bin;

--
-- Dumping data for table `llx_c_exp_tax_cat`
--

INSERT INTO `llx_c_exp_tax_cat` (`rowid`, `label`, `entity`, `active`) VALUES (1,'ExpAutoCat',1,1),(2,'ExpCycloCat',1,1),(3,'ExpMotoCat',1,1),(4,'ExpAuto3CV',1,1),(5,'ExpAuto4CV',1,1),(6,'ExpAuto5CV',1,1),(7,'ExpAuto6CV',1,1),(8,'ExpAuto7CV',1,1),(9,'ExpAuto8CV',1,1),(10,'ExpAuto9CV',1,1),(11,'ExpAuto10CV',1,1),(12,'ExpAuto11CV',1,1),(13,'ExpAuto12CV',1,1),(14,'ExpAuto3PCV',1,1),(15,'ExpAuto4PCV',1,1),(16,'ExpAuto5PCV',1,1),(17,'ExpAuto6PCV',1,1),(18,'ExpAuto7PCV',1,1),(19,'ExpAuto8PCV',1,1),(20,'ExpAuto9PCV',1,1),(21,'ExpAuto10PCV',1,1),(22,'ExpAuto11PCV',1,1),(23,'ExpAuto12PCV',1,1),(24,'ExpAuto13PCV',1,1),(25,'ExpCyclo',1,1),(26,'ExpMoto12CV',1,1),(27,'ExpMoto345CV',1,1),(28,'ExpMoto5PCV',1,1);

--
-- Table structure for table `llx_c_exp_tax_range`
--

CREATE TABLE `llx_c_exp_tax_range` (
  `rowid` int(11) NOT NULL AUTO_INCREMENT,
  `fk_c_exp_tax_cat` int(11) NOT NULL DEFAULT '1',
  `range_ik` double NOT NULL DEFAULT '0',
  `entity` int(11) NOT NULL DEFAULT '1',
  `active` int(11) NOT NULL DEFAULT '1',
  PRIMARY KEY (`rowid`)
) ENGINE=InnoDB AUTO_INCREMENT=16 DEFAULT CHARSET=utf8 COLLATE=utf8_bin;

--
-- Dumping data for table `llx_c_exp_tax_range`
--

INSERT INTO `llx_c_exp_tax_range` (`rowid`, `fk_c_exp_tax_cat`, `range_ik`, `entity`, `active`) VALUES (1,4,0,1,1),(2,4,5000,1,1),(3,4,20000,1,1),(4,5,0,1,1),(5,5,5000,1,1),(6,5,20000,1,1),(7,6,0,1,1),(8,6,5000,1,1),(9,6,20000,1,1),(10,7,0,1,1),(11,7,5000,1,1),(12,7,20000,1,1),(13,8,0,1,1),(14,8,5000,1,1),(15,8,20000,1,1);

--
-- Table structure for table `llx_c_field_list`
--

CREATE TABLE `llx_c_field_list` (
  `rowid` int(11) NOT NULL AUTO_INCREMENT,
  `tms` timestamp NOT NULL DEFAULT CURRENT_TIMESTAMP ON UPDATE CURRENT_TIMESTAMP,
  `element` varchar(64) NOT NULL,
  `entity` int(11) NOT NULL DEFAULT '1',
  `name` varchar(32) NOT NULL,
  `alias` varchar(32) NOT NULL,
  `title` varchar(32) NOT NULL,
  `align` varchar(6) DEFAULT 'left',
  `sort` tinyint(4) NOT NULL DEFAULT '1',
  `search` tinyint(4) NOT NULL DEFAULT '0',
  `visible` tinyint(4) NOT NULL DEFAULT '1',
  `enabled` varchar(255) DEFAULT '1',
  `rang` int(11) DEFAULT '0',
  PRIMARY KEY (`rowid`)
) ENGINE=InnoDB DEFAULT CHARSET=utf8;

--
-- Dumping data for table `llx_c_field_list`
--


--
-- Table structure for table `llx_c_format_cards`
--

CREATE TABLE `llx_c_format_cards` (
  `rowid` int(11) NOT NULL AUTO_INCREMENT,
  `code` varchar(50) NOT NULL,
  `name` varchar(50) NOT NULL,
  `paper_size` varchar(20) NOT NULL,
  `orientation` varchar(1) NOT NULL,
  `metric` varchar(5) NOT NULL,
  `leftmargin` double(24,8) NOT NULL,
  `topmargin` double(24,8) NOT NULL,
  `nx` int(11) NOT NULL,
  `ny` int(11) NOT NULL,
  `spacex` double(24,8) NOT NULL,
  `spacey` double(24,8) NOT NULL,
  `width` double(24,8) NOT NULL,
  `height` double(24,8) NOT NULL,
  `font_size` int(11) NOT NULL,
  `custom_x` double(24,8) NOT NULL,
  `custom_y` double(24,8) NOT NULL,
  `active` int(11) NOT NULL,
  PRIMARY KEY (`rowid`)
) ENGINE=InnoDB AUTO_INCREMENT=12 DEFAULT CHARSET=utf8;

--
-- Dumping data for table `llx_c_format_cards`
--

INSERT INTO `llx_c_format_cards` (`rowid`, `code`, `name`, `paper_size`, `orientation`, `metric`, `leftmargin`, `topmargin`, `nx`, `ny`, `spacex`, `spacey`, `width`, `height`, `font_size`, `custom_x`, `custom_y`, `active`) VALUES (1,'5160','Avery-5160, WL-875WX','letter','P','mm',5.58165000,12.70000000,3,10,3.55600000,0.00000000,65.87490000,25.40000000,7,0.00000000,0.00000000,1),(2,'5161','Avery-5161, WL-75WX','letter','P','mm',4.44500000,12.70000000,2,10,3.96800000,0.00000000,101.60000000,25.40000000,7,0.00000000,0.00000000,1),(3,'5162','Avery-5162, WL-100WX','letter','P','mm',3.87350000,22.35200000,2,7,4.95400000,0.00000000,101.60000000,33.78100000,8,0.00000000,0.00000000,1),(4,'5163','Avery-5163, WL-125WX','letter','P','mm',4.57200000,12.70000000,2,5,3.55600000,0.00000000,101.60000000,50.80000000,10,0.00000000,0.00000000,1),(5,'5164','5164 (Letter)','letter','P','in',0.14800000,0.50000000,2,3,0.20310000,0.00000000,4.00000000,3.33000000,12,0.00000000,0.00000000,0),(6,'8600','Avery-8600','letter','P','mm',7.10000000,19.00000000,3,10,9.50000000,3.10000000,66.60000000,25.40000000,7,0.00000000,0.00000000,1),(7,'99012','DYMO 99012 89*36mm','custom','L','mm',1.00000000,1.00000000,1,1,0.00000000,0.00000000,36.00000000,89.00000000,10,36.00000000,89.00000000,1),(8,'99014','DYMO 99014 101*54mm','custom','L','mm',1.00000000,1.00000000,1,1,0.00000000,0.00000000,54.00000000,101.00000000,10,54.00000000,101.00000000,1),(9,'AVERYC32010','Avery-C32010','A4','P','mm',15.00000000,13.00000000,2,5,10.00000000,0.00000000,85.00000000,54.00000000,10,0.00000000,0.00000000,1),(10,'CARD','Dolibarr Business cards','A4','P','mm',15.00000000,15.00000000,2,5,0.00000000,0.00000000,85.00000000,54.00000000,10,0.00000000,0.00000000,1),(11,'L7163','Avery-L7163','A4','P','mm',5.00000000,15.00000000,2,7,2.50000000,0.00000000,99.10000000,38.10000000,8,0.00000000,0.00000000,1);

--
-- Table structure for table `llx_c_forme_juridique`
--

CREATE TABLE `llx_c_forme_juridique` (
  `rowid` int(11) NOT NULL AUTO_INCREMENT,
  `code` int(11) NOT NULL,
  `fk_pays` int(11) NOT NULL,
  `libelle` varchar(255) DEFAULT NULL,
  `isvatexempted` tinyint(4) NOT NULL DEFAULT '0',
  `active` tinyint(4) NOT NULL DEFAULT '1',
  `module` varchar(32) DEFAULT NULL,
  `position` int(11) NOT NULL DEFAULT '0',
  PRIMARY KEY (`rowid`),
  UNIQUE KEY `uk_c_forme_juridique` (`code`)
) ENGINE=InnoDB AUTO_INCREMENT=222 DEFAULT CHARSET=utf8;

--
-- Dumping data for table `llx_c_forme_juridique`
--

INSERT INTO `llx_c_forme_juridique` (`rowid`, `code`, `fk_pays`, `libelle`, `isvatexempted`, `active`, `module`, `position`) VALUES (1,0,0,'-',0,1,NULL,0),(2,2301,23,'Monotributista',0,1,NULL,0),(3,2302,23,'Sociedad Civil',0,1,NULL,0),(4,2303,23,'Sociedades Comerciales',0,1,NULL,0),(5,2304,23,'Sociedades de Hecho',0,1,NULL,0),(6,2305,23,'Sociedades Irregulares',0,1,NULL,0),(7,2306,23,'Sociedad Colectiva',0,1,NULL,0),(8,2307,23,'Sociedad en Comandita Simple',0,1,NULL,0),(9,2308,23,'Sociedad de Capital e Industria',0,1,NULL,0),(10,2309,23,'Sociedad Accidental o en participación',0,1,NULL,0),(11,2310,23,'Sociedad de Responsabilidad Limitada',0,1,NULL,0),(12,2311,23,'Sociedad Anónima',0,1,NULL,0),(13,2312,23,'Sociedad Anónima con Participación Estatal Mayoritaria',0,1,NULL,0),(14,2313,23,'Sociedad en Comandita por Acciones (arts. 315 a 324, LSC)',0,1,NULL,0),(15,11,1,'Artisan Commerçant (EI)',0,1,NULL,0),(16,12,1,'Commerçant (EI)',0,1,NULL,0),(17,13,1,'Artisan (EI)',0,1,NULL,0),(18,14,1,'Officier public ou ministériel',0,1,NULL,0),(19,15,1,'Profession libérale (EI)',0,1,NULL,0),(20,16,1,'Exploitant agricole',0,1,NULL,0),(21,17,1,'Agent commercial',0,1,NULL,0),(22,18,1,'Associé Gérant de société',0,1,NULL,0),(23,19,1,'Personne physique',0,1,NULL,0),(24,21,1,'Indivision',0,1,NULL,0),(25,22,1,'Société créée de fait',0,1,NULL,0),(26,23,1,'Société en participation',0,1,NULL,0),(27,27,1,'Paroisse hors zone concordataire',0,1,NULL,0),(28,29,1,'Groupement de droit privé non doté de la personnalité morale',0,1,NULL,0),(29,31,1,'Personne morale de droit étranger, immatriculée au RCS',0,1,NULL,0),(30,32,1,'Personne morale de droit étranger, non immatriculée au RCS',0,1,NULL,0),(31,35,1,'Régime auto-entrepreneur',0,1,NULL,0),(32,41,1,'Établissement public ou régie à caractère industriel ou commercial',0,1,NULL,0),(33,51,1,'Société coopérative commerciale particulière',0,1,NULL,0),(34,52,1,'Société en nom collectif',0,1,NULL,0),(35,53,1,'Société en commandite',0,1,NULL,0),(36,54,1,'Société à responsabilité limitée (SARL)',0,1,NULL,0),(37,55,1,'Société anonyme à conseil d administration',0,1,NULL,0),(38,56,1,'Société anonyme à directoire',0,1,NULL,0),(39,57,1,'Société par actions simplifiée (SAS)',0,1,NULL,0),(40,58,1,'Entreprise Unipersonnelle à Responsabilité Limitée (EURL)',0,1,NULL,0),(41,59,1,'Société par actions simplifiée unipersonnelle (SASU)',0,1,NULL,0),(42,61,1,'Caisse d\'épargne et de prévoyance',0,1,NULL,0),(43,62,1,'Groupement d\'intérêt économique (GIE)',0,1,NULL,0),(44,63,1,'Société coopérative agricole',0,1,NULL,0),(45,64,1,'Société non commerciale d assurances',0,1,NULL,0),(46,65,1,'Société civile',0,1,NULL,0),(47,69,1,'Personnes de droit privé inscrites au RCS',0,1,NULL,0),(48,71,1,'Administration de l état',0,1,NULL,0),(49,72,1,'Collectivité territoriale',0,1,NULL,0),(50,73,1,'Établissement public administratif',0,1,NULL,0),(51,74,1,'Personne morale de droit public administratif',0,1,NULL,0),(52,81,1,'Organisme gérant régime de protection social à adhésion obligatoire',0,1,NULL,0),(53,82,1,'Organisme mutualiste',0,1,NULL,0),(54,83,1,'Comité d entreprise',0,1,NULL,0),(55,84,1,'Organisme professionnel',0,1,NULL,0),(56,85,1,'Organisme de retraite à adhésion non obligatoire',0,1,NULL,0),(57,91,1,'Syndicat de propriétaires',0,1,NULL,0),(58,92,1,'Association loi 1901 ou assimilé',0,1,NULL,0),(59,93,1,'Fondation',0,1,NULL,0),(60,99,1,'Personne morale de droit privé',0,1,NULL,0),(61,200,2,'Indépendant',0,1,NULL,0),(62,201,2,'SRL - Société à responsabilité limitée',0,1,NULL,0),(63,202,2,'SA   - Société Anonyme',0,1,NULL,0),(64,203,2,'SCRL - Société coopérative à responsabilité limitée',0,1,NULL,0),(65,204,2,'ASBL - Association sans but Lucratif',0,1,NULL,0),(66,205,2,'SCRI - Société coopérative à responsabilité illimitée',0,1,NULL,0),(67,206,2,'SCS  - Société en commandite simple',0,1,NULL,0),(68,207,2,'SCA  - Société en commandite par action',0,1,NULL,0),(69,208,2,'SNC  - Société en nom collectif',0,1,NULL,0),(70,209,2,'GIE  - Groupement d intérêt économique',0,1,NULL,0),(71,210,2,'GEIE - Groupement européen d intérêt économique',0,1,NULL,0),(72,220,2,'Eenmanszaak',0,1,NULL,0),(73,221,2,'BVBA - Besloten vennootschap met beperkte aansprakelijkheid',0,1,NULL,0),(74,222,2,'NV   - Naamloze Vennootschap',0,1,NULL,0),(75,223,2,'CVBA - Coöperatieve vennootschap met beperkte aansprakelijkheid',0,1,NULL,0),(76,224,2,'VZW  - Vereniging zonder winstoogmerk',0,1,NULL,0),(77,225,2,'CVOA - Coöperatieve vennootschap met onbeperkte aansprakelijkheid ',0,1,NULL,0),(78,226,2,'GCV  - Gewone commanditaire vennootschap',0,1,NULL,0),(79,227,2,'Comm.VA - Commanditaire vennootschap op aandelen',0,1,NULL,0),(80,228,2,'VOF  - Vennootschap onder firma',0,1,NULL,0),(81,229,2,'VS0  - Vennootschap met sociaal oogmerk',0,1,NULL,0),(82,500,5,'GmbH - Gesellschaft mit beschränkter Haftung',0,1,NULL,0),(83,501,5,'AG - Aktiengesellschaft ',0,1,NULL,0),(84,502,5,'GmbH&Co. KG - Gesellschaft mit beschränkter Haftung & Compagnie Kommanditgesellschaft',0,1,NULL,0),(85,503,5,'Gewerbe - Personengesellschaft',0,1,NULL,0),(86,504,5,'UG - Unternehmergesellschaft -haftungsbeschränkt-',0,1,NULL,0),(87,505,5,'GbR - Gesellschaft des bürgerlichen Rechts',0,1,NULL,0),(88,506,5,'KG - Kommanditgesellschaft',0,1,NULL,0),(89,507,5,'Ltd. - Limited Company',0,1,NULL,0),(90,508,5,'OHG - Offene Handelsgesellschaft',0,1,NULL,0),(91,10201,102,'Ατομική επιχείρηση',0,1,NULL,0),(92,10202,102,'Εταιρική  επιχείρηση',0,1,NULL,0),(93,10203,102,'Ομόρρυθμη Εταιρεία Ο.Ε',0,1,NULL,0),(94,10204,102,'Ετερόρρυθμη Εταιρεία Ε.Ε',0,1,NULL,0),(95,10205,102,'Εταιρεία Περιορισμένης Ευθύνης Ε.Π.Ε',0,1,NULL,0),(96,10206,102,'Ανώνυμη Εταιρεία Α.Ε',0,1,NULL,0),(97,10207,102,'Ανώνυμη ναυτιλιακή εταιρεία Α.Ν.Ε',0,1,NULL,0),(98,10208,102,'Συνεταιρισμός',0,1,NULL,0),(99,10209,102,'Συμπλοιοκτησία',0,1,NULL,0),(100,301,3,'Società semplice',0,1,NULL,0),(101,302,3,'Società in nome collettivo s.n.c.',0,1,NULL,0),(102,303,3,'Società in accomandita semplice s.a.s.',0,1,NULL,0),(103,304,3,'Società per azioni s.p.a.',0,1,NULL,0),(104,305,3,'Società a responsabilità limitata s.r.l.',0,1,NULL,0),(105,306,3,'Società in accomandita per azioni s.a.p.a.',0,1,NULL,0),(106,307,3,'Società cooperativa a r.l.',0,1,NULL,0),(107,308,3,'Società consortile',0,1,NULL,0),(108,309,3,'Società europea',0,1,NULL,0),(109,310,3,'Società cooperativa europea',0,1,NULL,0),(110,311,3,'Società unipersonale',0,1,NULL,0),(111,312,3,'Società di professionisti',0,1,NULL,0),(112,313,3,'Società di fatto',0,1,NULL,0),(113,315,3,'Società apparente',0,1,NULL,0),(114,316,3,'Impresa individuale ',0,1,NULL,0),(115,317,3,'Impresa coniugale',0,1,NULL,0),(116,318,3,'Impresa familiare',0,1,NULL,0),(117,319,3,'Consorzio cooperativo',0,1,NULL,0),(118,320,3,'Società cooperativa sociale',0,1,NULL,0),(119,321,3,'Società cooperativa di consumo',0,1,NULL,0),(120,322,3,'Società cooperativa agricola',0,1,NULL,0),(121,323,3,'A.T.I. Associazione temporanea di imprese',0,1,NULL,0),(122,324,3,'R.T.I. Raggruppamento temporaneo di imprese',0,1,NULL,0),(123,325,3,'Studio associato',0,1,NULL,0),(124,600,6,'Raison Individuelle',0,1,NULL,0),(125,601,6,'Société Simple',0,1,NULL,0),(126,602,6,'Société en nom collectif',0,1,NULL,0),(127,603,6,'Société en commandite',0,1,NULL,0),(128,604,6,'Société anonyme (SA)',0,1,NULL,0),(129,605,6,'Société en commandite par actions',0,1,NULL,0),(130,606,6,'Société à responsabilité limitée (SARL)',0,1,NULL,0),(131,607,6,'Société coopérative',0,1,NULL,0),(132,608,6,'Association',0,1,NULL,0),(133,609,6,'Fondation',0,1,NULL,0),(134,700,7,'Sole Trader',0,1,NULL,0),(135,701,7,'Partnership',0,1,NULL,0),(136,702,7,'Private Limited Company by shares (LTD)',0,1,NULL,0),(137,703,7,'Public Limited Company',0,1,NULL,0),(138,704,7,'Workers Cooperative',0,1,NULL,0),(139,705,7,'Limited Liability Partnership',0,1,NULL,0),(140,706,7,'Franchise',0,1,NULL,0),(141,1000,10,'Société à responsabilité limitée (SARL)',0,1,NULL,0),(142,1001,10,'Société en Nom Collectif (SNC)',0,1,NULL,0),(143,1002,10,'Société en Commandite Simple (SCS)',0,1,NULL,0),(144,1003,10,'société en participation',0,1,NULL,0),(145,1004,10,'Société Anonyme (SA)',0,1,NULL,0),(146,1005,10,'Société Unipersonnelle à Responsabilité Limitée (SUARL)',0,1,NULL,0),(147,1006,10,'Groupement d\'intérêt économique (GEI)',0,1,NULL,0),(148,1007,10,'Groupe de sociétés',0,1,NULL,0),(149,1701,17,'Eenmanszaak',0,1,NULL,0),(150,1702,17,'Maatschap',0,1,NULL,0),(151,1703,17,'Vennootschap onder firma',0,1,NULL,0),(152,1704,17,'Commanditaire vennootschap',0,1,NULL,0),(153,1705,17,'Besloten vennootschap (BV)',0,1,NULL,0),(154,1706,17,'Naamloze Vennootschap (NV)',0,1,NULL,0),(155,1707,17,'Vereniging',0,1,NULL,0),(156,1708,17,'Stichting',0,1,NULL,0),(157,1709,17,'Coöperatie met beperkte aansprakelijkheid (BA)',0,1,NULL,0),(158,1710,17,'Coöperatie met uitgesloten aansprakelijkheid (UA)',0,1,NULL,0),(159,1711,17,'Coöperatie met wettelijke aansprakelijkheid (WA)',0,1,NULL,0),(160,1712,17,'Onderlinge waarborgmaatschappij',0,1,NULL,0),(161,401,4,'Empresario Individual',0,1,NULL,0),(162,402,4,'Comunidad de Bienes',0,1,NULL,0),(163,403,4,'Sociedad Civil',0,1,NULL,0),(164,404,4,'Sociedad Colectiva',0,1,NULL,0),(165,405,4,'Sociedad Limitada',0,1,NULL,0),(166,406,4,'Sociedad Anónima',0,1,NULL,0),(167,407,4,'Sociedad Comanditaria por Acciones',0,1,NULL,0),(168,408,4,'Sociedad Comanditaria Simple',0,1,NULL,0),(169,409,4,'Sociedad Laboral',0,1,NULL,0),(170,410,4,'Sociedad Cooperativa',0,1,NULL,0),(171,411,4,'Sociedad de Garantía Recíproca',0,1,NULL,0),(172,412,4,'Entidad de Capital-Riesgo',0,1,NULL,0),(173,413,4,'Agrupación de Interés Económico',0,1,NULL,0),(174,414,4,'Sociedad de Inversión Mobiliaria',0,1,NULL,0),(175,415,4,'Agrupación sin Ánimo de Lucro',0,1,NULL,0),(176,15201,152,'Mauritius Private Company Limited By Shares',0,1,NULL,0),(177,15202,152,'Mauritius Company Limited By Guarantee',0,1,NULL,0),(178,15203,152,'Mauritius Public Company Limited By Shares',0,1,NULL,0),(179,15204,152,'Mauritius Foreign Company',0,1,NULL,0),(180,15205,152,'Mauritius GBC1 (Offshore Company)',0,1,NULL,0),(181,15206,152,'Mauritius GBC2 (International Company)',0,1,NULL,0),(182,15207,152,'Mauritius General Partnership',0,1,NULL,0),(183,15208,152,'Mauritius Limited Partnership',0,1,NULL,0),(184,15209,152,'Mauritius Sole Proprietorship',0,1,NULL,0),(185,15210,152,'Mauritius Trusts',0,1,NULL,0),(186,15401,154,'Sociedad en nombre colectivo',0,1,NULL,0),(187,15402,154,'Sociedad en comandita simple',0,1,NULL,0),(188,15403,154,'Sociedad de responsabilidad limitada',0,1,NULL,0),(189,15404,154,'Sociedad anónima',0,1,NULL,0),(190,15405,154,'Sociedad en comandita por acciones',0,1,NULL,0),(191,15406,154,'Sociedad cooperativa',0,1,NULL,0),(192,60,1,'Entreprise Individuelle à Responsabilité Limitée (EIRL)',0,1,NULL,0),(193,4100,41,'GmbH - Gesellschaft mit beschränkter Haftung',0,1,NULL,0),(194,4101,41,'GesmbH - Gesellschaft mit beschränkter Haftung',0,1,NULL,0),(195,4102,41,'AG - Aktiengesellschaft',0,1,NULL,0),(196,4103,41,'EWIV - Europäische wirtschaftliche Interessenvereinigung',0,1,NULL,0),(197,4104,41,'KEG - Kommanditerwerbsgesellschaft',0,1,NULL,0),(198,4105,41,'OEG - Offene Erwerbsgesellschaft',0,1,NULL,0),(199,4106,41,'OHG - Offene Handelsgesellschaft',0,1,NULL,0),(200,4107,41,'AG & Co KG - Kommanditgesellschaft',0,1,NULL,0),(201,4108,41,'GmbH & Co KG - Kommanditgesellschaft',0,1,NULL,0),(202,4109,41,'KG - Kommanditgesellschaft',0,1,NULL,0),(203,4110,41,'OG - Offene Gesellschaft',0,1,NULL,0),(204,4111,41,'GbR - Gesellschaft nach bürgerlichem Recht',0,1,NULL,0),(205,4112,41,'GesbR - Gesellschaft nach bürgerlichem Recht',0,1,NULL,0),(206,4113,41,'GesnbR - Gesellschaft nach bürgerlichem Recht',0,1,NULL,0),(207,4114,41,'e.U. - eingetragener Einzelunternehmer',0,1,NULL,0),(208,17801,178,'Empresa individual',0,1,NULL,0),(209,17802,178,'Asociación General',0,1,NULL,0),(210,17803,178,'Sociedad de Responsabilidad Limitada',0,1,NULL,0),(211,17804,178,'Sociedad Civil',0,1,NULL,0),(212,17805,178,'Sociedad Anónima',0,1,NULL,0),(213,8001,80,'Aktieselvskab A/S',0,1,NULL,0),(214,8002,80,'Anparts Selvskab ApS',0,1,NULL,0),(215,8003,80,'Personlig ejet selvskab',0,1,NULL,0),(216,8004,80,'Iværksætterselvskab IVS',0,1,NULL,0),(217,8005,80,'Interessentskab I/S',0,1,NULL,0),(218,8006,80,'Holdingselskab',0,1,NULL,0),(219,8007,80,'Selskab Med Begrænset Hæftelse SMBA',0,1,NULL,0),(220,8008,80,'Kommanditselskab K/S',0,1,NULL,0),(221,8009,80,'SPE-selskab',0,1,NULL,0);

--
-- Table structure for table `llx_c_holiday_types`
--

CREATE TABLE `llx_c_holiday_types` (
  `rowid` int(11) NOT NULL AUTO_INCREMENT,
  `code` varchar(16) NOT NULL,
  `label` varchar(255) NOT NULL,
  `affect` int(11) NOT NULL,
  `delay` int(11) NOT NULL,
  `newByMonth` double(8,5) NOT NULL DEFAULT '0.00000',
  `fk_country` int(11) DEFAULT NULL,
  `active` int(11) DEFAULT '1',
  PRIMARY KEY (`rowid`),
  UNIQUE KEY `uk_c_holiday_types` (`code`)
) ENGINE=InnoDB AUTO_INCREMENT=5 DEFAULT CHARSET=utf8;

--
-- Dumping data for table `llx_c_holiday_types`
--

INSERT INTO `llx_c_holiday_types` (`rowid`, `code`, `label`, `affect`, `delay`, `newByMonth`, `fk_country`, `active`) VALUES (1,'LEAVE_PAID','Paid vacation',1,7,0.00000,NULL,1),(2,'LEAVE_SICK','Sick leave',0,0,0.00000,NULL,1),(3,'LEAVE_OTHER','Other leave',0,0,0.00000,NULL,1),(4,'LEAVE_RTT','RTT',1,7,0.83000,1,1);

--
-- Table structure for table `llx_c_hrm_department`
--

CREATE TABLE `llx_c_hrm_department` (
  `rowid` int(11) NOT NULL,
  `pos` smallint(6) NOT NULL DEFAULT '0',
  `code` varchar(16) NOT NULL,
  `label` varchar(50) DEFAULT NULL,
  `active` smallint(6) NOT NULL DEFAULT '1',
  PRIMARY KEY (`rowid`)
) ENGINE=InnoDB DEFAULT CHARSET=utf8;

--
-- Dumping data for table `llx_c_hrm_department`
--

INSERT INTO `llx_c_hrm_department` (`rowid`, `pos`, `code`, `label`, `active`) VALUES (1,5,'MANAGEMENT','Management',1),(2,10,'GESTION','Gestion',1),(3,15,'TRAINING','Training',1),(4,20,'IT','Inform. Technology (IT)',1),(5,25,'MARKETING','Marketing',1),(6,30,'SALES','Sales',1),(7,35,'LEGAL','Legal',1),(8,40,'FINANCIAL','Financial accounting',1),(9,45,'HUMANRES','Human resources',1),(10,50,'PURCHASING','Purchasing',1),(11,55,'SERVICES','Services',1),(12,60,'CUSTOMSERV','Customer service',1),(13,65,'CONSULTING','Consulting',1),(14,70,'LOGISTIC','Logistics',1),(15,75,'CONSTRUCT','Engineering/design',1),(16,80,'PRODUCTION','Manufacturing',1),(17,85,'QUALITY','Quality assurance',1),(18,85,'MAINT','Plant assurance',1);

--
-- Table structure for table `llx_c_hrm_function`
--

CREATE TABLE `llx_c_hrm_function` (
  `rowid` int(11) NOT NULL,
  `pos` smallint(6) NOT NULL DEFAULT '0',
  `code` varchar(16) NOT NULL,
  `label` varchar(50) DEFAULT NULL,
  `c_level` smallint(6) NOT NULL DEFAULT '0',
  `active` smallint(6) NOT NULL DEFAULT '1',
  PRIMARY KEY (`rowid`)
) ENGINE=InnoDB DEFAULT CHARSET=utf8;

--
-- Dumping data for table `llx_c_hrm_function`
--

INSERT INTO `llx_c_hrm_function` (`rowid`, `pos`, `code`, `label`, `c_level`, `active`) VALUES (1,5,'EXECBOARD','Executive board',0,1),(2,10,'MANAGDIR','Managing director',1,1),(3,15,'ACCOUNTMANAG','Account manager',0,1),(4,20,'ENGAGDIR','Engagement director',1,1),(5,25,'DIRECTOR','Director',1,1),(6,30,'PROJMANAG','Project manager',0,1),(7,35,'DEPHEAD','Department head',0,1),(8,40,'SECRETAR','Secretary',0,1),(9,45,'EMPLOYEE','Department employee',0,1);

--
-- Table structure for table `llx_c_hrm_public_holiday`
--

CREATE TABLE `llx_c_hrm_public_holiday` (
  `id` int(11) NOT NULL AUTO_INCREMENT,
  `entity` int(11) NOT NULL DEFAULT '0',
  `fk_country` int(11) DEFAULT NULL,
  `code` varchar(62) COLLATE utf8_bin DEFAULT NULL,
  `dayrule` varchar(64) COLLATE utf8_bin DEFAULT '',
  `day` int(11) DEFAULT NULL,
  `month` int(11) DEFAULT NULL,
  `year` int(11) DEFAULT NULL,
  `active` int(11) DEFAULT '1',
  `import_key` varchar(14) COLLATE utf8_bin DEFAULT NULL,
  PRIMARY KEY (`id`),
  UNIQUE KEY `uk_c_hrm_public_holiday` (`entity`,`code`),
  UNIQUE KEY `uk_c_hrm_public_holiday2` (`entity`,`fk_country`,`dayrule`,`day`,`month`,`year`)
) ENGINE=InnoDB AUTO_INCREMENT=38 DEFAULT CHARSET=utf8 COLLATE=utf8_bin;

--
-- Dumping data for table `llx_c_hrm_public_holiday`
--

INSERT INTO `llx_c_hrm_public_holiday` (`id`, `entity`, `fk_country`, `code`, `dayrule`, `day`, `month`, `year`, `active`, `import_key`) VALUES (1,0,0,'NEWYEARDAY1','',1,1,0,1,NULL),(2,0,0,'LABORDAY1','',1,5,0,1,NULL),(3,0,0,'ASSOMPTIONDAY1','',15,8,0,1,NULL),(4,0,0,'CHRISTMASDAY1','',25,12,0,1,NULL),(5,0,1,'FR-VICTORYDAY','',8,5,0,1,NULL),(6,0,1,'FR-NATIONALDAY','',14,7,0,1,NULL),(7,0,1,'FR-ASSOMPTION','',15,8,0,1,NULL),(8,0,1,'FR-TOUSSAINT','',1,11,0,1,NULL),(9,0,1,'FR-ARMISTICE','',11,11,0,1,NULL),(10,0,1,'FR-EASTER','eastermonday',0,0,0,1,NULL),(11,0,1,'FR-ASCENSION','ascension',0,0,0,1,NULL),(12,0,1,'FR-PENTECOST','pentecost',0,0,0,1,NULL),(13,0,3,'IT-LIBEAZIONE','',25,4,0,1,NULL),(14,0,3,'IT-EPIPHANY','',1,6,0,1,NULL),(15,0,3,'IT-REPUBBLICA','',2,6,0,1,NULL),(16,0,3,'IT-TUTTISANTIT','',1,11,0,1,NULL),(17,0,3,'IT-IMMACULE','',8,12,0,1,NULL),(18,0,3,'IT-SAINTSTEFAN','',26,12,0,1,NULL),(19,0,4,'ES-EASTER','easter',0,0,0,1,NULL),(20,0,4,'ES-REYE','',1,6,0,1,NULL),(21,0,4,'ES-HISPANIDAD','',12,10,0,1,NULL),(22,0,4,'ES-TOUSSAINT','',1,11,0,1,NULL),(23,0,4,'ES-CONSTITUIZION','',6,12,0,1,NULL),(24,0,4,'ES-IMMACULE','',8,12,0,1,NULL),(25,0,41,'AT-EASTER','eastermonday',0,0,0,1,NULL),(26,0,41,'AT-ASCENSION','ascension',0,0,0,1,NULL),(27,0,41,'AT-PENTECOST','pentecost',0,0,0,1,NULL),(28,0,41,'AT-FRONLEICHNAM','fronleichnam',0,0,0,1,NULL),(29,0,41,'AT-KONEGIE','',1,6,0,1,NULL),(30,0,41,'AT-26OKT','',26,10,0,1,NULL),(31,0,41,'AT-TOUSSAINT','',1,11,0,1,NULL),(32,0,41,'AT-IMMACULE','',8,12,0,1,NULL),(33,0,41,'AT-24DEC','',24,12,0,1,NULL),(34,0,41,'AT-SAINTSTEFAN','',26,12,0,1,NULL),(35,0,41,'AT-Silvester','',31,12,0,1,NULL),(36,0,117,'IN-REPUBLICDAY','',26,1,0,1,NULL),(37,0,117,'IN-GANDI','',2,10,0,1,NULL);

--
-- Table structure for table `llx_c_incoterms`
--

CREATE TABLE `llx_c_incoterms` (
  `rowid` int(11) NOT NULL AUTO_INCREMENT,
  `code` varchar(3) NOT NULL,
  `libelle` varchar(255) NOT NULL,
  `active` tinyint(4) NOT NULL DEFAULT '1',
  `label` varchar(100) DEFAULT NULL,
  PRIMARY KEY (`rowid`),
  UNIQUE KEY `uk_c_incoterms` (`code`)
) ENGINE=InnoDB AUTO_INCREMENT=12 DEFAULT CHARSET=utf8;

--
-- Dumping data for table `llx_c_incoterms`
--

INSERT INTO `llx_c_incoterms` (`rowid`, `code`, `libelle`, `active`, `label`) VALUES (1,'EXW','Ex Works, au départ non chargé, non dédouané sortie d\'usine (uniquement adapté aux flux domestiques, nationaux)',1,NULL),(2,'FCA','Free Carrier, marchandises dédouanées et chargées dans le pays de départ, chez le vendeur ou chez le commissionnaire de transport de l\'acheteur',1,NULL),(3,'FAS','Free Alongside Ship, sur le quai du port de départ',1,NULL),(4,'FOB','Free On Board, chargé sur le bateau, les frais de chargement dans celui-ci étant fonction du liner term indiqué par la compagnie maritime (à la charge du vendeur)',1,NULL),(5,'CFR','Cost and Freight, chargé dans le bateau, livraison au port de départ, frais payés jusqu\'au port d\'arrivée, sans assurance pour le transport, non déchargé du navire à destination (les frais de déchargement sont inclus ou non au port d\'arrivée)',1,NULL),(6,'CIF','Cost, Insurance and Freight, chargé sur le bateau, frais jusqu\'au port d\'arrivée, avec l\'assurance marchandise transportée souscrite par le vendeur pour le compte de l\'acheteur',1,NULL),(7,'CPT','Carriage Paid To, livraison au premier transporteur, frais jusqu\'au déchargement du mode de transport, sans assurance pour le transport',1,NULL),(8,'CIP','Carriage and Insurance Paid to, idem CPT, avec assurance marchandise transportée souscrite par le vendeur pour le compte de l\'acheteur',1,NULL),(9,'DAT','Delivered At Terminal, marchandises (déchargées) livrées sur quai, dans un terminal maritime, fluvial, aérien, routier ou ferroviaire désigné (dédouanement import, et post-acheminement payés par l\'acheteur)',1,NULL),(10,'DAP','Delivered At Place, marchandises (non déchargées) mises à disposition de l\'acheteur dans le pays d\'importation au lieu précisé dans le contrat (déchargement, dédouanement import payé par l\'acheteur)',1,NULL),(11,'DDP','Delivered Duty Paid, marchandises (non déchargées) livrées à destination finale, dédouanement import et taxes à la charge du vendeur ; l\'acheteur prend en charge uniquement le déchargement (si exclusion des taxes type TVA, le préciser clairement)',1,NULL);

--
-- Table structure for table `llx_c_input_method`
--

CREATE TABLE `llx_c_input_method` (
  `rowid` int(11) NOT NULL AUTO_INCREMENT,
  `code` varchar(30) DEFAULT NULL,
  `libelle` varchar(60) DEFAULT NULL,
  `active` tinyint(4) NOT NULL DEFAULT '1',
  `module` varchar(32) DEFAULT NULL,
  PRIMARY KEY (`rowid`),
  UNIQUE KEY `uk_c_input_method` (`code`)
) ENGINE=InnoDB AUTO_INCREMENT=6 DEFAULT CHARSET=utf8;

--
-- Dumping data for table `llx_c_input_method`
--

INSERT INTO `llx_c_input_method` (`rowid`, `code`, `libelle`, `active`, `module`) VALUES (1,'OrderByMail','Courrier',1,NULL),(2,'OrderByFax','Fax',1,NULL),(3,'OrderByEMail','EMail',1,NULL),(4,'OrderByPhone','Téléphone',1,NULL),(5,'OrderByWWW','En ligne',1,NULL);

--
-- Table structure for table `llx_c_input_reason`
--

CREATE TABLE `llx_c_input_reason` (
  `rowid` int(11) NOT NULL AUTO_INCREMENT,
  `code` varchar(30) DEFAULT NULL,
  `label` varchar(60) DEFAULT NULL,
  `active` tinyint(4) NOT NULL DEFAULT '1',
  `module` varchar(32) DEFAULT NULL,
  PRIMARY KEY (`rowid`),
  UNIQUE KEY `uk_c_input_reason` (`code`)
) ENGINE=InnoDB AUTO_INCREMENT=12 DEFAULT CHARSET=utf8;

--
-- Dumping data for table `llx_c_input_reason`
--

INSERT INTO `llx_c_input_reason` (`rowid`, `code`, `label`, `active`, `module`) VALUES (1,'SRC_INTE','Web site',1,NULL),(2,'SRC_CAMP_MAIL','Mailing campaign',1,NULL),(3,'SRC_CAMP_PHO','Phone campaign',1,NULL),(4,'SRC_CAMP_FAX','Fax campaign',1,NULL),(5,'SRC_COMM','Commercial contact',1,NULL),(6,'SRC_SHOP','Shop contact',1,NULL),(7,'SRC_CAMP_EMAIL','EMailing campaign',1,NULL),(8,'SRC_WOM','Word of mouth',1,NULL),(9,'SRC_PARTNER','Partner',1,NULL),(10,'SRC_EMPLOYEE','Employee',1,NULL),(11,'SRC_SPONSORING','Sponsorship',1,NULL);

--
-- Table structure for table `llx_c_lead_status`
--

CREATE TABLE `llx_c_lead_status` (
  `rowid` int(11) NOT NULL AUTO_INCREMENT,
  `code` varchar(10) DEFAULT NULL,
  `label` varchar(50) DEFAULT NULL,
  `position` int(11) DEFAULT NULL,
  `percent` double(5,2) DEFAULT NULL,
  `active` tinyint(4) NOT NULL DEFAULT '1',
  PRIMARY KEY (`rowid`)
) ENGINE=InnoDB AUTO_INCREMENT=8 DEFAULT CHARSET=utf8;

--
-- Dumping data for table `llx_c_lead_status`
--

INSERT INTO `llx_c_lead_status` (`rowid`, `code`, `label`, `position`, `percent`, `active`) VALUES (1,'PROSP','Prospection',10,0.00,1),(2,'QUAL','Qualification',20,20.00,1),(3,'PROPO','Proposal',30,40.00,1),(4,'NEGO','Negotiation',40,60.00,1),(5,'PENDING','Pending',50,50.00,0),(6,'WON','Won',60,100.00,1),(7,'LOST','Lost',70,0.00,1);

--
-- Table structure for table `llx_c_paiement`
--

CREATE TABLE `llx_c_paiement` (
  `id` int(11) NOT NULL AUTO_INCREMENT,
  `entity` int(11) NOT NULL DEFAULT '1',
  `code` varchar(6) NOT NULL,
  `libelle` varchar(62) DEFAULT NULL,
  `type` smallint(6) DEFAULT NULL,
  `active` tinyint(4) NOT NULL DEFAULT '1',
  `accountancy_code` varchar(32) DEFAULT NULL,
  `module` varchar(32) DEFAULT NULL,
  `position` int(11) NOT NULL DEFAULT '0',
  PRIMARY KEY (`id`),
  UNIQUE KEY `uk_c_paiement_code` (`entity`,`code`)
) ENGINE=InnoDB AUTO_INCREMENT=55 DEFAULT CHARSET=utf8;

--
-- Dumping data for table `llx_c_paiement`
--

INSERT INTO `llx_c_paiement` (`id`, `entity`, `code`, `libelle`, `type`, `active`, `accountancy_code`, `module`, `position`) VALUES (1,1,'TIP','TIP',2,1,NULL,NULL,0),(2,1,'VIR','Virement',2,1,NULL,NULL,0),(3,1,'PRE','Prélèvement',2,1,NULL,NULL,0),(4,1,'LIQ','Espèces',2,1,NULL,NULL,0),(6,1,'CB','Carte Bancaire',2,1,NULL,NULL,0),(7,1,'CHQ','Chèque',2,1,NULL,NULL,0),(50,1,'VAD','Paiement en ligne',2,0,NULL,NULL,0),(51,1,'TRA','Traite',2,0,NULL,NULL,0),(52,1,'LCR','LCR',2,0,NULL,NULL,0),(53,1,'FAC','Factor',2,0,NULL,NULL,0),(54,1,'PRO','Proforma',2,0,NULL,NULL,0);

--
-- Table structure for table `llx_c_paiement_temp`
--

CREATE TABLE `llx_c_paiement_temp` (
  `id` int(11) NOT NULL,
  `entity` int(11) NOT NULL DEFAULT '1',
  `code` varchar(6) CHARACTER SET utf8 NOT NULL,
  `libelle` varchar(62) CHARACTER SET utf8 DEFAULT NULL,
  `type` smallint(6) DEFAULT NULL,
  `active` tinyint(4) NOT NULL DEFAULT '1',
  `accountancy_code` varchar(32) CHARACTER SET utf8 DEFAULT NULL,
  `module` varchar(32) CHARACTER SET utf8 DEFAULT NULL,
  `position` int(11) NOT NULL DEFAULT '0'
) ENGINE=InnoDB DEFAULT CHARSET=utf8 COLLATE=utf8_bin;

--
-- Dumping data for table `llx_c_paiement_temp`
--

INSERT INTO `llx_c_paiement_temp` (`id`, `entity`, `code`, `libelle`, `type`, `active`, `accountancy_code`, `module`, `position`) VALUES (1,1,'TIP','TIP',2,1,NULL,NULL,0),(2,1,'VIR','Virement',2,1,NULL,NULL,0),(3,1,'PRE','Prélèvement',2,1,NULL,NULL,0),(4,1,'LIQ','Espèces',2,1,NULL,NULL,0),(6,1,'CB','Carte Bancaire',2,1,NULL,NULL,0),(7,1,'CHQ','Chèque',2,1,NULL,NULL,0),(50,1,'VAD','Paiement en ligne',2,0,NULL,NULL,0),(51,1,'TRA','Traite',2,0,NULL,NULL,0),(52,1,'LCR','LCR',2,0,NULL,NULL,0),(53,1,'FAC','Factor',2,0,NULL,NULL,0),(54,1,'PRO','Proforma',2,0,NULL,NULL,0);

--
-- Table structure for table `llx_c_paper_format`
--

CREATE TABLE `llx_c_paper_format` (
  `rowid` int(11) NOT NULL AUTO_INCREMENT,
  `code` varchar(16) NOT NULL,
  `label` varchar(50) NOT NULL,
  `width` float(6,2) DEFAULT '0.00',
  `height` float(6,2) DEFAULT '0.00',
  `unit` varchar(5) NOT NULL,
  `active` tinyint(4) NOT NULL DEFAULT '1',
  `module` varchar(32) DEFAULT NULL,
  PRIMARY KEY (`rowid`)
) ENGINE=InnoDB AUTO_INCREMENT=226 DEFAULT CHARSET=utf8;

--
-- Dumping data for table `llx_c_paper_format`
--

INSERT INTO `llx_c_paper_format` (`rowid`, `code`, `label`, `width`, `height`, `unit`, `active`, `module`) VALUES (1,'EU4A0','Format 4A0',1682.00,2378.00,'mm',1,NULL),(2,'EU2A0','Format 2A0',1189.00,1682.00,'mm',1,NULL),(3,'EUA0','Format A0',840.00,1189.00,'mm',1,NULL),(4,'EUA1','Format A1',594.00,840.00,'mm',1,NULL),(5,'EUA2','Format A2',420.00,594.00,'mm',1,NULL),(6,'EUA3','Format A3',297.00,420.00,'mm',1,NULL),(7,'EUA4','Format A4',210.00,297.00,'mm',1,NULL),(8,'EUA5','Format A5',148.00,210.00,'mm',1,NULL),(9,'EUA6','Format A6',105.00,148.00,'mm',1,NULL),(100,'USLetter','Format Letter (A)',216.00,279.00,'mm',1,NULL),(105,'USLegal','Format Legal',216.00,356.00,'mm',1,NULL),(110,'USExecutive','Format Executive',190.00,254.00,'mm',1,NULL),(115,'USLedger','Format Ledger/Tabloid (B)',279.00,432.00,'mm',1,NULL),(200,'CAP1','Format Canadian P1',560.00,860.00,'mm',1,NULL),(205,'CAP2','Format Canadian P2',430.00,560.00,'mm',1,NULL),(210,'CAP3','Format Canadian P3',280.00,430.00,'mm',1,NULL),(215,'CAP4','Format Canadian P4',215.00,280.00,'mm',1,NULL),(220,'CAP5','Format Canadian P5',140.00,215.00,'mm',1,NULL),(225,'CAP6','Format Canadian P6',107.00,140.00,'mm',1,NULL);

--
-- Table structure for table `llx_c_partnership_type`
--

CREATE TABLE `llx_c_partnership_type` (
  `rowid` int(11) NOT NULL AUTO_INCREMENT,
  `entity` int(11) NOT NULL DEFAULT '1',
  `code` varchar(32) COLLATE utf8_bin NOT NULL,
  `label` varchar(64) COLLATE utf8_bin NOT NULL,
  `active` tinyint(4) NOT NULL DEFAULT '1',
  PRIMARY KEY (`rowid`)
) ENGINE=InnoDB DEFAULT CHARSET=utf8 COLLATE=utf8_bin;

--
-- Dumping data for table `llx_c_partnership_type`
--


--
-- Table structure for table `llx_c_payment_term`
--

CREATE TABLE `llx_c_payment_term` (
  `rowid` int(11) NOT NULL AUTO_INCREMENT,
  `entity` int(11) NOT NULL DEFAULT '1',
  `code` varchar(16) DEFAULT NULL,
  `sortorder` smallint(6) DEFAULT NULL,
  `active` tinyint(4) DEFAULT '1',
  `libelle` varchar(255) DEFAULT NULL,
  `libelle_facture` text,
  `type_cdr` tinyint(4) DEFAULT NULL,
  `nbjour` smallint(6) DEFAULT NULL,
  `decalage` smallint(6) DEFAULT NULL,
  `module` varchar(32) DEFAULT NULL,
  `position` int(11) NOT NULL DEFAULT '0',
  PRIMARY KEY (`rowid`),
  UNIQUE KEY `uk_c_payment_term_code` (`entity`,`code`)
) ENGINE=InnoDB AUTO_INCREMENT=10 DEFAULT CHARSET=utf8;

--
-- Dumping data for table `llx_c_payment_term`
--

INSERT INTO `llx_c_payment_term` (`rowid`, `entity`, `code`, `sortorder`, `active`, `libelle`, `libelle_facture`, `type_cdr`, `nbjour`, `decalage`, `module`, `position`) VALUES (1,1,'RECEP',1,1,'A réception de facture','Réception de facture',0,0,NULL,NULL,0),(2,1,'30D',2,1,'30 jours','Réglement à 30 jours',0,30,NULL,NULL,0),(3,1,'30DENDMONTH',3,1,'30 jours fin de mois','Réglement à 30 jours fin de mois',1,30,NULL,NULL,0),(4,1,'60D',4,0,'60 jours','Réglement à 60 jours',0,60,NULL,NULL,0),(5,1,'60DENDMONTH',5,0,'60 jours fin de mois','Réglement à 60 jours fin de mois',1,60,NULL,NULL,0),(6,1,'PT_ORDER',6,0,'A réception de commande','A réception de commande',0,0,NULL,NULL,0),(7,1,'PT_DELIVERY',7,0,'Livraison','Règlement à la livraison',0,0,NULL,NULL,0),(8,1,'PT_5050',8,0,'50 et 50','Règlement 50% à la commande, 50% à la livraison',0,0,NULL,NULL,0),(9,1,'15D',0,1,'15 jours','Règlement à 15 jours',0,15,NULL,NULL,0);

--
-- Table structure for table `llx_c_price_expression`
--

CREATE TABLE `llx_c_price_expression` (
  `rowid` int(11) NOT NULL AUTO_INCREMENT,
  `title` varchar(20) NOT NULL,
  `expression` varchar(255) NOT NULL,
  PRIMARY KEY (`rowid`)
) ENGINE=InnoDB DEFAULT CHARSET=utf8;

--
-- Dumping data for table `llx_c_price_expression`
--


--
-- Table structure for table `llx_c_price_global_variable`
--

CREATE TABLE `llx_c_price_global_variable` (
  `rowid` int(11) NOT NULL AUTO_INCREMENT,
  `code` varchar(20) NOT NULL,
  `description` text,
  `value` double(24,8) DEFAULT '0.00000000',
  PRIMARY KEY (`rowid`)
) ENGINE=InnoDB DEFAULT CHARSET=utf8;

--
-- Dumping data for table `llx_c_price_global_variable`
--


--
-- Table structure for table `llx_c_price_global_variable_updater`
--

CREATE TABLE `llx_c_price_global_variable_updater` (
  `rowid` int(11) NOT NULL AUTO_INCREMENT,
  `type` int(11) NOT NULL,
  `description` text,
  `parameters` text,
  `fk_variable` int(11) NOT NULL,
  `update_interval` int(11) DEFAULT '0',
  `next_update` int(11) DEFAULT '0',
  `last_status` text,
  PRIMARY KEY (`rowid`)
) ENGINE=InnoDB DEFAULT CHARSET=utf8;

--
-- Dumping data for table `llx_c_price_global_variable_updater`
--


--
-- Table structure for table `llx_c_product_nature`
--

CREATE TABLE `llx_c_product_nature` (
  `rowid` int(11) NOT NULL AUTO_INCREMENT,
  `code` tinyint(4) NOT NULL,
  `label` varchar(100) COLLATE utf8_bin DEFAULT NULL,
  `active` tinyint(4) NOT NULL DEFAULT '1',
  PRIMARY KEY (`rowid`),
  UNIQUE KEY `uk_c_product_nature` (`code`)
) ENGINE=InnoDB AUTO_INCREMENT=3 DEFAULT CHARSET=utf8 COLLATE=utf8_bin;

--
-- Dumping data for table `llx_c_product_nature`
--

INSERT INTO `llx_c_product_nature` (`rowid`, `code`, `label`, `active`) VALUES (1,0,'RowMaterial',1),(2,1,'Finished',1);

--
-- Table structure for table `llx_c_productbatch_qcstatus`
--

CREATE TABLE `llx_c_productbatch_qcstatus` (
  `rowid` int(11) NOT NULL AUTO_INCREMENT,
  `entity` int(11) NOT NULL DEFAULT '1',
  `code` varchar(16) COLLATE utf8_bin NOT NULL,
  `label` varchar(50) COLLATE utf8_bin NOT NULL,
  `active` int(11) NOT NULL DEFAULT '1',
  PRIMARY KEY (`rowid`),
  UNIQUE KEY `uk_c_productbatch_qcstatus` (`code`,`entity`)
) ENGINE=InnoDB AUTO_INCREMENT=3 DEFAULT CHARSET=utf8 COLLATE=utf8_bin;

--
-- Dumping data for table `llx_c_productbatch_qcstatus`
--

INSERT INTO `llx_c_productbatch_qcstatus` (`rowid`, `entity`, `code`, `label`, `active`) VALUES (1,1,'OK','InWorkingOrder',1),(2,1,'KO','OutOfOrder',1);

--
-- Table structure for table `llx_c_propalst`
--

CREATE TABLE `llx_c_propalst` (
  `id` smallint(6) NOT NULL,
  `code` varchar(12) NOT NULL,
  `label` varchar(30) DEFAULT NULL,
  `active` tinyint(4) NOT NULL DEFAULT '1',
  PRIMARY KEY (`id`),
  UNIQUE KEY `uk_c_propalst` (`code`)
) ENGINE=InnoDB DEFAULT CHARSET=utf8;

--
-- Dumping data for table `llx_c_propalst`
--

INSERT INTO `llx_c_propalst` (`id`, `code`, `label`, `active`) VALUES (0,'PR_DRAFT','Brouillon',1),(1,'PR_OPEN','Ouverte',1),(2,'PR_SIGNED','Signée',1),(3,'PR_NOTSIGNED','Non Signée',1),(4,'PR_FAC','Facturée',1);

--
-- Table structure for table `llx_c_prospectcontactlevel`
--

CREATE TABLE `llx_c_prospectcontactlevel` (
  `code` varchar(12) COLLATE utf8_bin NOT NULL,
  `label` varchar(30) COLLATE utf8_bin DEFAULT NULL,
  `sortorder` smallint(6) DEFAULT NULL,
  `active` smallint(6) NOT NULL DEFAULT '1',
  `module` varchar(32) COLLATE utf8_bin DEFAULT NULL,
  PRIMARY KEY (`code`)
) ENGINE=InnoDB DEFAULT CHARSET=utf8 COLLATE=utf8_bin;

--
-- Dumping data for table `llx_c_prospectcontactlevel`
--

INSERT INTO `llx_c_prospectcontactlevel` (`code`, `label`, `sortorder`, `active`, `module`) VALUES ('PL_HIGH','High',4,1,NULL),('PL_LOW','Low',2,1,NULL),('PL_MEDIUM','Medium',3,1,NULL),('PL_NONE','None',1,1,NULL);

--
-- Table structure for table `llx_c_prospectlevel`
--

CREATE TABLE `llx_c_prospectlevel` (
  `code` varchar(12) NOT NULL,
  `label` varchar(30) DEFAULT NULL,
  `sortorder` smallint(6) DEFAULT NULL,
  `active` smallint(6) NOT NULL DEFAULT '1',
  `module` varchar(32) DEFAULT NULL,
  PRIMARY KEY (`code`)
) ENGINE=InnoDB DEFAULT CHARSET=utf8;

--
-- Dumping data for table `llx_c_prospectlevel`
--

INSERT INTO `llx_c_prospectlevel` (`code`, `label`, `sortorder`, `active`, `module`) VALUES ('PL_HIGH','High',4,1,NULL),('PL_LOW','Low',2,1,NULL),('PL_MEDIUM','Medium',3,1,NULL),('PL_NONE','None',1,1,NULL);

--
-- Table structure for table `llx_c_recruitment_origin`
--

CREATE TABLE `llx_c_recruitment_origin` (
  `rowid` int(11) NOT NULL AUTO_INCREMENT,
  `code` varchar(32) COLLATE utf8_bin NOT NULL,
  `label` varchar(64) COLLATE utf8_bin NOT NULL,
  `active` tinyint(4) NOT NULL DEFAULT '1',
  PRIMARY KEY (`rowid`)
) ENGINE=InnoDB DEFAULT CHARSET=utf8 COLLATE=utf8_bin;

--
-- Dumping data for table `llx_c_recruitment_origin`
--


--
-- Table structure for table `llx_c_regions`
--

CREATE TABLE `llx_c_regions` (
  `rowid` int(11) NOT NULL AUTO_INCREMENT,
  `code_region` int(11) NOT NULL,
  `fk_pays` int(11) NOT NULL,
  `cheflieu` varchar(50) DEFAULT NULL,
  `tncc` int(11) DEFAULT NULL,
  `nom` varchar(50) DEFAULT NULL,
  `active` tinyint(4) NOT NULL DEFAULT '1',
  PRIMARY KEY (`rowid`),
  UNIQUE KEY `code_region` (`code_region`),
  UNIQUE KEY `uk_code_region` (`code_region`),
  KEY `idx_c_regions_fk_pays` (`fk_pays`)
) ENGINE=InnoDB AUTO_INCREMENT=23229 DEFAULT CHARSET=utf8;

--
-- Dumping data for table `llx_c_regions`
--

INSERT INTO `llx_c_regions` (`rowid`, `code_region`, `fk_pays`, `cheflieu`, `tncc`, `nom`, `active`) VALUES (1,0,0,'0',0,'-',1),(101,1,1,'97105',3,'Guadeloupe',1),(102,2,1,'97209',3,'Martinique',1),(103,3,1,'97302',3,'Guyane',1),(104,4,1,'97411',3,'Réunion',1),(105,11,1,'75056',1,'Île-de-France',1),(109,24,1,'45234',2,'Centre-Val de Loire',1),(116,52,1,'44109',4,'Pays de la Loire',1),(117,53,1,'35238',0,'Bretagne',1),(125,93,1,'13055',0,'Provence-Alpes-Côte d\'Azur',1),(126,94,1,'2A004',0,'Corse',1),(201,201,2,'',1,'Flandre',1),(202,202,2,'',2,'Wallonie',1),(203,203,2,'',3,'Bruxelles-Capitale',1),(301,301,3,NULL,1,'Abruzzo',1),(302,302,3,NULL,1,'Basilicata',1),(303,303,3,NULL,1,'Calabria',1),(304,304,3,NULL,1,'Campania',1),(305,305,3,NULL,1,'Emilia-Romagna',1),(306,306,3,NULL,1,'Friuli-Venezia Giulia',1),(307,307,3,NULL,1,'Lazio',1),(308,308,3,NULL,1,'Liguria',1),(309,309,3,NULL,1,'Lombardia',1),(310,310,3,NULL,1,'Marche',1),(311,311,3,NULL,1,'Molise',1),(312,312,3,NULL,1,'Piemonte',1),(313,313,3,NULL,1,'Puglia',1),(314,314,3,NULL,1,'Sardegna',1),(315,315,3,NULL,1,'Sicilia',1),(316,316,3,NULL,1,'Toscana',1),(317,317,3,NULL,1,'Trentino-Alto Adige',1),(318,318,3,NULL,1,'Umbria',1),(319,319,3,NULL,1,'Valle d Aosta',1),(320,320,3,NULL,1,'Veneto',1),(401,401,4,'',0,'Andalucia',1),(402,402,4,'',0,'Aragón',1),(403,403,4,'',0,'Castilla y León',1),(404,404,4,'',0,'Castilla la Mancha',1),(405,405,4,'',0,'Canarias',1),(406,406,4,'',0,'Cataluña',1),(407,407,4,'',0,'Comunidad de Ceuta',1),(408,408,4,'',0,'Comunidad Foral de Navarra',1),(409,409,4,'',0,'Comunidad de Melilla',1),(410,410,4,'',0,'Cantabria',1),(411,411,4,'',0,'Comunidad Valenciana',1),(412,412,4,'',0,'Extemadura',1),(413,413,4,'',0,'Galicia',1),(414,414,4,'',0,'Islas Baleares',1),(415,415,4,'',0,'La Rioja',1),(416,416,4,'',0,'Comunidad de Madrid',1),(417,417,4,'',0,'Región de Murcia',1),(418,418,4,'',0,'Principado de Asturias',1),(419,419,4,'',0,'Pais Vasco',1),(501,501,5,'',0,'Deutschland',1),(601,601,6,'',1,'Cantons',1),(701,701,7,'',0,'England',1),(702,702,7,'',0,'Wales',1),(703,703,7,'',0,'Scotland',1),(704,704,7,'',0,'Northern Ireland',1),(1001,1001,10,'',0,'Ariana',1),(1002,1002,10,'',0,'Béja',1),(1003,1003,10,'',0,'Ben Arous',1),(1004,1004,10,'',0,'Bizerte',1),(1005,1005,10,'',0,'Gabès',1),(1006,1006,10,'',0,'Gafsa',1),(1007,1007,10,'',0,'Jendouba',1),(1008,1008,10,'',0,'Kairouan',1),(1009,1009,10,'',0,'Kasserine',1),(1010,1010,10,'',0,'Kébili',1),(1011,1011,10,'',0,'La Manouba',1),(1012,1012,10,'',0,'Le Kef',1),(1013,1013,10,'',0,'Mahdia',1),(1014,1014,10,'',0,'Médenine',1),(1015,1015,10,'',0,'Monastir',1),(1016,1016,10,'',0,'Nabeul',1),(1017,1017,10,'',0,'Sfax',1),(1018,1018,10,'',0,'Sidi Bouzid',1),(1019,1019,10,'',0,'Siliana',1),(1020,1020,10,'',0,'Sousse',1),(1021,1021,10,'',0,'Tataouine',1),(1022,1022,10,'',0,'Tozeur',1),(1023,1023,10,'',0,'Tunis',1),(1024,1024,10,'',0,'Zaghouan',1),(1101,1101,11,'',0,'United-States',1),(1201,1201,12,'',0,'Tanger-Tétouan',1),(1202,1202,12,'',0,'Gharb-Chrarda-Beni Hssen',1),(1203,1203,12,'',0,'Taza-Al Hoceima-Taounate',1),(1204,1204,12,'',0,'L\'Oriental',1),(1205,1205,12,'',0,'Fès-Boulemane',1),(1206,1206,12,'',0,'Meknès-Tafialet',1),(1207,1207,12,'',0,'Rabat-Salé-Zemour-Zaër',1),(1208,1208,12,'',0,'Grand Cassablanca',1),(1209,1209,12,'',0,'Chaouia-Ouardigha',1),(1210,1210,12,'',0,'Doukahla-Adba',1),(1211,1211,12,'',0,'Marrakech-Tensift-Al Haouz',1),(1212,1212,12,'',0,'Tadla-Azilal',1),(1213,1213,12,'',0,'Sous-Massa-Drâa',1),(1214,1214,12,'',0,'Guelmim-Es Smara',1),(1215,1215,12,'',0,'Laâyoune-Boujdour-Sakia el Hamra',1),(1216,1216,12,'',0,'Oued Ed-Dahab Lagouira',1),(1301,1301,13,'',0,'Algerie',1),(1401,1401,14,'',0,'Canada',1),(1701,1701,17,'',0,'Provincies van Nederland ',1),(2301,2301,23,'',0,'Norte',1),(2302,2302,23,'',0,'Litoral',1),(2303,2303,23,'',0,'Cuyana',1),(2304,2304,23,'',0,'Central',1),(2305,2305,23,'',0,'Patagonia',1),(2801,2801,28,'',0,'Australia',1),(4601,4601,46,'',0,'Barbados',1),(5601,5601,56,'',0,'Brasil',1),(6701,6701,67,NULL,NULL,'Tarapacá',1),(6702,6702,67,NULL,NULL,'Antofagasta',1),(6703,6703,67,NULL,NULL,'Atacama',1),(6704,6704,67,NULL,NULL,'Coquimbo',1),(6705,6705,67,NULL,NULL,'Valparaíso',1),(6706,6706,67,NULL,NULL,'General Bernardo O Higgins',1),(6707,6707,67,NULL,NULL,'Maule',1),(6708,6708,67,NULL,NULL,'Biobío',1),(6709,6709,67,NULL,NULL,'Raucanía',1),(6710,6710,67,NULL,NULL,'Los Lagos',1),(6711,6711,67,NULL,NULL,'Aysén General Carlos Ibáñez del Campo',1),(6712,6712,67,NULL,NULL,'Magallanes y Antártica Chilena',1),(6713,6713,67,NULL,NULL,'Metropolitana de Santiago',1),(6714,6714,67,NULL,NULL,'Los Ríos',1),(6715,6715,67,NULL,NULL,'Arica y Parinacota',1),(7001,7001,70,'',0,'Colombie',1),(8601,8601,86,NULL,NULL,'Central',1),(8602,8602,86,NULL,NULL,'Oriental',1),(8603,8603,86,NULL,NULL,'Occidental',1),(10201,10201,102,NULL,NULL,'Αττική',1),(10202,10202,102,NULL,NULL,'Στερεά Ελλάδα',1),(10203,10203,102,NULL,NULL,'Κεντρική Μακεδονία',1),(10204,10204,102,NULL,NULL,'Κρήτη',1),(10205,10205,102,NULL,NULL,'Ανατολική Μακεδονία και Θράκη',1),(10206,10206,102,NULL,NULL,'Ήπειρος',1),(10207,10207,102,NULL,NULL,'Ιόνια νησιά',1),(10208,10208,102,NULL,NULL,'Βόρειο Αιγαίο',1),(10209,10209,102,NULL,NULL,'Πελοπόννησος',1),(10210,10210,102,NULL,NULL,'Νότιο Αιγαίο',1),(10211,10211,102,NULL,NULL,'Δυτική Ελλάδα',1),(10212,10212,102,NULL,NULL,'Θεσσαλία',1),(10213,10213,102,NULL,NULL,'Δυτική Μακεδονία',1),(11401,11401,114,'',0,'Honduras',1),(11701,11701,117,'',0,'India',1),(15201,15201,152,'',0,'Rivière Noire',1),(15202,15202,152,'',0,'Flacq',1),(15203,15203,152,'',0,'Grand Port',1),(15204,15204,152,'',0,'Moka',1),(15205,15205,152,'',0,'Pamplemousses',1),(15206,15206,152,'',0,'Plaines Wilhems',1),(15207,15207,152,'',0,'Port-Louis',1),(15208,15208,152,'',0,'Rivière du Rempart',1),(15209,15209,152,'',0,'Savanne',1),(15210,15210,152,'',0,'Rodrigues',1),(15211,15211,152,'',0,'Les îles Agaléga',1),(15212,15212,152,'',0,'Les écueils des Cargados Carajos',1),(15401,15401,154,'',0,'Mexique',1),(23201,23201,232,'',0,'Los Andes',1),(23202,23202,232,'',0,'Capital',1),(23203,23203,232,'',0,'Central',1),(23204,23204,232,'',0,'Cento Occidental',1),(23205,23205,232,'',0,'Guayana',1),(23206,23206,232,'',0,'Insular',1),(23207,23207,232,'',0,'Los Llanos',1),(23208,23208,232,'',0,'Nor-Oriental',1),(23209,23209,232,'',0,'Zuliana',1),(23210,5201,52,'',0,'Chuquisaca',1),(23211,5202,52,'',0,'La Paz',1),(23212,5203,52,'',0,'Cochabamba',1),(23213,5204,52,'',0,'Oruro',1),(23214,5205,52,'',0,'Potosí',1),(23215,5206,52,'',0,'Tarija',1),(23216,5207,52,'',0,'Santa Cruz',1),(23217,5208,52,'',0,'El Beni',1),(23218,5209,52,'',0,'Pando',1),(23219,4101,41,'',0,'Österreich',1),(23220,17801,178,'',0,'Panama',1),(23221,11801,118,'',0,'Indonesia',1),(23222,27,1,'21231',0,'Bourgogne-Franche-Comté',1),(23223,28,1,'76540',0,'Normandie',1),(23224,32,1,'59350',4,'Hauts-de-France',1),(23225,44,1,'67482',2,'Grand Est',1),(23226,75,1,'33063',0,'Nouvelle-Aquitaine',1),(23227,76,1,'31355',1,'Occitanie',1),(23228,84,1,'69123',1,'Auvergne-Rhône-Alpes',1);

--
-- Table structure for table `llx_c_revenuestamp`
--

CREATE TABLE `llx_c_revenuestamp` (
  `rowid` int(11) NOT NULL AUTO_INCREMENT,
  `fk_pays` int(11) NOT NULL,
  `taux` double NOT NULL,
  `note` varchar(128) DEFAULT NULL,
  `active` tinyint(4) NOT NULL DEFAULT '1',
  `accountancy_code_sell` varchar(32) DEFAULT NULL,
  `accountancy_code_buy` varchar(32) DEFAULT NULL,
  `revenuestamp_type` varchar(16) NOT NULL DEFAULT 'fixed',
  PRIMARY KEY (`rowid`)
) ENGINE=InnoDB AUTO_INCREMENT=102 DEFAULT CHARSET=utf8;

--
