-- Table structure for table `llx_ecm_files_extrafields`
--

CREATE TABLE `llx_ecm_files_extrafields` (
  `rowid` int(11) NOT NULL AUTO_INCREMENT,
  `tms` timestamp NOT NULL DEFAULT current_timestamp() ON UPDATE current_timestamp(),
  `fk_object` int(11) NOT NULL,
  `import_key` varchar(14) COLLATE utf8_unicode_ci DEFAULT NULL,
  PRIMARY KEY (`rowid`),
  KEY `idx_ecm_files_extrafields` (`fk_object`)
) ENGINE=InnoDB DEFAULT CHARSET=utf8 COLLATE=utf8_unicode_ci;

--
-- Dumping data for table `llx_ecm_files_extrafields`
--


--
-- Table structure for table `llx_element_contact`
--

CREATE TABLE `llx_element_contact` (
  `rowid` int(11) NOT NULL AUTO_INCREMENT,
  `datecreate` datetime DEFAULT NULL,
  `statut` smallint(6) DEFAULT 5,
  `element_id` int(11) NOT NULL,
  `fk_c_type_contact` int(11) NOT NULL,
  `fk_socpeople` int(11) NOT NULL,
  PRIMARY KEY (`rowid`),
  UNIQUE KEY `idx_element_contact_idx1` (`element_id`,`fk_c_type_contact`,`fk_socpeople`),
  KEY `fk_element_contact_fk_c_type_contact` (`fk_c_type_contact`),
  KEY `idx_element_contact_fk_socpeople` (`fk_socpeople`),
  CONSTRAINT `fk_element_contact_fk_c_type_contact` FOREIGN KEY (`fk_c_type_contact`) REFERENCES `llx_c_type_contact` (`rowid`)
) ENGINE=InnoDB AUTO_INCREMENT=65 DEFAULT CHARSET=utf8 COLLATE=utf8_unicode_ci;

--
-- Dumping data for table `llx_element_contact`
--

INSERT INTO `llx_element_contact` (`rowid`, `datecreate`, `statut`, `element_id`, `fk_c_type_contact`, `fk_socpeople`) VALUES (3,'2022-05-16 15:13:46',4,110,41,5),(4,'2022-05-16 15:27:44',4,23,101,5),(5,'2022-05-16 15:37:37',4,112,41,5),(6,'2022-05-16 16:07:51',4,24,101,5),(7,'2022-05-17 14:28:48',4,127,41,8),(8,'2022-05-18 14:29:35',4,141,41,9),(9,'2022-05-18 14:50:59',4,143,41,10),(10,'2022-05-18 15:57:50',4,36,101,8),(11,'2022-05-18 16:21:27',4,149,41,11),(12,'2022-05-18 16:57:06',4,39,101,11),(13,'2022-05-18 17:00:46',4,150,41,11),(14,'2022-05-18 17:30:32',4,40,101,11),(15,'2022-05-19 09:39:11',4,154,41,12),(16,'2022-05-24 16:37:03',4,176,41,14),(17,'2022-05-24 16:56:24',4,55,101,14),(18,'2022-05-25 10:08:17',4,63,101,10),(19,'2022-05-31 09:46:02',4,212,41,15),(20,'2022-05-31 10:09:16',4,72,101,15),(21,'2022-05-31 10:13:40',4,214,41,15),(22,'2022-05-31 10:17:52',4,73,101,15),(23,'2022-06-01 17:12:34',4,239,41,11),(24,'2022-06-02 10:24:45',4,242,41,11),(26,'2022-06-02 12:08:21',4,243,40,16),(27,'2022-06-02 12:22:16',4,245,41,11),(28,'2022-06-02 16:16:14',4,250,41,11),(29,'2022-06-07 15:55:23',4,277,41,17),(30,'2022-06-07 16:05:03',4,93,101,17),(31,'2022-06-07 16:22:45',4,94,101,17),(32,'2022-06-08 10:19:26',4,96,101,12),(33,'2022-06-09 14:35:59',4,302,41,18),(34,'2022-06-09 15:03:32',4,99,101,18),(35,'2022-06-09 16:13:55',4,304,41,18),(36,'2022-06-09 16:23:14',4,101,101,18),(37,'2022-06-24 16:24:06',4,411,41,19),(38,'2022-07-03 21:16:02',4,167,101,9),(39,'2022-07-03 21:16:17',4,168,101,9),(40,'2022-07-04 10:07:35',4,231,60,22),(41,'2022-07-05 14:59:12',4,176,101,19),(42,'2022-07-05 16:27:35',4,466,42,23),(43,'2022-07-05 16:28:17',4,466,41,23),(44,'2022-07-05 16:28:47',4,177,101,23),(45,'2022-07-05 16:28:47',4,177,102,23),(46,'2022-07-07 15:23:08',4,185,101,25),(47,'2022-07-07 16:41:58',4,481,41,10),(48,'2022-07-11 13:15:44',4,499,41,26),(49,'2022-07-26 06:53:57',4,555,41,17),(50,'2022-07-26 06:58:24',4,210,101,17),(51,'2022-08-01 09:41:39',4,300,61,23),(53,'2022-08-05 09:48:24',4,317,61,23),(55,'2022-09-01 11:38:23',4,256,101,11),(56,'2022-09-09 09:27:56',4,268,101,11),(57,'2022-10-05 16:14:59',4,890,40,34),(58,'2022-10-19 11:42:23',4,977,41,18),(59,'2022-10-19 16:35:21',4,347,101,18),(61,'2022-10-19 17:51:15',4,349,101,18),(62,'2022-10-21 09:20:18',4,356,101,11),(63,'2022-10-27 05:55:05',4,377,101,10),(64,'2022-10-27 10:01:08',4,480,60,34);

--
-- Table structure for table `llx_element_element`
--

CREATE TABLE `llx_element_element` (
  `rowid` int(11) NOT NULL AUTO_INCREMENT,
  `fk_source` int(11) NOT NULL,
  `sourcetype` varchar(32) COLLATE utf8_unicode_ci NOT NULL,
  `fk_target` int(11) NOT NULL,
  `targettype` varchar(32) COLLATE utf8_unicode_ci NOT NULL,
  PRIMARY KEY (`rowid`),
  UNIQUE KEY `idx_element_element_idx1` (`fk_source`,`sourcetype`,`fk_target`,`targettype`),
  KEY `idx_element_element_fk_target` (`fk_target`)
) ENGINE=InnoDB AUTO_INCREMENT=934 DEFAULT CHARSET=utf8 COLLATE=utf8_unicode_ci;

--
-- Dumping data for table `llx_element_element`
--

INSERT INTO `llx_element_element` (`rowid`, `fk_source`, `sourcetype`, `fk_target`, `targettype`) VALUES (17,5,'commande',4,'shipping'),(18,5,'commande',15,'facture'),(88,6,'shipping',61,'facture'),(147,7,'shipping',92,'facture'),(467,11,'propal',198,'commande'),(3,16,'propal',2,'commande'),(7,16,'propal',10,'facture'),(8,16,'propal',11,'facture'),(12,23,'propal',4,'commande'),(13,23,'propal',5,'commande'),(9,25,'propal',3,'commande'),(10,25,'propal',12,'facture'),(11,25,'propal',14,'facture'),(69,25,'propal',54,'facture'),(70,25,'propal',55,'facture'),(536,29,'propal',229,'commande'),(537,29,'propal',230,'commande'),(87,32,'commande',6,'shipping'),(89,32,'commande',61,'facture'),(609,35,'shipping',341,'facture'),(181,38,'propal',74,'commande'),(182,38,'propal',111,'facture'),(208,40,'propal',84,'commande'),(209,40,'propal',128,'facture'),(492,40,'propal',279,'facture'),(116,43,'propal',48,'commande'),(118,43,'propal',75,'facture'),(491,43,'propal',278,'facture'),(776,43,'shipping',431,'facture'),(78,47,'propal',27,'commande'),(79,47,'propal',28,'commande'),(121,47,'propal',78,'facture'),(22,48,'propal',8,'commande'),(34,48,'propal',28,'facture'),(39,48,'propal',33,'facture'),(40,48,'propal',35,'facture'),(41,48,'propal',36,'facture'),(752,51,'shipping',418,'facture'),(30,52,'propal',21,'facture'),(33,52,'propal',25,'facture'),(25,53,'propal',10,'commande'),(26,53,'propal',18,'facture'),(792,53,'shipping',438,'facture'),(726,55,'propal',303,'commande'),(727,55,'propal',410,'facture'),(146,59,'commande',7,'shipping'),(148,59,'commande',92,'facture'),(153,61,'commande',8,'shipping'),(36,61,'propal',12,'commande'),(37,61,'propal',31,'facture'),(899,64,'shipping',486,'facture'),(130,65,'propal',52,'commande'),(45,66,'propal',15,'commande'),(46,66,'propal',37,'facture'),(47,66,'propal',38,'facture'),(48,69,'propal',16,'commande'),(49,69,'propal',39,'facture'),(50,69,'propal',40,'facture'),(174,71,'commande',9,'shipping'),(183,73,'propal',75,'commande'),(184,73,'propal',76,'commande'),(190,73,'propal',113,'facture'),(51,75,'propal',17,'commande'),(52,75,'propal',41,'facture'),(53,75,'propal',42,'facture'),(185,76,'commande',10,'shipping'),(188,78,'commande',11,'shipping'),(54,79,'propal',18,'commande'),(55,79,'propal',43,'facture'),(56,79,'propal',44,'facture'),(57,82,'propal',19,'commande'),(58,82,'propal',45,'facture'),(59,82,'propal',46,'facture'),(176,84,'facture',209,'propal'),(60,86,'propal',20,'commande'),(61,86,'propal',47,'facture'),(62,86,'propal',48,'facture'),(214,87,'commande',12,'shipping'),(224,90,'commande',13,'shipping'),(151,91,'propal',62,'commande'),(152,91,'propal',93,'facture'),(402,95,'propal',171,'commande'),(403,95,'propal',230,'facture'),(63,104,'propal',21,'commande'),(64,104,'propal',49,'facture'),(65,104,'propal',50,'facture'),(253,105,'commande',16,'shipping'),(257,107,'commande',17,'shipping'),(71,108,'propal',22,'commande'),(72,108,'propal',56,'facture'),(73,110,'propal',23,'commande'),(74,112,'propal',24,'commande'),(75,115,'propal',25,'commande'),(236,115,'propal',142,'facture'),(237,115,'propal',143,'facture'),(93,116,'propal',35,'commande'),(76,118,'propal',26,'commande'),(77,118,'propal',57,'facture'),(82,120,'propal',30,'commande'),(83,120,'propal',59,'facture'),(84,120,'propal',60,'facture'),(281,123,'propal',118,'commande'),(282,123,'propal',167,'facture'),(283,123,'propal',168,'facture'),(295,124,'commande',18,'shipping'),(94,127,'propal',36,'commande'),(308,129,'propal',129,'commande'),(309,129,'propal',186,'facture'),(310,129,'propal',187,'facture'),(80,130,'propal',29,'commande'),(81,130,'propal',58,'facture'),(240,130,'propal',145,'facture'),(316,132,'commande',19,'shipping'),(684,132,'propal',286,'commande'),(685,132,'propal',388,'facture'),(552,133,'propal',234,'commande'),(553,133,'propal',313,'facture'),(319,134,'commande',20,'shipping'),(796,135,'propal',333,'commande'),(797,135,'propal',440,'facture'),(322,136,'commande',21,'shipping'),(85,137,'propal',31,'commande'),(86,137,'propal',32,'commande'),(90,138,'propal',33,'commande'),(91,138,'propal',62,'facture'),(415,138,'propal',239,'facture'),(132,139,'propal',53,'commande'),(133,139,'propal',85,'facture'),(395,141,'propal',167,'commande'),(396,141,'propal',168,'commande'),(397,141,'propal',227,'facture'),(154,143,'propal',63,'commande'),(155,143,'propal',94,'facture'),(92,145,'propal',34,'commande'),(193,145,'propal',115,'facture'),(194,145,'propal',116,'facture'),(96,147,'propal',38,'commande'),(97,147,'propal',63,'facture'),(242,147,'propal',146,'facture'),(95,148,'propal',37,'commande'),(156,148,'propal',95,'facture'),(157,148,'propal',96,'facture'),(98,149,'propal',39,'commande'),(354,150,'commande',24,'shipping'),(99,150,'propal',40,'commande'),(328,150,'propal',193,'facture'),(100,151,'propal',41,'commande'),(101,151,'propal',65,'facture'),(102,152,'propal',42,'commande'),(103,152,'propal',66,'facture'),(104,152,'propal',67,'facture'),(105,152,'propal',68,'facture'),(235,154,'propal',96,'commande'),(363,155,'commande',25,'shipping'),(106,156,'propal',43,'commande'),(374,159,'commande',26,'shipping'),(107,159,'propal',44,'commande'),(108,159,'propal',69,'facture'),(109,159,'propal',70,'facture'),(110,160,'propal',45,'commande'),(111,160,'propal',71,'facture'),(377,161,'commande',27,'shipping'),(114,161,'propal',47,'commande'),(115,161,'propal',73,'facture'),(119,161,'propal',76,'facture'),(112,162,'propal',46,'commande'),(113,162,'propal',72,'facture'),(120,162,'propal',77,'facture'),(398,166,'propal',169,'commande'),(399,166,'propal',228,'facture'),(122,169,'propal',49,'commande'),(123,169,'propal',79,'facture'),(124,169,'propal',80,'facture'),(125,171,'propal',50,'commande'),(126,171,'propal',81,'facture'),(127,172,'propal',51,'commande'),(128,172,'propal',82,'facture'),(129,172,'propal',83,'facture'),(134,173,'propal',54,'commande'),(135,173,'propal',86,'facture'),(136,173,'propal',87,'facture'),(137,176,'propal',55,'commande'),(138,176,'propal',88,'facture'),(221,177,'propal',89,'commande'),(222,177,'propal',90,'commande'),(234,177,'propal',141,'facture'),(139,178,'propal',56,'commande'),(140,178,'propal',89,'facture'),(482,178,'propal',275,'facture'),(141,179,'propal',57,'commande'),(142,179,'propal',90,'facture'),(143,179,'propal',91,'facture'),(170,180,'propal',69,'commande'),(171,180,'propal',107,'facture'),(597,180,'propal',333,'facture'),(429,181,'commande',28,'shipping'),(714,181,'propal',297,'commande'),(715,181,'propal',404,'facture'),(144,182,'propal',58,'commande'),(145,182,'propal',59,'commande'),(149,183,'propal',60,'commande'),(150,183,'propal',61,'commande'),(195,183,'propal',117,'facture'),(440,185,'commande',30,'shipping'),(453,186,'commande',256,'facture'),(158,190,'propal',64,'commande'),(159,190,'propal',97,'facture'),(160,190,'propal',98,'facture'),(329,196,'propal',139,'commande'),(342,196,'propal',202,'facture'),(343,196,'propal',203,'facture'),(161,198,'propal',65,'commande'),(292,198,'propal',176,'facture'),(325,198,'propal',191,'facture'),(305,199,'propal',128,'commande'),(306,199,'propal',184,'facture'),(307,199,'propal',185,'facture'),(162,200,'propal',66,'commande'),(164,200,'propal',67,'commande'),(163,200,'propal',101,'facture'),(169,200,'propal',106,'facture'),(167,201,'propal',68,'commande'),(168,201,'propal',105,'facture'),(472,201,'propal',270,'facture'),(478,202,'commande',31,'shipping'),(542,202,'propal',231,'commande'),(543,202,'propal',306,'facture'),(172,204,'propal',70,'commande'),(173,204,'propal',71,'commande'),(175,204,'propal',108,'facture'),(485,206,'commande',32,'shipping'),(423,209,'propal',179,'commande'),(424,209,'propal',243,'facture'),(425,209,'propal',244,'facture'),(426,209,'propal',245,'facture'),(177,212,'propal',72,'commande'),(178,212,'propal',109,'facture'),(499,213,'commande',33,'shipping'),(226,213,'propal',92,'commande'),(227,213,'propal',137,'facture'),(179,214,'propal',73,'commande'),(180,214,'propal',110,'facture'),(510,219,'commande',34,'shipping'),(186,220,'propal',77,'commande'),(187,220,'propal',78,'commande'),(189,220,'propal',112,'facture'),(191,221,'propal',79,'commande'),(192,221,'propal',114,'facture'),(196,222,'propal',80,'commande'),(197,222,'propal',119,'facture'),(198,222,'propal',120,'facture'),(199,225,'propal',81,'commande'),(200,225,'propal',121,'facture'),(268,226,'propal',112,'commande'),(269,226,'propal',156,'facture'),(311,226,'propal',188,'facture'),(201,229,'propal',82,'commande'),(202,229,'propal',122,'facture'),(203,229,'propal',123,'facture'),(538,230,'commande',35,'shipping'),(610,230,'commande',341,'facture'),(205,232,'propal',83,'commande'),(206,232,'propal',125,'facture'),(207,232,'propal',126,'facture'),(556,236,'commande',36,'shipping'),(557,236,'commande',37,'shipping'),(858,238,'commande',465,'facture'),(598,239,'propal',256,'commande'),(599,239,'propal',334,'facture'),(627,242,'propal',268,'commande'),(628,242,'propal',348,'facture'),(572,243,'commande',38,'shipping'),(210,243,'propal',85,'commande'),(211,243,'propal',129,'facture'),(220,243,'propal',134,'facture'),(841,245,'propal',356,'commande'),(842,245,'propal',461,'facture'),(576,246,'commande',39,'shipping'),(606,246,'commande',338,'facture'),(454,247,'propal',193,'commande'),(404,253,'propal',172,'commande'),(405,253,'propal',231,'facture'),(270,256,'propal',113,'commande'),(271,256,'propal',161,'facture'),(629,256,'propal',349,'facture'),(258,258,'propal',108,'commande'),(259,258,'propal',150,'facture'),(288,258,'propal',172,'facture'),(216,261,'propal',88,'commande'),(217,261,'propal',131,'facture'),(481,261,'propal',274,'facture'),(618,263,'commande',40,'shipping'),(312,265,'propal',130,'commande'),(313,265,'propal',189,'facture'),(832,265,'propal',350,'commande'),(833,265,'propal',351,'commande'),(261,266,'propal',110,'commande'),(262,266,'propal',151,'facture'),(625,267,'commande',41,'shipping'),(212,267,'propal',86,'commande'),(213,267,'propal',87,'commande'),(382,267,'propal',164,'commande'),(383,267,'propal',217,'facture'),(638,270,'commande',42,'shipping'),(456,270,'propal',194,'commande'),(223,274,'propal',91,'commande'),(225,274,'propal',136,'facture'),(228,277,'propal',93,'commande'),(229,277,'propal',94,'commande'),(230,277,'propal',138,'facture'),(231,278,'propal',95,'commande'),(232,278,'propal',139,'facture'),(233,278,'propal',140,'facture'),(642,279,'propal',272,'commande'),(643,279,'propal',358,'facture'),(335,280,'propal',142,'commande'),(336,280,'propal',197,'facture'),(674,282,'commande',43,'shipping'),(777,282,'commande',431,'facture'),(689,288,'commande',44,'shipping'),(302,288,'propal',127,'commande'),(303,288,'propal',182,'facture'),(304,288,'propal',183,'facture'),(695,290,'commande',46,'shipping'),(766,290,'commande',428,'facture'),(238,290,'propal',97,'commande'),(239,290,'propal',144,'facture'),(241,292,'propal',98,'commande'),(466,292,'propal',264,'facture'),(757,293,'commande',421,'facture'),(357,297,'propal',152,'commande'),(358,297,'propal',207,'facture'),(371,297,'propal',214,'facture'),(431,298,'propal',182,'commande'),(432,298,'propal',247,'facture'),(433,298,'propal',248,'facture'),(249,301,'propal',105,'commande'),(393,301,'propal',166,'commande'),(394,301,'propal',226,'facture'),(243,302,'propal',99,'commande'),(299,302,'propal',179,'facture'),(244,303,'propal',100,'commande'),(413,303,'propal',237,'facture'),(414,303,'propal',238,'facture'),(645,303,'propal',360,'facture'),(245,304,'propal',101,'commande'),(830,304,'propal',349,'commande'),(246,305,'propal',102,'commande'),(550,305,'propal',311,'facture'),(551,305,'propal',312,'facture'),(732,306,'commande',47,'shipping'),(907,306,'commande',492,'facture'),(247,306,'propal',103,'commande'),(251,306,'propal',148,'facture'),(254,306,'propal',149,'facture'),(736,308,'commande',48,'shipping'),(824,309,'commande',454,'facture'),(745,312,'commande',49,'shipping'),(255,312,'propal',106,'commande'),(256,312,'propal',107,'commande'),(384,312,'propal',218,'facture'),(260,313,'propal',109,'commande'),(263,313,'propal',152,'facture'),(264,313,'propal',153,'facture'),(749,314,'commande',50,'shipping'),(750,314,'commande',51,'shipping'),(753,314,'commande',418,'facture'),(331,314,'propal',140,'commande'),(332,314,'propal',195,'facture'),(756,316,'commande',420,'facture'),(759,317,'commande',422,'facture'),(764,318,'commande',426,'facture'),(765,318,'commande',427,'facture'),(762,319,'commande',423,'facture'),(763,319,'commande',425,'facture'),(771,321,'commande',52,'shipping'),(895,321,'commande',483,'facture'),(265,321,'propal',111,'commande'),(266,321,'propal',154,'facture'),(267,321,'propal',155,'facture'),(788,322,'propal',330,'commande'),(789,322,'propal',331,'commande'),(774,323,'commande',53,'shipping'),(793,323,'commande',438,'facture'),(780,325,'commande',432,'facture'),(826,325,'commande',457,'facture'),(783,327,'commande',433,'facture'),(811,327,'commande',447,'facture'),(486,327,'propal',207,'commande'),(487,327,'propal',208,'commande'),(488,327,'propal',276,'facture'),(787,329,'commande',435,'facture'),(272,330,'propal',114,'commande'),(275,330,'propal',163,'facture'),(434,330,'propal',249,'facture'),(790,331,'commande',436,'facture'),(818,331,'commande',451,'facture'),(296,334,'propal',125,'commande'),(297,334,'propal',177,'facture'),(660,334,'propal',373,'facture'),(806,337,'commande',54,'shipping'),(905,339,'commande',490,'facture'),(355,339,'propal',151,'commande'),(356,339,'propal',205,'facture'),(814,341,'commande',448,'facture'),(273,341,'propal',115,'commande'),(274,341,'propal',162,'facture'),(435,341,'propal',250,'facture'),(817,343,'commande',449,'facture'),(276,343,'propal',116,'commande'),(277,343,'propal',164,'facture'),(418,343,'propal',241,'facture'),(278,344,'propal',117,'commande'),(280,344,'propal',166,'facture'),(368,344,'propal',212,'facture'),(823,346,'commande',453,'facture'),(829,347,'commande',458,'facture'),(326,347,'propal',138,'commande'),(327,347,'propal',192,'facture'),(284,348,'propal',119,'commande'),(285,348,'propal',120,'commande'),(286,348,'propal',169,'facture'),(681,348,'propal',386,'facture'),(831,349,'commande',459,'facture'),(834,351,'commande',460,'facture'),(287,352,'propal',121,'commande'),(340,352,'propal',200,'facture'),(341,352,'propal',201,'facture'),(473,352,'propal',271,'facture'),(837,353,'commande',57,'shipping'),(898,355,'commande',64,'shipping'),(900,355,'commande',486,'facture'),(733,355,'facture',649,'propal'),(845,358,'commande',59,'shipping'),(897,358,'commande',485,'facture'),(909,364,'commande',494,'facture'),(859,365,'commande',466,'facture'),(857,368,'propal',366,'commande'),(378,370,'propal',162,'commande'),(379,370,'propal',215,'facture'),(626,370,'propal',347,'facture'),(289,372,'propal',122,'commande'),(876,374,'commande',63,'shipping'),(380,375,'propal',163,'commande'),(381,375,'propal',216,'facture'),(668,375,'propal',379,'facture'),(886,380,'commande',476,'facture'),(293,381,'propal',123,'commande'),(294,381,'propal',124,'commande'),(388,381,'propal',221,'facture'),(931,382,'commande',505,'facture'),(300,385,'propal',126,'commande'),(301,385,'propal',181,'facture'),(591,385,'propal',329,'facture'),(914,386,'commande',497,'facture'),(919,389,'commande',65,'shipping'),(925,392,'commande',66,'shipping'),(458,392,'propal',195,'commande'),(459,392,'propal',259,'facture'),(323,399,'propal',137,'commande'),(324,399,'propal',190,'facture'),(533,401,'propal',228,'commande'),(534,401,'propal',301,'facture'),(366,403,'propal',156,'commande'),(367,403,'propal',211,'facture'),(317,405,'propal',133,'commande'),(318,405,'propal',134,'commande'),(392,405,'propal',225,'facture'),(320,406,'propal',135,'commande'),(321,406,'propal',136,'commande'),(385,406,'propal',219,'facture'),(419,411,'propal',176,'commande'),(420,411,'propal',242,'facture'),(344,412,'propal',144,'commande'),(345,412,'propal',204,'facture'),(333,416,'propal',141,'commande'),(334,416,'propal',196,'facture'),(337,417,'propal',143,'commande'),(338,417,'propal',198,'facture'),(339,417,'propal',199,'facture'),(369,419,'propal',157,'commande'),(370,419,'propal',213,'facture'),(580,419,'propal',323,'facture'),(352,423,'propal',149,'commande'),(353,423,'propal',150,'commande'),(389,423,'propal',222,'facture'),(372,425,'propal',158,'commande'),(373,425,'propal',159,'commande'),(391,425,'propal',224,'facture'),(400,431,'propal',170,'commande'),(401,431,'propal',229,'facture'),(479,432,'propal',203,'commande'),(480,432,'propal',204,'commande'),(539,432,'propal',303,'facture'),(359,433,'propal',153,'commande'),(364,433,'propal',209,'facture'),(365,433,'propal',210,'facture'),(361,434,'propal',154,'commande'),(362,434,'propal',155,'commande'),(390,434,'propal',223,'facture'),(375,439,'propal',160,'commande'),(376,439,'propal',161,'commande'),(545,439,'propal',232,'commande'),(546,439,'propal',308,'facture'),(386,440,'propal',165,'commande'),(387,440,'propal',220,'facture'),(430,440,'propal',246,'facture'),(504,446,'propal',216,'commande'),(505,446,'propal',284,'facture'),(408,453,'propal',174,'commande'),(409,453,'propal',233,'facture'),(406,459,'propal',173,'commande'),(407,459,'propal',232,'facture'),(463,459,'propal',262,'facture'),(444,462,'propal',188,'commande'),(445,462,'propal',252,'facture'),(416,463,'propal',175,'commande'),(417,463,'propal',240,'facture'),(421,466,'propal',177,'commande'),(532,466,'propal',300,'facture'),(561,466,'propal',317,'facture'),(422,467,'propal',178,'commande'),(515,467,'propal',289,'facture'),(427,473,'propal',180,'commande'),(428,473,'propal',181,'commande'),(544,473,'propal',307,'facture'),(436,478,'propal',183,'commande'),(438,478,'propal',184,'commande'),(439,478,'propal',185,'commande'),(541,478,'propal',305,'facture'),(880,481,'propal',377,'commande'),(881,481,'propal',474,'facture'),(442,484,'propal',187,'commande'),(443,484,'propal',251,'facture'),(441,485,'propal',186,'commande'),(446,487,'propal',189,'commande'),(451,488,'propal',192,'commande'),(452,488,'propal',255,'facture'),(475,488,'propal',273,'facture'),(447,489,'propal',190,'commande'),(448,489,'propal',253,'facture'),(474,489,'propal',272,'facture'),(449,490,'propal',191,'commande'),(450,490,'propal',254,'facture'),(502,491,'propal',215,'commande'),(503,491,'propal',283,'facture'),(592,493,'propal',254,'commande'),(594,493,'propal',331,'facture'),(585,496,'propal',251,'commande'),(586,496,'propal',326,'facture'),(460,504,'propal',196,'commande'),(461,504,'propal',260,'facture'),(464,506,'propal',197,'commande'),(465,506,'propal',263,'facture'),(528,507,'propal',226,'commande'),(529,507,'propal',298,'facture'),(476,511,'propal',201,'commande'),(477,511,'propal',202,'commande'),(540,511,'propal',304,'facture'),(651,512,'propal',274,'commande'),(653,512,'propal',367,'facture'),(654,512,'propal',368,'facture'),(508,517,'propal',218,'commande'),(509,517,'propal',219,'commande'),(527,517,'propal',297,'facture'),(519,519,'propal',223,'commande'),(520,519,'propal',292,'facture'),(523,520,'propal',225,'commande'),(525,520,'propal',295,'facture'),(469,525,'propal',199,'commande'),(470,525,'propal',267,'facture'),(471,525,'propal',269,'facture'),(530,526,'propal',227,'commande'),(531,526,'propal',299,'facture'),(677,529,'propal',283,'commande'),(678,529,'propal',384,'facture'),(483,538,'propal',205,'commande'),(484,538,'propal',206,'commande'),(500,539,'propal',214,'commande'),(501,539,'propal',282,'facture'),(562,539,'propal',318,'facture'),(495,541,'propal',211,'commande'),(496,541,'propal',281,'facture'),(675,541,'propal',382,'facture'),(489,544,'propal',209,'commande'),(490,544,'propal',277,'facture'),(587,549,'propal',252,'commande'),(588,549,'propal',327,'facture'),(760,553,'propal',318,'commande'),(761,553,'propal',319,'commande'),(493,555,'propal',210,'commande'),(494,555,'propal',280,'facture'),(497,557,'propal',212,'commande'),(498,557,'propal',213,'commande'),(535,557,'propal',302,'facture'),(506,561,'propal',217,'commande'),(507,561,'propal',285,'facture'),(521,564,'propal',224,'commande'),(522,564,'propal',293,'facture'),(554,565,'propal',235,'commande'),(555,565,'propal',236,'commande'),(608,565,'propal',340,'facture'),(511,568,'propal',220,'commande'),(512,568,'propal',287,'facture'),(513,569,'propal',221,'commande'),(514,569,'propal',288,'facture'),(724,570,'propal',302,'commande'),(725,570,'propal',409,'facture'),(517,584,'propal',222,'commande'),(518,584,'propal',291,'facture'),(663,594,'propal',278,'commande'),(664,594,'propal',376,'facture'),(665,594,'propal',377,'facture'),(912,595,'propal',385,'commande'),(913,595,'propal',386,'commande'),(929,595,'propal',503,'facture'),(558,597,'propal',237,'commande'),(559,597,'propal',315,'facture'),(604,601,'propal',259,'commande'),(605,601,'propal',337,'facture'),(712,601,'propal',402,'facture'),(602,602,'propal',258,'commande'),(603,602,'propal',336,'facture'),(713,602,'propal',403,'facture'),(600,603,'propal',257,'commande'),(601,603,'propal',335,'facture'),(548,606,'propal',233,'commande'),(549,606,'propal',310,'facture'),(563,617,'propal',238,'commande'),(564,617,'propal',319,'facture'),(565,620,'propal',239,'commande'),(566,620,'propal',320,'facture'),(567,633,'propal',240,'commande'),(568,633,'propal',241,'commande'),(570,633,'propal',242,'commande'),(571,633,'propal',243,'commande'),(607,633,'propal',339,'facture'),(573,636,'propal',244,'commande'),(574,636,'propal',245,'commande'),(575,636,'propal',246,'commande'),(657,637,'propal',276,'commande'),(658,637,'propal',370,'facture'),(577,638,'propal',247,'commande'),(578,638,'propal',322,'facture'),(655,640,'propal',275,'commande'),(656,640,'propal',369,'facture'),(595,641,'propal',255,'commande'),(596,641,'propal',332,'facture'),(709,641,'propal',400,'facture'),(579,648,'propal',248,'commande'),(613,648,'propal',343,'facture'),(633,648,'propal',353,'facture'),(611,649,'propal',260,'commande'),(612,649,'propal',342,'facture'),(635,649,'propal',355,'facture'),(589,652,'propal',253,'commande'),(590,652,'propal',328,'facture'),(581,661,'propal',249,'commande'),(582,661,'propal',324,'facture'),(583,662,'propal',250,'commande'),(584,662,'propal',325,'facture'),(614,663,'propal',261,'commande'),(615,663,'propal',344,'facture'),(864,670,'propal',369,'commande'),(865,670,'propal',469,'facture'),(866,670,'propal',470,'facture'),(887,681,'propal',381,'commande'),(889,681,'propal',478,'facture'),(890,681,'propal',479,'facture'),(621,690,'propal',265,'commande'),(622,690,'propal',346,'facture'),(616,696,'propal',262,'commande'),(617,696,'propal',263,'commande'),(670,696,'propal',280,'commande'),(671,696,'propal',381,'facture'),(640,699,'propal',271,'commande'),(641,699,'propal',357,'facture'),(619,700,'propal',264,'commande'),(620,700,'propal',345,'facture'),(623,705,'propal',266,'commande'),(624,705,'propal',267,'commande'),(676,705,'propal',383,'facture'),(754,711,'propal',315,'commande'),(755,711,'propal',316,'commande'),(636,714,'propal',269,'commande'),(637,714,'propal',270,'commande'),(719,714,'propal',406,'facture'),(661,715,'propal',277,'commande'),(662,715,'propal',375,'facture'),(682,725,'propal',285,'commande'),(683,725,'propal',387,'facture'),(646,726,'propal',273,'commande'),(648,726,'propal',363,'facture'),(650,726,'propal',365,'facture'),(692,726,'propal',391,'facture'),(666,729,'propal',279,'commande'),(667,729,'propal',378,'facture'),(704,732,'propal',295,'commande'),(705,732,'propal',396,'facture'),(706,732,'propal',397,'facture'),(835,739,'propal',352,'commande'),(836,739,'propal',353,'commande'),(672,740,'propal',281,'commande'),(673,740,'propal',282,'commande'),(688,740,'propal',288,'commande'),(710,756,'propal',296,'commande'),(711,756,'propal',401,'facture'),(739,767,'propal',310,'commande'),(740,767,'propal',413,'facture'),(737,781,'propal',309,'commande'),(738,781,'propal',412,'facture'),(679,786,'propal',284,'commande'),(680,786,'propal',385,'facture'),(686,787,'propal',287,'commande'),(687,787,'propal',389,'facture'),(728,814,'propal',304,'commande'),(729,814,'propal',411,'facture'),(693,815,'propal',289,'commande'),(694,815,'propal',290,'commande'),(821,816,'propal',345,'commande'),(822,816,'propal',346,'commande'),(696,818,'propal',291,'commande'),(697,818,'propal',392,'facture'),(698,819,'propal',292,'commande'),(699,819,'propal',393,'facture'),(921,824,'propal',390,'commande'),(922,824,'propal',500,'facture'),(702,829,'propal',294,'commande'),(758,829,'propal',317,'commande'),(703,829,'propal',395,'facture'),(781,830,'propal',326,'commande'),(782,830,'propal',327,'commande'),(700,831,'propal',293,'commande'),(701,831,'propal',394,'facture'),(915,840,'propal',387,'commande'),(916,840,'propal',498,'facture'),(798,842,'propal',334,'commande'),(849,842,'propal',361,'commande'),(850,842,'propal',463,'facture'),(920,842,'propal',499,'facture'),(812,848,'propal',340,'commande'),(813,848,'propal',341,'commande'),(784,849,'propal',328,'commande'),(785,849,'propal',329,'commande'),(856,851,'propal',365,'commande'),(846,857,'propal',359,'commande'),(847,857,'propal',462,'facture'),(884,859,'propal',379,'commande'),(885,859,'propal',380,'commande'),(778,862,'propal',324,'commande'),(779,862,'propal',325,'commande'),(716,867,'propal',298,'commande'),(717,867,'propal',299,'commande'),(718,867,'propal',405,'facture'),(720,872,'propal',300,'commande'),(722,872,'propal',301,'commande'),(795,872,'propal',332,'commande'),(723,872,'propal',408,'facture'),(794,872,'propal',439,'facture'),(802,872,'propal',443,'facture'),(803,872,'propal',444,'facture'),(747,873,'propal',313,'commande'),(748,873,'propal',314,'commande'),(730,883,'propal',305,'commande'),(731,883,'propal',306,'commande'),(734,890,'propal',307,'commande'),(735,890,'propal',308,'commande'),(892,890,'propal',480,'facture'),(743,909,'propal',311,'commande'),(744,909,'propal',312,'commande'),(893,909,'propal',481,'facture'),(772,931,'propal',322,'commande'),(773,931,'propal',323,'commande'),(769,934,'propal',320,'commande'),(770,934,'propal',321,'commande'),(800,938,'propal',335,'commande'),(801,938,'propal',442,'facture'),(870,948,'propal',372,'commande'),(871,948,'propal',471,'facture'),(804,954,'propal',336,'commande'),(805,954,'propal',337,'commande'),(808,954,'propal',338,'commande'),(809,954,'propal',339,'commande'),(815,972,'propal',342,'commande'),(816,972,'propal',343,'commande'),(819,973,'propal',344,'commande'),(820,973,'propal',452,'facture'),(827,977,'propal',347,'commande'),(862,982,'propal',368,'commande'),(863,982,'propal',468,'facture'),(838,983,'propal',354,'commande'),(839,983,'propal',355,'commande'),(843,990,'propal',357,'commande'),(844,990,'propal',358,'commande'),(851,991,'propal',362,'commande'),(852,991,'propal',464,'facture'),(860,993,'propal',367,'commande'),(861,993,'propal',467,'facture'),(882,997,'propal',378,'commande'),(883,997,'propal',475,'facture'),(848,999,'propal',360,'commande'),(910,999,'propal',495,'facture'),(853,1004,'propal',363,'commande'),(854,1004,'propal',364,'commande'),(901,1005,'propal',383,'commande'),(902,1005,'propal',487,'facture'),(872,1007,'propal',373,'commande'),(873,1007,'propal',472,'facture'),(891,1016,'propal',382,'commande'),(930,1016,'propal',504,'facture'),(867,1022,'propal',370,'commande'),(874,1022,'propal',374,'commande'),(877,1029,'propal',375,'commande'),(879,1029,'propal',473,'facture'),(917,1032,'propal',388,'commande'),(918,1032,'propal',389,'commande'),(911,1050,'propal',384,'commande'),(928,1050,'propal',502,'facture'),(923,1058,'propal',391,'commande'),(924,1058,'propal',392,'commande'),(926,1060,'propal',393,'commande'),(927,1060,'propal',501,'facture'),(932,1063,'propal',394,'commande'),(933,1063,'propal',506,'facture');

--
-- Table structure for table `llx_element_resources`
--

CREATE TABLE `llx_element_resources` (
  `rowid` int(11) NOT NULL AUTO_INCREMENT,
  `element_id` int(11) DEFAULT NULL,
  `element_type` varchar(64) COLLATE utf8_unicode_ci DEFAULT NULL,
  `resource_id` int(11) DEFAULT NULL,
  `resource_type` varchar(64) COLLATE utf8_unicode_ci DEFAULT NULL,
  `busy` int(11) DEFAULT NULL,
  `mandatory` int(11) DEFAULT NULL,
  `duree` double DEFAULT NULL,
  `fk_user_create` int(11) DEFAULT NULL,
  `tms` timestamp NOT NULL DEFAULT current_timestamp() ON UPDATE current_timestamp(),
  PRIMARY KEY (`rowid`),
  UNIQUE KEY `idx_element_resources_idx1` (`resource_id`,`resource_type`,`element_id`,`element_type`),
  KEY `idx_element_element_element_id` (`element_id`)
) ENGINE=InnoDB DEFAULT CHARSET=utf8 COLLATE=utf8_unicode_ci;

--
-- Dumping data for table `llx_element_resources`
--


--
-- Table structure for table `llx_emailcollector_emailcollector`
--

CREATE TABLE `llx_emailcollector_emailcollector` (
  `rowid` int(11) NOT NULL AUTO_INCREMENT,
  `entity` int(11) NOT NULL DEFAULT 1,
  `ref` varchar(128) COLLATE utf8_unicode_ci NOT NULL,
  `label` varchar(255) COLLATE utf8_unicode_ci DEFAULT NULL,
  `description` text COLLATE utf8_unicode_ci DEFAULT NULL,
  `host` varchar(255) COLLATE utf8_unicode_ci DEFAULT NULL,
  `login` varchar(128) COLLATE utf8_unicode_ci DEFAULT NULL,
  `password` varchar(128) COLLATE utf8_unicode_ci DEFAULT NULL,
  `source_directory` varchar(255) COLLATE utf8_unicode_ci NOT NULL,
  `target_directory` varchar(255) COLLATE utf8_unicode_ci DEFAULT NULL,
  `datelastresult` datetime DEFAULT NULL,
  `codelastresult` varchar(16) COLLATE utf8_unicode_ci DEFAULT NULL,
  `lastresult` varchar(255) COLLATE utf8_unicode_ci DEFAULT NULL,
  `note_public` text COLLATE utf8_unicode_ci DEFAULT NULL,
  `note_private` text COLLATE utf8_unicode_ci DEFAULT NULL,
  `date_creation` datetime NOT NULL,
  `tms` timestamp NOT NULL DEFAULT current_timestamp() ON UPDATE current_timestamp(),
  `fk_user_creat` int(11) NOT NULL,
  `fk_user_modif` int(11) DEFAULT NULL,
  `import_key` varchar(14) COLLATE utf8_unicode_ci DEFAULT NULL,
  `status` int(11) NOT NULL,
  `datelastok` datetime DEFAULT NULL,
  `maxemailpercollect` int(11) DEFAULT 100,
  `hostcharset` varchar(16) COLLATE utf8_unicode_ci DEFAULT 'UTF-8',
  PRIMARY KEY (`rowid`),
  UNIQUE KEY `uk_emailcollector_emailcollector_ref` (`ref`,`entity`),
  KEY `idx_emailcollector_entity` (`entity`),
  KEY `idx_emailcollector_status` (`status`)
) ENGINE=InnoDB DEFAULT CHARSET=utf8 COLLATE=utf8_unicode_ci;

--
-- Dumping data for table `llx_emailcollector_emailcollector`
--


--
-- Table structure for table `llx_emailcollector_emailcollectoraction`
--

CREATE TABLE `llx_emailcollector_emailcollectoraction` (
  `rowid` int(11) NOT NULL AUTO_INCREMENT,
  `fk_emailcollector` int(11) NOT NULL,
  `type` varchar(128) COLLATE utf8_unicode_ci NOT NULL,
  `actionparam` varchar(255) COLLATE utf8_unicode_ci DEFAULT NULL,
  `date_creation` datetime NOT NULL,
  `tms` timestamp NOT NULL DEFAULT current_timestamp() ON UPDATE current_timestamp(),
  `fk_user_creat` int(11) NOT NULL,
  `fk_user_modif` int(11) DEFAULT NULL,
  `position` int(11) DEFAULT 0,
  `import_key` varchar(14) COLLATE utf8_unicode_ci DEFAULT NULL,
  `status` int(11) NOT NULL,
  PRIMARY KEY (`rowid`),
  UNIQUE KEY `uk_emailcollector_emailcollectoraction` (`fk_emailcollector`,`type`),
  KEY `idx_emailcollector_fk_emailcollector` (`fk_emailcollector`),
  CONSTRAINT `fk_emailcollectoraction_fk_emailcollector` FOREIGN KEY (`fk_emailcollector`) REFERENCES `llx_emailcollector_emailcollector` (`rowid`)
) ENGINE=InnoDB DEFAULT CHARSET=utf8 COLLATE=utf8_unicode_ci;

--
-- Dumping data for table `llx_emailcollector_emailcollectoraction`
--


--
-- Table structure for table `llx_emailcollector_emailcollectorfilter`
--

CREATE TABLE `llx_emailcollector_emailcollectorfilter` (
  `rowid` int(11) NOT NULL AUTO_INCREMENT,
  `fk_emailcollector` int(11) NOT NULL,
  `type` varchar(128) COLLATE utf8_unicode_ci NOT NULL,
  `rulevalue` varchar(255) COLLATE utf8_unicode_ci DEFAULT NULL,
  `date_creation` datetime NOT NULL,
  `tms` timestamp NOT NULL DEFAULT current_timestamp() ON UPDATE current_timestamp(),
  `fk_user_creat` int(11) NOT NULL,
  `fk_user_modif` int(11) DEFAULT NULL,
  `import_key` varchar(14) COLLATE utf8_unicode_ci DEFAULT NULL,
  `status` int(11) NOT NULL,
  PRIMARY KEY (`rowid`),
  UNIQUE KEY `uk_emailcollector_emailcollectorfilter` (`fk_emailcollector`,`type`,`rulevalue`),
  KEY `idx_emailcollector_fk_emailcollector` (`fk_emailcollector`),
  CONSTRAINT `fk_emailcollectorfilter_fk_emailcollector` FOREIGN KEY (`fk_emailcollector`) REFERENCES `llx_emailcollector_emailcollector` (`rowid`)
) ENGINE=InnoDB DEFAULT CHARSET=utf8 COLLATE=utf8_unicode_ci;

--
-- Dumping data for table `llx_emailcollector_emailcollectorfilter`
--


--
-- Table structure for table `llx_entrepot`
--

CREATE TABLE `llx_entrepot` (
  `rowid` int(11) NOT NULL AUTO_INCREMENT,
  `ref` varchar(255) COLLATE utf8_unicode_ci NOT NULL,
  `datec` datetime DEFAULT NULL,
  `tms` timestamp NOT NULL DEFAULT current_timestamp() ON UPDATE current_timestamp(),
  `entity` int(11) NOT NULL DEFAULT 1,
  `fk_project` int(11) DEFAULT NULL,
  `description` text COLLATE utf8_unicode_ci DEFAULT NULL,
  `lieu` varchar(64) COLLATE utf8_unicode_ci DEFAULT NULL,
  `address` varchar(255) COLLATE utf8_unicode_ci DEFAULT NULL,
  `zip` varchar(10) COLLATE utf8_unicode_ci DEFAULT NULL,
  `town` varchar(50) COLLATE utf8_unicode_ci DEFAULT NULL,
  `fk_departement` int(11) DEFAULT NULL,
  `fk_pays` int(11) DEFAULT 0,
  `statut` tinyint(4) DEFAULT 1,
  `fk_user_author` int(11) DEFAULT NULL,
  `model_pdf` varchar(255) COLLATE utf8_unicode_ci DEFAULT NULL,
  `import_key` varchar(14) COLLATE utf8_unicode_ci DEFAULT NULL,
  `fk_parent` int(11) DEFAULT 0,
  `fax` varchar(20) COLLATE utf8_unicode_ci DEFAULT NULL,
  `phone` varchar(20) COLLATE utf8_unicode_ci DEFAULT NULL,
  PRIMARY KEY (`rowid`),
  UNIQUE KEY `uk_entrepot_label` (`ref`,`entity`)
) ENGINE=InnoDB AUTO_INCREMENT=2 DEFAULT CHARSET=utf8 COLLATE=utf8_unicode_ci;

--
-- Dumping data for table `llx_entrepot`
--

INSERT INTO `llx_entrepot` (`rowid`, `ref`, `datec`, `tms`, `entity`, `fk_project`, `description`, `lieu`, `address`, `zip`, `town`, `fk_departement`, `fk_pays`, `statut`, `fk_user_author`, `model_pdf`, `import_key`, `fk_parent`, `fax`, `phone`) VALUES (1,'ENTREPOT','2022-05-06 11:28:59','2022-05-06 09:28:59',1,NULL,'','','','','',NULL,1,1,1,NULL,NULL,NULL,'','');

--
-- Table structure for table `llx_entrepot_extrafields`
--

CREATE TABLE `llx_entrepot_extrafields` (
  `rowid` int(11) NOT NULL AUTO_INCREMENT,
  `tms` timestamp NOT NULL DEFAULT current_timestamp() ON UPDATE current_timestamp(),
  `fk_object` int(11) NOT NULL,
  `import_key` varchar(14) COLLATE utf8_unicode_ci DEFAULT NULL,
  PRIMARY KEY (`rowid`),
  KEY `idx_entrepot_extrafields` (`fk_object`)
) ENGINE=InnoDB DEFAULT CHARSET=utf8 COLLATE=utf8_unicode_ci;

--
-- Dumping data for table `llx_entrepot_extrafields`
--


--
-- Table structure for table `llx_establishment`
--

CREATE TABLE `llx_establishment` (
  `rowid` int(11) NOT NULL AUTO_INCREMENT,
  `entity` int(11) NOT NULL DEFAULT 1,
  `name` varchar(50) COLLATE utf8_unicode_ci DEFAULT NULL,
  `address` varchar(255) COLLATE utf8_unicode_ci DEFAULT NULL,
  `zip` varchar(25) COLLATE utf8_unicode_ci DEFAULT NULL,
  `town` varchar(50) COLLATE utf8_unicode_ci DEFAULT NULL,
  `fk_state` int(11) DEFAULT 0,
  `fk_country` int(11) DEFAULT 0,
  `profid1` varchar(20) COLLATE utf8_unicode_ci DEFAULT NULL,
  `profid2` varchar(20) COLLATE utf8_unicode_ci DEFAULT NULL,
  `profid3` varchar(20) COLLATE utf8_unicode_ci DEFAULT NULL,
  `phone` varchar(20) COLLATE utf8_unicode_ci DEFAULT NULL,
  `fk_user_author` int(11) NOT NULL,
  `fk_user_mod` int(11) DEFAULT NULL,
  `datec` datetime NOT NULL,
  `tms` timestamp NOT NULL DEFAULT current_timestamp() ON UPDATE current_timestamp(),
  `status` tinyint(4) DEFAULT 1,
  `ref` varchar(30) COLLATE utf8_unicode_ci NOT NULL,
  `label` varchar(128) COLLATE utf8_unicode_ci DEFAULT NULL,
  PRIMARY KEY (`rowid`)
) ENGINE=InnoDB DEFAULT CHARSET=utf8 COLLATE=utf8_unicode_ci;

--
-- Dumping data for table `llx_establishment`
--


--
-- Table structure for table `llx_event_element`
--

CREATE TABLE `llx_event_element` (
  `rowid` int(11) NOT NULL AUTO_INCREMENT,
  `fk_source` int(11) NOT NULL,
  `fk_target` int(11) NOT NULL,
  `targettype` varchar(32) COLLATE utf8_unicode_ci NOT NULL,
  PRIMARY KEY (`rowid`)
) ENGINE=InnoDB DEFAULT CHARSET=utf8 COLLATE=utf8_unicode_ci;

--
-- Dumping data for table `llx_event_element`
--


--
-- Table structure for table `llx_eventorganization_conferenceorboothattendee`
--

CREATE TABLE `llx_eventorganization_conferenceorboothattendee` (
  `rowid` int(11) NOT NULL AUTO_INCREMENT,
  `ref` varchar(128) COLLATE utf8_unicode_ci NOT NULL,
  `fk_soc` int(11) DEFAULT NULL,
  `fk_actioncomm` int(11) DEFAULT NULL,
  `fk_project` int(11) NOT NULL,
  `fk_invoice` int(11) DEFAULT NULL,
  `email` varchar(100) COLLATE utf8_unicode_ci DEFAULT NULL,
  `date_subscription` datetime DEFAULT NULL,
  `amount` double DEFAULT NULL,
  `note_public` text COLLATE utf8_unicode_ci DEFAULT NULL,
  `note_private` text COLLATE utf8_unicode_ci DEFAULT NULL,
  `date_creation` datetime NOT NULL,
  `tms` timestamp NOT NULL DEFAULT current_timestamp() ON UPDATE current_timestamp(),
  `fk_user_creat` int(11) DEFAULT NULL,
  `fk_user_modif` int(11) DEFAULT NULL,
  `last_main_doc` varchar(255) COLLATE utf8_unicode_ci DEFAULT NULL,
  `import_key` varchar(14) COLLATE utf8_unicode_ci DEFAULT NULL,
  `model_pdf` varchar(255) COLLATE utf8_unicode_ci DEFAULT NULL,
  `status` smallint(6) NOT NULL,
  PRIMARY KEY (`rowid`),
  UNIQUE KEY `uk_eventorganization_conferenceorboothattendee` (`fk_project`,`email`,`fk_actioncomm`),
  KEY `idx_eventorganization_conferenceorboothattendee_rowid` (`rowid`),
  KEY `idx_eventorganization_conferenceorboothattendee_ref` (`ref`),
  KEY `idx_eventorganization_conferenceorboothattendee_fk_soc` (`fk_soc`),
  KEY `idx_eventorganization_conferenceorboothattendee_fk_actioncomm` (`fk_actioncomm`),
  KEY `idx_eventorganization_conferenceorboothattendee_email` (`email`),
  KEY `idx_eventorganization_conferenceorboothattendee_status` (`status`)
) ENGINE=InnoDB DEFAULT CHARSET=utf8 COLLATE=utf8_unicode_ci;

--
-- Dumping data for table `llx_eventorganization_conferenceorboothattendee`
--


--
-- Table structure for table `llx_eventorganization_conferenceorboothattendee_extrafields`
--

CREATE TABLE `llx_eventorganization_conferenceorboothattendee_extrafields` (
  `rowid` int(11) NOT NULL AUTO_INCREMENT,
  `tms` timestamp NOT NULL DEFAULT current_timestamp() ON UPDATE current_timestamp(),
  `fk_object` int(11) NOT NULL,
  `import_key` varchar(14) COLLATE utf8_unicode_ci DEFAULT NULL,
  PRIMARY KEY (`rowid`),
  KEY `idx_conferenceorboothattendee_fk_object` (`fk_object`)
) ENGINE=InnoDB DEFAULT CHARSET=utf8 COLLATE=utf8_unicode_ci;

--
-- Dumping data for table `llx_eventorganization_conferenceorboothattendee_extrafields`
--


--
-- Table structure for table `llx_events`
--

CREATE TABLE `llx_events` (
  `rowid` int(11) NOT NULL AUTO_INCREMENT,
  `tms` timestamp NOT NULL DEFAULT current_timestamp() ON UPDATE current_timestamp(),
  `type` varchar(32) COLLATE utf8_unicode_ci NOT NULL,
  `entity` int(11) NOT NULL DEFAULT 1,
  `dateevent` datetime DEFAULT NULL,
  `fk_user` int(11) DEFAULT NULL,
  `description` varchar(250) COLLATE utf8_unicode_ci NOT NULL,
  `ip` varchar(250) COLLATE utf8_unicode_ci NOT NULL,
  `user_agent` varchar(255) COLLATE utf8_unicode_ci DEFAULT NULL,
  `fk_object` int(11) DEFAULT NULL,
  `prefix_session` varchar(255) COLLATE utf8_unicode_ci DEFAULT NULL,
  `authentication_method` varchar(64) COLLATE utf8_unicode_ci DEFAULT NULL,
  `fk_oauth_token` int(11) DEFAULT NULL,
  PRIMARY KEY (`rowid`),
  KEY `idx_events_dateevent` (`dateevent`)
) ENGINE=InnoDB DEFAULT CHARSET=utf8 COLLATE=utf8_unicode_ci;

--
-- Dumping data for table `llx_events`
--


--
-- Table structure for table `llx_expedition`
--

CREATE TABLE `llx_expedition` (
  `rowid` int(11) NOT NULL AUTO_INCREMENT,
  `tms` timestamp NOT NULL DEFAULT current_timestamp() ON UPDATE current_timestamp(),
  `ref` varchar(30) COLLATE utf8_unicode_ci NOT NULL,
  `entity` int(11) NOT NULL DEFAULT 1,
  `fk_soc` int(11) NOT NULL,
  `fk_projet` int(11) DEFAULT NULL,
  `ref_ext` varchar(255) COLLATE utf8_unicode_ci DEFAULT NULL,
  `ref_int` varchar(255) COLLATE utf8_unicode_ci DEFAULT NULL,
  `ref_customer` varchar(255) COLLATE utf8_unicode_ci DEFAULT NULL,
  `date_creation` datetime DEFAULT NULL,
  `fk_user_author` int(11) DEFAULT NULL,
  `fk_user_modif` int(11) DEFAULT NULL,
  `date_valid` datetime DEFAULT NULL,
  `fk_user_valid` int(11) DEFAULT NULL,
  `date_delivery` datetime DEFAULT NULL,
  `date_expedition` datetime DEFAULT NULL,
  `fk_address` int(11) DEFAULT NULL,
  `fk_shipping_method` int(11) DEFAULT NULL,
  `tracking_number` varchar(50) COLLATE utf8_unicode_ci DEFAULT NULL,
  `fk_statut` smallint(6) DEFAULT 0,
  `billed` smallint(6) DEFAULT 0,
  `height` float DEFAULT NULL,
  `width` float DEFAULT NULL,
  `size_units` int(11) DEFAULT NULL,
  `size` float DEFAULT NULL,
  `weight_units` int(11) DEFAULT NULL,
  `weight` float DEFAULT NULL,
  `note_private` text COLLATE utf8_unicode_ci DEFAULT NULL,
  `note_public` text COLLATE utf8_unicode_ci DEFAULT NULL,
  `model_pdf` varchar(255) COLLATE utf8_unicode_ci DEFAULT NULL,
  `last_main_doc` varchar(255) COLLATE utf8_unicode_ci DEFAULT NULL,
  `fk_incoterms` int(11) DEFAULT NULL,
  `location_incoterms` varchar(255) COLLATE utf8_unicode_ci DEFAULT NULL,
  `import_key` varchar(14) COLLATE utf8_unicode_ci DEFAULT NULL,
  `extraparams` varchar(255) COLLATE utf8_unicode_ci DEFAULT NULL,
  PRIMARY KEY (`rowid`),
  UNIQUE KEY `idx_expedition_uk_ref` (`ref`,`entity`),
  KEY `idx_expedition_fk_soc` (`fk_soc`),
  KEY `idx_expedition_fk_user_author` (`fk_user_author`),
  KEY `idx_expedition_fk_user_valid` (`fk_user_valid`),
  KEY `idx_expedition_fk_shipping_method` (`fk_shipping_method`),
  CONSTRAINT `fk_expedition_fk_shipping_method` FOREIGN KEY (`fk_shipping_method`) REFERENCES `llx_c_shipment_mode` (`rowid`),
  CONSTRAINT `fk_expedition_fk_soc` FOREIGN KEY (`fk_soc`) REFERENCES `llx_societe` (`rowid`),
  CONSTRAINT `fk_expedition_fk_user_author` FOREIGN KEY (`fk_user_author`) REFERENCES `llx_user` (`rowid`),
  CONSTRAINT `fk_expedition_fk_user_valid` FOREIGN KEY (`fk_user_valid`) REFERENCES `llx_user` (`rowid`)
) ENGINE=InnoDB AUTO_INCREMENT=67 DEFAULT CHARSET=utf8 COLLATE=utf8_unicode_ci;

--
-- Dumping data for table `llx_expedition`
--

INSERT INTO `llx_expedition` (`rowid`, `tms`, `ref`, `entity`, `fk_soc`, `fk_projet`, `ref_ext`, `ref_int`, `ref_customer`, `date_creation`, `fk_user_author`, `fk_user_modif`, `date_valid`, `fk_user_valid`, `date_delivery`, `date_expedition`, `fk_address`, `fk_shipping_method`, `tracking_number`, `fk_statut`, `billed`, `height`, `width`, `size_units`, `size`, `weight_units`, `weight`, `note_private`, `note_public`, `model_pdf`, `last_main_doc`, `fk_incoterms`, `location_incoterms`, `import_key`, `extraparams`) VALUES (4,'2022-05-06 09:33:18','SH2205-0001',1,2769,0,NULL,NULL,'CLOTURE ECOLE','2022-05-06 11:31:47',NULL,1,'2022-05-06 11:33:06',1,'2022-05-06 00:00:00',NULL,NULL,NULL,'',2,0,NULL,NULL,0,NULL,NULL,NULL,NULL,NULL,'rouget','expedition/sending/SH2205-0001/SH2205-0001.pdf',0,'',NULL,NULL),(6,'2022-05-18 08:27:35','SH2205-0002',1,2830,0,NULL,NULL,NULL,'2022-05-18 10:27:25',4,NULL,'2022-05-18 10:27:34',4,'2022-05-18 00:00:00',NULL,NULL,NULL,'',1,0,NULL,NULL,0,NULL,NULL,NULL,NULL,NULL,'rouget','expedition/sending/SH2205-0002/SH2205-0002.pdf',0,'',NULL,NULL),(7,'2022-05-25 07:04:13','SH2205-0003',1,2849,0,NULL,NULL,NULL,'2022-05-25 09:04:06',4,NULL,'2022-05-25 09:04:11',4,'2022-05-25 00:00:00',NULL,NULL,NULL,'',1,0,NULL,NULL,0,NULL,NULL,NULL,NULL,NULL,'rouget','expedition/sending/SH2205-0003/SH2205-0003.pdf',0,'',NULL,NULL),(8,'2022-05-25 07:26:16','SH2205-0004',1,2480,0,NULL,NULL,NULL,'2022-05-25 09:26:02',6,NULL,'2022-05-25 09:26:16',6,'2022-05-25 00:00:00',NULL,NULL,NULL,'',1,0,NULL,NULL,0,NULL,NULL,NULL,NULL,NULL,NULL,'expedition/sending/SH2205-0004/SH2205-0004.pdf',0,'',NULL,NULL),(9,'2022-05-30 14:13:32','SH2205-0005',1,1662,0,NULL,NULL,NULL,'2022-05-30 16:13:19',4,NULL,'2022-05-30 16:13:28',4,'2022-05-30 16:10:00',NULL,NULL,NULL,'',1,0,NULL,NULL,0,NULL,NULL,NULL,NULL,NULL,'rouget','expedition/sending/SH2205-0005/SH2205-0005.pdf',0,'',NULL,NULL),(10,'2022-05-31 13:23:07','SH2205-0006',1,2798,0,NULL,NULL,NULL,'2022-05-31 15:23:04',4,NULL,'2022-05-31 15:23:07',4,'2022-05-31 00:00:00',NULL,NULL,NULL,'',1,0,NULL,NULL,0,NULL,NULL,NULL,NULL,NULL,NULL,'expedition/sending/SH2205-0006/SH2205-0006.pdf',0,'',NULL,NULL),(11,'2022-05-31 13:28:51','SH2205-0007',1,2798,0,NULL,NULL,NULL,'2022-05-31 15:28:44',4,NULL,'2022-05-31 15:28:51',4,NULL,NULL,NULL,NULL,'',1,0,NULL,NULL,0,NULL,NULL,NULL,NULL,NULL,NULL,'expedition/sending/SH2205-0007/SH2205-0007.pdf',0,'',NULL,NULL),(12,'2022-10-26 05:01:15','SH2206-0008',1,2815,0,NULL,NULL,NULL,'2022-06-07 09:18:19',4,NULL,'2022-06-07 09:18:24',4,'2022-06-07 00:00:00',NULL,NULL,NULL,'',1,0,NULL,NULL,0,NULL,NULL,NULL,NULL,NULL,'rouget','expedition/sending/SH2206-0008/SH2206-0008.pdf',0,'',NULL,NULL),(13,'2022-06-07 12:24:58','SH2206-0009',1,2846,0,NULL,NULL,NULL,'2022-06-07 14:24:44',7,NULL,'2022-06-07 14:24:58',7,'2022-06-08 00:00:00',NULL,NULL,NULL,'',1,0,NULL,NULL,0,NULL,NULL,NULL,NULL,NULL,NULL,'expedition/sending/SH2206-0009/SH2206-0009.pdf',0,'',NULL,NULL),(14,'2022-06-10 04:39:26','SH2206-0010',1,2804,0,NULL,NULL,NULL,'2022-06-09 17:25:32',7,NULL,'2022-06-09 17:25:39',7,'2022-06-10 00:00:00',NULL,NULL,NULL,'',-1,0,NULL,NULL,0,NULL,NULL,NULL,NULL,NULL,'rouget','expedition/sending/SH2206-0010/SH2206-0010.pdf',0,'',NULL,NULL),(16,'2022-06-10 05:04:23','SH2206-0011',1,2804,0,NULL,NULL,NULL,'2022-06-10 06:41:35',2,NULL,'2022-06-10 06:41:39',2,'2022-06-10 00:00:00',NULL,NULL,NULL,'',1,0,NULL,NULL,0,NULL,NULL,NULL,NULL,NULL,'rouget','expedition/sending/SH2206-0011/SH2206-0011.pdf',0,'',NULL,NULL),(17,'2022-10-26 05:01:15','SH2206-0012',1,2815,0,NULL,NULL,NULL,'2022-06-10 10:46:39',4,NULL,'2022-06-10 10:46:50',4,NULL,NULL,NULL,NULL,'',1,0,NULL,NULL,0,NULL,NULL,NULL,NULL,NULL,'rouget','expedition/sending/SH2206-0012/SH2206-0012.pdf',0,'',NULL,NULL),(18,'2022-06-20 14:09:29','SH2206-0013',1,2480,0,NULL,NULL,NULL,'2022-06-20 16:09:17',7,NULL,'2022-06-20 16:09:24',7,'2022-06-20 00:00:00',NULL,NULL,NULL,'',1,0,NULL,NULL,0,NULL,NULL,NULL,NULL,NULL,'rouget','expedition/sending/SH2206-0013/SH2206-0013.pdf',0,'',NULL,NULL),(19,'2022-06-24 06:42:28','SH2206-0014',1,799,0,NULL,NULL,NULL,'2022-06-24 08:42:22',7,NULL,'2022-06-24 08:42:28',7,'2022-06-24 00:00:00',NULL,NULL,NULL,'',1,0,NULL,NULL,0,NULL,NULL,NULL,NULL,NULL,NULL,'expedition/sending/SH2206-0014/SH2206-0014.pdf',0,'',NULL,NULL),(20,'2022-06-24 07:07:03','SH2206-0015',1,2768,0,NULL,NULL,NULL,'2022-06-24 09:06:24',7,NULL,'2022-06-24 09:07:03',7,'2022-06-24 00:00:00',NULL,NULL,NULL,'',1,0,NULL,NULL,0,NULL,NULL,NULL,NULL,NULL,NULL,'expedition/sending/SH2206-0015/SH2206-0015.pdf',0,'',NULL,NULL),(21,'2022-06-24 07:28:26','SH2206-0016',1,2815,0,NULL,NULL,NULL,'2022-06-24 09:28:08',7,NULL,'2022-06-24 09:28:26',7,'2022-06-27 00:00:00',NULL,NULL,NULL,'',1,0,NULL,NULL,0,NULL,NULL,NULL,NULL,NULL,NULL,'expedition/sending/SH2206-0016/SH2206-0016.pdf',0,'',NULL,NULL),(24,'2022-06-28 12:14:49','SH2206-0018',1,2480,0,NULL,NULL,NULL,'2022-06-28 14:14:37',7,NULL,'2022-06-28 14:14:49',7,'2022-06-28 15:13:00',NULL,NULL,NULL,'',1,0,NULL,NULL,0,NULL,NULL,NULL,NULL,NULL,NULL,'expedition/sending/SH2206-0018/SH2206-0018.pdf',0,'',NULL,NULL),(25,'2022-06-30 07:01:16','SH2206-0019',1,2480,0,NULL,NULL,NULL,'2022-06-30 09:01:11',7,NULL,'2022-06-30 09:01:15',7,'2022-06-30 09:00:00',NULL,NULL,NULL,'',1,0,NULL,NULL,0,NULL,NULL,NULL,NULL,NULL,NULL,'expedition/sending/SH2206-0019/SH2206-0019.pdf',0,'',NULL,NULL),(26,'2022-06-30 09:58:51','SH2206-0020',1,2916,0,NULL,NULL,NULL,'2022-06-30 11:58:38',7,NULL,'2022-06-30 11:58:51',7,'2022-06-30 12:00:00',NULL,NULL,NULL,'',1,0,NULL,NULL,0,NULL,NULL,NULL,NULL,NULL,'rouget','expedition/sending/SH2206-0020/SH2206-0020.pdf',0,'',NULL,NULL),(27,'2022-10-07 09:20:36','SH2206-0021',1,2815,0,NULL,NULL,NULL,'2022-06-30 14:47:08',7,NULL,'2022-06-30 14:47:28',7,'2022-07-01 09:00:00',NULL,NULL,NULL,'',2,0,NULL,NULL,0,NULL,NULL,NULL,NULL,NULL,'rouget','expedition/sending/SH2206-0021/SH2206-0021.pdf',0,'',NULL,NULL),(28,'2022-07-07 06:58:38','SH2207-0022',1,2480,0,NULL,NULL,NULL,'2022-07-07 08:58:09',2,NULL,'2022-07-07 08:58:38',2,NULL,NULL,NULL,NULL,'',1,0,NULL,NULL,0,NULL,NULL,NULL,NULL,NULL,'rouget','expedition/sending/SH2207-0022/SH2207-0022.pdf',0,'',NULL,NULL),(30,'2022-07-07 13:23:55','SH2207-0023',1,1472,0,NULL,NULL,'SEGERS','2022-07-07 15:23:51',6,NULL,'2022-07-07 15:23:55',6,'2022-07-07 16:00:00',NULL,NULL,NULL,'',1,0,NULL,NULL,0,NULL,NULL,NULL,NULL,NULL,NULL,'expedition/sending/SH2207-0023/SH2207-0023.pdf',0,'',NULL,NULL),(31,'2022-07-19 10:01:55','SH2207-0024',1,2820,0,NULL,NULL,NULL,'2022-07-19 12:01:50',6,NULL,'2022-07-19 12:01:55',6,NULL,NULL,NULL,NULL,'',1,0,NULL,NULL,0,NULL,NULL,NULL,NULL,NULL,NULL,'expedition/sending/SH2207-0024/SH2207-0024.pdf',0,'',NULL,NULL),(32,'2022-07-21 13:43:00','SH2207-0025',1,2614,0,NULL,NULL,NULL,'2022-07-21 15:42:44',6,NULL,'2022-07-21 15:43:00',6,NULL,NULL,NULL,NULL,'',1,0,NULL,NULL,0,NULL,NULL,NULL,NULL,NULL,NULL,'expedition/sending/SH2207-0025/SH2207-0025.pdf',0,'',NULL,NULL),(33,'2022-07-26 08:56:55','SH2207-0026',1,2815,0,NULL,NULL,NULL,'2022-07-26 10:56:24',6,NULL,'2022-07-26 10:56:54',6,NULL,NULL,NULL,NULL,'',1,0,NULL,NULL,0,NULL,NULL,NULL,NULL,NULL,NULL,'expedition/sending/SH2207-0026/SH2207-0026.pdf',0,'',NULL,NULL),(34,'2022-07-27 06:27:33','SH2207-0027',1,3007,0,NULL,NULL,NULL,'2022-07-27 08:27:19',2,NULL,'2022-07-27 08:27:26',2,NULL,NULL,NULL,NULL,'',1,0,NULL,NULL,0,NULL,NULL,NULL,NULL,NULL,'rouget','expedition/sending/SH2207-0027/SH2207-0027.pdf',0,'',NULL,NULL),(35,'2022-08-01 08:32:56','SH2208-0028',1,2774,0,NULL,NULL,NULL,'2022-08-01 10:32:45',6,NULL,'2022-08-01 10:32:56',6,NULL,NULL,NULL,NULL,'',1,0,NULL,NULL,0,NULL,NULL,NULL,NULL,NULL,NULL,'expedition/sending/SH2208-0028/SH2208-0028.pdf',0,'',NULL,NULL),(36,'2022-08-04 12:56:46','(PROV36)',1,1623,0,NULL,NULL,NULL,'2022-08-04 14:56:46',6,NULL,NULL,NULL,NULL,NULL,NULL,NULL,'',0,0,NULL,NULL,0,NULL,NULL,NULL,NULL,NULL,NULL,NULL,0,'',NULL,NULL),(37,'2022-08-04 12:56:58','SH2208-0029',1,1623,0,NULL,NULL,NULL,'2022-08-04 14:56:51',6,NULL,'2022-08-04 14:56:57',6,NULL,NULL,NULL,NULL,'',1,0,NULL,NULL,0,NULL,NULL,NULL,NULL,NULL,NULL,'expedition/sending/SH2208-0029/SH2208-0029.pdf',0,'',NULL,NULL),(38,'2022-08-24 06:36:21','(PROV38)',1,2480,0,NULL,NULL,NULL,'2022-08-24 08:36:21',5,NULL,NULL,NULL,NULL,NULL,NULL,NULL,'',0,0,NULL,NULL,0,NULL,NULL,NULL,NULL,NULL,NULL,NULL,0,'',NULL,NULL),(39,'2022-08-29 06:55:05','SH2208-0030',1,2480,0,NULL,NULL,NULL,'2022-08-29 08:55:00',5,NULL,'2022-08-29 08:55:05',5,NULL,NULL,NULL,NULL,'',1,0,NULL,NULL,0,NULL,NULL,NULL,NULL,NULL,NULL,'expedition/sending/SH2208-0030/SH2208-0030.pdf',0,'',NULL,NULL),(40,'2022-09-06 13:51:58','SH2209-0031',1,602,0,NULL,NULL,NULL,'2022-09-06 15:51:45',6,NULL,'2022-09-06 15:51:58',6,'2022-09-06 10:01:00',NULL,NULL,NULL,'',1,0,NULL,NULL,0,NULL,NULL,NULL,NULL,NULL,NULL,'expedition/sending/SH2209-0031/SH2209-0031.pdf',0,'',NULL,NULL),(41,'2022-09-08 07:54:41','SH2209-0032',1,2541,0,NULL,NULL,NULL,'2022-09-08 09:54:35',6,NULL,'2022-09-08 09:54:41',6,NULL,NULL,NULL,NULL,'',1,0,NULL,NULL,0,NULL,NULL,NULL,NULL,NULL,NULL,'expedition/sending/SH2209-0032/SH2209-0032.pdf',0,'',NULL,NULL),(42,'2022-09-09 09:46:21','SH2209-0033',1,2480,0,NULL,NULL,NULL,'2022-09-09 11:46:17',6,NULL,'2022-09-09 11:46:20',6,NULL,NULL,NULL,NULL,'',1,0,NULL,NULL,0,NULL,NULL,NULL,NULL,NULL,NULL,'expedition/sending/SH2209-0033/SH2209-0033.pdf',0,'',NULL,NULL),(43,'2022-10-12 14:57:20','SH2209-0034',1,2916,0,NULL,NULL,NULL,'2022-09-20 09:33:17',6,NULL,'2022-09-20 09:33:24',6,'2022-09-26 00:00:00',NULL,NULL,NULL,'',2,0,NULL,NULL,0,NULL,NULL,NULL,NULL,NULL,NULL,'expedition/sending/SH2209-0034/SH2209-0034.pdf',0,'',NULL,NULL),(44,'2022-09-26 07:16:06','(PROV44)',1,2916,0,NULL,NULL,NULL,'2022-09-26 09:16:06',5,NULL,NULL,NULL,NULL,NULL,NULL,NULL,'',0,0,NULL,NULL,0,NULL,NULL,NULL,NULL,NULL,NULL,NULL,0,'',NULL,NULL),(46,'2022-10-12 12:53:18','SH2209-0035',1,2774,0,NULL,NULL,NULL,'2022-09-27 09:20:31',5,NULL,'2022-09-27 09:20:40',5,NULL,NULL,NULL,NULL,'',2,0,NULL,NULL,0,NULL,NULL,NULL,NULL,NULL,NULL,'expedition/sending/SH2209-0035/SH2209-0035.pdf',0,'',NULL,NULL),(47,'2022-10-05 10:39:57','SH2210-0036',1,2480,0,NULL,NULL,NULL,'2022-10-05 12:39:51',5,NULL,'2022-10-05 12:39:57',5,NULL,NULL,NULL,NULL,'',1,0,NULL,NULL,0,NULL,NULL,NULL,NULL,NULL,NULL,'expedition/sending/SH2210-0036/SH2210-0036.pdf',0,'',NULL,NULL),(48,'2022-10-05 14:07:27','SH2210-0037',1,3186,0,NULL,NULL,NULL,'2022-10-05 16:07:22',6,NULL,'2022-10-05 16:07:27',6,NULL,NULL,NULL,NULL,'',1,0,NULL,NULL,0,NULL,NULL,NULL,NULL,NULL,NULL,'expedition/sending/SH2210-0037/SH2210-0037.pdf',0,'',NULL,NULL),(49,'2022-10-07 09:11:10','SH2210-0038',1,2815,0,NULL,NULL,NULL,'2022-10-07 11:11:02',6,NULL,'2022-10-07 11:11:10',6,'2022-10-07 11:30:00',NULL,NULL,NULL,'',1,0,NULL,NULL,0,NULL,NULL,NULL,NULL,NULL,NULL,'expedition/sending/SH2210-0038/SH2210-0038.pdf',0,'',NULL,NULL),(50,'2022-10-07 14:01:47','SH2210-0039',1,3151,0,NULL,NULL,NULL,'2022-10-07 16:01:40',7,NULL,'2022-10-07 16:01:47',7,NULL,NULL,NULL,NULL,'',1,0,NULL,NULL,0,NULL,NULL,NULL,NULL,NULL,NULL,'expedition/sending/SH2210-0039/SH2210-0039.pdf',0,'',NULL,NULL),(51,'2022-10-07 15:35:16','SH2210-0040',1,3151,0,NULL,NULL,NULL,'2022-10-07 17:35:08',6,NULL,'2022-10-07 17:35:13',6,NULL,NULL,NULL,NULL,'',2,0,NULL,NULL,0,NULL,NULL,NULL,NULL,NULL,NULL,'expedition/sending/SH2210-0040/SH2210-0040.pdf',0,'',NULL,NULL),(52,'2022-10-12 13:52:04','SH2210-0041',1,2815,0,NULL,NULL,NULL,'2022-10-12 15:51:58',5,NULL,'2022-10-12 15:52:04',5,NULL,NULL,NULL,NULL,'',1,0,NULL,NULL,0,NULL,NULL,NULL,NULL,NULL,NULL,'expedition/sending/SH2210-0041/SH2210-0041.pdf',0,'',NULL,NULL),(53,'2022-10-13 07:18:29','SH2210-0042',1,3195,0,NULL,NULL,NULL,'2022-10-12 16:23:37',7,NULL,'2022-10-12 16:23:51',7,NULL,NULL,NULL,NULL,'',2,0,NULL,NULL,0,NULL,NULL,NULL,NULL,NULL,NULL,'expedition/sending/SH2210-0042/SH2210-0042.pdf',0,'',NULL,NULL),(54,'2022-10-17 07:47:49','(PROV54)',1,2480,0,NULL,NULL,NULL,'2022-10-17 09:47:49',7,NULL,NULL,NULL,NULL,NULL,NULL,NULL,'',0,0,NULL,NULL,0,NULL,NULL,NULL,NULL,NULL,NULL,NULL,0,'',NULL,NULL),(57,'2022-10-20 10:51:41','SH2210-0044',1,3110,0,NULL,NULL,NULL,'2022-10-20 12:51:28',7,NULL,'2022-10-20 12:51:41',7,NULL,NULL,NULL,NULL,'',1,0,NULL,NULL,0,NULL,NULL,NULL,NULL,NULL,NULL,'expedition/sending/SH2210-0044/SH2210-0044.pdf',0,'',NULL,NULL),(59,'2022-10-21 08:52:48','SH2210-0046',1,2815,0,NULL,NULL,NULL,'2022-10-21 10:52:45',7,NULL,'2022-10-21 10:52:48',7,NULL,NULL,NULL,NULL,'',1,0,NULL,NULL,0,NULL,NULL,NULL,NULL,NULL,NULL,'expedition/sending/SH2210-0046/SH2210-0046.pdf',0,'',NULL,NULL),(63,'2022-10-26 16:48:39','SH2210-0048',1,2480,0,NULL,NULL,NULL,'2022-10-26 18:48:34',6,NULL,'2022-10-26 18:48:39',6,NULL,NULL,NULL,NULL,'',1,0,NULL,NULL,0,NULL,NULL,NULL,NULL,NULL,NULL,'expedition/sending/SH2210-0048/SH2210-0048.pdf',0,'',NULL,NULL),(64,'2022-10-27 08:20:47','SH2210-0049',1,2815,0,NULL,NULL,NULL,'2022-10-27 10:20:43',6,NULL,'2022-10-27 10:20:47',6,NULL,NULL,NULL,NULL,'',1,0,NULL,NULL,0,NULL,NULL,NULL,NULL,NULL,NULL,'expedition/sending/SH2210-0049/SH2210-0049.pdf',0,'',NULL,NULL),(65,'2022-11-02 16:32:12','SH2211-0050',1,3256,0,NULL,NULL,NULL,'2022-11-02 17:32:08',7,NULL,'2022-11-02 17:32:12',7,NULL,NULL,NULL,NULL,'',1,0,NULL,NULL,0,NULL,NULL,NULL,NULL,NULL,NULL,'expedition/sending/SH2211-0050/SH2211-0050.pdf',0,'',NULL,NULL),(66,'2022-11-04 08:25:51','SH2211-0051',1,2815,0,NULL,NULL,NULL,'2022-11-04 09:25:47',7,NULL,'2022-11-04 09:25:51',7,NULL,NULL,NULL,NULL,'',1,0,NULL,NULL,0,NULL,NULL,NULL,NULL,NULL,NULL,'expedition/sending/SH2211-0051/SH2211-0051.pdf',0,'',NULL,NULL);

--
-- Table structure for table `llx_expedition_extrafields`
--

CREATE TABLE `llx_expedition_extrafields` (
  `rowid` int(11) NOT NULL AUTO_INCREMENT,
  `tms` timestamp NOT NULL DEFAULT current_timestamp() ON UPDATE current_timestamp(),
  `fk_object` int(11) NOT NULL,
  `import_key` varchar(14) COLLATE utf8_unicode_ci DEFAULT NULL,
  PRIMARY KEY (`rowid`),
  KEY `idx_expedition_extrafields` (`fk_object`)
) ENGINE=InnoDB DEFAULT CHARSET=utf8 COLLATE=utf8_unicode_ci;

--
-- Dumping data for table `llx_expedition_extrafields`
--


--
-- Table structure for table `llx_expedition_package`
--

CREATE TABLE `llx_expedition_package` (
  `rowid` int(11) NOT NULL AUTO_INCREMENT,
  `fk_expedition` int(11) NOT NULL,
  `description` varchar(255) COLLATE utf8_unicode_ci DEFAULT NULL,
  `value` double(24,8) DEFAULT 0.00000000,
  `fk_parcel_type` int(11) DEFAULT NULL,
  `height` float DEFAULT NULL,
  `width` float DEFAULT NULL,
  `size` float DEFAULT NULL,
  `size_units` int(11) DEFAULT NULL,
  `weight` float DEFAULT NULL,
  `weight_units` int(11) DEFAULT NULL,
  `dangerous_goods` smallint(6) DEFAULT 0,
  `tail_lift` smallint(6) DEFAULT 0,
  `rang` int(11) DEFAULT 0,
  PRIMARY KEY (`rowid`)
) ENGINE=InnoDB DEFAULT CHARSET=utf8 COLLATE=utf8_unicode_ci;

--
-- Dumping data for table `llx_expedition_package`
--


--
-- Table structure for table `llx_expeditiondet`
--

CREATE TABLE `llx_expeditiondet` (
  `rowid` int(11) NOT NULL AUTO_INCREMENT,
  `fk_expedition` int(11) NOT NULL,
  `fk_origin_line` int(11) DEFAULT NULL,
  `fk_entrepot` int(11) DEFAULT NULL,
  `qty` double DEFAULT NULL,
  `rang` int(11) DEFAULT 0,
  PRIMARY KEY (`rowid`),
  KEY `idx_expeditiondet_fk_expedition` (`fk_expedition`),
  KEY `idx_expeditiondet_fk_origin_line` (`fk_origin_line`),
  CONSTRAINT `fk_expeditiondet_fk_expedition` FOREIGN KEY (`fk_expedition`) REFERENCES `llx_expedition` (`rowid`)
) ENGINE=InnoDB AUTO_INCREMENT=256 DEFAULT CHARSET=utf8 COLLATE=utf8_unicode_ci;

--
-- Dumping data for table `llx_expeditiondet`
--

INSERT INTO `llx_expeditiondet` (`rowid`, `fk_expedition`, `fk_origin_line`, `fk_entrepot`, `qty`, `rang`) VALUES (5,4,29,NULL,50,1),(6,4,30,1,1,2),(11,6,129,NULL,50,1),(12,6,130,NULL,10,2),(13,6,131,NULL,50,3),(14,7,272,NULL,50,1),(15,7,273,NULL,13,2),(16,7,274,NULL,13,3),(17,7,275,NULL,14,4),(18,7,276,NULL,11,5),(19,7,277,NULL,2,6),(20,8,283,1,9,1),(21,8,284,1,7,2),(22,8,285,1,6,3),(23,8,286,1,6,4),(24,8,287,1,17,5),(25,9,327,NULL,50,1),(26,9,328,1,13,2),(27,9,329,1,4,3),(28,9,330,1,20,4),(29,10,344,NULL,50,1),(30,10,348,NULL,1,5),(31,10,349,NULL,50,6),(32,11,354,NULL,50,1),(33,11,355,NULL,8,2),(34,11,356,NULL,10,3),(35,11,357,NULL,1,4),(36,12,393,1,18,1),(37,12,394,1,18,2),(38,12,395,1,19,3),(39,13,404,NULL,50,1),(40,13,405,1,18,2),(41,13,406,1,19,3),(42,13,407,1,3,4),(43,13,408,NULL,50,5),(48,16,474,NULL,50,1),(49,16,475,NULL,2,2),(50,16,476,1,15,3),(51,17,480,NULL,50,1),(52,17,481,NULL,18,2),(53,17,482,NULL,50,3),(54,18,571,1,1,1),(55,19,619,1,4,1),(56,19,620,1,5,2),(57,19,621,1,1,3),(58,20,625,1,4,1),(59,20,626,1,5,2),(60,20,627,1,1,3),(61,21,630,1,32,1),(62,21,631,1,33,2),(71,24,712,NULL,50,1),(72,24,713,1,10,2),(73,24,714,1,11,3),(74,24,715,1,10,4),(75,24,716,1,1,5),(76,24,717,NULL,50,6),(77,25,736,NULL,50,1),(78,25,737,1,2,2),(79,25,738,1,3,3),(80,25,739,1,2,4),(81,25,740,NULL,50,5),(82,26,755,NULL,50,1),(83,26,756,1,2,2),(84,26,757,1,8,3),(85,26,758,1,2,4),(86,26,759,1,8,5),(87,26,760,1,8,6),(88,26,761,NULL,50,7),(89,27,765,1,29,1),(90,27,766,1,30,2),(91,27,767,NULL,1,3),(92,28,871,NULL,50,1),(93,28,872,NULL,10,2),(94,28,873,1,10,3),(95,28,874,NULL,11,4),(96,28,875,NULL,50,5),(101,30,888,NULL,8,1),(102,30,889,NULL,9,2),(103,30,890,NULL,1,3),(104,30,891,NULL,8,4),(105,31,961,NULL,1,1),(106,31,962,1,2,2),(107,31,963,NULL,50,3),(108,32,988,NULL,50,1),(109,32,989,1,5,2),(110,32,990,1,4,3),(111,32,991,NULL,50,4),(112,33,1015,1,1,1),(113,34,1043,1,16,1),(114,34,1044,1,16,2),(115,34,1045,1,17,3),(116,34,1046,1,2,4),(117,34,1047,NULL,50,5),(118,35,1099,NULL,50,1),(119,35,1100,NULL,26,2),(120,35,1101,NULL,27,3),(121,36,1129,NULL,50,1),(122,36,1130,1,6,2),(123,36,1131,NULL,50,3),(124,37,1129,NULL,50,1),(125,37,1130,1,6,2),(126,37,1131,NULL,50,3),(127,38,1160,NULL,50,1),(128,39,1171,NULL,50,1),(129,39,1172,1,1,2),(130,39,1173,NULL,2,3),(131,40,1242,NULL,50,1),(132,40,1243,1,13,2),(133,40,1244,1,15,3),(134,40,1245,1,15,4),(135,40,1246,1,17,5),(136,40,1247,1,18,6),(137,40,1248,NULL,50,7),(138,41,1256,1,70,1),(139,41,1257,1,35,2),(140,42,1264,1,25,1),(141,43,1330,NULL,50,1),(142,43,1331,NULL,50,2),(143,43,1332,1,6,3),(144,43,1333,1,6,4),(145,43,1334,1,5,5),(146,43,1335,1,5,6),(147,43,1336,NULL,6,7),(148,43,1337,NULL,50,8),(149,44,1376,NULL,50,1),(150,44,1377,NULL,50,2),(151,44,1383,NULL,50,8),(160,46,1388,NULL,50,1),(161,46,1389,1,7,2),(162,46,1390,1,9,3),(163,46,1391,NULL,50,4),(164,47,1469,NULL,50,1),(165,47,1470,1,11,2),(166,47,1471,1,12,3),(167,47,1472,1,4,4),(168,47,1473,1,8,5),(169,47,1474,1,1,6),(170,47,1475,NULL,50,7),(171,48,1480,NULL,50,1),(172,48,1481,NULL,1,2),(173,48,1482,1,6,3),(174,48,1483,NULL,50,4),(175,49,1501,1,27,1),(176,49,1502,1,27,2),(177,49,1503,1,28,3),(178,49,1504,1,27,4),(179,49,1505,NULL,50,5),(180,50,1511,NULL,50,1),(181,50,1512,1,13,2),(182,50,1513,1,10,3),(183,50,1514,1,2,4),(184,50,1515,NULL,50,5),(185,51,1511,NULL,50,1),(186,51,1512,1,13,2),(187,51,1513,1,10,3),(188,51,1514,1,2,4),(189,51,1515,NULL,50,5),(190,52,1543,NULL,50,1),(191,52,1544,1,14,2),(192,52,1545,NULL,50,3),(193,53,1554,NULL,50,1),(194,53,1555,1,7,2),(195,53,1556,NULL,2,3),(196,53,1557,1,2,4),(197,53,1558,NULL,2,5),(198,53,1559,1,10,6),(199,53,1560,1,1,7),(200,53,1561,NULL,50,8),(201,54,1620,NULL,50,4),(210,57,1704,NULL,50,1),(211,57,1705,1,7,2),(212,57,1706,1,7,3),(213,57,1707,1,8,4),(214,57,1709,NULL,50,6),(220,59,1730,NULL,50,1),(221,59,1731,1,1,2),(222,59,1732,NULL,50,3),(238,63,1820,NULL,50,1),(239,63,1821,1,1,2),(240,63,1825,NULL,50,6),(241,64,1715,NULL,50,1),(242,64,1716,1,29,2),(243,64,1717,1,30,3),(244,64,1718,1,29,4),(245,64,1719,NULL,50,5),(246,65,1894,NULL,50,1),(247,65,1895,1,3,2),(248,65,1896,1,2,3),(249,65,1897,1,6,4),(250,65,1899,1,1,6),(251,65,1900,NULL,50,7),(252,65,1901,NULL,50,8),(253,66,1909,NULL,50,1),(254,66,1910,1,20,2),(255,66,1911,NULL,50,3);

--
-- Table structure for table `llx_expeditiondet_batch`
--

CREATE TABLE `llx_expeditiondet_batch` (
  `rowid` int(11) NOT NULL AUTO_INCREMENT,
  `fk_expeditiondet` int(11) NOT NULL,
  `eatby` date DEFAULT NULL,
  `sellby` date DEFAULT NULL,
  `batch` varchar(128) COLLATE utf8_unicode_ci DEFAULT NULL,
  `qty` double NOT NULL DEFAULT 0,
  `fk_origin_stock` int(11) NOT NULL,
  PRIMARY KEY (`rowid`),
  KEY `idx_fk_expeditiondet` (`fk_expeditiondet`),
  CONSTRAINT `fk_expeditiondet_batch_fk_expeditiondet` FOREIGN KEY (`fk_expeditiondet`) REFERENCES `llx_expeditiondet` (`rowid`)
) ENGINE=InnoDB DEFAULT CHARSET=utf8 COLLATE=utf8_unicode_ci;

--
-- Dumping data for table `llx_expeditiondet_batch`
--


--
-- Table structure for table `llx_expeditiondet_extrafields`
--

CREATE TABLE `llx_expeditiondet_extrafields` (
  `rowid` int(11) NOT NULL AUTO_INCREMENT,
  `tms` timestamp NOT NULL DEFAULT current_timestamp() ON UPDATE current_timestamp(),
  `fk_object` int(11) NOT NULL,
  `import_key` varchar(14) COLLATE utf8_unicode_ci DEFAULT NULL,
  PRIMARY KEY (`rowid`),
  KEY `idx_expeditiondet_extrafields` (`fk_object`)
) ENGINE=InnoDB DEFAULT CHARSET=utf8 COLLATE=utf8_unicode_ci;

--
-- Dumping data for table `llx_expeditiondet_extrafields`
--


--
-- Table structure for table `llx_expensereport`
--

CREATE TABLE `llx_expensereport` (
  `rowid` int(11) NOT NULL AUTO_INCREMENT,
  `ref` varchar(50) COLLATE utf8_unicode_ci NOT NULL,
  `entity` int(11) NOT NULL DEFAULT 1,
  `ref_number_int` int(11) DEFAULT NULL,
  `ref_ext` int(11) DEFAULT NULL,
  `total_ht` double(24,8) DEFAULT 0.00000000,
  `total_tva` double(24,8) DEFAULT 0.00000000,
  `localtax1` double(24,8) DEFAULT 0.00000000,
  `localtax2` double(24,8) DEFAULT 0.00000000,
  `total_ttc` double(24,8) DEFAULT 0.00000000,
  `date_debut` date NOT NULL,
  `date_fin` date NOT NULL,
  `date_create` datetime NOT NULL,
  `date_valid` datetime DEFAULT NULL,
  `date_approve` datetime DEFAULT NULL,
  `date_refuse` datetime DEFAULT NULL,
  `date_cancel` datetime DEFAULT NULL,
  `tms` timestamp NOT NULL DEFAULT current_timestamp() ON UPDATE current_timestamp(),
  `fk_user_author` int(11) NOT NULL,
  `fk_user_modif` int(11) DEFAULT NULL,
  `fk_user_valid` int(11) DEFAULT NULL,
  `fk_user_validator` int(11) DEFAULT NULL,
  `fk_user_approve` int(11) DEFAULT NULL,
  `fk_user_refuse` int(11) DEFAULT NULL,
  `fk_user_cancel` int(11) DEFAULT NULL,
  `fk_statut` int(11) NOT NULL,
  `fk_c_paiement` int(11) DEFAULT NULL,
  `paid` smallint(6) NOT NULL DEFAULT 0,
  `note_public` text COLLATE utf8_unicode_ci DEFAULT NULL,
  `note_private` text COLLATE utf8_unicode_ci DEFAULT NULL,
  `detail_refuse` varchar(255) COLLATE utf8_unicode_ci DEFAULT NULL,
  `detail_cancel` varchar(255) COLLATE utf8_unicode_ci DEFAULT NULL,
  `integration_compta` int(11) DEFAULT NULL,
  `fk_bank_account` int(11) DEFAULT NULL,
  `model_pdf` varchar(50) COLLATE utf8_unicode_ci DEFAULT NULL,
  `last_main_doc` varchar(255) COLLATE utf8_unicode_ci DEFAULT NULL,
  `fk_multicurrency` int(11) DEFAULT NULL,
  `multicurrency_code` varchar(255) COLLATE utf8_unicode_ci DEFAULT NULL,
  `multicurrency_tx` double(24,8) DEFAULT 1.00000000,
  `multicurrency_total_ht` double(24,8) DEFAULT 0.00000000,
  `multicurrency_total_tva` double(24,8) DEFAULT 0.00000000,
  `multicurrency_total_ttc` double(24,8) DEFAULT 0.00000000,
  `import_key` varchar(14) COLLATE utf8_unicode_ci DEFAULT NULL,
  `extraparams` varchar(255) COLLATE utf8_unicode_ci DEFAULT NULL,
  `fk_user_creat` int(11) DEFAULT NULL,
  PRIMARY KEY (`rowid`),
  UNIQUE KEY `idx_expensereport_uk_ref` (`ref`,`entity`),
  KEY `idx_expensereport_date_debut` (`date_debut`),
  KEY `idx_expensereport_date_fin` (`date_fin`),
  KEY `idx_expensereport_fk_statut` (`fk_statut`),
  KEY `idx_expensereport_fk_user_author` (`fk_user_author`),
  KEY `idx_expensereport_fk_user_valid` (`fk_user_valid`),
  KEY `idx_expensereport_fk_user_approve` (`fk_user_approve`),
  KEY `idx_expensereport_fk_refuse` (`fk_user_approve`)
) ENGINE=InnoDB DEFAULT CHARSET=utf8 COLLATE=utf8_unicode_ci;

--
-- Dumping data for table `llx_expensereport`
--


--
-- Table structure for table `llx_expensereport_det`
--

CREATE TABLE `llx_expensereport_det` (
  `rowid` int(11) NOT NULL AUTO_INCREMENT,
  `fk_expensereport` int(11) NOT NULL,
  `docnumber` varchar(128) COLLATE utf8_unicode_ci DEFAULT NULL,
  `fk_c_type_fees` int(11) NOT NULL,
  `fk_c_exp_tax_cat` int(11) DEFAULT NULL,
  `fk_projet` int(11) DEFAULT NULL,
  `comments` text COLLATE utf8_unicode_ci NOT NULL,
  `product_type` int(11) DEFAULT -1,
  `qty` double NOT NULL,
  `subprice` double(24,8) NOT NULL DEFAULT 0.00000000,
  `value_unit` double(24,8) NOT NULL,
  `remise_percent` double DEFAULT NULL,
  `vat_src_code` varchar(10) COLLATE utf8_unicode_ci DEFAULT '',
  `tva_tx` double(6,3) DEFAULT NULL,
  `localtax1_tx` double(6,3) DEFAULT 0.000,
  `localtax1_type` varchar(10) COLLATE utf8_unicode_ci DEFAULT NULL,
  `localtax2_tx` double(6,3) DEFAULT 0.000,
  `localtax2_type` varchar(10) COLLATE utf8_unicode_ci DEFAULT NULL,
  `total_ht` double(24,8) NOT NULL DEFAULT 0.00000000,
  `total_tva` double(24,8) NOT NULL DEFAULT 0.00000000,
  `total_localtax1` double(24,8) DEFAULT 0.00000000,
  `total_localtax2` double(24,8) DEFAULT 0.00000000,
  `total_ttc` double(24,8) NOT NULL DEFAULT 0.00000000,
  `date` date NOT NULL,
  `info_bits` int(11) DEFAULT 0,
  `special_code` int(11) DEFAULT 0,
  `fk_multicurrency` int(11) DEFAULT NULL,
  `multicurrency_code` varchar(255) COLLATE utf8_unicode_ci DEFAULT NULL,
  `multicurrency_subprice` double(24,8) DEFAULT 0.00000000,
  `multicurrency_total_ht` double(24,8) DEFAULT 0.00000000,
  `multicurrency_total_tva` double(24,8) DEFAULT 0.00000000,
  `multicurrency_total_ttc` double(24,8) DEFAULT 0.00000000,
  `fk_facture` int(11) DEFAULT 0,
  `fk_code_ventilation` int(11) DEFAULT 0,
  `rang` int(11) DEFAULT 0,
  `import_key` varchar(14) COLLATE utf8_unicode_ci DEFAULT NULL,
  `rule_warning_message` text COLLATE utf8_unicode_ci DEFAULT NULL,
  `fk_ecm_files` int(11) DEFAULT NULL,
  PRIMARY KEY (`rowid`)
) ENGINE=InnoDB DEFAULT CHARSET=utf8 COLLATE=utf8_unicode_ci;

--
-- Dumping data for table `llx_expensereport_det`
--


--
-- Table structure for table `llx_expensereport_extrafields`
--

CREATE TABLE `llx_expensereport_extrafields` (
  `rowid` int(11) NOT NULL AUTO_INCREMENT,
  `tms` timestamp NOT NULL DEFAULT current_timestamp() ON UPDATE current_timestamp(),
  `fk_object` int(11) NOT NULL,
  `import_key` varchar(14) COLLATE utf8_unicode_ci DEFAULT NULL,
  PRIMARY KEY (`rowid`),
  KEY `idx_expensereport_extrafields` (`fk_object`)
) ENGINE=InnoDB DEFAULT CHARSET=utf8 COLLATE=utf8_unicode_ci;

--
-- Dumping data for table `llx_expensereport_extrafields`
--


--
-- Table structure for table `llx_expensereport_ik`
--

CREATE TABLE `llx_expensereport_ik` (
  `rowid` int(11) NOT NULL AUTO_INCREMENT,
  `datec` datetime DEFAULT NULL,
  `tms` timestamp NOT NULL DEFAULT current_timestamp() ON UPDATE current_timestamp(),
  `fk_c_exp_tax_cat` int(11) NOT NULL DEFAULT 0,
  `fk_range` int(11) NOT NULL DEFAULT 0,
  `coef` double NOT NULL DEFAULT 0,
  `ikoffset` double NOT NULL DEFAULT 0,
  `active` int(11) DEFAULT 1,
  PRIMARY KEY (`rowid`)
) ENGINE=InnoDB AUTO_INCREMENT=16 DEFAULT CHARSET=utf8 COLLATE=utf8_unicode_ci;

--
-- Dumping data for table `llx_expensereport_ik`
--

INSERT INTO `llx_expensereport_ik` (`rowid`, `datec`, `tms`, `fk_c_exp_tax_cat`, `fk_range`, `coef`, `ikoffset`, `active`) VALUES (1,NULL,'2019-05-06 09:05:46',4,1,0.41,0,1),(2,NULL,'2019-05-06 09:05:46',4,2,0.244,824,1),(3,NULL,'2019-05-06 09:05:46',4,3,0.286,0,1),(4,NULL,'2019-05-06 09:05:46',5,4,0.493,0,1),(5,NULL,'2019-05-06 09:05:46',5,5,0.277,1082,1),(6,NULL,'2019-05-06 09:05:46',5,6,0.332,0,1),(7,NULL,'2019-05-06 09:05:46',6,7,0.543,0,1),(8,NULL,'2019-05-06 09:05:46',6,8,0.305,1180,1),(9,NULL,'2019-05-06 09:05:46',6,9,0.364,0,1),(10,NULL,'2019-05-06 09:05:46',7,10,0.568,0,1),(11,NULL,'2019-05-06 09:05:46',7,11,0.32,1244,1),(12,NULL,'2019-05-06 09:05:46',7,12,0.382,0,1),(13,NULL,'2019-05-06 09:05:46',8,13,0.595,0,1),(14,NULL,'2019-05-06 09:05:46',8,14,0.337,1288,1),(15,NULL,'2019-05-06 09:05:46',8,15,0.401,0,1);

--
-- Table structure for table `llx_expensereport_rules`
--

CREATE TABLE `llx_expensereport_rules` (
  `rowid` int(11) NOT NULL AUTO_INCREMENT,
  `datec` datetime DEFAULT NULL,
  `tms` timestamp NOT NULL DEFAULT current_timestamp() ON UPDATE current_timestamp(),
  `dates` datetime NOT NULL,
  `datee` datetime NOT NULL,
  `amount` double(24,8) NOT NULL,
  `restrictive` tinyint(4) NOT NULL,
  `fk_user` int(11) DEFAULT NULL,
  `fk_usergroup` int(11) DEFAULT NULL,
  `fk_c_type_fees` int(11) NOT NULL,
  `code_expense_rules_type` varchar(50) COLLATE utf8_unicode_ci NOT NULL,
  `is_for_all` tinyint(4) DEFAULT 0,
  `entity` int(11) DEFAULT 1,
  PRIMARY KEY (`rowid`)
) ENGINE=InnoDB DEFAULT CHARSET=utf8 COLLATE=utf8_unicode_ci;

--
-- Dumping data for table `llx_expensereport_rules`
--


--
-- Table structure for table `llx_export_compta`
--

CREATE TABLE `llx_export_compta` (
  `rowid` int(11) NOT NULL AUTO_INCREMENT,
  `ref` varchar(12) COLLATE utf8_unicode_ci NOT NULL,
  `date_export` datetime NOT NULL,
  `fk_user` int(11) NOT NULL,
  `note` text COLLATE utf8_unicode_ci DEFAULT NULL,
  PRIMARY KEY (`rowid`)
) ENGINE=InnoDB DEFAULT CHARSET=utf8 COLLATE=utf8_unicode_ci;

--
-- Dumping data for table `llx_export_compta`
--


--
-- Table structure for table `llx_export_model`
--

CREATE TABLE `llx_export_model` (
  `rowid` int(11) NOT NULL AUTO_INCREMENT,
  `fk_user` int(11) NOT NULL DEFAULT 0,
  `label` varchar(50) COLLATE utf8_unicode_ci NOT NULL,
  `type` varchar(64) COLLATE utf8_unicode_ci DEFAULT NULL,
  `field` text COLLATE utf8_unicode_ci NOT NULL,
  `filter` text COLLATE utf8_unicode_ci DEFAULT NULL,
  `entity` int(11) NOT NULL DEFAULT 0,
  PRIMARY KEY (`rowid`),
  UNIQUE KEY `uk_export_model` (`label`,`type`)
) ENGINE=InnoDB AUTO_INCREMENT=4 DEFAULT CHARSET=utf8 COLLATE=utf8_unicode_ci;

--
-- Dumping data for table `llx_export_model`
--

INSERT INTO `llx_export_model` (`rowid`, `fk_user`, `label`, `type`, `field`, `filter`, `entity`) VALUES (1,1,'export produits','produit_1','p.rowid,p.ref,p.price,s.nom,pf.ref_fourn,pf.quantity,pf.unitprice','',0),(3,1,'FACTURES','facture_2','s.rowid,s.nom,f.rowid,f.ref,f.total_ht,f.total_ttc,f.total_tva,f.paye,f.fk_statut,f.type','',0);

--
-- Table structure for table `llx_extrafields`
--

CREATE TABLE `llx_extrafields` (
  `rowid` int(11) NOT NULL AUTO_INCREMENT,
  `name` varchar(64) COLLATE utf8_unicode_ci NOT NULL,
  `entity` int(11) NOT NULL DEFAULT 1,
  `elementtype` varchar(64) COLLATE utf8_unicode_ci NOT NULL DEFAULT 'member',
  `label` varchar(255) COLLATE utf8_unicode_ci NOT NULL,
  `type` varchar(8) COLLATE utf8_unicode_ci DEFAULT NULL,
  `size` varchar(8) COLLATE utf8_unicode_ci DEFAULT NULL,
  `fieldcomputed` text COLLATE utf8_unicode_ci DEFAULT NULL,
  `fielddefault` varchar(255) COLLATE utf8_unicode_ci DEFAULT NULL,
  `fieldunique` int(11) DEFAULT 0,
  `fieldrequired` int(11) DEFAULT 0,
  `perms` varchar(255) COLLATE utf8_unicode_ci DEFAULT NULL,
  `enabled` varchar(255) COLLATE utf8_unicode_ci DEFAULT NULL,
  `pos` int(11) DEFAULT 0,
  `alwayseditable` int(11) DEFAULT 0,
  `param` text COLLATE utf8_unicode_ci DEFAULT NULL,
  `list` varchar(255) COLLATE utf8_unicode_ci DEFAULT '1',
  `totalizable` tinyint(1) DEFAULT 0,
  `langs` varchar(64) COLLATE utf8_unicode_ci DEFAULT NULL,
  `help` text COLLATE utf8_unicode_ci DEFAULT NULL,
  `fk_user_author` int(11) DEFAULT NULL,
  `fk_user_modif` int(11) DEFAULT NULL,
  `datec` datetime DEFAULT NULL,
  `tms` timestamp NOT NULL DEFAULT current_timestamp() ON UPDATE current_timestamp(),
  `printable` int(11) DEFAULT 0,
  PRIMARY KEY (`rowid`),
  UNIQUE KEY `uk_extrafields_name` (`name`,`entity`,`elementtype`)
) ENGINE=InnoDB AUTO_INCREMENT=60 DEFAULT CHARSET=utf8 COLLATE=utf8_unicode_ci;

--
-- Dumping data for table `llx_extrafields`
--

INSERT INTO `llx_extrafields` (`rowid`, `name`, `entity`, `elementtype`, `label`, `type`, `size`, `fieldcomputed`, `fielddefault`, `fieldunique`, `fieldrequired`, `perms`, `enabled`, `pos`, `alwayseditable`, `param`, `list`, `totalizable`, `langs`, `help`, `fk_user_author`, `fk_user_modif`, `datec`, `tms`, `printable`) VALUES (1,'type_remise',1,'product','Type tarif','select','',NULL,NULL,0,0,NULL,'1',0,0,'a:1:{s:7:\"options\";a:2:{s:3:\"qte\";s:8:\"quantite\";s:15:\"conditionnement\";s:15:\"conditionnement\";}}','-1',0,NULL,NULL,1,1,'2019-05-06 11:30:06','2019-05-06 09:30:06',0),(2,'unite_vente',1,'product','Unité de vente','select','',NULL,NULL,0,0,NULL,'1',0,0,'a:1:{s:7:\"options\";a:5:{s:6:\"weight\";s:5:\"Poids\";s:4:\"size\";s:8:\"Longueur\";s:7:\"surface\";s:7:\"Surface\";s:6:\"volume\";s:6:\"Volume\";s:5:\"unite\";s:6:\"Unité\";}}','-1',0,NULL,NULL,1,1,'2019-05-06 11:30:06','2019-05-06 09:30:06',0),(3,'show_total_ht',1,'propaldet','Afficher le Total HT sur le sous-total','int','10',NULL,NULL,0,0,NULL,'1',0,0,'a:1:{s:7:\"options\";a:1:{s:0:\"\";N;}}','0',0,NULL,'1',1,1,'2019-06-10 18:08:59','2019-06-10 16:08:59',0),(4,'show_reduc',1,'propaldet','Afficher la réduction sur le sous-total','int','10',NULL,NULL,0,0,NULL,'1',0,0,'a:1:{s:7:\"options\";a:1:{s:0:\"\";N;}}','0',0,NULL,'1',1,1,'2019-06-10 18:09:00','2019-06-10 16:09:00',0),(5,'show_total_ht',1,'commandedet','Afficher le Total HT sur le sous-total','int','10',NULL,NULL,0,0,NULL,'1',0,0,'a:1:{s:7:\"options\";a:1:{s:0:\"\";N;}}','0',0,NULL,'1',1,1,'2019-06-10 18:09:00','2019-06-10 16:09:00',0),(6,'show_reduc',1,'commandedet','Afficher la réduction sur le sous-total','int','10',NULL,NULL,0,0,NULL,'1',0,0,'a:1:{s:7:\"options\";a:1:{s:0:\"\";N;}}','0',0,NULL,'1',1,1,'2019-06-10 18:09:00','2019-06-10 16:09:00',0),(7,'show_total_ht',1,'facturedet','Afficher le Total HT sur le sous-total','int','10',NULL,NULL,0,0,NULL,'1',0,0,'a:1:{s:7:\"options\";a:1:{s:0:\"\";N;}}','0',0,NULL,'1',1,1,'2019-06-10 18:09:01','2019-06-10 16:09:01',0),(8,'show_reduc',1,'facturedet','Afficher la réduction sur le sous-total','int','10',NULL,NULL,0,0,NULL,'1',0,0,'a:1:{s:7:\"options\";a:1:{s:0:\"\";N;}}','0',0,NULL,'1',1,1,'2019-06-10 18:09:02','2019-06-10 16:09:02',0),(9,'show_total_ht',1,'supplier_proposaldet','Afficher le Total HT sur le sous-total','int','10',NULL,NULL,0,0,NULL,'1',0,0,'a:1:{s:7:\"options\";a:1:{s:0:\"\";N;}}','0',0,NULL,'1',1,1,'2019-06-10 18:09:02','2019-06-10 16:09:02',0),(10,'show_reduc',1,'supplier_proposaldet','Afficher la réduction sur le sous-total','int','10',NULL,NULL,0,0,NULL,'1',0,0,'a:1:{s:7:\"options\";a:1:{s:0:\"\";N;}}','0',0,NULL,'1',1,1,'2019-06-10 18:09:02','2019-06-10 16:09:02',0),(11,'show_total_ht',1,'commande_fournisseurdet','Afficher le Total HT sur le sous-total','int','10',NULL,NULL,0,0,NULL,'1',0,0,'a:1:{s:7:\"options\";a:1:{s:0:\"\";N;}}','0',0,NULL,'1',1,1,'2019-06-10 18:09:03','2019-06-10 16:09:03',0),(12,'show_reduc',1,'commande_fournisseurdet','Afficher la réduction sur le sous-total','int','10',NULL,NULL,0,0,NULL,'1',0,0,'a:1:{s:7:\"options\";a:1:{s:0:\"\";N;}}','0',0,NULL,'1',1,1,'2019-06-10 18:09:03','2019-06-10 16:09:03',0),(13,'show_total_ht',1,'facture_fourn_det','Afficher le Total HT sur le sous-total','int','10',NULL,NULL,0,0,NULL,'1',0,0,'a:1:{s:7:\"options\";a:1:{s:0:\"\";N;}}','0',0,NULL,'1',1,1,'2019-06-10 18:09:04','2019-06-10 16:09:04',0),(14,'show_reduc',1,'facture_fourn_det','Afficher la réduction sur le sous-total','int','10',NULL,NULL,0,0,NULL,'1',0,0,'a:1:{s:7:\"options\";a:1:{s:0:\"\";N;}}','0',0,NULL,'1',1,1,'2019-06-10 18:09:04','2019-06-10 16:09:04',0),(15,'subtotal_nc',1,'propaldet','Non compris','varchar','255',NULL,NULL,0,0,NULL,'1',0,0,'a:1:{s:7:\"options\";a:1:{s:0:\"\";N;}}','0',0,NULL,'1',1,1,'2019-06-15 16:05:04','2019-06-15 14:05:04',0),(16,'subtotal_nc',1,'commandedet','Non compris','varchar','255',NULL,NULL,0,0,NULL,'1',0,0,'a:1:{s:7:\"options\";a:1:{s:0:\"\";N;}}','0',0,NULL,'1',1,1,'2019-06-15 16:05:05','2019-06-15 14:05:05',0),(17,'subtotal_nc',1,'facturedet','Non compris','varchar','255',NULL,NULL,0,0,NULL,'1',0,0,'a:1:{s:7:\"options\";a:1:{s:0:\"\";N;}}','0',0,NULL,'1',1,1,'2019-06-15 16:05:06','2019-06-15 14:05:06',0),(18,'subtotal_nc',1,'supplier_proposaldet','Non compris','varchar','255',NULL,NULL,0,0,NULL,'1',0,0,'a:1:{s:7:\"options\";a:1:{s:0:\"\";N;}}','0',0,NULL,'1',1,1,'2019-06-15 16:05:06','2019-06-15 14:05:06',0),(19,'subtotal_nc',1,'commande_fournisseurdet','Non compris','varchar','255',NULL,NULL,0,0,NULL,'1',0,0,'a:1:{s:7:\"options\";a:1:{s:0:\"\";N;}}','0',0,NULL,'1',1,1,'2019-06-15 16:05:07','2019-06-15 14:05:07',0),(20,'subtotal_nc',1,'facture_fourn_det','Non compris','varchar','255',NULL,NULL,0,0,NULL,'1',0,0,'a:1:{s:7:\"options\";a:1:{s:0:\"\";N;}}','0',0,NULL,'1',1,1,'2019-06-15 16:05:07','2019-06-15 14:05:07',0),(33,'objchantier',1,'propal','Objet','varchar','255',NULL,NULL,0,0,NULL,'1',1,1,'a:1:{s:7:\"options\";a:1:{s:0:\"\";N;}}','1',0,NULL,NULL,1,1,'2022-04-28 11:25:05','2022-04-28 09:25:05',2),(34,'objchantier',1,'commande','Objet','varchar','255',NULL,NULL,0,0,NULL,'1',1,1,'a:1:{s:7:\"options\";a:1:{s:0:\"\";N;}}','1',0,NULL,NULL,1,1,'2022-04-28 11:25:40','2022-04-28 09:25:40',2),(35,'objchantier',1,'facture','Objet','varchar','255',NULL,NULL,0,0,NULL,'1',1,1,'a:1:{s:7:\"options\";a:1:{s:0:\"\";N;}}','1',0,NULL,NULL,1,1,'2022-04-28 11:26:01','2022-04-28 09:26:01',2);

--
-- Table structure for table `llx_facture`
--

CREATE TABLE `llx_facture` (
  `rowid` int(11) NOT NULL AUTO_INCREMENT,
  `ref` varchar(30) COLLATE utf8_unicode_ci NOT NULL,
  `entity` int(11) NOT NULL DEFAULT 1,
  `ref_ext` varchar(255) COLLATE utf8_unicode_ci DEFAULT NULL,
  `ref_int` varchar(255) COLLATE utf8_unicode_ci DEFAULT NULL,
  `ref_client` varchar(255) COLLATE utf8_unicode_ci DEFAULT NULL,
  `type` smallint(6) NOT NULL DEFAULT 0,
  `increment` varchar(10) COLLATE utf8_unicode_ci DEFAULT NULL,
  `fk_soc` int(11) NOT NULL,
  `datec` datetime DEFAULT NULL,
  `datef` date DEFAULT NULL,
  `date_pointoftax` date DEFAULT NULL,
  `date_valid` datetime DEFAULT NULL,
  `date_closing` datetime DEFAULT NULL,
  `tms` timestamp NOT NULL DEFAULT current_timestamp() ON UPDATE current_timestamp(),
  `paye` smallint(6) NOT NULL DEFAULT 0,
  `amount` double(24,8) NOT NULL DEFAULT 0.00000000,
  `remise_percent` double DEFAULT 0,
  `remise_absolue` double DEFAULT 0,
  `remise` double DEFAULT 0,
  `close_code` varchar(16) COLLATE utf8_unicode_ci DEFAULT NULL,
  `close_note` varchar(128) COLLATE utf8_unicode_ci DEFAULT NULL,
  `total_tva` double(24,8) DEFAULT 0.00000000,
  `localtax1` double(24,8) DEFAULT 0.00000000,
  `localtax2` double(24,8) DEFAULT 0.00000000,
  `revenuestamp` double(24,8) DEFAULT 0.00000000,
  `total_ht` double(24,8) DEFAULT 0.00000000,
  `total_ttc` double(24,8) DEFAULT 0.00000000,
  `fk_statut` smallint(6) NOT NULL DEFAULT 0,
  `fk_user_author` int(11) DEFAULT NULL,
  `fk_user_modif` int(11) DEFAULT NULL,
  `fk_user_valid` int(11) DEFAULT NULL,
  `fk_user_closing` int(11) DEFAULT NULL,
  `module_source` varchar(32) COLLATE utf8_unicode_ci DEFAULT NULL,
  `pos_source` varchar(32) COLLATE utf8_unicode_ci DEFAULT NULL,
  `fk_fac_rec_source` int(11) DEFAULT NULL,
  `fk_facture_source` int(11) DEFAULT NULL,
  `fk_projet` int(11) DEFAULT NULL,
  `fk_account` int(11) DEFAULT NULL,
  `fk_currency` varchar(3) COLLATE utf8_unicode_ci DEFAULT NULL,
  `fk_cond_reglement` int(11) NOT NULL DEFAULT 1,
  `fk_mode_reglement` int(11) DEFAULT NULL,
  `date_lim_reglement` date DEFAULT NULL,
  `note_private` text COLLATE utf8_unicode_ci DEFAULT NULL,
  `note_public` text COLLATE utf8_unicode_ci DEFAULT NULL,
  `model_pdf` varchar(255) COLLATE utf8_unicode_ci DEFAULT NULL,
  `last_main_doc` varchar(255) COLLATE utf8_unicode_ci DEFAULT NULL,
  `fk_incoterms` int(11) DEFAULT NULL,
  `location_incoterms` varchar(255) COLLATE utf8_unicode_ci DEFAULT NULL,
  `fk_transport_mode` int(11) DEFAULT NULL,
  `situation_cycle_ref` smallint(6) DEFAULT NULL,
  `situation_counter` smallint(6) DEFAULT NULL,
  `situation_final` smallint(6) DEFAULT NULL,
  `retained_warranty` double DEFAULT NULL,
  `retained_warranty_date_limit` date DEFAULT NULL,
  `retained_warranty_fk_cond_reglement` int(11) DEFAULT NULL,
  `import_key` varchar(14) COLLATE utf8_unicode_ci DEFAULT NULL,
  `extraparams` varchar(255) COLLATE utf8_unicode_ci DEFAULT NULL,
  `fk_multicurrency` int(11) DEFAULT NULL,
  `multicurrency_code` varchar(255) COLLATE utf8_unicode_ci DEFAULT NULL,
  `multicurrency_tx` double(24,8) DEFAULT 1.00000000,
  `multicurrency_total_ht` double(24,8) DEFAULT 0.00000000,
  `multicurrency_total_tva` double(24,8) DEFAULT 0.00000000,
  `multicurrency_total_ttc` double(24,8) DEFAULT 0.00000000,
  PRIMARY KEY (`rowid`),
  UNIQUE KEY `uk_facture_ref` (`ref`,`entity`),
  KEY `idx_facture_fk_soc` (`fk_soc`),
  KEY `idx_facture_fk_user_author` (`fk_user_author`),
  KEY `idx_facture_fk_user_valid` (`fk_user_valid`),
  KEY `idx_facture_fk_facture_source` (`fk_facture_source`),
  KEY `idx_facture_fk_projet` (`fk_projet`),
  KEY `idx_facture_fk_account` (`fk_account`),
  KEY `idx_facture_fk_currency` (`fk_currency`),
  KEY `idx_facture_fk_statut` (`fk_statut`),
  CONSTRAINT `fk_facture_fk_facture_source` FOREIGN KEY (`fk_facture_source`) REFERENCES `llx_facture` (`rowid`),
  CONSTRAINT `fk_facture_fk_projet` FOREIGN KEY (`fk_projet`) REFERENCES `llx_projet` (`rowid`),
  CONSTRAINT `fk_facture_fk_soc` FOREIGN KEY (`fk_soc`) REFERENCES `llx_societe` (`rowid`),
  CONSTRAINT `fk_facture_fk_user_author` FOREIGN KEY (`fk_user_author`) REFERENCES `llx_user` (`rowid`),
  CONSTRAINT `fk_facture_fk_user_valid` FOREIGN KEY (`fk_user_valid`) REFERENCES `llx_user` (`rowid`)
) ENGINE=InnoDB AUTO_INCREMENT=508 DEFAULT CHARSET=utf8 COLLATE=utf8_unicode_ci;

--
-- Dumping data for table `llx_facture`
--

INSERT INTO `llx_facture` (`rowid`, `ref`, `entity`, `ref_ext`, `ref_int`, `ref_client`, `type`, `increment`, `fk_soc`, `datec`, `datef`, `date_pointoftax`, `date_valid`, `date_closing`, `tms`, `paye`, `amount`, `remise_percent`, `remise_absolue`, `remise`, `close_code`, `close_note`, `total_tva`, `localtax1`, `localtax2`, `revenuestamp`, `total_ht`, `total_ttc`, `fk_statut`, `fk_user_author`, `fk_user_modif`, `fk_user_valid`, `fk_user_closing`, `module_source`, `pos_source`, `fk_fac_rec_source`, `fk_facture_source`, `fk_projet`, `fk_account`, `fk_currency`, `fk_cond_reglement`, `fk_mode_reglement`, `date_lim_reglement`, `note_private`, `note_public`, `model_pdf`, `last_main_doc`, `fk_incoterms`, `location_incoterms`, `fk_transport_mode`, `situation_cycle_ref`, `situation_counter`, `situation_final`, `retained_warranty`, `retained_warranty_date_limit`, `retained_warranty_fk_cond_reglement`, `import_key`, `extraparams`, `fk_multicurrency`, `multicurrency_code`, `multicurrency_tx`, `multicurrency_total_ht`, `multicurrency_total_tva`, `multicurrency_total_ttc`) VALUES (10,'5933',1,NULL,NULL,NULL,3,NULL,2635,'2022-05-04 14:27:11','2022-05-04',NULL,'2022-05-04 14:27:31','2022-05-04 14:30:18','2022-05-04 12:30:18',1,0.00000000,NULL,NULL,0,NULL,NULL,0.00000000,0.00000000,0.00000000,0.00000000,1026.80000000,1026.80000000,2,6,NULL,6,6,NULL,NULL,NULL,NULL,NULL,NULL,NULL,1,2,'2022-05-05',NULL,NULL,'crabe','facture/5933/5933.pdf',0,'',NULL,NULL,NULL,0,0,'2022-05-05',0,NULL,NULL,0,'EUR',1.00000000,1026.80000000,0.00000000,1026.80000000),(11,'5934',1,NULL,NULL,NULL,0,NULL,2635,'2022-05-04 14:32:36','2022-05-04',NULL,'2022-05-04 14:33:51','2022-05-16 12:01:04','2022-05-16 10:01:04',1,0.00000000,NULL,NULL,0,NULL,NULL,133.83000000,0.00000000,0.00000000,0.00000000,1406.39000000,1540.22000000,2,6,NULL,6,6,NULL,NULL,NULL,NULL,NULL,1,NULL,1,2,'2022-05-05',NULL,NULL,'crabe','facture/5934/5934.pdf',0,'',NULL,NULL,NULL,0,0,'2022-05-05',0,NULL,NULL,0,'EUR',1.00000000,1406.39000000,133.83000000,1540.22000000),(12,'5935',1,NULL,NULL,NULL,3,NULL,2770,'2022-05-04 17:02:36','2022-03-29',NULL,'2022-05-04 17:02:49','2022-05-04 17:03:20','2022-05-04 15:03:20',1,0.00000000,NULL,NULL,0,NULL,NULL,0.00000000,0.00000000,0.00000000,0.00000000,135.00000000,135.00000000,2,6,NULL,6,6,NULL,NULL,NULL,NULL,NULL,2,NULL,1,6,'2022-03-30',NULL,NULL,'crabe','facture/5935/5935.pdf',0,'',NULL,NULL,NULL,0,0,'2022-03-30',0,NULL,NULL,0,'EUR',1.00000000,135.00000000,0.00000000,135.00000000),(14,'5936',1,NULL,NULL,NULL,0,NULL,2770,'2022-05-04 17:04:51','2022-05-04',NULL,'2022-05-04 17:05:24','2022-06-14 11:41:20','2022-06-14 09:41:20',1,0.00000000,NULL,NULL,0,NULL,NULL,57.31000000,0.00000000,0.00000000,0.00000000,151.53000000,208.84000000,2,6,NULL,6,6,NULL,NULL,NULL,NULL,NULL,2,NULL,14,6,'2022-05-05',NULL,NULL,'sponge','facture/5936/5936.pdf',0,'',NULL,NULL,NULL,0,0,'2022-05-05',0,NULL,NULL,0,'EUR',1.00000000,151.53000000,57.31000000,208.84000000),(15,'6016',1,NULL,NULL,NULL,0,NULL,2769,'2022-05-06 11:33:18','2022-05-31',NULL,'2022-05-31 15:36:19','2022-06-28 14:19:05','2022-06-28 12:19:05',1,0.00000000,NULL,NULL,0,NULL,NULL,7.83000000,0.00000000,0.00000000,0.00000000,39.14000000,46.97000000,2,1,6,4,6,NULL,NULL,NULL,NULL,NULL,1,NULL,1,2,'2022-06-01',NULL,'Déposé sur CHORUS ','sponge','facture/6016/6016.pdf',0,'',NULL,NULL,NULL,0,0,NULL,0,NULL,'{\"concatpdf\":[\"condition ge\\u0301ne\\u0301ral de vente - cloture paloise.docx\"]}',0,'EUR',1.00000000,39.14000000,7.83000000,46.97000000),(18,'5937',1,NULL,NULL,NULL,0,NULL,2787,'2022-05-10 04:34:45','2022-05-10',NULL,'2022-05-10 04:35:16','2022-05-30 17:59:42','2022-05-30 15:59:42',1,0.00000000,NULL,NULL,0,NULL,NULL,21.57000000,0.00000000,0.00000000,0.00000000,107.84000000,129.41000000,2,2,NULL,2,6,NULL,NULL,NULL,NULL,NULL,1,NULL,1,2,'2022-05-11',NULL,NULL,'sponge','facture/5937/5937.pdf',0,'',NULL,NULL,NULL,0,0,'2022-05-11',0,NULL,NULL,0,'EUR',1.00000000,107.84000000,21.57000000,129.41000000),(21,'5938',1,NULL,NULL,NULL,3,NULL,2786,'2022-05-10 08:22:47','2022-05-10',NULL,'2022-05-10 09:08:07','2022-05-10 09:09:28','2022-05-10 07:09:28',1,0.00000000,NULL,NULL,0,NULL,NULL,66.67000000,0.00000000,0.00000000,0.00000000,333.33000000,400.00000000,2,2,NULL,4,4,NULL,NULL,NULL,NULL,NULL,NULL,NULL,1,6,'2022-05-11',NULL,NULL,'ouvrage_fact',NULL,0,'',NULL,NULL,NULL,0,0,'2022-05-11',0,NULL,NULL,0,'EUR',1.00000000,333.33000000,66.67000000,400.00000000),(25,'5939',1,NULL,NULL,NULL,0,NULL,2786,'2022-05-10 09:46:14','2022-05-10',NULL,'2022-05-10 09:46:32','2022-05-10 09:53:17','2022-05-10 07:53:17',1,0.00000000,NULL,NULL,0,NULL,NULL,101.95000000,0.00000000,0.00000000,0.00000000,509.75000000,611.70000000,2,4,NULL,4,4,NULL,NULL,NULL,NULL,NULL,2,NULL,1,6,'2022-05-11',NULL,NULL,'ouvrage_fact',NULL,0,'',NULL,NULL,NULL,0,0,'2022-05-11',0,NULL,'{\"concatpdf\":[\"condition ge\\u0301ne\\u0301ral de vente - cloture paloise.docx\"]}',0,'EUR',1.00000000,509.75000000,101.95000000,611.70000000),(26,'5940',1,NULL,NULL,NULL,0,NULL,1,'2022-05-10 10:33:27','2022-05-10',NULL,'2022-05-10 11:18:16','2022-10-10 14:11:53','2022-10-10 12:11:53',1,0.00000000,NULL,NULL,0,NULL,NULL,0.00000000,0.00000000,0.00000000,0.00000000,10913.00000000,10913.00000000,2,4,NULL,4,6,NULL,NULL,NULL,NULL,NULL,1,NULL,4,2,'2022-07-09',NULL,NULL,'sponge','facture/5940/5940.pdf',0,'',NULL,NULL,NULL,0,0,'2022-07-09',0,NULL,NULL,0,'EUR',1.00000000,10913.00000000,0.00000000,10913.00000000),(27,'5941',1,NULL,NULL,NULL,0,NULL,1,'2022-05-10 11:32:04','2022-05-10',NULL,'2022-05-10 17:34:32','2022-05-10 17:49:32','2022-05-10 15:49:32',1,0.00000000,NULL,NULL,0,NULL,NULL,2200.00000000,0.00000000,0.00000000,0.00000000,11000.00000000,13200.00000000,2,4,NULL,4,2,NULL,NULL,NULL,NULL,NULL,1,NULL,4,2,'2022-07-09',NULL,NULL,'ouvrage_fact',NULL,0,'',NULL,NULL,NULL,0,0,'2022-07-09',0,NULL,'{\"concatpdf\":[\"condition ge\\u0301ne\\u0301ral de vente - cloture paloise.docx\"]}',0,'EUR',1.00000000,11000.00000000,2200.00000000,13200.00000000),(28,'5942',1,NULL,NULL,NULL,3,NULL,2659,'2022-05-10 17:16:25','2022-05-10',NULL,'2022-05-10 17:18:29','2022-05-10 17:19:08','2022-05-10 15:45:45',1,0.00000000,NULL,NULL,0,NULL,NULL,365.33000000,0.00000000,0.00000000,0.00000000,1826.67000000,2192.00000000,2,2,NULL,2,2,NULL,NULL,NULL,NULL,NULL,NULL,NULL,1,7,'2022-05-11',NULL,NULL,'sponge','facture/5942/5942.pdf',0,'',NULL,NULL,NULL,0,0,'2022-05-11',0,NULL,NULL,0,'EUR',1.00000000,1826.67000000,365.33000000,2192.00000000),(31,'5943',1,NULL,NULL,NULL,0,NULL,2791,'2022-05-10 17:22:38','2022-05-10',NULL,'2022-05-17 11:04:36','2022-10-05 10:31:21','2022-10-05 08:31:21',1,0.00000000,NULL,NULL,0,NULL,NULL,2200.00000000,0.00000000,0.00000000,0.00000000,11000.00000000,13200.00000000,2,4,NULL,2,6,NULL,NULL,NULL,NULL,NULL,2,NULL,15,2,'2022-06-30',NULL,NULL,'sponge','facture/5943/5943.pdf',0,'',NULL,NULL,NULL,0,0,'2022-07-09',0,NULL,NULL,0,'EUR',1.00000000,11000.00000000,2200.00000000,13200.00000000),(33,'5944',1,NULL,NULL,NULL,3,NULL,2659,'2022-05-10 17:34:50','2022-05-10',NULL,'2022-05-10 17:35:45','2022-05-10 17:36:05','2022-05-10 15:46:48',1,0.00000000,NULL,NULL,0,NULL,NULL,199.27000000,0.00000000,0.00000000,0.00000000,1992.73000000,2192.00000000,2,2,NULL,2,2,NULL,NULL,NULL,NULL,NULL,1,NULL,1,7,'2022-05-11',NULL,NULL,'sponge','facture/5944/5944.pdf',0,'',NULL,NULL,NULL,0,0,'2022-05-11',0,NULL,NULL,0,'EUR',1.00000000,1992.73000000,199.27000000,2192.00000000),(34,'5945',1,NULL,NULL,NULL,2,NULL,1,'2022-05-10 17:35:13','2022-05-10',NULL,'2022-05-10 17:35:54','2022-05-10 17:48:44','2022-05-10 15:48:44',1,0.00000000,NULL,NULL,0,NULL,NULL,-2200.00000000,0.00000000,0.00000000,0.00000000,-11000.00000000,-13200.00000000,2,4,NULL,4,2,NULL,NULL,NULL,27,NULL,NULL,NULL,0,0,'2022-05-10',NULL,NULL,'ouvrage_fact',NULL,0,'',NULL,NULL,NULL,0,0,NULL,0,NULL,NULL,0,'EUR',1.00000000,-11000.00000000,-2200.00000000,-13200.00000000),(35,'5946',1,NULL,NULL,NULL,0,NULL,2659,'2022-05-10 17:37:10','2022-05-10',NULL,'2022-05-10 17:40:38','2022-05-16 10:05:37','2022-05-16 08:05:37',1,0.00000000,NULL,NULL,0,NULL,NULL,298.88000000,0.00000000,0.00000000,0.00000000,2988.77000000,3287.65000000,2,2,NULL,2,6,NULL,NULL,NULL,NULL,NULL,1,NULL,1,2,'2022-05-11',NULL,NULL,'sponge','facture/5946/5946.pdf',0,'',NULL,NULL,NULL,0,0,'2022-05-11',0,NULL,NULL,0,'EUR',1.00000000,2988.77000000,298.88000000,3287.65000000),(36,'5947',1,NULL,NULL,NULL,2,NULL,2659,'2022-05-10 17:44:39','2022-05-10',NULL,'2022-05-10 17:44:53','2022-07-19 10:24:10','2022-07-19 08:24:10',1,0.00000000,NULL,NULL,0,NULL,NULL,-365.33000000,0.00000000,0.00000000,0.00000000,-1826.67000000,-2192.00000000,2,2,NULL,2,1,NULL,NULL,NULL,28,NULL,1,NULL,0,7,'2022-05-10',NULL,NULL,'sponge','facture/5947/5947.pdf',0,'',NULL,NULL,NULL,0,0,NULL,0,NULL,NULL,0,'EUR',1.00000000,-1826.67000000,-365.33000000,-2192.00000000),(37,'5948',1,NULL,NULL,NULL,3,NULL,2634,'2022-05-11 09:59:19','2022-05-11',NULL,'2022-05-11 10:01:51','2022-05-11 10:02:43','2022-05-11 08:02:43',1,0.00000000,NULL,NULL,0,NULL,NULL,108.00000000,0.00000000,0.00000000,0.00000000,1080.00000000,1188.00000000,2,6,NULL,6,6,NULL,NULL,NULL,NULL,NULL,1,NULL,1,7,'2022-05-12',NULL,NULL,'ouvrage_fact',NULL,0,'',NULL,NULL,NULL,0,0,'2022-05-12',0,NULL,NULL,0,'EUR',1.00000000,1080.00000000,108.00000000,1188.00000000),(38,'5949',1,NULL,NULL,NULL,0,NULL,2634,'2022-05-11 10:03:54','2022-05-11',NULL,'2022-05-11 10:06:36','2022-06-14 11:23:30','2022-06-14 09:23:30',1,0.00000000,NULL,NULL,0,NULL,NULL,162.00000000,0.00000000,0.00000000,0.00000000,1620.00000000,1782.00000000,2,6,NULL,6,6,NULL,NULL,NULL,NULL,NULL,1,NULL,1,2,'2022-05-12',NULL,NULL,'sponge','facture/5949/5949.pdf',0,'',NULL,NULL,NULL,0,0,'2022-05-12',0,NULL,NULL,0,'EUR',1.00000000,1620.00000000,162.00000000,1782.00000000),(39,'5950',1,NULL,NULL,NULL,3,NULL,2444,'2022-05-11 10:28:17','2022-05-11',NULL,'2022-05-11 10:29:38','2022-05-11 10:32:41','2022-05-11 08:32:41',1,0.00000000,NULL,NULL,0,NULL,NULL,283.33000000,0.00000000,0.00000000,0.00000000,1416.67000000,1700.00000000,2,6,NULL,6,6,NULL,NULL,NULL,NULL,NULL,NULL,NULL,1,7,'2022-05-12',NULL,NULL,'ouvrage_fact',NULL,0,'',NULL,NULL,NULL,0,0,'2022-05-12',0,NULL,NULL,0,'EUR',1.00000000,1416.67000000,283.33000000,1700.00000000),(40,'5951',1,NULL,NULL,NULL,0,NULL,2444,'2022-05-11 11:19:21','2022-05-11',NULL,'2022-05-11 11:20:30','2022-06-17 14:27:49','2022-06-17 12:27:49',1,0.00000000,NULL,NULL,0,NULL,NULL,430.27000000,0.00000000,0.00000000,0.00000000,2151.33000000,2581.60000000,2,6,NULL,6,6,NULL,NULL,NULL,NULL,NULL,1,NULL,1,2,'2022-05-12',NULL,NULL,'sponge','facture/5951/5951.pdf',0,'',NULL,NULL,NULL,0,0,'2022-05-12',0,NULL,NULL,0,'EUR',1.00000000,2151.33000000,430.27000000,2581.60000000),(41,'5952',1,NULL,NULL,NULL,3,NULL,1903,'2022-05-12 10:50:02','2022-05-12',NULL,'2022-05-12 10:52:46','2022-05-12 10:54:52','2022-05-12 08:54:52',1,0.00000000,NULL,NULL,0,NULL,NULL,36.36000000,0.00000000,0.00000000,0.00000000,363.64000000,400.00000000,2,6,NULL,6,6,NULL,NULL,NULL,NULL,NULL,2,NULL,1,2,'2022-05-13',NULL,NULL,'sponge','facture/5952/5952.pdf',0,'',NULL,NULL,NULL,0,0,'2022-05-13',0,NULL,NULL,0,'EUR',1.00000000,363.64000000,36.36000000,400.00000000),(42,'5953',1,NULL,NULL,NULL,0,NULL,1903,'2022-05-12 10:57:11','2022-05-12',NULL,'2022-05-12 11:04:41','2022-06-07 09:30:46','2022-06-07 07:30:46',1,0.00000000,NULL,NULL,0,NULL,NULL,45.64000000,0.00000000,0.00000000,0.00000000,456.36000000,502.00000000,2,6,NULL,6,6,NULL,NULL,NULL,NULL,NULL,1,NULL,1,2,'2022-05-13',NULL,NULL,'sponge','facture/5953/5953.pdf',0,'',NULL,NULL,NULL,0,0,'2022-05-13',0,NULL,NULL,0,'EUR',1.00000000,456.36000000,45.64000000,502.00000000),(43,'5954',1,NULL,NULL,NULL,3,NULL,2799,'2022-05-12 14:13:03','2022-05-12',NULL,'2022-05-12 14:14:33','2022-05-12 14:45:52','2022-05-12 12:45:58',1,0.00000000,NULL,NULL,0,NULL,NULL,36.36000000,0.00000000,0.00000000,0.00000000,363.64000000,400.00000000,2,6,NULL,6,6,NULL,NULL,NULL,NULL,NULL,NULL,NULL,1,7,'2022-05-13',NULL,NULL,'sponge','facture/5954/5954.pdf',0,'',NULL,NULL,NULL,0,0,'2022-05-13',0,NULL,NULL,0,'EUR',1.00000000,363.64000000,36.36000000,400.00000000),(44,'5955',1,NULL,NULL,NULL,0,NULL,2799,'2022-05-12 14:46:41','2022-05-12',NULL,'2022-05-12 14:47:36','2022-05-25 09:45:19','2022-05-25 07:45:19',1,0.00000000,NULL,NULL,0,NULL,NULL,54.74000000,0.00000000,0.00000000,0.00000000,547.41000000,602.15000000,2,6,NULL,6,6,NULL,NULL,NULL,NULL,NULL,NULL,NULL,1,2,'2022-05-13',NULL,NULL,'sponge','facture/5955/5955.pdf',0,'',NULL,NULL,NULL,0,0,'2022-05-13',0,NULL,NULL,0,'EUR',1.00000000,547.41000000,54.74000000,602.15000000),(45,'5956',1,NULL,NULL,NULL,3,NULL,2652,'2022-05-12 17:27:49','2022-05-12',NULL,'2022-05-12 17:29:45','2022-05-12 17:30:23','2022-05-12 15:30:23',1,0.00000000,NULL,NULL,0,NULL,NULL,101.82000000,0.00000000,0.00000000,0.00000000,1018.18000000,1120.00000000,2,6,NULL,6,6,NULL,NULL,NULL,NULL,NULL,NULL,NULL,1,7,'2022-05-13',NULL,NULL,'sponge','facture/5956/5956.pdf',0,'',NULL,NULL,NULL,0,0,'2022-05-13',0,NULL,NULL,0,'EUR',1.00000000,1018.18000000,101.82000000,1120.00000000),(46,'5957',1,NULL,NULL,NULL,0,NULL,2652,'2022-05-13 09:25:24','2022-05-13',NULL,'2022-05-13 09:26:58','2022-05-18 10:16:39','2022-05-18 08:16:39',1,0.00000000,NULL,NULL,0,NULL,NULL,151.31000000,0.00000000,0.00000000,0.00000000,1513.07000000,1664.38000000,2,6,NULL,6,6,NULL,NULL,NULL,NULL,NULL,NULL,NULL,1,2,'2022-05-14',NULL,NULL,'sponge','facture/5957/5957.pdf',0,'',NULL,NULL,NULL,0,0,'2022-05-14',0,NULL,NULL,0,'EUR',1.00000000,1513.07000000,151.31000000,1664.38000000),(47,'5958',1,NULL,NULL,NULL,3,NULL,2054,'2022-05-13 10:05:09','2022-05-13',NULL,'2022-05-13 10:17:11','2022-05-13 10:18:18','2022-05-13 08:18:18',1,0.00000000,NULL,NULL,0,NULL,NULL,45.64000000,0.00000000,0.00000000,0.00000000,456.36000000,502.00000000,2,6,NULL,6,6,NULL,NULL,NULL,NULL,NULL,NULL,NULL,1,7,'2022-05-14',NULL,NULL,'sponge','facture/5958/5958.pdf',0,'',NULL,NULL,NULL,0,0,'2022-05-14',0,NULL,NULL,0,'EUR',1.00000000,456.36000000,45.64000000,502.00000000),(48,'5959',1,NULL,NULL,NULL,0,NULL,2054,'2022-05-13 10:29:24','2022-05-13',NULL,'2022-05-13 10:31:03','2022-05-20 11:41:33','2022-05-20 09:41:33',1,0.00000000,NULL,NULL,0,NULL,NULL,68.48000000,0.00000000,0.00000000,0.00000000,684.79000000,753.27000000,2,6,NULL,6,6,NULL,NULL,NULL,NULL,NULL,2,NULL,1,2,'2022-05-14',NULL,NULL,'sponge','facture/5959/5959.pdf',0,'',NULL,NULL,NULL,0,0,'2022-05-14',0,NULL,NULL,0,'EUR',1.00000000,684.79000000,68.48000000,753.27000000),(49,'5960',1,NULL,NULL,NULL,3,NULL,2631,'2022-05-16 10:18:58','2022-05-16',NULL,'2022-05-16 10:33:24','2022-05-16 10:34:17','2022-05-16 08:34:17',1,0.00000000,NULL,NULL,0,NULL,NULL,159.02000000,0.00000000,0.00000000,0.00000000,1590.24000000,1749.26000000,2,6,NULL,6,6,NULL,NULL,NULL,NULL,NULL,1,NULL,1,7,'2022-05-17',NULL,NULL,'sponge','facture/5960/5960.pdf',0,'',NULL,NULL,NULL,0,0,'2022-05-17',0,NULL,NULL,0,'EUR',1.00000000,1590.24000000,159.02000000,1749.26000000),(50,'5961',1,NULL,NULL,NULL,0,NULL,2631,'2022-05-16 10:48:48','2022-05-16',NULL,'2022-05-16 10:50:28','2022-05-24 11:07:20','2022-05-24 09:07:20',1,0.00000000,NULL,NULL,0,NULL,NULL,238.54000000,0.00000000,0.00000000,0.00000000,2385.36000000,2623.90000000,2,6,NULL,6,4,NULL,NULL,NULL,NULL,NULL,1,NULL,1,2,'2022-05-17',NULL,NULL,'sponge','facture/5961/5961.pdf',0,'',NULL,NULL,NULL,0,0,'2022-05-17',0,NULL,NULL,0,'EUR',1.00000000,2385.36000000,238.54000000,2623.90000000),(54,'5962',1,NULL,NULL,NULL,2,NULL,2770,'2022-05-16 11:32:00','2022-03-29',NULL,'2022-05-16 11:32:20','2022-05-16 11:34:24','2022-05-16 09:34:24',1,0.00000000,NULL,NULL,0,NULL,NULL,0.00000000,0.00000000,0.00000000,0.00000000,-135.00000000,-135.00000000,2,2,NULL,2,2,NULL,NULL,NULL,12,NULL,NULL,NULL,0,0,'2022-03-29',NULL,NULL,'ouvrage_fact',NULL,0,'',NULL,NULL,NULL,0,0,NULL,0,NULL,NULL,0,'EUR',1.00000000,-135.00000000,0.00000000,-135.00000000),(55,'5963',1,NULL,NULL,NULL,3,NULL,2770,'2022-05-16 11:38:33','2022-05-04',NULL,'2022-05-16 11:39:07','2022-05-16 11:39:44','2022-05-16 09:39:44',1,0.00000000,NULL,NULL,0,NULL,NULL,0.00000000,0.00000000,0.00000000,0.00000000,135.00000000,135.00000000,2,2,NULL,2,2,NULL,NULL,NULL,NULL,NULL,NULL,NULL,1,6,'2022-05-05',NULL,NULL,'ouvrage_fact',NULL,0,'',NULL,NULL,NULL,0,0,'2022-05-05',0,NULL,NULL,0,'EUR',1.00000000,135.00000000,0.00000000,135.00000000),(56,'5964',1,NULL,NULL,NULL,0,NULL,2778,'2022-05-16 14:38:49','2022-05-16',NULL,'2022-05-16 14:40:18','2022-05-31 14:18:17','2022-05-31 12:18:17',1,0.00000000,NULL,NULL,0,NULL,NULL,70.00000000,0.00000000,0.00000000,0.00000000,350.00000000,420.00000000,2,6,NULL,6,6,NULL,NULL,NULL,NULL,NULL,NULL,NULL,1,2,'2022-05-17',NULL,NULL,'sponge','facture/5964/5964.pdf',0,'',NULL,NULL,NULL,0,0,'2022-05-17',0,NULL,NULL,0,'EUR',1.00000000,350.00000000,70.00000000,420.00000000),(57,'5965',1,NULL,NULL,NULL,0,NULL,2644,'2022-05-17 10:11:12','2022-05-17',NULL,'2022-05-17 10:11:39','2022-06-07 10:01:02','2022-06-07 08:01:02',1,0.00000000,NULL,NULL,0,NULL,NULL,187.80000000,0.00000000,0.00000000,0.00000000,939.00000000,1126.80000000,2,6,NULL,6,6,NULL,NULL,NULL,NULL,NULL,1,NULL,1,2,'2022-05-18',NULL,NULL,'sponge','facture/5965/5965.pdf',0,'',NULL,NULL,NULL,0,0,'2022-05-18',0,NULL,NULL,0,'EUR',1.00000000,939.00000000,187.80000000,1126.80000000),(58,'5966',1,NULL,NULL,NULL,3,NULL,2822,'2022-05-17 15:18:15','2022-05-17',NULL,'2022-05-17 15:19:34','2022-05-17 15:21:09','2022-05-17 13:21:09',1,0.00000000,NULL,NULL,0,NULL,NULL,21.78000000,0.00000000,0.00000000,0.00000000,108.88000000,130.66000000,2,4,NULL,4,4,NULL,NULL,NULL,NULL,NULL,2,NULL,1,6,'2022-05-18',NULL,NULL,'sponge','facture/5966/5966.pdf',0,'',NULL,NULL,NULL,0,0,'2022-05-18',0,NULL,NULL,0,'EUR',1.00000000,108.88000000,21.78000000,130.66000000),(59,'5967',1,NULL,NULL,NULL,3,NULL,2636,'2022-05-18 09:18:19','2022-05-18',NULL,'2022-05-18 09:20:01','2022-05-18 09:20:54','2022-05-18 07:20:54',1,0.00000000,NULL,NULL,0,NULL,NULL,241.82000000,0.00000000,0.00000000,0.00000000,2418.18000000,2660.00000000,2,6,NULL,6,6,NULL,NULL,NULL,NULL,NULL,NULL,NULL,1,2,'2022-05-19',NULL,NULL,'sponge','facture/5967/5967.pdf',0,'',NULL,NULL,NULL,0,0,'2022-05-19',0,NULL,NULL,0,'EUR',1.00000000,2418.18000000,241.82000000,2660.00000000),(60,'5968',1,NULL,NULL,NULL,0,NULL,2636,'2022-05-18 09:25:35','2022-05-18',NULL,'2022-05-18 09:50:50','2022-05-20 16:22:50','2022-05-20 14:22:57',1,0.00000000,NULL,NULL,0,NULL,NULL,362.74000000,0.00000000,0.00000000,0.00000000,3627.43000000,3990.17000000,2,6,NULL,6,4,NULL,NULL,NULL,NULL,NULL,1,NULL,1,2,'2022-05-19',NULL,NULL,'sponge','facture/5968/5968.pdf',0,'',NULL,NULL,NULL,0,0,'2022-05-19',0,NULL,'{\"concatpdf\":[\"condition ge\\u0301ne\\u0301ral de vente - cloture paloise.docx\"]}',0,'EUR',1.00000000,3627.43000000,362.74000000,3990.17000000),(61,'5969',1,NULL,NULL,NULL,0,NULL,2830,'2022-05-18 10:52:15','2022-05-18',NULL,'2022-05-18 10:53:59','2022-10-07 11:49:50','2022-10-07 09:49:50',1,0.00000000,NULL,NULL,0,NULL,NULL,2.76000000,0.00000000,0.00000000,0.00000000,13.80000000,16.56000000,2,4,NULL,4,6,NULL,NULL,NULL,NULL,NULL,1,NULL,1,2,'2022-05-19',NULL,NULL,'sponge','facture/5969/5969.pdf',0,'',NULL,NULL,NULL,0,0,'2022-05-19',0,NULL,'{\"concatpdf\":[\"condition ge\\u0301ne\\u0301ral de vente - cloture paloise.docx\"]}',0,'EUR',1.00000000,13.80000000,2.76000000,16.56000000),(62,'5970',1,NULL,NULL,NULL,3,NULL,2828,'2022-05-18 11:15:59','2022-05-18',NULL,'2022-05-18 11:18:17','2022-05-18 11:19:16','2022-05-18 09:19:16',1,0.00000000,NULL,NULL,0,NULL,NULL,494.36000000,0.00000000,0.00000000,0.00000000,4943.64000000,5438.00000000,2,6,NULL,6,6,NULL,NULL,NULL,NULL,NULL,1,NULL,1,7,'2022-05-19',NULL,NULL,'sponge','facture/5970/5970.pdf',0,'',NULL,NULL,NULL,0,0,'2022-05-19',0,NULL,NULL,0,'EUR',1.00000000,4943.64000000,494.36000000,5438.00000000),(63,'5971',1,NULL,NULL,NULL,3,NULL,2834,'2022-05-18 16:30:54','2022-05-18',NULL,'2022-05-18 16:33:02','2022-05-18 16:33:33','2022-05-18 14:33:33',1,0.00000000,NULL,NULL,0,NULL,NULL,949.67000000,0.00000000,0.00000000,0.00000000,4748.33000000,5698.00000000,2,4,NULL,4,4,NULL,NULL,NULL,NULL,NULL,1,NULL,1,7,'2022-05-19',NULL,NULL,'sponge','facture/5971/5971.pdf',0,'',NULL,NULL,NULL,0,0,'2022-05-19',0,NULL,NULL,0,'EUR',1.00000000,4748.33000000,949.67000000,5698.00000000),(64,'5972',1,NULL,NULL,NULL,0,NULL,2836,'2022-05-18 17:25:55','2022-05-18',NULL,'2022-05-18 17:38:54','2022-07-20 10:07:43','2022-07-20 08:07:43',1,0.00000000,NULL,NULL,0,NULL,NULL,19.00000000,0.00000000,0.00000000,0.00000000,95.00000000,114.00000000,2,4,NULL,4,6,NULL,NULL,NULL,NULL,NULL,1,NULL,1,2,'2022-05-19',NULL,NULL,'sponge','facture/5972/5972.pdf',0,'',NULL,NULL,NULL,0,0,'2022-05-19',0,NULL,NULL,0,'EUR',1.00000000,95.00000000,19.00000000,114.00000000),(65,'5973',1,NULL,NULL,NULL,0,NULL,1662,'2022-05-19 07:10:20','2022-05-19',NULL,'2022-05-19 07:15:10','2022-05-31 14:21:30','2022-05-31 12:21:30',1,0.00000000,NULL,NULL,0,NULL,NULL,2277.07000000,0.00000000,0.00000000,0.00000000,11385.34000000,13662.41000000,2,2,NULL,2,6,NULL,NULL,NULL,NULL,NULL,1,NULL,1,2,'2022-05-20',NULL,NULL,'sponge','facture/5973/5973.pdf',0,'',NULL,NULL,NULL,0,0,'2022-05-20',0,NULL,NULL,0,'EUR',1.00000000,11385.34000000,2277.07000000,13662.41000000),(66,'5974',1,NULL,NULL,NULL,3,NULL,2304,'2022-05-19 09:19:53','2022-05-19',NULL,'2022-05-19 09:21:06','2022-05-19 09:22:10','2022-05-19 07:22:10',1,0.00000000,NULL,NULL,0,NULL,NULL,101.11000000,0.00000000,0.00000000,0.00000000,1011.13000000,1112.24000000,2,2,NULL,2,2,NULL,NULL,NULL,NULL,NULL,1,NULL,1,2,'2022-05-20',NULL,NULL,'sponge','facture/5974/5974.pdf',0,'',NULL,NULL,NULL,0,0,'2022-05-20',0,NULL,NULL,0,'EUR',1.00000000,1011.13000000,101.11000000,1112.24000000),(67,'5975',1,NULL,NULL,NULL,3,NULL,2304,'2022-05-19 09:23:34','2022-05-19',NULL,'2022-05-19 09:25:26','2022-05-19 09:26:05','2022-05-19 07:26:05',1,0.00000000,NULL,NULL,0,NULL,NULL,46.01000000,0.00000000,0.00000000,0.00000000,460.07000000,506.08000000,2,2,NULL,2,2,NULL,NULL,NULL,NULL,NULL,NULL,NULL,1,2,'2022-05-20',NULL,NULL,'sponge','facture/5975/5975.pdf',0,'',NULL,NULL,NULL,0,0,'2022-05-20',0,NULL,NULL,0,'EUR',1.00000000,460.07000000,46.01000000,506.08000000),(68,'5976',1,NULL,NULL,NULL,0,NULL,2304,'2022-05-19 10:12:43','2022-05-19',NULL,'2022-05-19 10:14:52','2022-06-14 11:04:18','2022-06-14 09:04:18',1,0.00000000,NULL,NULL,0,NULL,NULL,220.68000000,0.00000000,0.00000000,0.00000000,2206.80000000,2427.48000000,2,2,NULL,2,6,NULL,NULL,NULL,NULL,NULL,1,NULL,1,2,'2022-05-20',NULL,NULL,'sponge','facture/5976/5976.pdf',0,'',NULL,NULL,NULL,0,0,'2022-05-20',0,NULL,NULL,0,'EUR',1.00000000,2206.80000000,220.68000000,2427.48000000),(69,'5977',1,NULL,NULL,NULL,3,NULL,2642,'2022-05-19 16:04:04','2022-05-19',NULL,'2022-05-19 16:10:29','2022-05-19 16:13:41','2022-05-19 14:13:41',1,0.00000000,NULL,NULL,0,NULL,NULL,154.55000000,0.00000000,0.00000000,0.00000000,1545.45000000,1700.00000000,2,6,NULL,6,6,NULL,NULL,NULL,NULL,NULL,NULL,NULL,1,7,'2022-05-20',NULL,NULL,'sponge','facture/5977/5977.pdf',0,'',NULL,NULL,NULL,0,0,'2022-05-20',0,NULL,NULL,0,'EUR',1.00000000,1545.45000000,154.55000000,1700.00000000),(70,'5978',1,NULL,NULL,NULL,0,NULL,2642,'2022-05-19 16:15:52','2022-05-19',NULL,'2022-05-19 16:18:51','2022-06-03 11:59:30','2022-06-03 09:59:30',1,0.00000000,NULL,NULL,0,NULL,NULL,231.58000000,0.00000000,0.00000000,0.00000000,2315.93000000,2547.51000000,2,6,NULL,6,4,NULL,NULL,NULL,NULL,NULL,NULL,NULL,1,2,'2022-05-20',NULL,NULL,'sponge','facture/5978/5978.pdf',0,'',NULL,NULL,NULL,0,0,'2022-05-20',0,NULL,NULL,0,'EUR',1.00000000,2315.93000000,231.58000000,2547.51000000),(71,'5979',1,NULL,NULL,NULL,0,NULL,2786,'2022-05-19 16:26:40','2022-05-19',NULL,'2022-05-19 16:26:52','2022-05-19 17:34:53','2022-05-19 15:34:53',1,0.00000000,NULL,NULL,0,NULL,NULL,13.29000000,0.00000000,0.00000000,0.00000000,66.43000000,79.72000000,2,4,NULL,4,6,NULL,NULL,NULL,NULL,NULL,2,NULL,6,6,'2022-05-20',NULL,NULL,'sponge','facture/5979/5979.pdf',0,'',NULL,NULL,NULL,0,0,'2022-05-20',0,NULL,'{\"concatpdf\":[\"condition ge\\u0301ne\\u0301ral de vente - cloture paloise.docx\"]}',0,'EUR',1.00000000,66.43000000,13.29000000,79.72000000),(72,'5980',1,NULL,NULL,NULL,3,NULL,2839,'2022-05-19 16:44:14','2022-05-05',NULL,'2022-05-19 16:46:55','2022-05-19 17:26:36','2022-05-19 15:26:36',1,0.00000000,NULL,NULL,0,NULL,NULL,78.87000000,0.00000000,0.00000000,0.00000000,394.37000000,473.24000000,2,4,NULL,4,4,NULL,NULL,NULL,NULL,NULL,1,NULL,1,2,'2022-05-06',NULL,NULL,'sponge','facture/5980/5980.pdf',0,'',NULL,NULL,NULL,0,0,'2022-05-06',0,NULL,NULL,0,'EUR',1.00000000,394.37000000,78.87000000,473.24000000),(73,'5981',1,NULL,NULL,NULL,3,NULL,2632,'2022-05-19 17:00:37','2022-05-19',NULL,'2022-05-19 17:02:27','2022-05-19 17:02:56','2022-05-19 15:02:56',1,0.00000000,NULL,NULL,0,NULL,NULL,99.55000000,0.00000000,0.00000000,0.00000000,995.45000000,1095.00000000,2,6,NULL,6,6,NULL,NULL,NULL,NULL,NULL,NULL,NULL,1,7,'2022-05-20',NULL,NULL,'sponge','facture/5981/5981.pdf',0,'',NULL,NULL,NULL,0,0,'2022-05-20',0,NULL,NULL,0,'EUR',1.00000000,995.45000000,99.55000000,1095.00000000),(75,'5982',1,NULL,NULL,NULL,3,NULL,2783,'2022-05-19 17:03:05','2022-05-19',NULL,'2022-05-19 17:04:41','2022-05-19 17:35:38','2022-05-19 15:35:38',1,0.00000000,NULL,NULL,0,NULL,NULL,204.18000000,0.00000000,0.00000000,0.00000000,2041.82000000,2246.00000000,2,4,NULL,4,6,NULL,NULL,NULL,NULL,NULL,2,NULL,1,2,'2022-05-20',NULL,NULL,'sponge','facture/5982/5982.pdf',0,'',NULL,NULL,NULL,0,0,'2022-05-20',0,NULL,NULL,0,'EUR',1.00000000,2041.82000000,204.18000000,2246.00000000),(76,'5983',1,NULL,NULL,NULL,0,NULL,2632,'2022-05-19 17:05:24','2022-05-19',NULL,'2022-05-19 17:09:53','2022-05-25 15:40:57','2022-05-25 13:40:57',1,0.00000000,NULL,NULL,0,NULL,NULL,136.25000000,0.00000000,0.00000000,0.00000000,1362.55000000,1498.80000000,2,6,NULL,6,6,NULL,NULL,NULL,NULL,NULL,NULL,NULL,1,2,'2022-05-20',NULL,NULL,'sponge','facture/5983/5983.pdf',0,'',NULL,NULL,NULL,0,0,'2022-05-20',0,NULL,NULL,0,'EUR',1.00000000,1362.55000000,136.25000000,1498.80000000),(77,'5984',1,NULL,NULL,NULL,0,NULL,2839,'2022-05-19 17:26:57','2022-05-19',NULL,'2022-05-19 17:27:46','2022-05-19 17:28:20','2022-05-19 15:28:20',1,0.00000000,NULL,NULL,0,NULL,NULL,118.31000000,0.00000000,0.00000000,0.00000000,591.55000000,709.86000000,2,4,NULL,4,4,NULL,NULL,NULL,NULL,NULL,NULL,NULL,1,2,'2022-05-20',NULL,NULL,'sponge','facture/5984/5984.pdf',0,'',NULL,NULL,NULL,0,0,'2022-05-20',0,NULL,NULL,0,'EUR',1.00000000,591.55000000,118.31000000,709.86000000),(78,'5985',1,NULL,NULL,NULL,0,NULL,2042,'2022-05-24 09:54:22','2022-05-24',NULL,'2022-05-24 09:55:44','2022-08-24 20:02:57','2022-08-24 18:02:57',1,0.00000000,NULL,NULL,0,NULL,NULL,104.59000000,0.00000000,0.00000000,0.00000000,522.95000000,627.54000000,2,6,NULL,6,6,NULL,NULL,NULL,NULL,NULL,1,NULL,3,2,'2022-06-30',NULL,NULL,'sponge','facture/5985/5985.pdf',0,'',NULL,NULL,NULL,0,0,'2022-06-30',0,NULL,NULL,0,'EUR',1.00000000,522.95000000,104.59000000,627.54000000),(79,'5986',1,NULL,NULL,NULL,3,NULL,2612,'2022-05-24 10:32:40','2022-05-24',NULL,'2022-05-24 10:35:33','2022-05-24 10:36:59','2022-05-24 08:36:59',1,0.00000000,NULL,NULL,0,NULL,NULL,102.00000000,0.00000000,0.00000000,0.00000000,1020.00000000,1122.00000000,2,6,NULL,6,6,NULL,NULL,NULL,NULL,NULL,1,NULL,1,7,'2022-05-25',NULL,NULL,'sponge','facture/5986/5986.pdf',0,'',NULL,NULL,NULL,0,0,'2022-05-25',0,NULL,NULL,0,'EUR',1.00000000,1020.00000000,102.00000000,1122.00000000),(80,'5987',1,NULL,NULL,NULL,0,NULL,2612,'2022-05-24 10:37:34','2022-05-24',NULL,'2022-05-31 08:10:54','2022-06-02 11:46:12','2022-06-02 09:52:35',1,0.00000000,NULL,NULL,0,NULL,NULL,144.87000000,0.00000000,0.00000000,0.00000000,1448.70000000,1593.57000000,2,6,NULL,6,4,NULL,NULL,NULL,NULL,NULL,1,NULL,1,2,'2022-05-25',NULL,NULL,'sponge','facture/5987/5987.pdf',0,'',NULL,NULL,NULL,0,0,'2022-05-25',0,NULL,NULL,0,'EUR',1.00000000,1448.70000000,144.87000000,1593.57000000),(81,'5988',1,NULL,NULL,NULL,0,NULL,1020,'2022-05-24 11:16:32','2022-05-24',NULL,'2022-05-24 11:16:47','2022-05-24 11:21:04','2022-05-24 09:21:04',1,0.00000000,NULL,NULL,0,NULL,NULL,181.00000000,0.00000000,0.00000000,0.00000000,1810.00000000,1991.00000000,2,6,NULL,6,6,NULL,NULL,NULL,NULL,NULL,NULL,NULL,1,7,'2022-05-25',NULL,NULL,'sponge','facture/5988/5988.pdf',0,'',NULL,NULL,NULL,0,0,'2022-05-25',0,NULL,NULL,0,'EUR',1.00000000,1810.00000000,181.00000000,1991.00000000),(82,'5989',1,NULL,NULL,NULL,3,NULL,2844,'2022-05-24 11:56:26','2022-05-24',NULL,'2022-05-24 11:57:57','2022-05-24 11:58:17','2022-05-24 09:58:17',1,0.00000000,NULL,NULL,0,NULL,NULL,95.62000000,0.00000000,0.00000000,0.00000000,956.20000000,1051.82000000,2,6,NULL,6,6,NULL,NULL,NULL,NULL,NULL,NULL,NULL,1,7,'2022-05-25',NULL,NULL,'sponge','facture/5989/5989.pdf',0,'',NULL,NULL,NULL,0,0,'2022-05-25',0,NULL,NULL,0,'EUR',1.00000000,956.20000000,95.62000000,1051.82000000),(83,'5990',1,NULL,NULL,NULL,0,NULL,2844,'2022-05-24 14:04:56','2022-05-24',NULL,'2022-05-24 14:05:41','2022-05-25 15:56:02','2022-05-25 13:56:02',1,0.00000000,NULL,NULL,0,NULL,NULL,143.43000000,0.00000000,0.00000000,0.00000000,1434.30000000,1577.73000000,2,6,NULL,6,4,NULL,NULL,NULL,NULL,NULL,NULL,NULL,1,2,'2022-05-25',NULL,NULL,'sponge','facture/5990/5990.pdf',0,'',NULL,NULL,NULL,0,0,'2022-05-25',0,NULL,NULL,0,'EUR',1.00000000,1434.30000000,143.43000000,1577.73000000),(84,'5991',1,NULL,NULL,NULL,3,NULL,2794,'2022-05-24 14:51:04','2022-05-24',NULL,'2022-05-31 09:26:20','2022-06-14 11:31:10','2022-06-14 09:31:10',1,0.00000000,NULL,NULL,0,NULL,NULL,115.27300000,0.00000000,0.00000000,0.00000000,1152.73000000,1268.00300000,2,4,NULL,4,6,NULL,NULL,NULL,NULL,NULL,1,NULL,1,7,'2022-05-25',NULL,NULL,'sponge','facture/5991/5991.pdf',0,'',NULL,NULL,NULL,0,0,'2022-05-25',0,NULL,NULL,0,'EUR',1.00000000,1152.73000000,115.27300000,1268.00300000),(85,'5992',1,NULL,NULL,NULL,3,NULL,2831,'2022-05-24 15:43:17','2022-05-24',NULL,'2022-05-24 15:48:26','2022-05-24 15:50:08','2022-05-24 13:50:08',1,0.00000000,NULL,NULL,0,NULL,NULL,38.10000000,0.00000000,0.00000000,0.00000000,381.01000000,419.11000000,2,4,NULL,4,4,NULL,NULL,NULL,NULL,NULL,NULL,NULL,1,7,'2022-05-25',NULL,NULL,'sponge','facture/5992/5992.pdf',0,'',NULL,NULL,NULL,0,0,'2022-05-25',0,NULL,NULL,0,'EUR',1.00000000,381.01000000,38.10000000,419.11000000),(86,'5993',1,NULL,NULL,NULL,3,NULL,2653,'2022-05-24 15:54:14','2022-05-24',NULL,'2022-05-24 16:00:05','2022-05-24 16:12:03','2022-05-24 14:12:03',1,0.00000000,NULL,NULL,0,NULL,NULL,760.27000000,0.00000000,0.00000000,0.00000000,7602.73000000,8363.00000000,2,6,NULL,6,6,NULL,NULL,NULL,NULL,NULL,NULL,NULL,1,2,'2022-05-25',NULL,NULL,'sponge','facture/5993/5993.pdf',0,'',NULL,NULL,NULL,0,0,'2022-05-25',0,NULL,NULL,0,'EUR',1.00000000,7602.73000000,760.27000000,8363.00000000),(87,'5994',1,NULL,NULL,NULL,0,NULL,2653,'2022-05-24 16:14:22','2022-05-24',NULL,'2022-05-24 16:17:41','2022-06-28 11:30:32','2022-06-28 09:30:32',1,0.00000000,NULL,NULL,0,NULL,NULL,1140.74000000,0.00000000,0.00000000,0.00000000,11407.37000000,12548.11000000,2,6,NULL,6,6,NULL,NULL,NULL,NULL,NULL,1,NULL,1,2,'2022-05-25',NULL,NULL,'sponge','facture/5994/5994.pdf',0,'',NULL,NULL,NULL,0,0,'2022-05-25',0,NULL,NULL,0,'EUR',1.00000000,11407.37000000,1140.74000000,12548.11000000),(88,'5995',1,NULL,NULL,NULL,0,NULL,2845,'2022-05-24 16:57:18','2022-05-24',NULL,'2022-05-24 16:59:35','2022-08-24 19:51:52','2022-08-24 17:51:52',1,0.00000000,NULL,NULL,0,NULL,NULL,473.60000000,0.00000000,0.00000000,0.00000000,2368.00000000,2841.60000000,2,6,NULL,6,6,NULL,NULL,NULL,NULL,NULL,1,NULL,15,2,'2022-07-31',NULL,NULL,'sponge','facture/5995/5995.pdf',0,'',NULL,NULL,NULL,0,0,'2022-07-31',0,NULL,NULL,0,'EUR',1.00000000,2368.00000000,473.60000000,2841.60000000),(89,'5996',1,NULL,NULL,NULL,3,NULL,2847,'2022-05-24 17:13:54','2022-05-24',NULL,'2022-05-24 17:14:42','2022-05-24 17:14:52','2022-05-24 15:14:52',1,0.00000000,NULL,NULL,0,NULL,NULL,72.50000000,0.00000000,0.00000000,0.00000000,362.50000000,435.00000000,2,4,NULL,4,4,NULL,NULL,NULL,NULL,NULL,2,NULL,1,6,'2022-05-25',NULL,NULL,'sponge','facture/5996/5996.pdf',0,'',NULL,NULL,NULL,0,0,'2022-05-25',0,NULL,NULL,0,'EUR',1.00000000,362.50000000,72.50000000,435.00000000),(90,'5997',1,NULL,NULL,NULL,3,NULL,2633,'2022-05-24 17:42:14','2022-05-24',NULL,'2022-05-24 17:46:19','2022-05-24 17:46:49','2022-05-24 15:46:49',1,0.00000000,NULL,NULL,0,NULL,NULL,145.45000000,0.00000000,0.00000000,0.00000000,1454.55000000,1600.00000000,2,6,NULL,6,6,NULL,NULL,NULL,NULL,NULL,NULL,NULL,1,7,'2022-05-25',NULL,NULL,'sponge','facture/5997/5997.pdf',0,'',NULL,NULL,NULL,0,0,'2022-05-25',0,NULL,NULL,0,'EUR',1.00000000,1454.55000000,145.45000000,1600.00000000),(91,'5998',1,NULL,NULL,NULL,0,NULL,2633,'2022-05-24 17:49:25','2022-05-24',NULL,'2022-05-24 17:50:10','2022-06-03 12:00:08','2022-06-03 10:00:08',1,0.00000000,NULL,NULL,0,NULL,NULL,218.05000000,0.00000000,0.00000000,0.00000000,2180.45000000,2398.50000000,2,6,NULL,6,4,NULL,NULL,NULL,NULL,NULL,1,NULL,1,2,'2022-05-25',NULL,NULL,'sponge','facture/5998/5998.pdf',0,'',NULL,NULL,NULL,0,0,'2022-05-25',0,NULL,NULL,0,'EUR',1.00000000,2180.45000000,218.05000000,2398.50000000),(92,'5999',1,NULL,NULL,NULL,0,NULL,2849,'2022-05-25 09:07:31','2022-05-25',NULL,'2022-05-25 09:08:54','2022-05-25 14:34:45','2022-05-25 12:34:45',1,0.00000000,NULL,NULL,0,NULL,NULL,418.68000000,0.00000000,0.00000000,0.00000000,2093.35000000,2512.03000000,2,4,NULL,4,4,NULL,NULL,NULL,NULL,NULL,2,NULL,1,6,'2022-05-26',NULL,NULL,'sponge','facture/5999/5999.pdf',0,'',NULL,NULL,NULL,0,0,'2022-05-26',0,NULL,'{\"concatpdf\":[\"condition ge\\u0301ne\\u0301ral de vente - cloture paloise.docx\"]}',0,'EUR',1.00000000,2093.35000000,418.68000000,2512.03000000),(93,'6000',1,NULL,NULL,NULL,0,NULL,2563,'2022-05-25 09:24:02','2022-05-25',NULL,'2022-05-25 09:24:12','2022-07-05 12:02:48','2022-07-05 10:02:48',1,0.00000000,NULL,NULL,0,NULL,NULL,500.00000000,0.00000000,0.00000000,0.00000000,2500.00000000,3000.00000000,2,4,NULL,4,6,NULL,NULL,NULL,NULL,NULL,1,NULL,1,2,'2022-05-26',NULL,NULL,'sponge','facture/6000/6000.pdf',0,'',NULL,NULL,NULL,0,0,'2022-05-26',0,NULL,'{\"concatpdf\":[\"condition ge\\u0301ne\\u0301ral de vente - cloture paloise.docx\"]}',0,'EUR',1.00000000,2500.00000000,500.00000000,3000.00000000),(94,'6001',1,NULL,NULL,NULL,0,NULL,1943,'2022-05-25 10:08:28','2022-05-25',NULL,'2022-05-25 10:09:12','2022-06-28 14:50:18','2022-06-28 12:50:18',1,0.00000000,NULL,NULL,0,NULL,NULL,6.00000000,0.00000000,0.00000000,0.00000000,30.00000000,36.00000000,2,6,NULL,6,6,NULL,NULL,NULL,NULL,NULL,NULL,NULL,1,2,'2022-05-26',NULL,NULL,'sponge','facture/6001/6001.pdf',0,'',NULL,NULL,NULL,0,0,'2022-05-26',0,NULL,NULL,0,'EUR',1.00000000,30.00000000,6.00000000,36.00000000),(95,'6002',1,NULL,NULL,NULL,3,NULL,2500,'2022-05-25 10:42:48','2022-05-25',NULL,'2022-05-25 10:50:06','2022-05-25 10:51:51','2022-05-25 08:51:51',1,0.00000000,NULL,NULL,0,NULL,NULL,100.00000000,0.00000000,0.00000000,0.00000000,1000.00000000,1100.00000000,2,6,NULL,6,6,NULL,NULL,NULL,NULL,NULL,NULL,NULL,1,7,'2022-05-26',NULL,NULL,'sponge','facture/6002/6002.pdf',0,'',NULL,NULL,NULL,0,0,'2022-05-26',0,NULL,NULL,0,'EUR',1.00000000,1000.00000000,100.00000000,1100.00000000),(96,'6003',1,NULL,NULL,NULL,0,NULL,2500,'2022-05-25 10:52:16','2022-05-25',NULL,'2022-05-25 11:06:53','2022-06-01 15:12:22','2022-06-01 13:12:22',1,0.00000000,NULL,NULL,0,NULL,NULL,160.35000000,0.00000000,0.00000000,0.00000000,1603.50000000,1763.85000000,2,6,NULL,6,4,NULL,NULL,NULL,NULL,NULL,1,NULL,1,2,'2022-05-26',NULL,NULL,'sponge','facture/6003/6003.pdf',0,'',NULL,NULL,NULL,0,0,'2022-05-26',0,NULL,NULL,0,'EUR',1.00000000,1603.50000000,160.35000000,1763.85000000),(97,'6004',1,NULL,NULL,NULL,3,NULL,2853,'2022-05-25 11:46:15','2022-05-25',NULL,'2022-05-25 12:01:47','2022-05-25 14:22:40','2022-05-25 12:22:40',1,0.00000000,NULL,NULL,0,NULL,NULL,117.45500000,0.00000000,0.00000000,0.00000000,1174.54500000,1292.00000000,2,6,NULL,6,6,NULL,NULL,NULL,NULL,NULL,1,NULL,1,2,'2022-05-26',NULL,NULL,'sponge','facture/6004/6004.pdf',0,'',NULL,NULL,NULL,0,0,'2022-05-26',0,NULL,NULL,0,'EUR',1.00000000,1174.54500000,117.45500000,1292.00000000),(98,'6005',1,NULL,NULL,NULL,0,NULL,2853,'2022-05-25 14:23:12','2022-05-25',NULL,'2022-05-25 14:28:15','2022-06-07 10:00:15','2022-06-07 08:00:15',1,0.00000000,NULL,NULL,0,NULL,NULL,176.29000000,0.00000000,0.00000000,0.00000000,1762.90500000,1939.19500000,2,6,NULL,6,2,NULL,NULL,NULL,NULL,NULL,1,NULL,1,2,'2022-05-26',NULL,NULL,'sponge','facture/6005/6005.pdf',0,'',NULL,NULL,NULL,0,0,'2022-05-26',0,NULL,NULL,0,'EUR',1.00000000,1762.90500000,176.29000000,1939.19500000),(99,'6006',1,NULL,NULL,NULL,0,NULL,2083,'2022-05-25 15:35:20','2022-05-25',NULL,'2022-05-25 15:39:19','2022-05-30 12:59:28','2022-05-30 10:59:28',1,0.00000000,NULL,NULL,0,NULL,NULL,18.91800000,0.00000000,0.00000000,0.00000000,94.59000000,113.50800000,2,4,NULL,4,5,NULL,NULL,NULL,NULL,NULL,NULL,NULL,1,0,'2022-05-26',NULL,NULL,'sponge','facture/6006/6006.pdf',0,'',NULL,NULL,NULL,0,0,'2022-05-26',0,NULL,NULL,0,'EUR',1.00000000,94.59000000,18.91800000,113.50800000),(100,'6007',1,NULL,NULL,NULL,0,NULL,1884,'2022-05-25 17:03:08','2022-05-25',NULL,'2022-05-25 17:06:07','2022-08-24 20:01:14','2022-08-24 18:01:14',1,0.00000000,NULL,NULL,0,NULL,NULL,358.20000000,0.00000000,0.00000000,0.00000000,1791.00000000,2149.20000000,2,4,NULL,4,6,NULL,NULL,NULL,NULL,NULL,1,NULL,1,2,'2022-05-26',NULL,NULL,'sponge','facture/6007/6007.pdf',0,'',NULL,NULL,NULL,0,0,'2022-05-26',0,NULL,NULL,0,'EUR',1.00000000,1791.00000000,358.20000000,2149.20000000),(101,'6008',1,NULL,NULL,NULL,3,NULL,2857,'2022-05-30 09:41:54','2022-05-30',NULL,'2022-05-30 09:55:39','2022-05-30 13:07:49','2022-05-30 11:07:49',1,0.00000000,NULL,NULL,0,NULL,NULL,200.83400000,0.00000000,0.00000000,0.00000000,1004.17000000,1205.00400000,2,4,NULL,4,5,NULL,NULL,NULL,NULL,NULL,2,NULL,1,6,'2022-05-31',NULL,NULL,'sponge','facture/6008/6008.pdf',0,'',NULL,NULL,NULL,0,0,'2022-05-31',0,NULL,NULL,0,'EUR',1.00000000,1004.17000000,200.83400000,1205.00400000),(105,'6009',1,NULL,NULL,NULL,3,NULL,2786,'2022-05-30 10:04:49','2022-05-30',NULL,'2022-05-30 10:06:00','2022-05-30 17:13:58','2022-05-30 15:13:58',1,0.00000000,NULL,NULL,0,NULL,NULL,131.33400000,0.00000000,0.00000000,0.00000000,656.67000000,788.00400000,2,4,NULL,4,6,NULL,NULL,NULL,NULL,NULL,2,NULL,1,6,'2022-05-31',NULL,NULL,'sponge','facture/6009/6009.pdf',0,'',NULL,NULL,NULL,0,0,'2022-05-31',0,NULL,NULL,0,'EUR',1.00000000,656.67000000,131.33400000,788.00400000),(106,'6010',1,NULL,NULL,NULL,0,NULL,2857,'2022-05-30 10:39:30','2022-05-30',NULL,'2022-05-30 10:41:25','2022-05-30 13:09:23','2022-05-30 11:09:23',1,0.00000000,NULL,NULL,0,NULL,NULL,302.27800000,0.00000000,0.00000000,0.00000000,1511.39000000,1813.66800000,2,6,NULL,6,5,NULL,NULL,NULL,NULL,NULL,2,NULL,1,6,'2022-05-31',NULL,NULL,'sponge','facture/6010/6010.pdf',0,'',NULL,NULL,NULL,0,0,'2022-05-31',0,NULL,NULL,0,'EUR',1.00000000,1511.39000000,302.27800000,1813.66800000),(107,'6011',1,NULL,NULL,NULL,3,NULL,2831,'2022-05-30 15:37:52','2022-05-30',NULL,'2022-05-30 17:07:30','2022-05-30 17:10:57','2022-05-30 15:10:57',1,0.00000000,NULL,NULL,0,NULL,NULL,622.24800000,0.00000000,0.00000000,0.00000000,6222.48000000,6844.72800000,2,4,NULL,6,2,NULL,NULL,NULL,NULL,NULL,1,NULL,1,7,'2022-05-31',NULL,NULL,'sponge','facture/6011/6011.pdf',0,'',NULL,NULL,NULL,0,0,'2022-05-31',0,NULL,NULL,0,'EUR',1.00000000,6222.48000000,622.24800000,6844.72800000),(108,'6012',1,NULL,NULL,NULL,0,NULL,1662,'2022-05-31 08:51:15','2022-05-31',NULL,'2022-05-31 08:51:27','2022-06-14 11:44:13','2022-06-14 09:44:13',1,0.00000000,NULL,NULL,0,NULL,NULL,236.82800000,0.00000000,0.00000000,0.00000000,1184.14000000,1420.96800000,2,4,NULL,4,6,NULL,NULL,NULL,NULL,NULL,1,NULL,1,2,'2022-06-01',NULL,NULL,'sponge','facture/6012/6012.pdf',0,'',NULL,NULL,NULL,0,0,'2022-06-01',0,NULL,'{\"concatpdf\":[\"condition ge\\u0301ne\\u0301ral de vente - cloture paloise.docx\"]}',0,'EUR',1.00000000,1184.14000000,236.82800000,1420.96800000),(109,'6013',1,NULL,NULL,NULL,0,NULL,2118,'2022-05-31 10:10:57','2022-05-31',NULL,'2022-05-31 10:11:47','2022-09-20 10:25:49','2022-09-20 08:25:49',1,0.00000000,NULL,NULL,0,NULL,NULL,531.20000000,0.00000000,0.00000000,0.00000000,5312.00000000,5843.20000000,2,6,NULL,6,6,NULL,NULL,NULL,NULL,NULL,1,NULL,1,2,'2022-06-01',NULL,NULL,'sponge','facture/6013/6013.pdf',0,'',NULL,NULL,NULL,0,0,'2022-06-01',0,NULL,NULL,0,'EUR',1.00000000,5312.00000000,531.20000000,5843.20000000),(110,'6014',1,NULL,NULL,NULL,0,NULL,2118,'2022-05-31 10:18:10','2022-05-31',NULL,'2022-05-31 10:18:28','2022-09-05 17:21:56','2022-09-05 15:21:56',1,0.00000000,NULL,NULL,0,NULL,NULL,60.00000000,0.00000000,0.00000000,0.00000000,600.00000000,660.00000000,2,6,NULL,6,6,NULL,NULL,NULL,NULL,NULL,1,NULL,1,2,'2022-06-01',NULL,NULL,'sponge','facture/6014/6014.pdf',0,'',NULL,NULL,NULL,0,0,'2022-06-01',0,NULL,NULL,0,'EUR',1.00000000,600.00000000,60.00000000,660.00000000),(111,'6015',1,NULL,NULL,NULL,0,NULL,2780,'2022-05-31 10:48:31','2022-05-31',NULL,'2022-05-31 10:48:47','2022-07-01 10:55:50','2022-07-01 08:55:50',1,0.00000000,NULL,NULL,0,NULL,NULL,70.00000000,0.00000000,0.00000000,0.00000000,350.00000000,420.00000000,2,6,NULL,6,6,NULL,NULL,NULL,NULL,NULL,1,NULL,1,2,'2022-06-01',NULL,NULL,'sponge','facture/6015/6015.pdf',0,'',NULL,NULL,NULL,0,0,'2022-06-01',0,NULL,NULL,0,'EUR',1.00000000,350.00000000,70.00000000,420.00000000),(112,'6017',1,NULL,NULL,NULL,0,NULL,2798,'2022-05-31 15:55:22','2022-05-31',NULL,'2022-05-31 15:59:41','2022-07-11 14:17:49','2022-07-11 12:17:49',1,0.00000000,NULL,NULL,0,NULL,NULL,94.73200000,0.00000000,0.00000000,0.00000000,473.66000000,568.39200000,2,4,NULL,4,6,NULL,NULL,NULL,NULL,NULL,1,NULL,1,2,'2022-06-01',NULL,NULL,'sponge','facture/6017/6017.pdf',0,'',NULL,NULL,NULL,0,0,'2022-06-01',0,NULL,'{\"concatpdf\":[\"condition ge\\u0301ne\\u0301ral de vente - cloture paloise.docx\"]}',0,'EUR',1.00000000,473.66000000,94.73200000,568.39200000),(113,'6018',1,NULL,NULL,NULL,0,NULL,2798,'2022-05-31 16:02:48','2022-05-31',NULL,'2022-05-31 16:03:41','2022-07-11 14:20:09','2022-07-11 12:20:09',1,0.00000000,NULL,NULL,0,NULL,NULL,68.45600000,0.00000000,0.00000000,0.00000000,342.28000000,410.73600000,2,4,NULL,4,6,NULL,NULL,NULL,NULL,NULL,1,NULL,1,2,'2022-06-01',NULL,NULL,'sponge','facture/6018/6018.pdf',0,'',NULL,NULL,NULL,0,0,'2022-06-01',0,NULL,'{\"concatpdf\":[\"condition ge\\u0301ne\\u0301ral de vente - cloture paloise.docx\"]}',0,'EUR',1.00000000,342.28000000,68.45600000,410.73600000),(114,'6019',1,NULL,NULL,NULL,0,NULL,1382,'2022-05-31 16:16:34','2022-05-31',NULL,'2022-05-31 16:16:40','2022-07-19 10:27:58','2022-07-19 08:27:58',1,0.00000000,NULL,NULL,0,NULL,NULL,111.32800000,0.00000000,0.00000000,0.00000000,556.64000000,667.96800000,2,4,NULL,4,6,NULL,NULL,NULL,NULL,NULL,1,NULL,1,2,'2022-06-01',NULL,NULL,'sponge','facture/6019/6019.pdf',0,'',NULL,NULL,NULL,0,0,'2022-06-01',0,NULL,'{\"concatpdf\":[\"condition ge\\u0301ne\\u0301ral de vente - cloture paloise.docx\"]}',0,'EUR',1.00000000,556.64000000,111.32800000,667.96800000),(115,'6020',1,NULL,NULL,NULL,3,NULL,2651,'2022-05-31 16:22:18','2022-05-31',NULL,'2022-05-31 16:30:13','2022-05-31 16:30:53','2022-05-31 14:30:53',1,0.00000000,NULL,NULL,0,NULL,NULL,382.45500000,0.00000000,0.00000000,0.00000000,3824.54500000,4207.00000000,2,6,NULL,6,6,NULL,NULL,NULL,NULL,NULL,1,NULL,1,7,'2022-06-01',NULL,NULL,'sponge','facture/6020/6020.pdf',0,'',NULL,NULL,NULL,0,0,'2022-06-01',0,NULL,NULL,0,'EUR',1.00000000,3824.54500000,382.45500000,4207.00000000),(116,'6021',1,NULL,NULL,NULL,0,NULL,2651,'2022-05-31 16:35:44','2022-05-31',NULL,'2022-05-31 16:36:25','2022-06-07 09:29:03','2022-06-07 07:29:03',1,0.00000000,NULL,NULL,0,NULL,NULL,573.66600000,0.00000000,0.00000000,0.00000000,5736.66500000,6310.33100000,2,6,NULL,6,6,NULL,NULL,NULL,NULL,NULL,NULL,NULL,1,2,'2022-06-01',NULL,NULL,'sponge','facture/6021/6021.pdf',0,'',NULL,NULL,NULL,0,0,'2022-06-01',0,NULL,NULL,0,'EUR',1.00000000,5736.66500000,573.66600000,6310.33100000),(117,'6022',1,NULL,NULL,NULL,0,NULL,2480,'2022-05-31 16:52:50','2022-05-31',NULL,'2022-05-31 16:53:26','2022-10-07 11:54:33','2022-10-07 09:54:33',1,0.00000000,NULL,NULL,0,NULL,NULL,436.94800000,0.00000000,0.00000000,0.00000000,2184.74000000,2621.68800000,2,4,NULL,4,6,NULL,NULL,NULL,NULL,NULL,1,NULL,3,2,'2022-06-30',NULL,NULL,'sponge','facture/6022/6022.pdf',0,'',NULL,NULL,NULL,0,0,'2022-06-30',0,NULL,'{\"concatpdf\":[\"condition ge\\u0301ne\\u0301ral de vente - cloture paloise.docx\"]}',0,'EUR',1.00000000,2184.74000000,436.94800000,2621.68800000),(118,'6023',1,NULL,NULL,NULL,0,NULL,2774,'2022-05-31 17:00:56','2022-05-31',NULL,'2022-05-31 17:06:35',NULL,'2022-05-31 15:06:36',0,0.00000000,NULL,NULL,0,NULL,NULL,31.56200000,0.00000000,0.00000000,0.00000000,157.81000000,189.37200000,1,4,NULL,4,NULL,NULL,NULL,NULL,NULL,NULL,1,NULL,1,2,'2022-06-01',NULL,NULL,'sponge','facture/6023/6023.pdf',0,'',NULL,NULL,NULL,0,0,'2022-06-01',0,NULL,NULL,0,'EUR',1.00000000,157.81000000,31.56200000,189.37200000),(119,'6024',1,NULL,NULL,NULL,3,NULL,2544,'2022-06-01 09:15:14','2022-05-31',NULL,'2022-06-01 09:21:23','2022-06-01 09:21:49','2022-06-01 07:21:49',1,0.00000000,NULL,NULL,0,NULL,NULL,98.63600000,0.00000000,0.00000000,0.00000000,986.36000000,1084.99600000,2,6,NULL,6,6,NULL,NULL,NULL,NULL,NULL,1,NULL,1,7,'2022-06-01',NULL,NULL,'sponge','facture/6024/6024.pdf',0,'',NULL,NULL,NULL,0,0,'2022-06-01',0,NULL,NULL,0,'EUR',1.00000000,986.36000000,98.63600000,1084.99600000),(120,'6025',1,NULL,NULL,NULL,0,NULL,2544,'2022-06-01 09:22:50','2022-05-31',NULL,'2022-06-01 10:55:53','2022-06-09 11:48:32','2022-06-09 09:48:32',1,0.00000000,NULL,NULL,0,NULL,NULL,136.36400000,0.00000000,0.00000000,0.00000000,1363.64000000,1500.00400000,2,6,NULL,6,6,NULL,NULL,NULL,NULL,NULL,NULL,NULL,1,2,'2022-06-01',NULL,NULL,'sponge','facture/6025/6025.pdf',0,'',NULL,NULL,NULL,0,0,'2022-06-01',0,NULL,NULL,0,'EUR',1.00000000,1363.64000000,136.36400000,1500.00400000),(121,'6026',1,NULL,NULL,NULL,0,NULL,26,'2022-06-01 09:40:24','2022-05-31',NULL,'2022-06-01 09:40:51','2022-09-21 09:16:50','2022-09-21 07:16:50',1,0.00000000,NULL,NULL,0,NULL,NULL,0.00000000,0.00000000,0.00000000,0.00000000,3573.80000000,3573.80000000,2,6,NULL,6,6,NULL,NULL,NULL,NULL,NULL,1,NULL,3,2,'2022-06-30',NULL,NULL,'sponge','facture/6026/6026.pdf',0,'',NULL,NULL,NULL,0,0,'2022-06-30',0,NULL,NULL,0,'EUR',1.00000000,3573.80000000,0.00000000,3573.80000000),(122,'6027',1,NULL,NULL,NULL,3,NULL,2661,'2022-06-01 10:11:01','2022-05-31',NULL,'2022-06-01 10:14:44','2022-06-01 10:21:29','2022-06-01 08:21:29',1,0.00000000,NULL,NULL,0,NULL,NULL,103.47300000,0.00000000,0.00000000,0.00000000,1034.72700000,1138.20000000,2,6,NULL,6,6,NULL,NULL,NULL,NULL,NULL,NULL,NULL,1,7,'2022-06-01',NULL,NULL,'sponge','facture/6027/6027.pdf',0,'',NULL,NULL,NULL,0,0,'2022-06-01',0,NULL,NULL,0,'EUR',1.00000000,1034.72700000,103.47300000,1138.20000000),(123,'6028',1,NULL,NULL,NULL,0,NULL,2661,'2022-06-01 10:22:26','2022-05-31',NULL,'2022-06-01 10:40:59','2022-06-07 17:05:31','2022-06-07 15:05:31',1,0.00000000,NULL,NULL,0,NULL,NULL,181.07700000,0.00000000,0.00000000,0.00000000,1810.77300000,1991.85000000,2,6,NULL,6,7,NULL,NULL,NULL,NULL,NULL,1,NULL,1,2,'2022-06-01',NULL,NULL,'sponge','facture/6028/6028.pdf',0,'',NULL,NULL,NULL,0,0,'2022-06-01',0,NULL,NULL,0,'EUR',1.00000000,1810.77300000,181.07700000,1991.85000000),(125,'6029',1,NULL,NULL,NULL,3,NULL,2773,'2022-06-01 11:33:54','2022-05-31',NULL,'2022-06-01 11:38:17','2022-06-01 11:38:59','2022-06-01 09:38:59',1,0.00000000,NULL,NULL,0,NULL,NULL,334.33400000,0.00000000,0.00000000,0.00000000,1671.67000000,2006.00400000,2,6,NULL,6,6,NULL,NULL,NULL,NULL,NULL,NULL,NULL,1,7,'2022-06-01',NULL,NULL,'sponge','facture/6029/6029.pdf',0,'',NULL,NULL,NULL,0,0,'2022-06-01',0,NULL,NULL,0,'EUR',1.00000000,1671.67000000,334.33400000,2006.00400000),(126,'6030',1,NULL,NULL,NULL,0,NULL,2773,'2022-06-01 11:41:16','2022-05-31',NULL,'2022-06-01 11:41:52','2022-06-07 09:23:48','2022-06-07 07:23:48',1,0.00000000,NULL,NULL,0,NULL,NULL,526.16600000,0.00000000,0.00000000,0.00000000,2630.83000000,3156.99600000,2,6,NULL,6,7,NULL,NULL,NULL,NULL,NULL,1,NULL,1,2,'2022-06-01',NULL,NULL,'sponge','facture/6030/6030.pdf',0,'',NULL,NULL,NULL,0,0,'2022-06-01',0,NULL,NULL,0,'EUR',1.00000000,2630.83000000,526.16600000,3156.99600000),(128,'6031',1,NULL,NULL,NULL,3,NULL,2781,'2022-06-01 14:17:20','2022-06-01',NULL,'2022-06-01 14:18:02','2022-06-01 14:46:17','2022-06-01 12:46:17',1,0.00000000,NULL,NULL,0,NULL,NULL,143.72700000,0.00000000,0.00000000,0.00000000,1437.27000000,1580.99700000,2,4,NULL,4,6,NULL,NULL,NULL,NULL,NULL,1,NULL,1,2,'2022-06-02',NULL,NULL,'sponge','facture/6031/6031.pdf',0,'',NULL,NULL,NULL,0,0,'2022-06-02',0,NULL,NULL,0,'EUR',1.00000000,1437.27000000,143.72700000,1580.99700000),(129,'6032',1,NULL,NULL,NULL,0,NULL,2872,'2022-06-02 11:37:17','2022-06-02',NULL,'2022-06-07 11:04:30','2022-10-10 14:38:11','2022-10-10 12:38:11',1,0.00000000,NULL,NULL,0,NULL,NULL,171.00000000,0.00000000,0.00000000,0.00000000,855.00000000,1026.00000000,2,6,NULL,6,6,NULL,NULL,NULL,NULL,NULL,1,NULL,16,2,'2022-08-15',NULL,NULL,'sponge','facture/6032/6032.pdf',0,'',NULL,NULL,NULL,0,0,'2022-08-15',0,NULL,NULL,0,'EUR',1.00000000,855.00000000,171.00000000,1026.00000000),(131,'6033',1,NULL,NULL,NULL,3,NULL,2876,'2022-06-07 10:32:42','2022-06-07',NULL,'2022-06-07 10:35:31','2022-06-07 11:03:51','2022-06-07 09:03:51',1,0.00000000,NULL,NULL,0,NULL,NULL,111.11200000,0.00000000,0.00000000,0.00000000,1111.12000000,1222.23200000,2,4,NULL,4,6,NULL,NULL,NULL,NULL,NULL,NULL,NULL,1,7,'2022-06-08',NULL,NULL,'sponge','facture/6033/6033.pdf',0,'',NULL,NULL,NULL,0,0,'2022-06-08',0,NULL,NULL,0,'EUR',1.00000000,1111.12000000,111.11200000,1222.23200000),(134,'6034',1,NULL,NULL,NULL,2,NULL,2872,'2022-06-07 11:14:48','2022-06-07',NULL,'2022-06-07 11:14:58','2022-10-10 14:37:27','2022-10-10 12:37:27',1,0.00000000,NULL,NULL,0,NULL,NULL,-171.00000000,0.00000000,0.00000000,0.00000000,-855.00000000,-1026.00000000,2,6,NULL,6,6,NULL,NULL,NULL,129,NULL,NULL,NULL,0,0,'2022-06-07',NULL,NULL,'sponge','facture/6034/6034.pdf',0,'',NULL,NULL,NULL,0,0,NULL,0,NULL,NULL,0,'EUR',1.00000000,-855.00000000,-171.00000000,-1026.00000000),(135,'6035',1,NULL,NULL,NULL,0,NULL,22,'2022-06-07 11:49:54','2022-06-07',NULL,'2022-06-07 14:05:54','2022-09-05 17:29:39','2022-09-05 15:29:39',1,0.00000000,NULL,NULL,0,NULL,NULL,171.00000000,0.00000000,0.00000000,0.00000000,855.00000000,1026.00000000,2,6,NULL,6,6,NULL,NULL,NULL,NULL,NULL,1,NULL,16,2,'2022-08-15',NULL,NULL,'sponge','facture/6035/6035.pdf',0,'',NULL,NULL,NULL,0,0,'2022-08-15',0,NULL,NULL,0,'EUR',1.00000000,855.00000000,171.00000000,1026.00000000),(136,'6036',1,NULL,NULL,NULL,0,NULL,22,'2022-06-07 14:26:16','2022-06-07',NULL,'2022-06-07 14:34:18','2022-09-05 17:29:39','2022-09-05 15:29:39',1,0.00000000,NULL,NULL,0,NULL,NULL,334.00000000,0.00000000,0.00000000,0.00000000,1670.00000000,2004.00000000,2,6,NULL,6,6,NULL,NULL,NULL,NULL,NULL,1,NULL,16,2,'2022-08-15',NULL,NULL,'sponge','facture/6036/6036.pdf',0,'',NULL,NULL,NULL,0,0,'2022-08-15',0,NULL,NULL,0,'EUR',1.00000000,1670.00000000,334.00000000,2004.00000000),(137,'6037',1,NULL,NULL,NULL,0,NULL,1819,'2022-06-07 15:43:31','2022-06-07',NULL,'2022-06-07 15:45:18','2022-06-28 14:14:11','2022-06-28 12:14:11',1,0.00000000,NULL,NULL,0,NULL,NULL,75.00000000,0.00000000,0.00000000,0.00000000,375.00000000,450.00000000,2,6,NULL,6,6,NULL,NULL,NULL,NULL,NULL,1,NULL,1,2,'2022-06-08',NULL,NULL,'sponge','facture/6037/6037.pdf',0,'',NULL,NULL,NULL,0,0,'2022-06-08',0,NULL,NULL,0,'EUR',1.00000000,375.00000000,75.00000000,450.00000000),(138,'6038',1,NULL,NULL,NULL,0,NULL,2886,'2022-06-07 16:23:02','2022-06-07',NULL,'2022-06-07 16:23:56','2022-06-29 11:21:14','2022-06-29 09:21:14',1,0.00000000,NULL,NULL,0,NULL,NULL,595.00000000,0.00000000,0.00000000,0.00000000,2975.00000000,3570.00000000,2,6,NULL,6,6,NULL,NULL,NULL,NULL,NULL,1,NULL,1,2,'2022-06-08',NULL,NULL,'sponge','facture/6038/6038.pdf',0,'',NULL,NULL,NULL,0,0,'2022-06-08',0,NULL,NULL,0,'EUR',1.00000000,2975.00000000,595.00000000,3570.00000000),(139,'6039',1,NULL,NULL,NULL,3,NULL,2887,'2022-06-07 16:50:03','2022-06-07',NULL,'2022-06-07 17:08:43','2022-06-07 17:10:25','2022-06-07 15:10:25',1,0.00000000,NULL,NULL,0,NULL,NULL,144.09100000,0.00000000,0.00000000,0.00000000,1440.90900000,1585.00000000,2,6,NULL,6,6,NULL,NULL,NULL,NULL,NULL,NULL,NULL,1,7,'2022-06-08',NULL,NULL,'sponge','facture/6039/6039.pdf',0,'',NULL,NULL,NULL,0,0,'2022-06-08',0,NULL,NULL,0,'EUR',1.00000000,1440.90900000,144.09100000,1585.00000000),(140,'6040',1,NULL,NULL,NULL,0,NULL,2887,'2022-06-07 17:11:47','2022-06-07',NULL,'2022-06-07 17:30:21','2022-06-14 11:49:41','2022-06-14 09:49:41',1,0.00000000,NULL,NULL,0,NULL,NULL,273.47200000,0.00000000,0.00000000,0.00000000,2734.71600000,3008.18800000,2,6,NULL,6,6,NULL,NULL,NULL,NULL,NULL,NULL,NULL,1,2,'2022-06-08',NULL,NULL,'sponge','facture/6040/6040.pdf',0,'',NULL,NULL,NULL,0,0,'2022-06-08',0,NULL,NULL,0,'EUR',1.00000000,2734.71600000,273.47200000,3008.18800000),(141,'6041',1,NULL,NULL,NULL,0,NULL,2846,'2022-06-08 10:08:02','2022-06-08',NULL,'2022-06-08 10:08:16','2022-06-09 10:14:42','2022-06-09 08:14:42',1,0.00000000,NULL,NULL,0,NULL,NULL,215.03400000,0.00000000,0.00000000,0.00000000,1075.17000000,1290.20400000,2,7,NULL,7,6,NULL,NULL,NULL,NULL,NULL,3,NULL,1,7,'2022-06-09',NULL,NULL,'sponge','facture/6041/6041.pdf',0,'',NULL,NULL,NULL,0,0,'2022-06-09',0,NULL,'{\"concatpdf\":[\"condition ge\\u0301ne\\u0301ral de vente - cloture paloise.docx\"]}',0,'EUR',1.00000000,1075.17000000,215.03400000,1290.20400000),(142,'6042',1,NULL,NULL,NULL,3,NULL,2368,'2022-06-08 11:16:45','2022-06-08',NULL,'2022-06-08 11:18:36','2022-06-08 11:18:50','2022-06-08 09:18:50',1,0.00000000,NULL,NULL,0,NULL,NULL,42.20000000,0.00000000,0.00000000,0.00000000,422.00000000,464.20000000,2,6,NULL,6,6,NULL,NULL,NULL,NULL,NULL,1,NULL,1,2,'2022-06-09',NULL,NULL,'sponge','facture/6042/6042.pdf',0,'',NULL,NULL,NULL,0,0,'2022-06-09',0,NULL,NULL,0,'EUR',1.00000000,422.00000000,42.20000000,464.20000000),(143,'6043',1,NULL,NULL,NULL,0,NULL,2368,'2022-06-08 11:20:25','2022-06-08',NULL,'2022-06-08 11:23:35','2022-06-10 17:34:01','2022-06-10 15:34:01',1,0.00000000,NULL,NULL,0,NULL,NULL,54.80000000,0.00000000,0.00000000,0.00000000,548.00000000,602.80000000,2,6,NULL,6,7,NULL,NULL,NULL,NULL,NULL,3,NULL,1,2,'2022-06-09',NULL,NULL,'sponge','facture/6043/6043.pdf',0,'',NULL,NULL,NULL,0,0,'2022-06-09',0,NULL,NULL,0,'EUR',1.00000000,548.00000000,54.80000000,602.80000000),(144,'6044',1,NULL,NULL,NULL,0,NULL,781,'2022-06-09 09:12:20','2022-06-09',NULL,'2022-06-09 09:12:43','2022-06-10 11:49:43','2022-06-10 09:49:43',1,0.00000000,NULL,NULL,0,NULL,NULL,9.10000000,0.00000000,0.00000000,0.00000000,53.00000000,62.10000000,2,2,NULL,2,6,NULL,NULL,NULL,NULL,NULL,NULL,NULL,1,7,'2022-06-10',NULL,NULL,'sponge','facture/6044/6044.pdf',0,'',NULL,NULL,NULL,0,0,'2022-06-10',0,NULL,NULL,0,'EUR',1.00000000,53.00000000,9.10000000,62.10000000),(145,'6045',1,NULL,NULL,NULL,0,NULL,2822,'2022-06-09 09:59:54','2022-06-09',NULL,'2022-06-09 10:00:30','2022-06-09 10:15:19','2022-06-09 08:15:19',1,0.00000000,NULL,NULL,0,NULL,NULL,32.66000000,0.00000000,0.00000000,0.00000000,163.32400000,195.98400000,2,7,NULL,7,6,NULL,NULL,NULL,NULL,NULL,3,NULL,14,6,'2022-06-10',NULL,NULL,'sponge','facture/6045/6045.pdf',0,'',NULL,NULL,NULL,0,0,'2022-06-10',0,NULL,NULL,0,'EUR',1.00000000,163.32400000,32.66000000,195.98400000),(146,'6046',1,NULL,NULL,NULL,0,NULL,2834,'2022-06-09 14:23:04','2022-06-09',NULL,'2022-06-09 14:23:34','2022-06-17 15:17:38','2022-06-17 13:17:38',1,0.00000000,NULL,NULL,0,NULL,NULL,1424.53000000,0.00000000,0.00000000,0.00000000,7122.67000000,8547.20000000,2,4,NULL,4,7,NULL,NULL,NULL,NULL,NULL,3,NULL,1,7,'2022-06-10',NULL,NULL,'sponge','facture/6046/6046.pdf',0,'',NULL,NULL,NULL,0,0,'2022-06-10',0,NULL,'{\"concatpdf\":[\"condition ge\\u0301ne\\u0301ral de vente - cloture paloise.docx\"]}',0,'EUR',1.00000000,7122.67000000,1424.53000000,8547.20000000),(147,'6047',1,NULL,NULL,NULL,0,NULL,2899,'2022-06-09 15:24:51','2022-06-09',NULL,'2022-06-09 15:26:29','2022-06-09 15:37:24','2022-06-09 13:37:24',1,0.00000000,NULL,NULL,0,NULL,NULL,3.60000000,0.00000000,0.00000000,0.00000000,18.00000000,21.60000000,2,7,NULL,7,7,NULL,NULL,NULL,NULL,NULL,1,NULL,1,6,'2022-06-10',NULL,NULL,'sponge','facture/6047/6047.pdf',0,'',NULL,NULL,NULL,0,0,'2022-06-10',0,NULL,NULL,0,'EUR',1.00000000,18.00000000,3.60000000,21.60000000),(148,'6048',1,NULL,NULL,NULL,3,NULL,2902,'2022-06-09 17:29:33','2022-06-09',NULL,'2022-06-10 09:51:57','2022-06-10 09:53:36','2022-06-10 07:53:36',1,0.00000000,NULL,NULL,0,NULL,NULL,156.72700000,0.00000000,0.00000000,0.00000000,1567.27000000,1723.99700000,2,6,NULL,6,6,NULL,NULL,NULL,NULL,NULL,NULL,NULL,1,0,'2022-06-10',NULL,NULL,'sponge','facture/6048/6048.pdf',0,'',NULL,NULL,NULL,0,0,'2022-06-10',0,NULL,NULL,0,'EUR',1.00000000,1567.27000000,156.72700000,1723.99700000),(149,'6049',1,NULL,NULL,NULL,0,NULL,2902,'2022-06-10 10:00:11','2022-06-10',NULL,'2022-06-10 10:01:52','2022-07-19 10:24:56','2022-07-19 08:24:56',1,0.00000000,NULL,NULL,0,NULL,NULL,274.27300000,0.00000000,0.00000000,0.00000000,2742.73000000,3017.00300000,2,6,NULL,6,6,NULL,NULL,NULL,NULL,NULL,NULL,NULL,1,2,'2022-06-11',NULL,NULL,'sponge','facture/6049/6049.pdf',0,'',NULL,NULL,NULL,0,0,'2022-06-11',0,NULL,NULL,0,'EUR',1.00000000,2742.73000000,274.27300000,3017.00300000),(150,'6050',1,NULL,NULL,NULL,3,NULL,2879,'2022-06-10 11:36:33','2022-06-10',NULL,'2022-06-10 11:37:06','2022-06-14 11:29:07','2022-06-14 09:29:07',1,0.00000000,NULL,NULL,0,NULL,NULL,73.33400000,0.00000000,0.00000000,0.00000000,366.67000000,440.00400000,2,4,NULL,4,6,NULL,NULL,NULL,NULL,NULL,3,NULL,1,7,'2022-06-11',NULL,NULL,'sponge','facture/6050/6050.pdf',0,'',NULL,NULL,NULL,0,0,'2022-06-11',0,NULL,'{\"concatpdf\":[\"condition ge\\u0301ne\\u0301ral de vente - cloture paloise.docx\"]}',0,'EUR',1.00000000,366.67000000,73.33400000,440.00400000),(151,'6051',1,NULL,NULL,NULL,0,NULL,2881,'2022-06-10 14:12:11','2022-06-10',NULL,'2022-06-10 14:12:34','2022-06-14 11:29:56','2022-06-14 09:29:56',1,0.00000000,NULL,NULL,0,NULL,NULL,115.02400000,0.00000000,0.00000000,0.00000000,575.12000000,690.14400000,2,7,NULL,7,6,NULL,NULL,NULL,NULL,NULL,1,NULL,14,7,'2022-06-11',NULL,NULL,'sponge','facture/6051/6051.pdf',0,'',NULL,NULL,NULL,0,0,'2022-06-11',0,NULL,NULL,0,'EUR',1.00000000,575.12000000,115.02400000,690.14400000),(152,'6052',1,NULL,NULL,NULL,3,NULL,2906,'2022-06-10 14:15:49','2022-06-10',NULL,'2022-06-10 14:21:55','2022-06-10 14:41:09','2022-06-10 12:41:09',1,0.00000000,NULL,NULL,0,NULL,NULL,90.90900000,0.00000000,0.00000000,0.00000000,909.09000000,999.99900000,2,6,NULL,6,6,NULL,NULL,NULL,NULL,NULL,NULL,NULL,1,2,'2022-06-11',NULL,NULL,'sponge','facture/6052/6052.pdf',0,'',NULL,NULL,NULL,0,0,'2022-06-11',0,NULL,NULL,0,'EUR',1.00000000,909.09000000,90.90900000,999.99900000),(153,'6053',1,NULL,NULL,NULL,0,NULL,2906,'2022-06-10 14:51:05','2022-06-10',NULL,'2022-06-10 16:19:54','2022-06-28 14:55:10','2022-06-28 12:55:10',1,0.00000000,NULL,NULL,0,NULL,NULL,118.64100000,0.00000000,0.00000000,0.00000000,1186.41000000,1305.05100000,2,6,NULL,6,6,NULL,NULL,NULL,NULL,NULL,NULL,NULL,1,2,'2022-06-11',NULL,NULL,'sponge','facture/6053/6053.pdf',0,'',NULL,NULL,NULL,0,0,'2022-06-11',0,NULL,NULL,0,'EUR',1.00000000,1186.41000000,118.64100000,1305.05100000),(154,'6054',1,NULL,NULL,NULL,3,NULL,2665,'2022-06-13 09:35:27','2022-06-13',NULL,'2022-06-13 09:40:19','2022-06-13 09:41:40','2022-06-13 07:41:40',1,0.00000000,NULL,NULL,0,NULL,NULL,92.27300000,0.00000000,0.00000000,0.00000000,922.73000000,1015.00300000,2,6,NULL,6,6,NULL,NULL,NULL,NULL,NULL,1,NULL,1,2,'2022-06-14',NULL,NULL,'sponge','facture/6054/6054.pdf',0,'',NULL,NULL,NULL,0,0,'2022-06-14',0,NULL,NULL,0,'EUR',1.00000000,922.73000000,92.27300000,1015.00300000),(155,'6055',1,NULL,NULL,NULL,0,NULL,2665,'2022-06-13 09:41:57','2022-06-13',NULL,'2022-06-13 09:42:38','2022-06-22 10:51:17','2022-06-22 08:51:17',1,0.00000000,NULL,NULL,0,NULL,NULL,138.44700000,0.00000000,0.00000000,0.00000000,1384.47000000,1522.91700000,2,6,NULL,6,6,NULL,NULL,NULL,NULL,NULL,NULL,NULL,1,2,'2022-06-14',NULL,NULL,'sponge','facture/6055/6055.pdf',0,'',NULL,NULL,NULL,0,0,'2022-06-14',0,NULL,NULL,0,'EUR',1.00000000,1384.47000000,138.44700000,1522.91700000),(156,'6056',1,NULL,NULL,NULL,3,NULL,2867,'2022-06-13 10:01:03','2022-06-13',NULL,'2022-06-13 10:02:57','2022-06-14 10:55:18','2022-06-14 08:55:18',1,0.00000000,NULL,NULL,0,NULL,NULL,109.09100000,0.00000000,0.00000000,0.00000000,1090.91000000,1200.00100000,2,4,NULL,4,6,NULL,NULL,NULL,NULL,NULL,1,NULL,1,2,'2022-06-14',NULL,NULL,'sponge','facture/6056/6056.pdf',0,'',NULL,NULL,NULL,0,0,'2022-06-14',0,NULL,NULL,0,'EUR',1.00000000,1090.91000000,109.09100000,1200.00100000),(160,'6057',1,NULL,NULL,NULL,0,NULL,2911,'2022-06-13 10:25:22','2022-06-13',NULL,'2022-06-13 10:28:46','2022-08-24 20:07:08','2022-08-24 18:07:08',1,0.00000000,NULL,NULL,0,NULL,NULL,0.00000000,0.00000000,0.00000000,0.00000000,255.68000000,255.68000000,2,4,NULL,4,6,NULL,NULL,NULL,NULL,NULL,2,NULL,4,7,'2022-08-12',NULL,NULL,'sponge','facture/6057/6057.pdf',0,'',NULL,NULL,NULL,0,0,'2022-08-12',0,NULL,'{\"concatpdf\":[\"condition ge\\u0301ne\\u0301ral de vente - cloture paloise.docx\"]}',0,'EUR',1.00000000,255.68000000,0.00000000,255.68000000),(161,'6058',1,NULL,NULL,NULL,3,NULL,2877,'2022-06-13 15:19:43','2022-06-13',NULL,'2022-06-13 15:20:55','2022-06-14 10:55:52','2022-06-14 08:55:52',1,0.00000000,NULL,NULL,0,NULL,NULL,69.09100000,0.00000000,0.00000000,0.00000000,690.91000000,760.00100000,2,4,NULL,4,6,NULL,NULL,NULL,NULL,NULL,3,NULL,1,7,'2022-06-14',NULL,NULL,'sponge','facture/6058/6058.pdf',0,'',NULL,NULL,NULL,0,0,'2022-06-14',0,NULL,NULL,0,'EUR',1.00000000,690.91000000,69.09100000,760.00100000),(162,'6059',1,NULL,NULL,NULL,3,NULL,2921,'2022-06-14 14:57:09','2022-06-14',NULL,'2022-06-14 15:03:18','2022-06-14 15:04:06','2022-06-14 13:04:06',1,0.00000000,NULL,NULL,0,NULL,NULL,86.08300000,0.00000000,0.00000000,0.00000000,860.83000000,946.91300000,2,6,NULL,6,6,NULL,NULL,NULL,NULL,NULL,NULL,NULL,1,7,'2022-06-15',NULL,NULL,'sponge','facture/6059/6059.pdf',0,'',NULL,NULL,NULL,0,0,'2022-06-15',0,NULL,NULL,0,'EUR',1.00000000,860.83000000,86.08300000,946.91300000),(163,'6060',1,NULL,NULL,NULL,3,NULL,2914,'2022-06-14 15:17:17','2022-06-14',NULL,'2022-06-14 15:20:14','2022-06-14 15:20:50','2022-06-14 13:20:50',1,0.00000000,NULL,NULL,0,NULL,NULL,78.27300000,0.00000000,0.00000000,0.00000000,782.73000000,861.00300000,2,6,NULL,6,6,NULL,NULL,NULL,NULL,NULL,NULL,NULL,1,7,'2022-06-15',NULL,NULL,'sponge','facture/6060/6060.pdf',0,'',NULL,NULL,NULL,0,0,'2022-06-15',0,NULL,NULL,0,'EUR',1.00000000,782.73000000,78.27300000,861.00300000),(164,'6061',1,NULL,NULL,NULL,3,NULL,2575,'2022-06-14 16:14:25','2022-06-14',NULL,'2022-06-14 16:15:38','2022-06-14 16:17:05','2022-06-14 14:17:05',1,0.00000000,NULL,NULL,0,NULL,NULL,236.36400000,0.00000000,0.00000000,0.00000000,2363.64000000,2600.00400000,2,6,NULL,6,6,NULL,NULL,NULL,NULL,NULL,NULL,NULL,1,7,'2022-06-15',NULL,NULL,'sponge','facture/6061/6061.pdf',0,'',NULL,NULL,NULL,0,0,'2022-06-15',0,NULL,NULL,0,'EUR',1.00000000,2363.64000000,236.36400000,2600.00400000),(166,'6062',1,NULL,NULL,NULL,3,NULL,2923,'2022-06-14 16:39:26','2022-06-14',NULL,'2022-06-14 16:40:55','2022-06-14 16:41:59','2022-06-14 14:41:59',1,0.00000000,NULL,NULL,0,NULL,NULL,133.16700000,0.00000000,0.00000000,0.00000000,1331.67000000,1464.83700000,2,6,NULL,6,6,NULL,NULL,NULL,NULL,NULL,NULL,NULL,1,7,'2022-06-15',NULL,NULL,'sponge','facture/6062/6062.pdf',0,'',NULL,NULL,NULL,0,0,'2022-06-15',0,NULL,NULL,0,'EUR',1.00000000,1331.67000000,133.16700000,1464.83700000),(167,'6063',1,NULL,NULL,NULL,3,NULL,2663,'2022-06-15 10:03:01','2022-06-15',NULL,'2022-06-15 10:05:04','2022-06-15 10:05:16','2022-06-15 08:05:16',1,0.00000000,NULL,NULL,0,NULL,NULL,214.00000000,0.00000000,0.00000000,0.00000000,2140.00000000,2354.00000000,2,6,NULL,6,6,NULL,NULL,NULL,NULL,NULL,1,NULL,1,2,'2022-06-16',NULL,NULL,'sponge','facture/6063/6063.pdf',0,'',NULL,NULL,NULL,0,0,'2022-06-16',0,NULL,NULL,0,'EUR',1.00000000,2140.00000000,214.00000000,2354.00000000),(168,'6064',1,NULL,NULL,NULL,0,NULL,2663,'2022-06-15 10:06:07','2022-06-15',NULL,'2022-06-15 10:06:43','2022-08-24 19:39:45','2022-08-24 17:39:45',1,0.00000000,NULL,NULL,0,NULL,NULL,300.96000000,0.00000000,0.00000000,0.00000000,3009.58000000,3310.54000000,2,6,NULL,6,6,NULL,NULL,NULL,NULL,NULL,1,NULL,1,2,'2022-06-16',NULL,NULL,'sponge','facture/6064/6064.pdf',0,'',NULL,NULL,NULL,0,0,'2022-06-16',0,NULL,NULL,0,'EUR',1.00000000,3009.58000000,300.96000000,3310.54000000),(169,'6065',1,NULL,NULL,NULL,3,NULL,2925,'2022-06-15 11:52:23','2022-06-15',NULL,'2022-06-15 11:57:32','2022-06-15 11:58:40','2022-06-15 09:58:40',1,0.00000000,NULL,NULL,0,NULL,NULL,385.45500000,0.00000000,0.00000000,0.00000000,3854.54500000,4240.00000000,2,6,NULL,6,6,NULL,NULL,NULL,NULL,NULL,NULL,NULL,1,7,'2022-06-16',NULL,NULL,'sponge','facture/6065/6065.pdf',0,'',NULL,NULL,NULL,0,0,'2022-06-16',0,NULL,NULL,0,'EUR',1.00000000,3854.54500000,385.45500000,4240.00000000),(171,'6066',1,NULL,NULL,NULL,0,NULL,2881,'2022-06-17 14:04:26','2022-06-17',NULL,'2022-06-17 14:05:07','2022-06-17 14:28:48','2022-06-17 12:28:48',1,0.00000000,NULL,NULL,0,NULL,NULL,16.43200000,0.00000000,0.00000000,0.00000000,82.16000000,98.59200000,2,4,NULL,4,6,NULL,NULL,NULL,NULL,NULL,1,NULL,14,7,'2022-06-18',NULL,NULL,'sponge','facture/6066/6066.pdf',0,'',NULL,NULL,NULL,0,0,'2022-06-11',0,NULL,'{\"concatpdf\":[\"condition ge\\u0301ne\\u0301ral de vente - cloture paloise.docx\"]}',0,'EUR',1.00000000,82.16000000,16.43200000,98.59200000),(172,'6067',1,NULL,NULL,NULL,0,NULL,2879,'2022-06-17 15:12:57','2022-06-17',NULL,'2022-06-17 15:13:20','2022-06-27 17:42:04','2022-06-27 15:42:04',1,0.00000000,NULL,NULL,0,NULL,NULL,110.55800000,0.00000000,0.00000000,0.00000000,552.78900000,663.34700000,2,6,NULL,6,6,NULL,NULL,NULL,NULL,NULL,1,NULL,1,7,'2022-06-18',NULL,NULL,'sponge','facture/6067/6067.pdf',0,'',NULL,NULL,NULL,0,0,'2022-06-18',0,NULL,NULL,0,'EUR',1.00000000,552.78900000,110.55800000,663.34700000),(173,'6069',1,NULL,NULL,NULL,0,NULL,2936,'2022-06-17 15:21:10','2022-06-17',NULL,'2022-06-17 15:21:52','2022-10-07 11:53:31','2022-10-07 09:53:31',1,0.00000000,NULL,NULL,0,NULL,NULL,27.82400000,0.00000000,0.00000000,0.00000000,139.12000000,166.94400000,2,7,NULL,7,6,NULL,NULL,NULL,NULL,NULL,NULL,NULL,1,6,'2022-06-18',NULL,NULL,'sponge','facture/6069/6069.pdf',0,'',NULL,NULL,NULL,0,0,'2022-06-18',0,NULL,'{\"concatpdf\":[\"condition ge\\u0301ne\\u0301ral de vente - cloture paloise.docx\"]}',0,'EUR',1.00000000,139.12000000,27.82400000,166.94400000),(174,'6068',1,NULL,NULL,NULL,0,NULL,2935,'2022-06-17 15:21:42','2022-06-17',NULL,'2022-06-17 15:25:46','2022-06-22 10:43:07','2022-06-22 08:43:07',1,0.00000000,NULL,NULL,0,NULL,NULL,96.01800000,0.00000000,0.00000000,0.00000000,480.09000000,576.10800000,2,4,NULL,4,6,NULL,NULL,NULL,NULL,NULL,3,NULL,1,2,'2022-06-18',NULL,NULL,'sponge','facture/6068/6068.pdf',0,'',NULL,NULL,NULL,0,0,'2022-06-18',0,NULL,NULL,0,'EUR',1.00000000,480.09000000,96.01800000,576.10800000),(176,'6070',1,NULL,NULL,NULL,3,NULL,2660,'2022-06-17 16:14:10','2022-06-17',NULL,'2022-06-17 16:17:09','2022-06-22 16:09:28','2022-06-22 14:09:28',1,0.00000000,NULL,NULL,0,NULL,NULL,370.74500000,0.00000000,0.00000000,0.00000000,3707.45400000,4078.19900000,2,6,NULL,6,2,NULL,NULL,NULL,NULL,NULL,NULL,NULL,1,7,'2022-06-18',NULL,NULL,'sponge','facture/6070/6070.pdf',0,'',NULL,NULL,NULL,0,0,'2022-06-18',0,NULL,NULL,0,'EUR',1.00000000,3707.45400000,370.74500000,4078.19900000),(177,'6071',1,NULL,NULL,NULL,3,NULL,2860,'2022-06-21 09:04:16','2022-06-21',NULL,'2022-06-21 09:06:08','2022-06-22 10:44:08','2022-06-22 08:44:08',1,0.00000000,NULL,NULL,0,NULL,NULL,51.81800000,0.00000000,0.00000000,0.00000000,518.18000000,569.99800000,2,4,NULL,4,6,NULL,NULL,NULL,NULL,NULL,3,NULL,1,7,'2022-06-22',NULL,NULL,'sponge','facture/6071/6071.pdf',0,'',NULL,NULL,NULL,0,0,'2022-06-22',0,NULL,'{\"concatpdf\":[\"condition ge\\u0301ne\\u0301ral de vente - cloture paloise.docx\"]}',0,'EUR',1.00000000,518.18000000,51.81800000,569.99800000),(179,'6072',1,NULL,NULL,NULL,0,NULL,2898,'2022-06-22 10:10:36','2022-06-22',NULL,'2022-06-22 10:11:20','2022-07-20 09:33:02','2022-07-20 07:33:02',1,0.00000000,NULL,NULL,0,NULL,NULL,1426.80000000,0.00000000,0.00000000,0.00000000,7134.00000000,8560.80000000,2,6,NULL,6,6,NULL,NULL,NULL,NULL,NULL,1,NULL,16,2,'2022-08-15',NULL,NULL,'sponge','facture/6072/6072.pdf',0,'',NULL,NULL,NULL,0,0,'2022-06-23',0,NULL,NULL,0,'EUR',1.00000000,7134.00000000,1426.80000000,8560.80000000),(180,'6073',1,NULL,NULL,NULL,0,NULL,2951,'2022-06-22 14:22:37','2022-06-22',NULL,'2022-06-22 14:26:33','2022-06-22 14:43:39','2022-06-22 12:43:39',1,0.00000000,NULL,NULL,0,NULL,NULL,15.78100000,0.00000000,0.00000000,0.00000000,78.90400000,94.68500000,2,4,NULL,4,7,NULL,NULL,NULL,NULL,NULL,NULL,NULL,1,6,'2022-06-23',NULL,NULL,'sponge','facture/6073/6073.pdf',0,'',NULL,NULL,NULL,0,0,'2022-06-23',0,NULL,NULL,0,'EUR',1.00000000,78.90400000,15.78100000,94.68500000),(181,'6074',1,NULL,NULL,NULL,3,NULL,2910,'2022-06-22 15:42:53','2022-06-22',NULL,'2022-06-22 15:48:00','2022-06-22 15:48:49','2022-06-22 13:48:49',1,0.00000000,NULL,NULL,0,NULL,NULL,90.90900000,0.00000000,0.00000000,0.00000000,909.09000000,999.99900000,2,7,NULL,7,7,NULL,NULL,NULL,NULL,NULL,NULL,NULL,1,4,'2022-06-23',NULL,NULL,'sponge','facture/6074/6074.pdf',0,'',NULL,NULL,NULL,0,0,'2022-06-23',0,NULL,NULL,0,'EUR',1.00000000,909.09000000,90.90900000,999.99900000),(182,'6075',1,NULL,NULL,NULL,3,NULL,2773,'2022-06-22 16:00:41','2022-06-22',NULL,'2022-06-22 16:06:08','2022-06-22 16:06:30','2022-06-22 14:06:30',1,0.00000000,NULL,NULL,0,NULL,NULL,100.00000000,0.00000000,0.00000000,0.00000000,500.00000000,600.00000000,2,6,NULL,6,6,NULL,NULL,NULL,NULL,NULL,1,NULL,1,2,'2022-06-23',NULL,NULL,'sponge','facture/6075/6075.pdf',0,'',NULL,NULL,NULL,0,0,'2022-06-23',0,NULL,NULL,0,'EUR',1.00000000,500.00000000,100.00000000,600.00000000),(183,'6076',1,NULL,NULL,NULL,0,NULL,2773,'2022-06-22 16:11:05','2022-06-22',NULL,'2022-06-22 16:12:18','2022-10-07 14:22:28','2022-10-07 12:22:28',1,0.00000000,NULL,NULL,0,NULL,NULL,125.32000000,0.00000000,0.00000000,0.00000000,626.60000000,751.92000000,2,6,NULL,6,6,NULL,NULL,NULL,NULL,NULL,1,NULL,1,2,'2022-06-23',NULL,NULL,'sponge','facture/6076/6076.pdf',0,'',NULL,NULL,NULL,0,0,'2022-06-23',0,NULL,NULL,0,'EUR',1.00000000,626.60000000,125.32000000,751.92000000),(184,'6077',1,NULL,NULL,NULL,3,NULL,2662,'2022-06-22 16:41:00','2022-06-22',NULL,'2022-06-22 16:42:22','2022-06-22 16:43:19','2022-06-22 14:43:19',1,0.00000000,NULL,NULL,0,NULL,NULL,198.52700000,0.00000000,0.00000000,0.00000000,1985.27200000,2183.79900000,2,6,NULL,6,6,NULL,NULL,NULL,NULL,NULL,1,NULL,1,7,'2022-06-23',NULL,NULL,'sponge','facture/6077/6077.pdf',0,'',NULL,NULL,NULL,0,0,'2022-06-23',0,NULL,NULL,0,'EUR',1.00000000,1985.27200000,198.52700000,2183.79900000),(185,'6078',1,NULL,NULL,NULL,0,NULL,2662,'2022-06-22 16:44:21','2022-06-22',NULL,'2022-06-22 16:49:27','2022-07-05 17:10:36','2022-07-05 15:10:36',1,0.00000000,NULL,NULL,0,NULL,NULL,432.00700000,0.00000000,0.00000000,0.00000000,2843.68800000,3275.69500000,2,6,NULL,6,6,NULL,NULL,NULL,NULL,NULL,3,NULL,1,2,'2022-06-23',NULL,NULL,'sponge','facture/6078/6078.pdf',0,'',NULL,NULL,NULL,0,0,'2022-06-23',0,NULL,NULL,0,'EUR',1.00000000,2843.68800000,432.00700000,3275.69500000),(186,'6079',1,NULL,NULL,NULL,3,NULL,2326,'2022-06-23 09:37:27','2022-06-23',NULL,'2022-06-23 09:41:07','2022-06-23 09:43:39','2022-06-23 07:43:39',1,0.00000000,NULL,NULL,0,NULL,NULL,158.33300000,0.00000000,0.00000000,0.00000000,791.66600000,949.99900000,2,6,NULL,6,6,NULL,NULL,NULL,NULL,NULL,1,NULL,1,7,'2022-06-24',NULL,NULL,'sponge','facture/6079/6079.pdf',0,'',NULL,NULL,NULL,0,0,'2022-06-24',0,NULL,NULL,0,'EUR',1.00000000,791.66600000,158.33300000,949.99900000),(187,'6080',1,NULL,NULL,NULL,0,NULL,2326,'2022-06-23 09:46:13','2022-06-23',NULL,'2022-06-23 09:48:56','2022-07-01 09:24:59','2022-07-01 07:24:59',1,0.00000000,NULL,NULL,0,NULL,NULL,216.40300000,0.00000000,0.00000000,0.00000000,1427.01400000,1643.41700000,2,6,NULL,6,6,NULL,NULL,NULL,NULL,NULL,3,NULL,1,6,'2022-06-24',NULL,NULL,'sponge','facture/6080/6080.pdf',0,'',NULL,NULL,NULL,0,0,'2022-06-24',0,NULL,NULL,0,'EUR',1.00000000,1427.01400000,216.40300000,1643.41700000),(188,'6081',1,NULL,NULL,NULL,0,NULL,2867,'2022-06-23 15:12:10','2022-06-23',NULL,'2022-06-23 15:13:38','2022-06-28 14:22:13','2022-06-28 12:22:13',1,0.00000000,NULL,NULL,0,NULL,NULL,160.90900000,0.00000000,0.00000000,0.00000000,1609.09000000,1769.99900000,2,6,NULL,6,6,NULL,NULL,NULL,NULL,NULL,3,NULL,1,2,'2022-06-24',NULL,NULL,'sponge','facture/6081/6081.pdf',0,'',NULL,NULL,NULL,0,0,'2022-06-24',0,NULL,NULL,0,'EUR',1.00000000,1609.09000000,160.90900000,1769.99900000),(189,'6082',1,NULL,NULL,NULL,3,NULL,2880,'2022-06-23 16:41:46','2022-06-23',NULL,'2022-06-23 16:44:09','2022-06-23 16:44:29','2022-06-23 14:44:29',1,0.00000000,NULL,NULL,0,NULL,NULL,306.52000000,0.00000000,0.00000000,0.00000000,3065.20000000,3371.72000000,2,7,NULL,7,7,NULL,NULL,NULL,NULL,NULL,NULL,NULL,1,7,'2022-06-24',NULL,NULL,'sponge','facture/6082/6082.pdf',0,'',NULL,NULL,NULL,0,0,'2022-06-24',0,NULL,NULL,0,'EUR',1.00000000,3065.20000000,306.52000000,3371.72000000),(190,'6083',1,NULL,NULL,NULL,0,NULL,2954,'2022-06-24 11:25:59','2022-06-24',NULL,'2022-06-24 11:26:14','2022-10-07 14:22:50','2022-10-07 12:22:50',1,0.00000000,NULL,NULL,0,NULL,NULL,0.00000000,0.00000000,0.00000000,0.00000000,650.00000000,650.00000000,2,6,NULL,6,6,NULL,NULL,NULL,NULL,NULL,1,NULL,1,2,'2022-06-25',NULL,NULL,'sponge','facture/6083/6083.pdf',0,'',NULL,NULL,NULL,0,0,'2022-06-25',0,NULL,NULL,0,'EUR',1.00000000,650.00000000,0.00000000,650.00000000),(191,'6084',1,NULL,NULL,NULL,0,NULL,2660,'2022-06-24 11:40:28','2022-06-24',NULL,'2022-06-24 11:42:30','2022-07-11 14:14:41','2022-07-11 12:14:41',1,0.00000000,NULL,NULL,0,NULL,NULL,556.07500000,0.00000000,0.00000000,0.00000000,5560.74600000,6116.82100000,2,6,NULL,6,6,NULL,NULL,NULL,NULL,NULL,1,NULL,1,2,'2022-06-25',NULL,NULL,'sponge','facture/6084/6084.pdf',0,'',NULL,NULL,NULL,0,0,'2022-06-25',0,NULL,NULL,0,'EUR',1.00000000,5560.74600000,556.07500000,6116.82100000),(192,'6085',1,NULL,NULL,NULL,0,NULL,822,'2022-06-24 15:12:29','2022-06-24',NULL,'2022-06-24 17:18:55','2022-09-05 17:23:50','2022-09-05 15:23:50',1,0.00000000,NULL,NULL,0,NULL,NULL,0.00000000,0.00000000,0.00000000,0.00000000,12906.00000000,12906.00000000,2,6,NULL,2,6,NULL,NULL,NULL,NULL,NULL,1,NULL,16,2,'2022-08-15',NULL,NULL,'sponge','facture/6085/6085.pdf',0,'',NULL,NULL,NULL,0,0,'2022-09-15',0,NULL,NULL,0,'EUR',1.00000000,12906.00000000,0.00000000,12906.00000000),(193,'6086',1,NULL,NULL,NULL,0,NULL,2835,'2022-06-27 09:34:01','2022-06-27',NULL,'2022-06-27 09:43:10','2022-07-20 09:32:28','2022-07-20 07:32:28',1,0.00000000,NULL,NULL,0,NULL,NULL,581.70000000,0.00000000,0.00000000,0.00000000,2908.50000000,3490.20000000,2,6,NULL,6,6,NULL,NULL,NULL,NULL,NULL,1,NULL,1,2,'2022-06-28',NULL,NULL,'sponge','facture/6086/6086.pdf',0,'',NULL,NULL,NULL,0,0,'2022-06-28',0,NULL,NULL,0,'EUR',1.00000000,2908.50000000,581.70000000,3490.20000000),(195,'6087',1,NULL,NULL,NULL,0,NULL,2888,'2022-06-27 11:14:09','2022-06-27',NULL,'2022-06-27 11:15:42','2022-07-19 17:59:26','2022-07-19 15:59:26',1,0.00000000,NULL,NULL,0,NULL,NULL,24.20000000,0.00000000,0.00000000,0.00000000,440.00000000,464.20000000,2,6,NULL,6,6,NULL,NULL,NULL,NULL,NULL,1,NULL,1,2,'2022-06-28',NULL,NULL,'sponge','facture/6087/6087.pdf',0,'',NULL,NULL,NULL,0,0,'2022-06-28',0,NULL,NULL,0,'EUR',1.00000000,440.00000000,24.20000000,464.20000000),(196,'6088',1,NULL,NULL,NULL,0,NULL,2888,'2022-06-27 12:17:36','2022-06-27',NULL,'2022-06-27 12:18:05','2022-07-19 18:00:53','2022-07-19 16:00:53',1,0.00000000,NULL,NULL,0,NULL,NULL,320.14800000,0.00000000,0.00000000,0.00000000,5820.87500000,6141.02300000,2,6,NULL,6,6,NULL,NULL,NULL,NULL,NULL,1,NULL,1,2,'2022-06-28',NULL,NULL,'sponge','facture/6088/6088.pdf',0,'',NULL,NULL,NULL,0,0,'2022-06-28',0,NULL,NULL,0,'EUR',1.00000000,5820.87500000,320.14800000,6141.02300000),(197,'6089',1,NULL,NULL,NULL,0,NULL,2888,'2022-06-27 12:39:22','2022-06-27',NULL,'2022-06-27 12:40:23','2022-07-19 17:59:26','2022-07-19 15:59:26',1,0.00000000,NULL,NULL,0,NULL,NULL,78.78900000,0.00000000,0.00000000,0.00000000,1432.53000000,1511.31900000,2,6,NULL,6,6,NULL,NULL,NULL,NULL,NULL,1,NULL,1,2,'2022-06-28',NULL,NULL,'sponge','facture/6089/6089.pdf',0,'',NULL,NULL,NULL,0,0,'2022-06-28',0,NULL,NULL,0,'EUR',1.00000000,1432.53000000,78.78900000,1511.31900000),(198,'6090',1,NULL,NULL,NULL,3,NULL,2669,'2022-06-27 14:39:22','2022-06-27',NULL,'2022-06-27 14:41:15','2022-06-27 14:42:59','2022-06-27 12:42:59',1,0.00000000,NULL,NULL,0,NULL,NULL,679.78600000,0.00000000,0.00000000,0.00000000,3398.93000000,4078.71600000,2,6,NULL,6,6,NULL,NULL,NULL,NULL,NULL,1,NULL,1,2,'2022-06-28',NULL,NULL,'sponge','facture/6090/6090.pdf',0,'',NULL,NULL,NULL,0,0,'2022-06-28',0,NULL,NULL,0,'EUR',1.00000000,3398.93000000,679.78600000,4078.71600000),(199,'6091',1,NULL,NULL,NULL,0,NULL,2669,'2022-06-27 14:43:32','2022-06-27',NULL,'2022-06-27 14:53:29','2022-10-10 14:12:38','2022-10-10 12:12:38',1,0.00000000,NULL,NULL,0,NULL,NULL,853.27000000,0.00000000,0.00000000,0.00000000,4266.35200000,5119.62200000,2,6,NULL,6,6,NULL,NULL,NULL,NULL,NULL,3,NULL,1,2,'2022-06-28',NULL,NULL,'sponge','facture/6091/6091.pdf',0,'',NULL,NULL,NULL,0,0,'2022-06-28',0,NULL,NULL,0,'EUR',1.00000000,4266.35200000,853.27000000,5119.62200000),(200,'6092',1,NULL,NULL,NULL,3,NULL,2929,'2022-06-27 15:33:42','2022-06-27',NULL,'2022-06-27 15:38:10','2022-06-27 15:39:08','2022-06-27 13:39:08',1,0.00000000,NULL,NULL,0,NULL,NULL,319.83300000,0.00000000,0.00000000,0.00000000,3198.33000000,3518.16300000,2,6,NULL,6,6,NULL,NULL,NULL,NULL,NULL,NULL,NULL,1,7,'2022-06-28',NULL,NULL,'sponge','facture/6092/6092.pdf',0,'',NULL,NULL,NULL,0,0,'2022-06-28',0,NULL,NULL,0,'EUR',1.00000000,3198.33000000,319.83300000,3518.16300000),(201,'6093',1,NULL,NULL,NULL,0,NULL,2929,'2022-06-27 15:40:34','2022-06-27',NULL,'2022-06-27 16:01:42','2022-06-27 16:02:07','2022-06-27 14:02:07',1,0.00000000,NULL,NULL,0,NULL,NULL,0.00000000,0.00000000,0.00000000,0.00000000,0.00000000,0.00000000,2,6,NULL,6,6,NULL,NULL,NULL,NULL,NULL,3,NULL,1,2,'2022-06-28',NULL,NULL,'sponge','facture/6093/6093.pdf',0,'',NULL,NULL,NULL,0,0,'2022-06-28',0,NULL,NULL,0,'EUR',1.00000000,0.00000000,0.00000000,0.00000000),(202,'6094',1,NULL,NULL,NULL,3,NULL,2808,'2022-06-27 17:00:07','2022-06-27',NULL,'2022-06-27 17:01:59','2022-06-27 17:02:17','2022-06-27 15:02:17',1,0.00000000,NULL,NULL,0,NULL,NULL,422.35000000,0.00000000,0.00000000,0.00000000,2111.75000000,2534.10000000,2,6,NULL,6,6,NULL,NULL,NULL,NULL,NULL,NULL,NULL,1,7,'2022-06-28',NULL,NULL,'sponge','facture/6094/6094.pdf',0,'',NULL,NULL,NULL,0,0,'2022-06-28',0,NULL,NULL,0,'EUR',1.00000000,2111.75000000,422.35000000,2534.10000000),(203,'6095',1,NULL,NULL,NULL,0,NULL,2808,'2022-06-27 17:04:36','2022-06-27',NULL,'2022-06-27 17:05:54','2022-06-30 14:35:32','2022-06-30 12:35:32',1,0.00000000,NULL,NULL,0,NULL,NULL,583.85000000,0.00000000,0.00000000,0.00000000,2919.25000000,3503.10000000,2,6,NULL,6,6,NULL,NULL,NULL,NULL,NULL,1,NULL,1,2,'2022-06-28',NULL,NULL,'sponge','facture/6095/6095.pdf',0,'',NULL,NULL,NULL,0,0,'2022-06-28',0,NULL,NULL,0,'EUR',1.00000000,2919.25000000,583.85000000,3503.10000000),(204,'6096',1,NULL,NULL,NULL,0,NULL,2042,'2022-06-27 17:45:10','2022-06-27',NULL,'2022-06-27 17:45:33',NULL,'2022-06-27 15:45:33',0,0.00000000,NULL,NULL,0,NULL,NULL,76.00000000,0.00000000,0.00000000,0.00000000,380.00000000,456.00000000,1,7,NULL,7,NULL,NULL,NULL,NULL,NULL,NULL,1,NULL,1,2,'2022-06-28',NULL,NULL,'sponge','facture/6096/6096.pdf',0,'',NULL,NULL,NULL,0,0,'2022-06-28',0,NULL,NULL,0,'EUR',1.00000000,380.00000000,76.00000000,456.00000000),(205,'6097',1,NULL,NULL,NULL,0,NULL,2920,'2022-06-28 15:49:40','2022-06-28',NULL,'2022-06-28 15:49:52','2022-06-28 16:13:44','2022-06-28 14:13:44',1,0.00000000,NULL,NULL,0,NULL,NULL,142.74200000,0.00000000,0.00000000,0.00000000,713.71000000,856.45200000,2,6,NULL,6,6,NULL,NULL,NULL,NULL,NULL,NULL,NULL,1,6,'2022-06-29',NULL,NULL,'sponge','facture/6097/6097.pdf',0,'',NULL,NULL,NULL,0,0,'2022-06-29',0,NULL,NULL,0,'EUR',1.00000000,713.71000000,142.74200000,856.45200000),(206,'6098',1,NULL,NULL,NULL,0,NULL,2967,'2022-06-28 16:13:22','2022-06-28',NULL,'2022-06-28 16:13:49','2022-06-30 11:32:22','2022-06-30 09:32:22',1,0.00000000,NULL,NULL,0,NULL,NULL,5.29600000,0.00000000,0.00000000,0.00000000,26.48000000,31.77600000,2,7,NULL,7,6,NULL,NULL,NULL,NULL,NULL,NULL,NULL,14,2,'2022-06-29',NULL,NULL,'sponge','facture/6098/6098.pdf',0,'',NULL,NULL,NULL,0,0,'2022-06-29',0,NULL,NULL,0,'EUR',1.00000000,26.48000000,5.29600000,31.77600000),(207,'6099',1,NULL,NULL,NULL,3,NULL,2836,'2022-06-29 11:01:14','2022-06-29',NULL,'2022-06-29 11:02:14','2022-06-29 11:02:56','2022-06-29 09:02:56',1,0.00000000,NULL,NULL,0,NULL,NULL,4.33300000,0.00000000,0.00000000,0.00000000,21.66600000,25.99900000,2,6,NULL,6,6,NULL,NULL,NULL,NULL,NULL,NULL,NULL,1,7,'2022-06-30',NULL,NULL,'sponge','facture/6099/6099.pdf',0,'',NULL,NULL,NULL,0,0,'2022-06-30',0,NULL,NULL,0,'EUR',1.00000000,21.66600000,4.33300000,25.99900000),(209,'6100',1,NULL,NULL,NULL,3,NULL,2970,'2022-06-30 09:40:20','2022-06-30',NULL,'2022-06-30 09:43:58','2022-06-30 09:44:26','2022-06-30 07:44:26',1,0.00000000,NULL,NULL,0,NULL,NULL,122.72700000,0.00000000,0.00000000,0.00000000,1227.27200000,1349.99900000,2,6,NULL,6,6,NULL,NULL,NULL,NULL,NULL,2,NULL,1,2,'2022-07-01',NULL,NULL,'sponge','facture/6100/6100.pdf',0,'',NULL,NULL,NULL,0,0,'2022-07-01',0,NULL,NULL,0,'EUR',1.00000000,1227.27200000,122.72700000,1349.99900000),(210,'6101',1,NULL,NULL,NULL,0,NULL,2970,'2022-06-30 09:45:25','2022-06-30',NULL,'2022-06-30 09:46:11','2022-10-07 17:05:48','2022-10-07 15:05:48',1,0.00000000,NULL,NULL,0,NULL,NULL,182.29300000,0.00000000,0.00000000,0.00000000,1822.92800000,2005.22100000,2,6,NULL,6,6,NULL,NULL,NULL,NULL,NULL,2,NULL,1,2,'2022-07-01',NULL,NULL,'sponge','facture/6101/6101.pdf',0,'',NULL,NULL,NULL,0,0,'2022-07-01',0,NULL,NULL,0,'EUR',1.00000000,1822.92800000,182.29300000,2005.22100000),(211,'6102',1,NULL,NULL,NULL,0,NULL,2956,'2022-06-30 10:29:42','2022-06-30',NULL,'2022-06-30 10:30:10','2022-07-06 11:35:42','2022-07-06 09:35:42',1,0.00000000,NULL,NULL,0,NULL,NULL,63.00000000,0.00000000,0.00000000,0.00000000,630.00000000,693.00000000,2,6,NULL,6,6,NULL,NULL,NULL,NULL,NULL,3,NULL,1,2,'2022-07-01',NULL,NULL,'sponge','facture/6102/6102.pdf',0,'',NULL,NULL,NULL,0,0,'2022-07-01',0,NULL,NULL,0,'EUR',1.00000000,630.00000000,63.00000000,693.00000000),(212,'6103',1,NULL,NULL,NULL,0,NULL,2923,'2022-06-30 10:52:17','2022-06-30',NULL,'2022-06-30 11:03:45','2022-10-07 17:06:31','2022-10-07 15:06:31',1,0.00000000,NULL,NULL,0,NULL,NULL,199.75300000,0.00000000,0.00000000,0.00000000,1997.53000000,2197.28300000,2,6,NULL,6,6,NULL,NULL,NULL,NULL,NULL,3,NULL,1,2,'2022-07-01',NULL,NULL,'sponge','facture/6103/6103.pdf',0,'',NULL,NULL,NULL,0,0,'2022-07-01',0,NULL,NULL,0,'EUR',1.00000000,1997.53000000,199.75300000,2197.28300000),(213,'6104',1,NULL,NULL,NULL,3,NULL,2964,'2022-06-30 11:27:02','2022-06-30',NULL,'2022-06-30 11:33:35','2022-06-30 11:34:13','2022-06-30 09:34:13',1,0.00000000,NULL,NULL,0,NULL,NULL,26.66700000,0.00000000,0.00000000,0.00000000,133.33300000,160.00000000,2,7,NULL,6,6,NULL,NULL,NULL,NULL,NULL,3,NULL,1,2,'2022-07-01',NULL,NULL,'sponge','facture/6104/6104.pdf',0,'',NULL,NULL,NULL,0,0,'2022-07-01',0,NULL,NULL,0,'EUR',1.00000000,133.33300000,26.66700000,160.00000000),(214,'6105',1,NULL,NULL,NULL,0,NULL,2836,'2022-06-30 11:40:55','2022-06-30',NULL,'2022-06-30 11:41:22','2022-10-07 17:06:53','2022-10-07 15:06:53',1,0.00000000,NULL,NULL,0,NULL,NULL,6.26700000,0.00000000,0.00000000,0.00000000,31.33400000,37.60100000,2,6,NULL,6,6,NULL,NULL,NULL,NULL,NULL,3,NULL,1,2,'2022-07-01',NULL,NULL,'sponge','facture/6105/6105.pdf',0,'',NULL,NULL,NULL,0,0,'2022-07-01',0,NULL,NULL,0,'EUR',1.00000000,31.33400000,6.26700000,37.60100000),(215,'6106',1,NULL,NULL,NULL,3,NULL,2633,'2022-07-01 09:19:36','2022-07-01',NULL,'2022-07-01 09:20:51','2022-07-01 09:21:05','2022-07-01 07:21:05',1,0.00000000,NULL,NULL,0,NULL,NULL,50.00000000,0.00000000,0.00000000,0.00000000,500.00000000,550.00000000,2,7,NULL,6,6,NULL,NULL,NULL,NULL,NULL,NULL,NULL,1,2,'2022-07-02',NULL,NULL,'sponge','facture/6106/6106.pdf',0,'',NULL,NULL,NULL,0,0,'2022-07-02',0,NULL,NULL,0,'EUR',1.00000000,500.00000000,50.00000000,550.00000000),(216,'6107',1,NULL,NULL,NULL,3,NULL,2937,'2022-07-01 10:08:52','2022-07-01',NULL,'2022-07-01 10:10:01','2022-07-01 10:10:23','2022-07-01 08:10:23',1,0.00000000,NULL,NULL,0,NULL,NULL,95.83300000,0.00000000,0.00000000,0.00000000,479.16600000,574.99900000,2,6,NULL,6,6,NULL,NULL,NULL,NULL,NULL,1,NULL,1,2,'2022-07-02',NULL,NULL,'sponge','facture/6107/6107.pdf',0,'',NULL,NULL,NULL,0,0,'2022-07-02',0,NULL,NULL,0,'EUR',1.00000000,479.16600000,95.83300000,574.99900000),(217,'6108',1,NULL,NULL,NULL,0,NULL,2815,'2022-07-01 11:15:34','2022-06-30',NULL,'2022-07-01 11:15:56','2022-10-07 17:07:39','2022-10-26 05:01:15',1,0.00000000,NULL,NULL,0,NULL,NULL,622.52000000,0.00000000,0.00000000,0.00000000,3112.60000000,3735.12000000,2,6,NULL,6,6,NULL,NULL,NULL,NULL,NULL,1,NULL,1,2,'2022-07-15',NULL,NULL,'sponge','facture/6108/6108.pdf',0,'',NULL,NULL,NULL,0,0,'2022-07-01',0,NULL,NULL,0,'EUR',1.00000000,3112.60000000,622.52000000,3735.12000000),(218,'6109',1,NULL,NULL,NULL,0,NULL,2815,'2022-07-01 11:18:58','2022-06-30',NULL,'2022-07-01 11:21:58','2022-10-07 17:07:39','2022-10-26 05:01:15',1,0.00000000,NULL,NULL,0,NULL,NULL,319.78800000,0.00000000,0.00000000,0.00000000,1598.94000000,1918.72800000,2,6,NULL,6,6,NULL,NULL,NULL,NULL,NULL,1,NULL,1,2,'2022-07-15',NULL,NULL,'sponge','facture/6109/6109.pdf',0,'',NULL,NULL,NULL,0,0,'2022-07-02',0,NULL,NULL,0,'EUR',1.00000000,1598.94000000,319.78800000,1918.72800000),(219,'6110',1,NULL,NULL,NULL,0,NULL,2815,'2022-07-01 11:28:01','2022-06-30',NULL,'2022-07-01 11:28:46','2022-10-07 17:10:51','2022-10-07 15:10:51',1,0.00000000,NULL,NULL,0,NULL,NULL,409.75400000,0.00000000,0.00000000,0.00000000,2048.77000000,2458.52400000,2,6,NULL,6,6,NULL,NULL,NULL,NULL,NULL,NULL,NULL,3,2,'2022-07-31',NULL,NULL,'sponge','facture/6110/6110.pdf',0,'',NULL,NULL,NULL,0,0,'2022-07-31',0,NULL,NULL,0,'EUR',1.00000000,2048.77000000,409.75400000,2458.52400000),(220,'6111',1,NULL,NULL,NULL,3,NULL,2889,'2022-07-01 16:32:24','2022-06-30',NULL,'2022-07-01 16:33:12','2022-07-01 16:34:50','2022-07-04 09:13:27',1,0.00000000,NULL,NULL,0,NULL,NULL,109.09100000,0.00000000,0.00000000,0.00000000,1090.90900000,1200.00000000,2,7,NULL,7,7,NULL,NULL,NULL,NULL,NULL,NULL,NULL,1,7,'2022-07-01',NULL,NULL,'sponge','facture/6111/6111.pdf',0,'',NULL,NULL,NULL,0,0,'2022-07-01',0,NULL,NULL,0,'EUR',1.00000000,1090.90900000,109.09100000,1200.00000000),(221,'6112',1,NULL,NULL,NULL,0,NULL,2480,'2022-07-03 21:00:40','2022-06-30',NULL,'2022-07-03 21:00:59','2022-10-07 11:51:43','2022-10-07 09:51:43',1,0.00000000,NULL,NULL,0,NULL,NULL,77.69000000,0.00000000,0.00000000,0.00000000,388.45000000,466.14000000,2,6,NULL,6,6,NULL,NULL,NULL,NULL,NULL,1,NULL,3,2,'2022-07-31',NULL,NULL,'sponge','facture/6112/6112.pdf',0,'',NULL,NULL,NULL,0,0,'2022-07-31',0,NULL,NULL,0,'EUR',1.00000000,388.45000000,77.69000000,466.14000000),(222,'6113',1,NULL,NULL,NULL,0,NULL,2480,'2022-07-03 21:04:31','2022-06-30',NULL,'2022-07-03 21:05:00','2022-10-07 11:54:34','2022-10-07 09:54:34',1,0.00000000,NULL,NULL,0,NULL,NULL,225.45200000,0.00000000,0.00000000,0.00000000,1127.26000000,1352.71200000,2,6,NULL,6,6,NULL,NULL,NULL,NULL,NULL,1,NULL,3,2,'2022-07-31',NULL,NULL,'sponge','facture/6113/6113.pdf',0,'',NULL,NULL,NULL,0,0,'2022-07-31',0,NULL,NULL,0,'EUR',1.00000000,1127.26000000,225.45200000,1352.71200000),(223,'6114',1,NULL,NULL,NULL,0,NULL,2480,'2022-07-03 21:06:09','2022-06-30',NULL,'2022-07-03 21:06:18','2022-10-07 11:51:43','2022-10-07 09:51:43',1,0.00000000,NULL,NULL,0,NULL,NULL,38.79000000,0.00000000,0.00000000,0.00000000,193.95000000,232.74000000,2,6,NULL,6,6,NULL,NULL,NULL,NULL,NULL,1,NULL,3,2,'2022-07-31',NULL,NULL,'sponge','facture/6114/6114.pdf',0,'',NULL,NULL,NULL,0,0,'2022-07-31',0,NULL,NULL,0,'EUR',1.00000000,193.95000000,38.79000000,232.74000000),(224,'6115',1,NULL,NULL,NULL,0,NULL,2916,'2022-07-03 21:08:15','2022-06-30',NULL,'2022-07-03 21:08:40','2022-10-07 17:11:39','2022-10-07 15:11:39',1,0.00000000,NULL,NULL,0,NULL,NULL,150.38000000,0.00000000,0.00000000,0.00000000,751.90000000,902.28000000,2,6,NULL,6,6,NULL,NULL,NULL,NULL,NULL,1,NULL,3,2,'2022-07-31',NULL,NULL,'sponge','facture/6115/6115.pdf',0,'',NULL,NULL,NULL,0,0,'2022-07-31',0,NULL,NULL,0,'EUR',1.00000000,751.90000000,150.38000000,902.28000000),(225,'6116',1,NULL,NULL,NULL,0,NULL,2768,'2022-07-03 21:10:39','2022-06-30',NULL,'2022-07-03 21:10:47','2022-08-24 19:48:10','2022-08-24 17:48:10',1,0.00000000,NULL,NULL,0,NULL,NULL,62.74000000,0.00000000,0.00000000,0.00000000,313.70000000,376.44000000,2,6,NULL,6,6,NULL,NULL,NULL,NULL,NULL,1,NULL,3,2,'2022-07-31',NULL,NULL,'sponge','facture/6116/6116.pdf',0,'',NULL,NULL,NULL,0,0,'2022-07-31',0,NULL,NULL,0,'EUR',1.00000000,313.70000000,62.74000000,376.44000000),(226,'6117',1,NULL,NULL,NULL,0,NULL,2804,'2022-07-03 21:14:13','2022-06-30',NULL,'2022-07-03 21:14:39','2022-07-19 17:49:28','2022-07-19 15:49:28',1,0.00000000,NULL,NULL,0,NULL,NULL,63.62600000,0.00000000,0.00000000,0.00000000,318.13000000,381.75600000,2,6,NULL,6,6,NULL,NULL,NULL,NULL,NULL,1,NULL,3,2,'2022-07-31',NULL,NULL,'sponge','facture/6117/6117.pdf',0,'',NULL,NULL,NULL,0,0,'2022-07-31',0,NULL,NULL,0,'EUR',1.00000000,318.13000000,63.62600000,381.75600000),(227,'6118',1,NULL,NULL,NULL,0,NULL,774,'2022-07-03 21:16:51','2022-06-30',NULL,'2022-07-03 21:17:03','2022-08-24 19:59:29','2022-08-24 17:59:29',1,0.00000000,NULL,NULL,0,NULL,NULL,500.00000000,0.00000000,0.00000000,0.00000000,2500.00000000,3000.00000000,2,6,NULL,6,6,NULL,NULL,NULL,NULL,NULL,1,NULL,3,2,'2022-07-31',NULL,NULL,'sponge','facture/6118/6118.pdf',0,'',NULL,NULL,NULL,0,0,'2022-07-31',0,NULL,NULL,0,'EUR',1.00000000,2500.00000000,500.00000000,3000.00000000),(228,'6119',1,NULL,NULL,NULL,0,NULL,2621,'2022-07-03 21:23:31','2022-06-30',NULL,'2022-07-03 21:23:40','2022-07-20 09:40:42','2022-07-20 07:40:42',1,0.00000000,NULL,NULL,0,NULL,NULL,496.40000000,0.00000000,0.00000000,0.00000000,2482.00000000,2978.40000000,2,6,NULL,6,6,NULL,NULL,NULL,NULL,NULL,1,NULL,1,2,'2022-07-01',NULL,NULL,'sponge','facture/6119/6119.pdf',0,'',NULL,NULL,NULL,0,0,'2022-07-01',0,NULL,NULL,0,'EUR',1.00000000,2482.00000000,496.40000000,2978.40000000),(229,'6120',1,NULL,NULL,NULL,0,NULL,1938,'2022-07-03 21:27:48','2022-06-30',NULL,'2022-07-03 21:27:56','2022-07-20 09:31:48','2022-07-20 07:31:48',1,0.00000000,NULL,NULL,0,NULL,NULL,94.40000000,0.00000000,0.00000000,0.00000000,472.00000000,566.40000000,2,6,NULL,6,6,NULL,NULL,NULL,NULL,NULL,1,NULL,1,2,'2022-07-01',NULL,NULL,'sponge','facture/6120/6120.pdf',0,'',NULL,NULL,NULL,0,0,'2022-07-01',0,NULL,NULL,0,'EUR',1.00000000,472.00000000,94.40000000,566.40000000),(230,'6121',1,NULL,NULL,NULL,0,NULL,2784,'2022-07-04 09:42:13','2022-06-30',NULL,'2022-07-04 09:44:35','2022-08-24 19:54:22','2022-08-24 17:54:22',1,0.00000000,NULL,NULL,0,NULL,NULL,931.07000000,0.00000000,0.00000000,0.00000000,4655.34800000,5586.41800000,2,6,NULL,6,6,NULL,NULL,NULL,NULL,NULL,1,NULL,3,2,'2022-07-31',NULL,NULL,'sponge','facture/6121/6121.pdf',0,'',NULL,NULL,NULL,0,0,'2022-07-31',0,NULL,NULL,0,'EUR',1.00000000,4655.34800000,931.07000000,5586.41800000),(231,'6122',1,NULL,NULL,NULL,0,NULL,2042,'2022-07-04 10:00:37','2022-06-30',NULL,'2022-07-04 10:08:29','2022-09-05 17:20:38','2022-09-05 15:20:38',1,0.00000000,NULL,NULL,0,NULL,NULL,24.84600000,0.00000000,0.00000000,0.00000000,124.23000000,149.07600000,2,6,NULL,6,6,NULL,NULL,NULL,NULL,NULL,1,NULL,15,2,'2022-08-31',NULL,NULL,'sponge','facture/6122/6122.pdf',0,'',NULL,NULL,NULL,0,0,'2022-08-31',0,NULL,NULL,0,'EUR',1.00000000,124.23000000,24.84600000,149.07600000),(232,'6123',1,NULL,NULL,NULL,0,NULL,26,'2022-07-05 09:15:23','2022-06-30',NULL,'2022-07-05 09:32:50','2022-09-21 09:18:55','2022-09-21 07:18:55',1,0.00000000,NULL,NULL,0,NULL,NULL,1564.00000000,0.00000000,0.00000000,0.00000000,7820.00000000,9384.00000000,2,2,NULL,2,6,NULL,NULL,NULL,NULL,NULL,NULL,NULL,3,2,'2022-07-31',NULL,NULL,'sponge','facture/6123/6123.pdf',0,'',NULL,NULL,NULL,0,0,'2022-07-31',0,NULL,NULL,0,'EUR',1.00000000,7820.00000000,1564.00000000,9384.00000000),(233,'6124',1,NULL,NULL,NULL,0,NULL,2974,'2022-07-05 09:23:32','2022-06-30',NULL,'2022-07-05 09:25:17','2022-07-07 10:11:39','2022-07-07 08:11:39',1,0.00000000,NULL,NULL,0,NULL,NULL,11.00000000,0.00000000,0.00000000,0.00000000,55.00000000,66.00000000,2,6,NULL,6,6,NULL,NULL,NULL,NULL,NULL,1,NULL,1,2,'2022-07-01',NULL,NULL,'sponge','facture/6124/6124.pdf',0,'',NULL,NULL,NULL,0,0,'2022-07-01',0,NULL,NULL,0,'EUR',1.00000000,55.00000000,11.00000000,66.00000000),(237,'6125',1,NULL,NULL,NULL,3,NULL,2554,'2022-07-05 09:59:28','2022-06-30',NULL,'2022-07-05 10:00:55','2022-07-05 10:05:59','2022-07-05 08:05:59',1,0.00000000,NULL,NULL,0,NULL,NULL,216.27300000,0.00000000,0.00000000,0.00000000,2162.73000000,2379.00300000,2,6,NULL,6,6,NULL,NULL,NULL,NULL,NULL,1,NULL,1,2,'2022-07-01',NULL,NULL,'sponge','facture/6125/6125.pdf',0,'',NULL,NULL,NULL,0,0,'2022-07-01',0,NULL,NULL,0,'EUR',1.00000000,2162.73000000,216.27300000,2379.00300000),(238,'6126',1,NULL,NULL,NULL,0,NULL,2554,'2022-07-05 10:06:39','2022-06-30',NULL,'2022-09-12 13:19:47','2022-10-10 14:27:31','2022-10-10 12:27:31',1,0.00000000,NULL,NULL,0,NULL,NULL,863.42700000,0.00000000,0.00000000,0.00000000,3235.77000000,4099.19700000,2,6,NULL,2,6,NULL,NULL,NULL,NULL,NULL,1,NULL,1,2,'2022-07-01',NULL,NULL,'sponge','facture/6126/6126.pdf',0,'',NULL,NULL,NULL,0,0,'2022-07-01',0,NULL,NULL,0,'EUR',1.00000000,3235.77000000,863.42700000,4099.19700000),(239,'6127',1,NULL,NULL,NULL,0,NULL,2828,'2022-07-05 10:25:49','2022-06-30',NULL,'2022-07-05 10:26:13','2022-07-20 09:38:49','2022-07-20 07:38:49',1,0.00000000,NULL,NULL,0,NULL,NULL,759.15500000,0.00000000,0.00000000,0.00000000,7591.56000000,8350.71500000,2,6,NULL,6,6,NULL,NULL,NULL,NULL,NULL,1,NULL,1,2,'2022-07-01',NULL,NULL,'sponge','facture/6127/6127.pdf',0,'',NULL,NULL,NULL,0,0,'2022-07-01',0,NULL,NULL,0,'EUR',1.00000000,7591.56000000,759.15500000,8350.71500000),(240,'6128',1,NULL,NULL,NULL,0,NULL,26,'2022-07-05 11:03:43','2022-06-30',NULL,'2022-07-05 11:03:56','2022-08-24 20:05:56','2022-08-24 18:05:56',1,0.00000000,NULL,NULL,0,NULL,NULL,928.00000000,0.00000000,0.00000000,0.00000000,4640.00000000,5568.00000000,2,6,NULL,6,6,NULL,NULL,NULL,NULL,NULL,1,NULL,3,2,'2022-07-31',NULL,NULL,'sponge','facture/6128/6128.pdf',0,'',NULL,NULL,NULL,0,0,'2022-07-31',0,NULL,NULL,0,'EUR',1.00000000,4640.00000000,928.00000000,5568.00000000),(241,'6129',1,NULL,NULL,NULL,0,NULL,2575,'2022-07-05 11:09:56','2022-06-30',NULL,'2022-07-05 11:13:50','2022-07-11 14:15:46','2022-07-11 12:15:46',1,0.00000000,NULL,NULL,0,NULL,NULL,364.65600000,0.00000000,0.00000000,0.00000000,3646.56000000,4011.21600000,2,6,NULL,6,6,NULL,NULL,NULL,NULL,NULL,1,NULL,1,2,'2022-07-01',NULL,NULL,'sponge','facture/6129/6129.pdf',0,'',NULL,NULL,NULL,0,0,'2022-07-01',0,NULL,NULL,0,'EUR',1.00000000,3646.56000000,364.65600000,4011.21600000),(242,'6130',1,NULL,NULL,NULL,0,NULL,2950,'2022-07-05 14:59:59','2022-06-30',NULL,'2022-07-05 15:01:17',NULL,'2022-07-05 13:01:18',0,0.00000000,NULL,NULL,0,NULL,NULL,0.00000000,0.00000000,0.00000000,0.00000000,2075.66000000,2075.66000000,1,2,NULL,2,NULL,NULL,NULL,NULL,NULL,NULL,NULL,NULL,15,2,'2022-08-31',NULL,NULL,'sponge','facture/6130/6130.pdf',0,'',NULL,NULL,NULL,0,0,'2022-08-31',0,NULL,NULL,0,'EUR',1.00000000,2075.66000000,0.00000000,2075.66000000),(243,'6131',1,NULL,NULL,NULL,3,NULL,2794,'2022-07-06 10:14:56','2022-07-06',NULL,'2022-07-06 10:16:52','2022-07-06 10:17:20','2022-07-06 08:17:20',1,0.00000000,NULL,NULL,0,NULL,NULL,115.27300000,0.00000000,0.00000000,0.00000000,1152.72700000,1268.00000000,2,6,NULL,6,6,NULL,NULL,NULL,NULL,NULL,1,NULL,1,2,'2022-07-07',NULL,NULL,'sponge','facture/6131/6131.pdf',0,'',NULL,NULL,NULL,0,0,'2022-07-07',0,NULL,NULL,0,'EUR',1.00000000,1152.72700000,115.27300000,1268.00000000),(244,'6132',1,NULL,NULL,NULL,2,NULL,2794,'2022-07-06 10:19:14','2022-07-06',NULL,'2022-07-06 10:23:36','2022-07-06 10:25:02','2022-07-06 08:25:02',1,0.00000000,NULL,NULL,0,NULL,NULL,-115.27300000,0.00000000,0.00000000,0.00000000,-1152.73000000,-1268.00300000,2,6,NULL,6,6,NULL,NULL,NULL,243,NULL,NULL,NULL,0,2,'2022-07-06',NULL,NULL,'sponge','facture/6132/6132.pdf',0,'',NULL,NULL,NULL,0,0,NULL,0,NULL,NULL,0,'EUR',1.00000000,-1152.73000000,-115.27300000,-1268.00300000),(245,'6133',1,NULL,NULL,NULL,0,NULL,2794,'2022-07-06 10:26:28','2022-07-06',NULL,'2022-07-06 10:27:37','2022-07-12 10:18:13','2022-07-12 08:18:13',1,0.00000000,NULL,NULL,0,NULL,NULL,32.92700000,0.00000000,0.00000000,0.00000000,329.27000000,362.19700000,2,6,NULL,6,6,NULL,NULL,NULL,NULL,NULL,1,NULL,1,2,'2022-07-07',NULL,NULL,'sponge','facture/6133/6133.pdf',0,'',NULL,NULL,NULL,0,0,'2022-07-07',0,NULL,NULL,0,'EUR',1.00000000,329.27000000,32.92700000,362.19700000),(246,'6134',1,NULL,NULL,NULL,0,NULL,2889,'2022-07-07 09:27:23','2022-07-07',NULL,'2022-07-07 09:28:19','2022-07-22 15:59:07','2022-07-22 13:59:07',1,0.00000000,NULL,NULL,0,NULL,NULL,163.33500000,0.00000000,0.00000000,0.00000000,1633.35100000,1796.68600000,2,6,NULL,6,6,NULL,NULL,NULL,NULL,NULL,3,NULL,1,2,'2022-07-08',NULL,NULL,'sponge','facture/6134/6134.pdf',0,'',NULL,NULL,NULL,0,0,'2022-07-08',0,NULL,NULL,0,'EUR',1.00000000,1633.35100000,163.33500000,1796.68600000),(247,'6135',1,NULL,NULL,NULL,3,NULL,2801,'2022-07-07 10:47:33','2022-07-07',NULL,'2022-07-07 10:57:13','2022-07-07 10:59:11','2022-07-07 08:59:11',1,0.00000000,NULL,NULL,0,NULL,NULL,73.58300000,0.00000000,0.00000000,0.00000000,735.83000000,809.41300000,2,6,NULL,6,6,NULL,NULL,NULL,NULL,NULL,NULL,NULL,1,7,'2022-07-08',NULL,NULL,'sponge','facture/6135/6135.pdf',0,'',NULL,NULL,NULL,0,0,'2022-07-08',0,NULL,NULL,0,'EUR',1.00000000,735.83000000,73.58300000,809.41300000),(248,'6136',1,NULL,NULL,NULL,0,NULL,2801,'2022-07-07 11:01:06','2022-07-07',NULL,'2022-07-07 11:01:33','2022-07-20 09:34:31','2022-07-20 07:34:31',1,0.00000000,NULL,NULL,0,NULL,NULL,111.19200000,0.00000000,0.00000000,0.00000000,1111.92000000,1223.11200000,2,6,NULL,6,6,NULL,NULL,NULL,NULL,NULL,1,NULL,1,2,'2022-07-08',NULL,NULL,'sponge','facture/6136/6136.pdf',0,'',NULL,NULL,NULL,0,0,'2022-07-08',0,NULL,NULL,0,'EUR',1.00000000,1111.92000000,111.19200000,1223.11200000),(249,'6137',1,NULL,NULL,NULL,0,NULL,2914,'2022-07-07 11:36:16','2022-07-07',NULL,'2022-07-07 11:36:47','2022-07-22 11:35:51','2022-07-22 09:35:51',1,0.00000000,NULL,NULL,0,NULL,NULL,136.93500000,0.00000000,0.00000000,0.00000000,1369.35000000,1506.28500000,2,6,NULL,6,6,NULL,NULL,NULL,NULL,NULL,1,NULL,1,2,'2022-07-08',NULL,NULL,'sponge','facture/6137/6137.pdf',0,'',NULL,NULL,NULL,0,0,'2022-07-08',0,NULL,NULL,0,'EUR',1.00000000,1369.35000000,136.93500000,1506.28500000),(250,'6138',1,NULL,NULL,NULL,0,NULL,2921,'2022-07-07 11:44:32','2022-07-07',NULL,'2022-07-07 11:44:43','2022-07-12 10:15:14','2022-07-12 08:15:14',1,0.00000000,NULL,NULL,0,NULL,NULL,129.12500000,0.00000000,0.00000000,0.00000000,1291.25000000,1420.37500000,2,6,NULL,6,6,NULL,NULL,NULL,NULL,NULL,3,NULL,1,2,'2022-07-08',NULL,NULL,'sponge','facture/6138/6138.pdf',0,'',NULL,NULL,NULL,0,0,'2022-07-08',0,NULL,NULL,0,'EUR',1.00000000,1291.25000000,129.12500000,1420.37500000),(251,'6139',1,NULL,NULL,NULL,0,NULL,2663,'2022-07-08 11:06:34','2022-07-08',NULL,'2022-07-08 11:07:10','2022-07-08 11:07:33','2022-07-08 09:07:33',1,0.00000000,NULL,NULL,0,NULL,NULL,128.00000000,0.00000000,0.00000000,0.00000000,640.00000000,768.00000000,2,6,NULL,6,6,NULL,NULL,NULL,NULL,NULL,NULL,NULL,1,6,'2022-07-09',NULL,NULL,'sponge','facture/6139/6139.pdf',0,'',NULL,NULL,NULL,0,0,'2022-07-09',0,NULL,NULL,0,'EUR',1.00000000,640.00000000,128.00000000,768.00000000),(252,'6140',1,NULL,NULL,NULL,0,NULL,2980,'2022-07-08 11:30:38','2022-07-08',NULL,'2022-07-08 11:30:54','2022-07-11 14:18:37','2022-07-11 12:18:37',1,0.00000000,NULL,NULL,0,NULL,NULL,19.10200000,0.00000000,0.00000000,0.00000000,95.51000000,114.61200000,2,7,NULL,7,6,NULL,NULL,NULL,NULL,NULL,3,NULL,14,2,'2022-07-09',NULL,NULL,'sponge','facture/6140/6140.pdf',0,'',NULL,NULL,NULL,0,0,'2022-07-09',0,NULL,NULL,0,'EUR',1.00000000,95.51000000,19.10200000,114.61200000),(253,'6141',1,NULL,NULL,NULL,3,NULL,2995,'2022-07-08 17:02:52','2022-07-08',NULL,'2022-07-08 17:05:10','2022-07-08 17:07:12','2022-07-08 15:07:33',1,0.00000000,NULL,NULL,0,NULL,NULL,33.54500000,0.00000000,0.00000000,0.00000000,335.45000000,368.99500000,2,6,NULL,6,6,NULL,NULL,NULL,NULL,NULL,1,NULL,1,7,'2022-07-09',NULL,NULL,'sponge','facture/6141/6141.pdf',0,'',NULL,NULL,NULL,0,0,'2022-07-09',0,NULL,NULL,0,'EUR',1.00000000,335.45000000,33.54500000,368.99500000),(254,'6142',1,NULL,NULL,NULL,0,NULL,2304,'2022-07-08 17:05:07','2022-07-08',NULL,'2022-07-08 17:05:37','2022-07-11 14:12:42','2022-07-11 12:12:42',1,0.00000000,NULL,NULL,0,NULL,NULL,16.43200000,0.00000000,0.00000000,0.00000000,82.16000000,98.59200000,2,7,NULL,7,6,NULL,NULL,NULL,NULL,NULL,NULL,NULL,1,6,'2022-07-09',NULL,NULL,'sponge','facture/6142/6142.pdf',0,'',NULL,NULL,NULL,0,0,'2022-07-09',0,NULL,NULL,0,'EUR',1.00000000,82.16000000,16.43200000,98.59200000),(255,'6143',1,NULL,NULL,NULL,3,NULL,2966,'2022-07-08 17:15:01','2022-07-08',NULL,'2022-07-08 17:16:30','2022-07-08 17:18:14','2022-07-08 15:18:14',1,0.00000000,NULL,NULL,0,NULL,NULL,33.54500000,0.00000000,0.00000000,0.00000000,335.45000000,368.99500000,2,6,NULL,6,6,NULL,NULL,NULL,NULL,NULL,NULL,NULL,1,7,'2022-07-09',NULL,NULL,'sponge','facture/6143/6143.pdf',0,'',NULL,NULL,NULL,0,0,'2022-07-09',0,NULL,NULL,0,'EUR',1.00000000,335.45000000,33.54500000,368.99500000),(256,'6144',1,NULL,NULL,NULL,0,NULL,2993,'2022-07-11 08:01:22','2022-07-11',NULL,'2022-07-11 08:02:02',NULL,'2022-07-11 06:02:03',0,0.00000000,NULL,NULL,0,NULL,NULL,256.99800000,0.00000000,0.00000000,0.00000000,1284.99000000,1541.98800000,1,2,NULL,2,NULL,NULL,NULL,NULL,NULL,NULL,NULL,NULL,1,2,'2022-07-12',NULL,NULL,'sponge','facture/6144/6144.pdf',0,'',NULL,NULL,NULL,0,0,'2022-07-12',0,NULL,NULL,0,'EUR',1.00000000,1284.99000000,256.99800000,1541.98800000),(259,'6145',1,NULL,NULL,NULL,0,NULL,2947,'2022-07-12 10:00:14','2022-07-12',NULL,'2022-07-12 10:01:30','2022-09-13 09:57:39','2022-09-13 07:57:39',1,0.00000000,NULL,NULL,0,NULL,NULL,541.37400000,0.00000000,0.00000000,0.00000000,2706.87000000,3248.24400000,2,6,NULL,6,6,NULL,NULL,NULL,NULL,NULL,1,NULL,3,2,'2022-08-31',NULL,NULL,'sponge','facture/6145/6145.pdf',0,'',NULL,NULL,NULL,0,0,'2022-08-31',0,NULL,NULL,0,'EUR',1.00000000,2706.87000000,541.37400000,3248.24400000),(260,'6146',1,NULL,NULL,NULL,0,NULL,3002,'2022-07-12 10:58:05','2022-07-12',NULL,'2022-07-12 10:58:53','2022-10-07 17:13:07','2022-10-07 15:13:07',1,0.00000000,NULL,NULL,0,NULL,NULL,7.55800000,0.00000000,0.00000000,0.00000000,37.79000000,45.34800000,2,6,NULL,6,6,NULL,NULL,NULL,NULL,NULL,NULL,NULL,1,6,'2022-07-13',NULL,NULL,'sponge','facture/6146/6146.pdf',0,'',NULL,NULL,NULL,0,0,'2022-07-13',0,NULL,NULL,0,'EUR',1.00000000,37.79000000,7.55800000,45.34800000),(262,'6147',1,NULL,NULL,NULL,2,NULL,26,'2022-07-12 12:26:18','2022-07-12',NULL,'2022-07-12 12:27:08','2022-09-21 09:18:24','2022-09-21 07:18:24',1,0.00000000,NULL,NULL,0,NULL,NULL,-1564.00000000,0.00000000,0.00000000,0.00000000,-7820.00000000,-9384.00000000,2,2,NULL,2,6,NULL,NULL,NULL,232,NULL,NULL,NULL,0,2,'2022-07-12',NULL,NULL,'sponge','facture/6147/6147.pdf',0,'',NULL,NULL,NULL,0,0,NULL,0,NULL,NULL,0,'EUR',1.00000000,-7820.00000000,-1564.00000000,-9384.00000000),(263,'6148',1,NULL,NULL,NULL,0,NULL,3004,'2022-07-12 12:27:56','2022-07-12',NULL,'2022-07-12 12:29:20','2022-08-24 19:50:46','2022-08-24 17:50:46',1,0.00000000,NULL,NULL,0,NULL,NULL,1564.00000000,0.00000000,0.00000000,0.00000000,7820.00000000,9384.00000000,2,2,NULL,2,6,NULL,NULL,NULL,NULL,NULL,NULL,NULL,1,2,'2022-07-13',NULL,NULL,'sponge','facture/6148/6148.pdf',0,'',NULL,NULL,NULL,0,0,'2022-07-13',0,NULL,'{\"concatpdf\":[\"condition ge\\u0301ne\\u0301ral de vente - cloture paloise.docx\"]}',0,'EUR',1.00000000,7820.00000000,1564.00000000,9384.00000000),(264,'6149',1,NULL,NULL,NULL,0,NULL,2814,'2022-07-12 16:00:59','2022-07-12',NULL,'2022-07-12 16:10:45','2022-07-20 09:41:42','2022-07-20 07:41:42',1,0.00000000,NULL,NULL,0,NULL,NULL,1356.80000000,0.00000000,0.00000000,0.00000000,6784.00000000,8140.80000000,2,2,NULL,2,6,NULL,NULL,NULL,NULL,NULL,NULL,NULL,3,2,'2022-08-31',NULL,NULL,'sponge','facture/6149/6149.pdf',0,'',NULL,NULL,NULL,0,0,'2022-07-13',0,NULL,NULL,0,'EUR',1.00000000,6784.00000000,1356.80000000,8140.80000000),(265,'6150',1,NULL,NULL,NULL,0,NULL,3002,'2022-07-18 11:18:27','2022-07-18',NULL,'2022-07-18 11:24:42','2022-10-07 17:14:57','2022-10-07 15:14:57',1,0.00000000,NULL,NULL,0,NULL,NULL,36.30800000,0.00000000,0.00000000,0.00000000,181.54000000,217.84800000,2,5,NULL,5,6,NULL,NULL,NULL,NULL,NULL,NULL,NULL,1,6,'2022-07-19',NULL,NULL,'sponge','facture/6150/6150.pdf',0,'',NULL,NULL,NULL,0,0,'2022-07-13',0,NULL,NULL,0,'EUR',1.00000000,181.54000000,36.30800000,217.84800000),(267,'6151',1,NULL,NULL,NULL,3,NULL,3009,'2022-07-18 15:44:18','2022-07-18',NULL,'2022-07-18 15:46:13','2022-07-18 15:46:51','2022-07-18 13:46:51',1,0.00000000,NULL,NULL,0,NULL,NULL,108.00000000,0.00000000,0.00000000,0.00000000,1080.00000000,1188.00000000,2,2,NULL,2,2,NULL,NULL,NULL,NULL,NULL,1,NULL,1,7,'2022-07-19',NULL,NULL,'sponge','facture/6151/6151.pdf',0,'',NULL,NULL,NULL,0,0,'2022-07-19',0,NULL,NULL,0,'EUR',1.00000000,1080.00000000,108.00000000,1188.00000000),(269,'6152',1,NULL,NULL,NULL,0,NULL,3009,'2022-07-18 15:49:26','2022-07-18',NULL,'2022-07-18 16:02:19','2022-10-07 17:16:08','2022-10-07 15:16:08',1,0.00000000,NULL,NULL,0,NULL,NULL,162.00000000,0.00000000,0.00000000,0.00000000,1620.00000000,1782.00000000,2,2,NULL,2,6,NULL,NULL,NULL,NULL,NULL,1,NULL,14,7,'2022-07-19',NULL,NULL,'sponge','facture/6152/6152.pdf',0,'',NULL,NULL,NULL,0,0,'2022-07-19',0,NULL,NULL,0,'EUR',1.00000000,1620.00000000,162.00000000,1782.00000000),(270,'6153',1,NULL,NULL,NULL,0,NULL,2786,'2022-07-19 09:05:41','2022-07-19',NULL,'2022-07-19 09:06:16','2022-10-07 17:17:10','2022-10-07 15:17:10',1,0.00000000,NULL,NULL,0,NULL,NULL,197.07800000,0.00000000,0.00000000,0.00000000,985.39000000,1182.46800000,2,6,NULL,6,6,NULL,NULL,NULL,NULL,NULL,1,NULL,1,6,'2022-07-20',NULL,NULL,'sponge','facture/6153/6153.pdf',0,'',NULL,NULL,NULL,0,0,'2022-07-20',0,NULL,NULL,0,'EUR',1.00000000,985.39000000,197.07800000,1182.46800000),(271,'6154',1,NULL,NULL,NULL,0,NULL,2929,'2022-07-19 09:22:25','2022-07-19',NULL,'2022-07-19 09:23:58','2022-07-27 10:48:46','2022-07-27 08:48:46',1,0.00000000,NULL,NULL,0,NULL,NULL,479.74900000,0.00000000,0.00000000,0.00000000,4797.49000000,5277.23900000,2,6,NULL,6,6,NULL,NULL,NULL,NULL,NULL,3,NULL,1,2,'2022-07-20',NULL,NULL,'sponge','facture/6154/6154.pdf',0,'',NULL,NULL,NULL,0,0,'2022-07-20',0,NULL,NULL,0,'EUR',1.00000000,4797.49000000,479.74900000,5277.23900000),(272,'6155',1,NULL,NULL,NULL,0,NULL,2995,'2022-07-19 11:19:01','2022-07-19',NULL,'2022-07-19 11:34:36','2022-07-21 14:24:07','2022-07-21 12:24:07',1,0.00000000,NULL,NULL,0,NULL,NULL,50.21500000,0.00000000,0.00000000,0.00000000,502.15000000,552.36500000,2,6,NULL,6,6,NULL,NULL,NULL,NULL,NULL,3,NULL,1,2,'2022-07-20',NULL,NULL,'sponge','facture/6155/6155.pdf',0,'',NULL,NULL,NULL,0,0,'2022-07-20',0,NULL,NULL,0,'EUR',1.00000000,502.15000000,50.21500000,552.36500000),(273,'6156',1,NULL,NULL,NULL,0,NULL,2966,'2022-07-19 11:41:18','2022-07-19',NULL,'2022-07-19 11:43:49','2022-07-21 14:23:38','2022-07-21 12:23:38',1,0.00000000,NULL,NULL,0,NULL,NULL,50.21500000,0.00000000,0.00000000,0.00000000,502.15000000,552.36500000,2,6,NULL,6,6,NULL,NULL,NULL,NULL,NULL,3,NULL,1,2,'2022-07-20',NULL,NULL,'sponge','facture/6156/6156.pdf',0,'',NULL,NULL,NULL,0,0,'2022-07-20',0,NULL,NULL,0,'EUR',1.00000000,502.15000000,50.21500000,552.36500000),(274,'6157',1,NULL,NULL,NULL,0,NULL,2876,'2022-07-20 10:43:55','2022-07-20',NULL,'2022-07-20 10:44:41','2022-10-11 16:37:11','2022-10-11 14:37:11',1,0.00000000,NULL,NULL,0,NULL,NULL,166.66800000,0.00000000,0.00000000,0.00000000,1666.68000000,1833.34800000,2,6,NULL,6,6,NULL,NULL,NULL,NULL,NULL,1,NULL,1,2,'2022-07-21',NULL,NULL,'sponge','facture/6157/6157.pdf',0,'',NULL,NULL,NULL,0,0,'2022-07-21',0,NULL,NULL,0,'EUR',1.00000000,1666.68000000,166.66800000,1833.34800000),(275,'6158',1,NULL,NULL,NULL,0,NULL,2847,'2022-07-20 17:46:23','2022-07-20',NULL,'2022-07-20 17:47:21','2022-07-22 09:20:19','2022-07-22 07:20:19',1,0.00000000,NULL,NULL,0,NULL,NULL,119.49600000,0.00000000,0.00000000,0.00000000,597.48000000,716.97600000,2,6,NULL,6,6,NULL,NULL,NULL,NULL,NULL,NULL,NULL,1,7,'2022-07-21',NULL,NULL,'sponge','facture/6158/6158.pdf',0,'',NULL,NULL,NULL,0,0,'2022-07-21',0,NULL,NULL,0,'EUR',1.00000000,597.48000000,119.49600000,716.97600000),(276,'6159',1,NULL,NULL,NULL,0,NULL,1819,'2022-07-22 12:11:35','2022-07-22',NULL,'2022-07-22 12:12:09','2022-10-07 17:17:59','2022-10-07 15:17:59',1,0.00000000,NULL,NULL,0,NULL,NULL,76.15800000,0.00000000,0.00000000,0.00000000,380.79000000,456.94800000,2,2,NULL,2,6,NULL,NULL,NULL,NULL,NULL,NULL,NULL,1,2,'2022-07-23',NULL,NULL,'sponge','facture/6159/6159.pdf',0,'',NULL,NULL,NULL,0,0,'2022-07-23',0,NULL,'{\"concatpdf\":[\"condition ge\\u0301ne\\u0301ral de vente - cloture paloise.docx\"]}',0,'EUR',1.00000000,380.79000000,76.15800000,456.94800000),(277,'6160',1,NULL,NULL,NULL,0,NULL,2118,'2022-07-22 12:49:27','2022-07-22',NULL,'2022-07-22 12:49:48','2022-09-19 13:39:31','2022-09-19 11:39:31',1,0.00000000,NULL,NULL,0,NULL,NULL,92.07200000,0.00000000,0.00000000,0.00000000,460.36000000,552.43200000,2,2,NULL,2,6,NULL,NULL,NULL,NULL,NULL,NULL,NULL,1,2,'2022-07-23',NULL,NULL,'sponge','facture/6160/6160.pdf',0,'',NULL,NULL,NULL,0,0,'2022-07-23',0,NULL,'{\"concatpdf\":[\"condition ge\\u0301ne\\u0301ral de vente - cloture paloise.docx\"]}',0,'EUR',1.00000000,460.36000000,92.07200000,552.43200000),(278,'6161',1,NULL,NULL,NULL,0,NULL,2783,'2022-07-22 17:13:35','2022-07-22',NULL,'2022-07-22 17:14:45','2022-07-26 15:29:08','2022-07-26 13:29:08',1,0.00000000,NULL,NULL,0,NULL,NULL,306.32000000,0.00000000,0.00000000,0.00000000,3063.18000000,3369.50000000,2,6,NULL,6,6,NULL,NULL,NULL,NULL,NULL,NULL,NULL,1,2,'2022-07-23',NULL,NULL,'sponge','facture/6161/6161.pdf',0,'',NULL,NULL,NULL,0,0,'2022-07-23',0,NULL,NULL,0,'EUR',1.00000000,3063.18000000,306.32000000,3369.50000000),(279,'6162',1,NULL,NULL,NULL,0,NULL,2781,'2022-07-25 09:43:16','2022-07-25',NULL,'2022-07-25 09:44:00','2022-07-27 15:13:07','2022-07-27 13:13:07',1,0.00000000,NULL,NULL,0,NULL,NULL,287.52300000,0.00000000,0.00000000,0.00000000,2875.23000000,3162.75300000,2,6,NULL,6,5,NULL,NULL,NULL,NULL,NULL,3,NULL,1,2,'2022-07-26',NULL,NULL,'sponge','facture/6162/6162.pdf',0,'',NULL,NULL,NULL,0,0,'2022-07-26',0,NULL,NULL,0,'EUR',1.00000000,2875.23000000,287.52300000,3162.75300000),(280,'6163',1,NULL,NULL,NULL,0,NULL,2886,'2022-07-26 06:58:50','2022-07-26',NULL,'2022-07-26 06:59:41','2022-10-07 17:18:24','2022-10-07 15:18:24',1,0.00000000,NULL,NULL,0,NULL,NULL,300.00000000,0.00000000,0.00000000,0.00000000,1500.00000000,1800.00000000,2,2,NULL,2,6,NULL,NULL,NULL,NULL,NULL,NULL,NULL,1,2,'2022-07-27',NULL,NULL,'sponge','facture/6163/6163.pdf',0,'',NULL,NULL,NULL,0,0,'2022-07-27',0,NULL,'{\"concatpdf\":[\"condition ge\\u0301ne\\u0301ral de vente - cloture paloise.docx\"]}',0,'EUR',1.00000000,1500.00000000,300.00000000,1800.00000000),(281,'6164',1,NULL,NULL,NULL,3,NULL,3017,'2022-07-26 10:24:28','2022-07-26',NULL,'2022-07-26 10:24:55','2022-07-26 10:25:34','2022-07-26 08:25:34',1,0.00000000,NULL,NULL,0,NULL,NULL,454.54500000,0.00000000,0.00000000,0.00000000,4545.45400000,4999.99900000,2,6,NULL,6,6,NULL,NULL,NULL,NULL,NULL,NULL,NULL,1,7,'2022-07-27',NULL,NULL,'sponge','facture/6164/6164.pdf',0,'',NULL,NULL,NULL,0,0,'2022-07-27',0,NULL,NULL,0,'EUR',1.00000000,4545.45400000,454.54500000,4999.99900000),(282,'6165',1,NULL,NULL,NULL,3,NULL,2957,'2022-07-26 11:34:51','2022-07-26',NULL,'2022-07-26 11:37:44','2022-07-26 11:38:11','2022-07-26 09:38:11',1,0.00000000,NULL,NULL,0,NULL,NULL,750.00000000,0.00000000,0.00000000,0.00000000,3750.00000000,4500.00000000,2,5,NULL,5,5,NULL,NULL,NULL,NULL,NULL,3,NULL,1,7,'2022-07-27',NULL,NULL,'sponge','facture/6165/6165.pdf',0,'',NULL,NULL,NULL,0,0,'2022-07-27',0,NULL,NULL,0,'EUR',1.00000000,3750.00000000,750.00000000,4500.00000000),(283,'6166',1,NULL,NULL,NULL,0,NULL,2892,'2022-07-26 11:56:24','2022-07-26',NULL,'2022-07-26 11:59:22','2022-08-24 19:57:30','2022-08-24 17:57:30',1,0.00000000,NULL,NULL,0,NULL,NULL,60.00000000,0.00000000,0.00000000,0.00000000,300.00000000,360.00000000,2,6,NULL,6,6,NULL,NULL,NULL,NULL,NULL,NULL,NULL,1,2,'2022-07-27',NULL,NULL,'sponge','facture/6166/6166.pdf',0,'',NULL,NULL,NULL,0,0,'2022-07-27',0,NULL,NULL,0,'EUR',1.00000000,300.00000000,60.00000000,360.00000000),(284,'6167',1,NULL,NULL,NULL,0,NULL,2892,'2022-07-26 12:00:56','2022-07-26',NULL,'2022-07-26 12:01:16','2022-08-24 20:00:36','2022-08-24 18:00:36',1,0.00000000,NULL,NULL,0,NULL,NULL,717.00000000,0.00000000,0.00000000,0.00000000,3585.00000000,4302.00000000,2,6,NULL,6,6,NULL,NULL,NULL,NULL,NULL,1,NULL,1,2,'2022-07-27',NULL,NULL,'sponge','facture/6167/6167.pdf',0,'',NULL,NULL,NULL,0,0,'2022-07-27',0,NULL,NULL,0,'EUR',1.00000000,3585.00000000,717.00000000,4302.00000000),(285,'6168',1,NULL,NULL,NULL,0,NULL,3028,'2022-07-26 15:40:16','2022-07-26',NULL,'2022-07-26 15:40:40','2022-07-27 10:55:26','2022-07-27 08:55:26',1,0.00000000,NULL,NULL,0,NULL,NULL,31.70600000,0.00000000,0.00000000,0.00000000,158.53000000,190.23600000,2,6,NULL,6,6,NULL,NULL,NULL,NULL,NULL,NULL,NULL,1,6,'2022-07-27',NULL,NULL,'sponge','facture/6168/6168.pdf',0,'',NULL,NULL,NULL,0,0,'2022-07-27',0,NULL,NULL,0,'EUR',1.00000000,158.53000000,31.70600000,190.23600000),(287,'6169',1,NULL,NULL,NULL,0,NULL,3028,'2022-07-27 10:47:05','2022-07-27',NULL,'2022-07-27 10:47:20','2022-07-27 10:54:45','2022-07-27 08:54:45',1,0.00000000,NULL,NULL,0,NULL,NULL,4.28000000,0.00000000,0.00000000,0.00000000,21.40000000,25.68000000,2,6,NULL,6,6,NULL,NULL,NULL,NULL,NULL,NULL,NULL,1,0,'2022-07-28',NULL,NULL,'sponge','facture/6169/6169.pdf',0,'',NULL,NULL,NULL,0,0,'2022-07-28',0,NULL,NULL,0,'EUR',1.00000000,21.40000000,4.28000000,25.68000000),(288,'6170',1,NULL,NULL,NULL,0,NULL,3028,'2022-07-28 15:34:52','2022-07-28',NULL,'2022-07-28 15:35:09','2022-10-07 17:19:11','2022-10-07 15:19:11',1,0.00000000,NULL,NULL,0,NULL,NULL,46.32800000,0.00000000,0.00000000,0.00000000,231.64000000,277.96800000,2,6,NULL,6,6,NULL,NULL,NULL,NULL,NULL,NULL,NULL,1,2,'2022-07-29',NULL,NULL,'sponge','facture/6170/6170.pdf',0,'',NULL,NULL,NULL,0,0,'2022-07-29',0,NULL,NULL,0,'EUR',1.00000000,231.64000000,46.32800000,277.96800000),(289,'6171',1,NULL,NULL,NULL,0,NULL,2982,'2022-07-29 05:37:45','2022-07-29',NULL,'2022-08-05 08:37:20','2022-09-05 17:18:54','2022-09-05 15:18:54',1,0.00000000,NULL,NULL,0,NULL,NULL,3200.00000000,0.00000000,0.00000000,0.00000000,16000.00000000,19200.00000000,2,2,NULL,2,6,NULL,NULL,NULL,NULL,NULL,1,NULL,3,2,'2022-08-31',NULL,NULL,'sponge','facture/6171/6171.pdf',0,'',NULL,NULL,NULL,0,0,'2022-07-30',0,NULL,'{\"concatpdf\":[\"condition ge\\u0301ne\\u0301ral de vente - cloture paloise.docx\"]}',0,'EUR',1.00000000,16000.00000000,3200.00000000,19200.00000000),(291,'6172',1,NULL,NULL,NULL,0,NULL,2582,'2022-07-29 05:56:39','2022-07-29',NULL,'2022-07-29 05:56:59',NULL,'2022-07-29 03:57:00',0,0.00000000,NULL,NULL,0,NULL,NULL,0.00000000,0.00000000,0.00000000,0.00000000,5385.00000000,5385.00000000,1,2,NULL,2,NULL,NULL,NULL,NULL,NULL,NULL,1,NULL,3,2,'2022-08-31',NULL,NULL,'sponge','facture/6172/6172.pdf',0,'',NULL,NULL,NULL,0,0,'2022-08-31',0,NULL,'{\"concatpdf\":[\"condition ge\\u0301ne\\u0301ral de vente - cloture paloise.docx\"]}',0,'EUR',1.00000000,5385.00000000,0.00000000,5385.00000000),(292,'6173',1,NULL,NULL,NULL,0,NULL,1,'2022-07-29 06:50:48','2022-07-29',NULL,'2022-07-29 06:51:34','2022-10-07 17:19:50','2022-10-07 15:19:50',1,0.00000000,NULL,NULL,0,NULL,NULL,0.00000000,0.00000000,0.00000000,0.00000000,3148.65000000,3148.65000000,2,2,NULL,2,6,NULL,NULL,NULL,NULL,NULL,1,NULL,4,2,'2022-09-27',NULL,NULL,'sponge','facture/6173/6173.pdf',0,'',NULL,NULL,NULL,0,0,'2022-09-27',0,NULL,'{\"concatpdf\":[\"condition ge\\u0301ne\\u0301ral de vente - cloture paloise.docx\"]}',0,'EUR',1.00000000,3148.65000000,0.00000000,3148.65000000),(293,'6174',1,NULL,NULL,NULL,0,NULL,3030,'2022-07-29 11:53:19','2022-07-29',NULL,'2022-07-29 11:53:35','2022-10-07 17:20:24','2022-10-07 15:20:24',1,0.00000000,NULL,NULL,0,NULL,NULL,12.96400000,0.00000000,0.00000000,0.00000000,64.82000000,77.78400000,2,6,NULL,6,6,NULL,NULL,NULL,NULL,NULL,1,NULL,14,6,'2022-07-30',NULL,NULL,'sponge','facture/6174/6174.pdf',0,'',NULL,NULL,NULL,0,0,'2022-07-30',0,NULL,NULL,0,'EUR',1.00000000,64.82000000,12.96400000,77.78400000),(295,'6175',1,NULL,NULL,NULL,0,NULL,822,'2022-07-29 16:45:27','2022-07-29',NULL,'2022-08-01 12:04:03',NULL,'2022-08-01 10:04:03',0,0.00000000,NULL,NULL,0,NULL,NULL,0.00000000,0.00000000,0.00000000,0.00000000,7680.00000000,7680.00000000,1,2,NULL,2,NULL,NULL,NULL,NULL,NULL,NULL,1,NULL,16,2,'2022-09-15',NULL,NULL,'sponge','facture/6175/6175.pdf',0,'',NULL,NULL,NULL,0,0,'2022-09-15',0,NULL,'{\"concatpdf\":[\"condition ge\\u0301ne\\u0301ral de vente - cloture paloise.docx\"]}',0,'EUR',1.00000000,7680.00000000,0.00000000,7680.00000000),(297,'6176',1,NULL,NULL,NULL,0,NULL,3007,'2022-08-01 07:46:09','2022-07-29',NULL,'2022-08-01 07:46:55','2022-08-24 19:58:27','2022-08-24 17:58:27',1,0.00000000,NULL,NULL,0,NULL,NULL,271.79800000,0.00000000,0.00000000,0.00000000,1358.99000000,1630.78800000,2,2,NULL,2,6,NULL,NULL,NULL,NULL,NULL,1,NULL,1,2,'2022-07-30',NULL,NULL,'sponge','facture/6176/6176.pdf',0,'',NULL,NULL,NULL,0,0,'2022-07-30',0,NULL,'{\"concatpdf\":[\"condition ge\\u0301ne\\u0301ral de vente - cloture paloise.docx\"]}',0,'EUR',1.00000000,1358.99000000,271.79800000,1630.78800000),(298,'6177',1,NULL,NULL,NULL,0,NULL,3005,'2022-08-01 07:59:54','2022-07-29',NULL,'2022-08-01 08:00:36','2022-09-05 17:32:53','2022-09-05 15:32:53',1,0.00000000,NULL,NULL,0,NULL,NULL,3481.60000000,0.00000000,0.00000000,0.00000000,17408.00000000,20889.60000000,2,2,NULL,2,6,NULL,NULL,NULL,NULL,NULL,1,NULL,3,2,'2022-08-31',NULL,NULL,'sponge','facture/6177/6177.pdf',0,'',NULL,NULL,NULL,0,0,'2022-07-30',0,NULL,'{\"concatpdf\":[\"condition ge\\u0301ne\\u0301ral de vente - cloture paloise.docx\"]}',0,'EUR',1.00000000,17408.00000000,3481.60000000,20889.60000000),(299,'6178',1,NULL,NULL,NULL,0,NULL,2884,'2022-08-01 09:39:07','2022-07-29',NULL,'2022-08-01 09:40:12','2022-10-10 14:27:58','2022-10-10 12:27:58',1,0.00000000,NULL,NULL,0,NULL,NULL,60.78200000,0.00000000,0.00000000,0.00000000,303.91000000,364.69200000,2,6,NULL,6,6,NULL,NULL,NULL,NULL,NULL,1,NULL,1,2,'2022-07-30',NULL,NULL,'sponge','facture/6178/6178.pdf',0,'',NULL,NULL,NULL,0,0,'2022-07-30',0,NULL,NULL,0,'EUR',1.00000000,303.91000000,60.78200000,364.69200000),(300,'6179',1,NULL,NULL,NULL,0,NULL,2977,'2022-08-01 09:41:39','2022-07-29',NULL,'2022-08-01 09:42:57','2022-10-10 14:30:14','2022-10-10 12:30:14',1,0.00000000,NULL,NULL,0,NULL,NULL,533.14600000,0.00000000,0.00000000,0.00000000,2665.73000000,3198.87600000,2,6,NULL,6,6,NULL,NULL,NULL,NULL,NULL,1,NULL,1,2,'2022-07-30',NULL,NULL,'sponge','facture/6179/6179.pdf',0,'',NULL,NULL,NULL,0,0,'2022-07-30',0,NULL,NULL,0,'EUR',1.00000000,2665.73000000,533.14600000,3198.87600000),(301,'6180',1,NULL,NULL,NULL,0,NULL,2884,'2022-08-01 10:07:11','2022-07-29',NULL,'2022-08-01 10:08:09','2022-10-07 17:22:30','2022-10-07 15:22:30',1,0.00000000,NULL,NULL,0,NULL,NULL,4763.88400000,0.00000000,0.00000000,0.00000000,23819.42000000,28583.30400000,2,6,NULL,6,6,NULL,NULL,NULL,NULL,NULL,1,NULL,3,2,'2022-08-31',NULL,NULL,'sponge','facture/6180/6180.pdf',0,'',NULL,NULL,NULL,0,0,'2022-07-30',0,NULL,NULL,0,'EUR',1.00000000,23819.42000000,4763.88400000,28583.30400000),(302,'6181',1,NULL,NULL,NULL,0,NULL,2815,'2022-08-01 10:31:40','2022-07-29',NULL,'2022-08-01 10:36:38','2022-10-07 17:24:58','2022-10-07 15:24:58',1,0.00000000,NULL,NULL,0,NULL,NULL,102.14800000,0.00000000,0.00000000,0.00000000,510.74000000,612.88800000,2,6,NULL,6,6,NULL,NULL,NULL,NULL,NULL,1,NULL,3,2,'2022-08-31',NULL,NULL,'sponge','facture/6181/6181.pdf',0,'',NULL,NULL,NULL,0,0,'2022-08-31',0,NULL,NULL,0,'EUR',1.00000000,510.74000000,102.14800000,612.88800000),(303,'6182',1,NULL,NULL,NULL,0,NULL,2916,'2022-08-01 11:37:21','2022-07-29',NULL,'2022-08-01 11:37:46',NULL,'2022-08-01 09:37:46',0,0.00000000,NULL,NULL,0,NULL,NULL,185.24200000,0.00000000,0.00000000,0.00000000,926.21000000,1111.45200000,1,6,NULL,6,NULL,NULL,NULL,NULL,NULL,NULL,1,NULL,14,2,'2022-07-30',NULL,NULL,'sponge','facture/6182/6182.pdf',0,'',NULL,NULL,NULL,0,0,'2022-07-30',0,NULL,NULL,0,'EUR',1.00000000,926.21000000,185.24200000,1111.45200000),(304,'6183',1,NULL,NULL,NULL,0,NULL,2820,'2022-08-01 11:43:10','2022-07-29',NULL,'2022-08-01 11:43:51','2022-09-20 10:27:48','2022-09-20 08:27:48',1,0.00000000,NULL,NULL,0,NULL,NULL,15.58800000,0.00000000,0.00000000,0.00000000,77.94000000,93.52800000,2,6,NULL,6,6,NULL,NULL,NULL,NULL,NULL,1,NULL,3,2,'2022-08-31',NULL,NULL,'sponge','facture/6183/6183.pdf',0,'',NULL,NULL,NULL,0,0,'2022-08-31',0,NULL,NULL,0,'EUR',1.00000000,77.94000000,15.58800000,93.52800000),(305,'6184',1,NULL,NULL,NULL,0,NULL,1472,'2022-08-01 11:48:23','2022-07-29',NULL,'2022-08-01 11:54:54','2022-10-04 14:38:33','2022-10-04 12:38:33',1,0.00000000,NULL,NULL,0,NULL,NULL,233.72000000,0.00000000,0.00000000,0.00000000,1168.60000000,1402.32000000,2,6,NULL,6,6,NULL,NULL,NULL,NULL,NULL,1,NULL,3,2,'2022-08-31',NULL,NULL,'sponge','facture/6184/6184.pdf',0,'',NULL,NULL,NULL,0,0,'2022-08-31',0,NULL,NULL,0,'EUR',1.00000000,1168.60000000,233.72000000,1402.32000000),(306,'6185',1,NULL,NULL,NULL,0,NULL,2858,'2022-08-01 11:56:59','2022-07-29',NULL,'2022-08-01 11:58:06','2022-09-05 17:22:36','2022-09-05 15:22:36',1,0.00000000,NULL,NULL,0,NULL,NULL,1222.16000000,0.00000000,0.00000000,0.00000000,6110.80000000,7332.96000000,2,2,NULL,2,6,NULL,NULL,NULL,NULL,NULL,1,NULL,1,2,'2022-07-30',NULL,NULL,'sponge','facture/6185/6185.pdf',0,'',NULL,NULL,NULL,0,0,'2022-07-30',0,NULL,NULL,0,'EUR',1.00000000,6110.80000000,1222.16000000,7332.96000000),(307,'6186',1,NULL,NULL,NULL,0,NULL,2480,'2022-08-01 12:02:00','2022-07-29',NULL,'2022-08-01 12:02:49','2022-10-07 11:54:34','2022-10-07 09:54:34',1,0.00000000,NULL,NULL,0,NULL,NULL,210.57600000,0.00000000,0.00000000,0.00000000,1052.88000000,1263.45600000,2,6,NULL,6,6,NULL,NULL,NULL,NULL,NULL,1,NULL,3,2,'2022-08-31',NULL,NULL,'sponge','facture/6186/6186.pdf',0,'',NULL,NULL,NULL,0,0,'2022-08-31',0,NULL,NULL,0,'EUR',1.00000000,1052.88000000,210.57600000,1263.45600000),(308,'6187',1,NULL,NULL,NULL,0,NULL,2815,'2022-08-01 12:07:44','2022-07-29',NULL,'2022-08-01 12:08:06','2022-10-07 17:24:58','2022-10-07 15:24:58',1,0.00000000,NULL,NULL,0,NULL,NULL,371.79200000,0.00000000,0.00000000,0.00000000,1858.96000000,2230.75200000,2,6,NULL,6,6,NULL,NULL,NULL,NULL,NULL,1,NULL,3,2,'2022-08-31',NULL,NULL,'sponge','facture/6187/6187.pdf',0,'',NULL,NULL,NULL,0,0,'2022-08-31',0,NULL,NULL,0,'EUR',1.00000000,1858.96000000,371.79200000,2230.75200000),(310,'6188',1,NULL,NULL,NULL,0,NULL,3020,'2022-08-04 09:14:20','2022-08-04',NULL,'2022-08-04 09:14:49','2022-10-07 17:25:34','2022-10-07 15:25:34',1,0.00000000,NULL,NULL,0,NULL,NULL,17.17200000,0.00000000,0.00000000,0.00000000,85.86000000,103.03200000,2,6,NULL,6,6,NULL,NULL,NULL,NULL,NULL,3,NULL,1,6,'2022-08-05',NULL,NULL,'sponge','facture/6188/6188.pdf',0,'',NULL,NULL,NULL,0,0,'2022-08-05',0,NULL,NULL,0,'EUR',1.00000000,85.86000000,17.17200000,103.03200000),(311,'6189',1,NULL,NULL,NULL,3,NULL,2901,'2022-08-04 09:59:19','2022-08-04',NULL,'2022-08-04 10:02:46','2022-08-04 10:03:02','2022-08-04 08:03:02',1,0.00000000,NULL,NULL,0,NULL,NULL,23.00000000,0.00000000,0.00000000,0.00000000,230.00000000,253.00000000,2,6,NULL,6,6,NULL,NULL,NULL,NULL,NULL,NULL,NULL,1,7,'2022-08-05',NULL,NULL,'sponge','facture/6189/6189.pdf',0,'',NULL,NULL,NULL,0,0,'2022-08-05',0,NULL,NULL,0,'EUR',1.00000000,230.00000000,23.00000000,253.00000000),(312,'6190',1,NULL,NULL,NULL,0,NULL,2901,'2022-08-04 10:03:38','2022-08-04',NULL,'2022-08-04 10:03:58','2022-08-23 16:52:33','2022-08-23 14:52:33',1,0.00000000,NULL,NULL,0,NULL,NULL,34.50000000,0.00000000,0.00000000,0.00000000,345.00000000,379.50000000,2,6,NULL,6,6,NULL,NULL,NULL,NULL,NULL,3,NULL,1,2,'2022-08-05',NULL,NULL,'sponge','facture/6190/6190.pdf',0,'',NULL,NULL,NULL,0,0,'2022-08-05',0,NULL,NULL,0,'EUR',1.00000000,345.00000000,34.50000000,379.50000000),(313,'6191',1,NULL,NULL,NULL,0,NULL,2826,'2022-08-04 10:12:52','2022-08-04',NULL,'2022-08-04 10:13:01',NULL,'2022-08-04 08:13:01',0,0.00000000,NULL,NULL,0,NULL,NULL,851.29000000,0.00000000,0.00000000,0.00000000,4256.47000000,5107.76000000,1,6,NULL,6,NULL,NULL,NULL,NULL,NULL,NULL,1,NULL,1,2,'2022-08-05',NULL,NULL,'sponge','facture/6191/6191.pdf',0,'',NULL,NULL,NULL,0,0,'2022-08-05',0,NULL,NULL,0,'EUR',1.00000000,4256.47000000,851.29000000,5107.76000000),(314,'6192',1,NULL,NULL,NULL,0,NULL,822,'2022-08-05 07:08:53','2022-08-05',NULL,'2022-08-05 07:53:31',NULL,'2022-08-05 05:53:31',0,0.00000000,NULL,NULL,0,NULL,NULL,0.00000000,0.00000000,0.00000000,0.00000000,4608.00000000,4608.00000000,1,2,NULL,2,NULL,NULL,NULL,NULL,NULL,NULL,1,NULL,16,2,'2022-10-15',NULL,NULL,'sponge','facture/6192/6192.pdf',0,'',NULL,NULL,NULL,0,0,'2022-09-15',0,NULL,'{\"concatpdf\":[\"condition ge\\u0301ne\\u0301ral de vente - cloture paloise.docx\"]}',0,'EUR',1.00000000,4608.00000000,0.00000000,4608.00000000),(315,'6193',1,NULL,NULL,NULL,0,NULL,3046,'2022-08-05 09:29:24','2022-08-05',NULL,'2022-08-05 09:29:44',NULL,'2022-08-05 07:29:44',0,0.00000000,NULL,NULL,0,NULL,NULL,70.00000000,0.00000000,0.00000000,0.00000000,350.00000000,420.00000000,1,6,NULL,6,NULL,NULL,NULL,NULL,NULL,NULL,1,NULL,1,2,'2022-08-06',NULL,NULL,'sponge','facture/6193/6193.pdf',0,'',NULL,NULL,NULL,0,0,'2022-08-06',0,NULL,'{\"concatpdf\":[\"condition ge\\u0301ne\\u0301ral de vente - cloture paloise.docx\"]}',0,'EUR',1.00000000,350.00000000,70.00000000,420.00000000),(317,'6195',1,NULL,NULL,NULL,0,NULL,2977,'2022-08-05 09:48:24','2022-08-05',NULL,'2022-08-05 10:51:12','2022-10-10 14:29:48','2022-10-10 12:29:48',1,0.00000000,NULL,NULL,0,NULL,NULL,130.36000000,0.00000000,0.00000000,0.00000000,651.80000000,782.16000000,2,6,NULL,6,6,NULL,NULL,NULL,NULL,NULL,1,NULL,1,2,'2022-08-06',NULL,NULL,'sponge','facture/6195/6195.pdf',0,'',NULL,NULL,NULL,0,0,'2022-08-06',0,NULL,NULL,0,'EUR',1.00000000,651.80000000,130.36000000,782.16000000),(318,'6194',1,NULL,NULL,NULL,0,NULL,2957,'2022-08-05 09:54:45','2022-08-05',NULL,'2022-08-05 10:10:40','2022-08-31 16:17:44','2022-08-31 14:17:44',1,0.00000000,NULL,NULL,0,NULL,NULL,1125.08700000,0.00000000,0.00000000,0.00000000,5625.43400000,6750.52100000,2,6,NULL,6,6,NULL,NULL,NULL,NULL,NULL,3,NULL,1,2,'2022-08-06',NULL,NULL,'sponge','facture/6194/6194.pdf',0,'',NULL,NULL,NULL,0,0,'2022-08-06',0,NULL,NULL,0,'EUR',1.00000000,5625.43400000,1125.08700000,6750.52100000),(319,'6196',1,NULL,NULL,NULL,3,NULL,3019,'2022-08-05 11:39:10','2022-08-05',NULL,'2022-08-05 11:41:13','2022-10-10 14:29:06','2022-10-10 12:29:06',1,0.00000000,NULL,NULL,0,NULL,NULL,227.27300000,0.00000000,0.00000000,0.00000000,2272.72700000,2500.00000000,2,5,NULL,5,6,NULL,NULL,NULL,NULL,NULL,3,NULL,1,2,'2022-08-06',NULL,NULL,'sponge','facture/6196/6196.pdf',0,'',NULL,NULL,NULL,0,0,'2022-08-06',0,NULL,NULL,0,'EUR',1.00000000,2272.72700000,227.27300000,2500.00000000),(320,'6197',1,NULL,NULL,NULL,0,NULL,3043,'2022-08-08 11:24:33','2022-08-08',NULL,'2022-10-12 17:52:56',NULL,'2022-10-12 15:52:56',0,0.00000000,NULL,NULL,0,NULL,NULL,247.00400000,0.00000000,0.00000000,0.00000000,1235.02000000,1482.02400000,1,6,NULL,6,NULL,NULL,NULL,NULL,NULL,NULL,3,NULL,1,2,'2022-08-09',NULL,NULL,'sponge','facture/6197/6197.pdf',0,'',NULL,NULL,NULL,1,0,'2022-08-09',0,NULL,NULL,0,'EUR',1.00000000,1235.02000000,247.00400000,1482.02400000),(322,'6198',1,NULL,NULL,NULL,0,NULL,3060,'2022-08-29 16:50:23','2022-08-29',NULL,'2022-08-29 16:50:29','2022-08-29 16:59:42','2022-08-29 14:59:42',1,0.00000000,NULL,NULL,0,NULL,NULL,55.07800000,0.00000000,0.00000000,0.00000000,275.39000000,330.46800000,2,6,NULL,6,6,NULL,NULL,NULL,NULL,NULL,NULL,NULL,1,4,'2022-08-30',NULL,NULL,'sponge','facture/6198/6198.pdf',0,'',NULL,NULL,NULL,0,0,'2022-08-30',0,NULL,NULL,0,'EUR',1.00000000,275.39000000,55.07800000,330.46800000),(323,'6199',1,NULL,NULL,NULL,0,NULL,2964,'2022-08-31 15:37:13','2022-08-31',NULL,'2022-08-31 15:37:25','2022-10-07 17:27:27','2022-10-07 15:27:27',1,0.00000000,NULL,NULL,0,NULL,NULL,38.15300000,0.00000000,0.00000000,0.00000000,190.76700000,228.92000000,2,6,NULL,6,6,NULL,NULL,NULL,NULL,NULL,NULL,NULL,1,7,'2022-09-01',NULL,NULL,'sponge','facture/6199/6199.pdf',0,'',NULL,NULL,NULL,0,0,'2022-09-01',0,NULL,NULL,0,'EUR',1.00000000,190.76700000,38.15300000,228.92000000),(324,'6200',1,NULL,NULL,NULL,0,NULL,3070,'2022-09-01 05:49:09','2022-08-31',NULL,'2022-09-01 05:50:08',NULL,'2022-09-01 03:50:31',0,0.00000000,NULL,NULL,0,NULL,NULL,1005.31200000,0.00000000,0.00000000,0.00000000,5026.56000000,6031.87200000,1,2,NULL,2,NULL,NULL,NULL,NULL,NULL,NULL,1,NULL,3,2,'2022-09-30',NULL,NULL,'sponge','facture/6200/6200.pdf',0,'',NULL,NULL,NULL,0,0,'2022-09-30',0,NULL,'{\"concatpdf\":[\"condition ge\\u0301ne\\u0301ral de vente - cloture paloise.docx\"]}',0,'EUR',1.00000000,5026.56000000,1005.31200000,6031.87200000),(325,'6201',1,NULL,NULL,NULL,0,NULL,3071,'2022-09-01 06:12:55','2022-08-31',NULL,'2022-09-01 06:13:25','2022-09-05 17:08:05','2022-09-05 15:08:05',1,0.00000000,NULL,NULL,0,NULL,NULL,697.52800000,0.00000000,0.00000000,0.00000000,3487.64000000,4185.16800000,2,2,NULL,2,6,NULL,NULL,NULL,NULL,NULL,1,NULL,1,2,'2022-09-01',NULL,NULL,'sponge','facture/6201/6201.pdf',0,'',NULL,NULL,NULL,0,0,'2022-09-01',0,NULL,'{\"concatpdf\":[\"condition ge\\u0301ne\\u0301ral de vente - cloture paloise.docx\"]}',0,'EUR',1.00000000,3487.64000000,697.52800000,4185.16800000),(326,'6202',1,NULL,NULL,NULL,0,NULL,2788,'2022-09-01 06:22:01','2022-08-31',NULL,'2022-09-01 06:22:47','2022-10-26 10:44:28','2022-10-26 08:44:28',1,0.00000000,NULL,NULL,0,NULL,NULL,0.00000000,0.00000000,0.00000000,0.00000000,16523.72000000,16523.72000000,2,2,NULL,2,6,NULL,NULL,NULL,NULL,NULL,1,NULL,3,2,'2022-09-30',NULL,NULL,'sponge','facture/6202/6202.pdf',0,'',NULL,NULL,NULL,0,0,'2022-09-30',0,NULL,'{\"concatpdf\":[\"condition ge\\u0301ne\\u0301ral de vente - cloture paloise.docx\"]}',0,'EUR',1.00000000,16523.72000000,0.00000000,16523.72000000),(327,'6203',1,NULL,NULL,NULL,0,NULL,3021,'2022-09-01 10:07:18','2022-08-31',NULL,'2022-09-01 10:07:43','2022-10-07 17:27:58','2022-10-07 15:27:58',1,0.00000000,NULL,NULL,0,NULL,NULL,230.00000000,0.00000000,0.00000000,0.00000000,1150.00000000,1380.00000000,2,6,NULL,6,6,NULL,NULL,NULL,NULL,NULL,1,NULL,1,2,'2022-09-01',NULL,NULL,'sponge','facture/6203/6203.pdf',0,'',NULL,NULL,NULL,0,0,'2022-09-01',0,NULL,NULL,0,'EUR',1.00000000,1150.00000000,230.00000000,1380.00000000),(328,'6204',1,NULL,NULL,NULL,0,NULL,3021,'2022-09-01 10:11:00','2022-08-31',NULL,'2022-09-01 10:11:08','2022-09-20 10:26:26','2022-09-20 08:26:26',1,0.00000000,NULL,NULL,0,NULL,NULL,50.00000000,0.00000000,0.00000000,0.00000000,250.00000000,300.00000000,2,6,NULL,6,6,NULL,NULL,NULL,NULL,NULL,1,NULL,1,2,'2022-09-01',NULL,NULL,'sponge','facture/6204/6204.pdf',0,'',NULL,NULL,NULL,0,0,'2022-09-01',0,NULL,NULL,0,'EUR',1.00000000,250.00000000,50.00000000,300.00000000),(329,'6205',1,NULL,NULL,NULL,0,NULL,2910,'2022-09-01 10:22:29','2022-08-31',NULL,'2022-09-01 10:23:39','2022-09-09 17:24:15','2022-09-09 15:24:15',1,0.00000000,NULL,NULL,0,NULL,NULL,238.59100000,0.00000000,0.00000000,0.00000000,1490.91000000,1729.50100000,2,6,NULL,6,6,NULL,NULL,NULL,NULL,NULL,3,NULL,1,2,'2022-09-01',NULL,NULL,'sponge','facture/6205/6205.pdf',0,'',NULL,NULL,NULL,0,0,'2022-09-01',0,NULL,NULL,0,'EUR',1.00000000,1490.91000000,238.59100000,1729.50100000),(331,'6206',1,NULL,NULL,NULL,0,NULL,2997,'2022-09-01 10:49:52','2022-08-31',NULL,'2022-09-01 10:52:39','2022-10-26 10:46:44','2022-10-26 08:46:44',1,0.00000000,NULL,NULL,0,NULL,NULL,200.00000000,0.00000000,0.00000000,0.00000000,1000.00000000,1200.00000000,2,6,NULL,6,6,NULL,NULL,NULL,NULL,NULL,1,NULL,16,2,'2022-10-31',NULL,NULL,'sponge','facture/6206/6206.pdf',0,'',NULL,NULL,NULL,0,0,'2022-10-31',0,NULL,NULL,0,'EUR',1.00000000,1000.00000000,200.00000000,1200.00000000),(332,'6207',1,NULL,NULL,NULL,3,NULL,3026,'2022-09-01 11:01:39','2022-08-31',NULL,'2022-09-01 11:08:55','2022-10-03 10:17:49','2022-10-03 08:17:49',1,0.00000000,NULL,NULL,0,NULL,NULL,95.45500000,0.00000000,0.00000000,0.00000000,954.54500000,1050.00000000,2,5,NULL,5,6,NULL,NULL,NULL,NULL,NULL,NULL,NULL,1,7,'2022-09-02',NULL,NULL,'sponge','facture/6207/6207.pdf',0,'',NULL,NULL,NULL,0,0,'2022-09-02',0,NULL,NULL,0,'EUR',1.00000000,954.54500000,95.45500000,1050.00000000),(333,'6208',1,NULL,NULL,NULL,0,NULL,2831,'2022-09-01 11:02:38','2022-08-31',NULL,'2022-09-01 11:04:53','2022-10-07 17:28:29','2022-10-07 15:28:29',1,0.00000000,NULL,NULL,0,NULL,NULL,933.37200000,0.00000000,0.00000000,0.00000000,9333.72000000,10267.09200000,2,6,NULL,6,6,NULL,NULL,NULL,NULL,NULL,3,NULL,1,2,'2022-09-01',NULL,NULL,'sponge','facture/6208/6208.pdf',0,'',NULL,NULL,NULL,0,0,'2022-09-01',0,NULL,NULL,0,'EUR',1.00000000,9333.72000000,933.37200000,10267.09200000),(334,'6209',1,NULL,NULL,NULL,0,NULL,2835,'2022-09-01 11:39:59','2022-08-31',NULL,'2022-09-01 11:46:08','2022-09-20 10:24:59','2022-09-20 08:24:59',1,0.00000000,NULL,NULL,0,NULL,NULL,315.44400000,0.00000000,0.00000000,0.00000000,1577.22000000,1892.66400000,2,6,NULL,6,6,NULL,NULL,NULL,NULL,NULL,1,NULL,2,2,'2022-09-30',NULL,NULL,'sponge','facture/6209/6209.pdf',0,'',NULL,NULL,NULL,0,0,'2022-09-30',0,NULL,NULL,0,'EUR',1.00000000,1577.22000000,315.44400000,1892.66400000),(335,'6210',1,NULL,NULL,NULL,0,NULL,3023,'2022-09-01 14:20:17','2022-08-31',NULL,'2022-09-01 14:20:32','2022-09-01 14:21:37','2022-09-01 12:21:37',1,0.00000000,NULL,NULL,0,NULL,NULL,35.46200000,0.00000000,0.00000000,0.00000000,177.31000000,212.77200000,2,6,NULL,6,6,NULL,NULL,NULL,NULL,NULL,1,NULL,1,7,'2022-09-01',NULL,NULL,'sponge','facture/6210/6210.pdf',0,'',NULL,NULL,NULL,0,0,'2022-09-01',0,NULL,NULL,0,'EUR',1.00000000,177.31000000,35.46200000,212.77200000),(336,'6211',1,NULL,NULL,NULL,3,NULL,3023,'2022-09-01 14:38:16','2022-08-31',NULL,'2022-09-01 14:39:48','2022-09-01 14:40:05','2022-09-01 12:40:05',1,0.00000000,NULL,NULL,0,NULL,NULL,51.79100000,0.00000000,0.00000000,0.00000000,517.90900000,569.70000000,2,6,NULL,6,6,NULL,NULL,NULL,NULL,NULL,1,NULL,1,7,'2022-09-01',NULL,NULL,'sponge','facture/6211/6211.pdf',0,'',NULL,NULL,NULL,0,0,'2022-09-01',0,NULL,NULL,0,'EUR',1.00000000,517.90900000,51.79100000,569.70000000),(337,'6212',1,NULL,NULL,NULL,3,NULL,2142,'2022-09-01 14:43:51','2022-08-31',NULL,'2022-09-01 14:44:54','2022-09-01 14:46:18','2022-09-01 12:46:18',1,0.00000000,NULL,NULL,0,NULL,NULL,51.79100000,0.00000000,0.00000000,0.00000000,517.91000000,569.70100000,2,6,NULL,6,6,NULL,NULL,NULL,NULL,NULL,NULL,NULL,1,7,'2022-09-01',NULL,NULL,'sponge','facture/6212/6212.pdf',0,'',NULL,NULL,NULL,0,0,'2022-09-01',0,NULL,NULL,0,'EUR',1.00000000,517.91000000,51.79100000,569.70100000),(338,'6213',1,NULL,NULL,NULL,0,NULL,2480,'2022-09-01 15:19:29','2022-08-31',NULL,'2022-09-01 15:20:46','2022-10-26 10:46:18','2022-10-26 08:46:18',1,0.00000000,NULL,NULL,0,NULL,NULL,79.49000000,0.00000000,0.00000000,0.00000000,397.45000000,476.94000000,2,6,NULL,6,6,NULL,NULL,NULL,NULL,NULL,1,NULL,3,2,'2022-09-30',NULL,NULL,'sponge','facture/6213/6213.pdf',0,'',NULL,NULL,NULL,0,0,'2022-09-30',0,NULL,NULL,0,'EUR',1.00000000,397.45000000,79.49000000,476.94000000),(339,'6214',1,NULL,NULL,NULL,0,NULL,2480,'2022-09-01 15:21:35','2022-08-31',NULL,'2022-09-01 15:23:10','2022-10-26 10:46:18','2022-10-26 08:46:18',1,0.00000000,NULL,NULL,0,NULL,NULL,566.34400000,0.00000000,0.00000000,0.00000000,2831.72000000,3398.06400000,2,6,NULL,6,6,NULL,NULL,NULL,NULL,NULL,NULL,NULL,3,2,'2022-09-30',NULL,NULL,'sponge','facture/6214/6214.pdf',0,'',NULL,NULL,NULL,0,0,'2022-09-30',0,NULL,NULL,0,'EUR',1.00000000,2831.72000000,566.34400000,3398.06400000),(340,'6215',1,NULL,NULL,NULL,0,NULL,1623,'2022-09-01 15:28:50','2022-08-31',NULL,'2022-09-01 15:31:46','2022-10-07 17:29:13','2022-10-07 15:29:13',1,0.00000000,NULL,NULL,0,NULL,NULL,98.59200000,0.00000000,0.00000000,0.00000000,492.96000000,591.55200000,2,6,NULL,6,6,NULL,NULL,NULL,NULL,NULL,1,NULL,3,2,'2022-09-30',NULL,NULL,'sponge','facture/6215/6215.pdf',0,'',NULL,NULL,NULL,0,0,'2022-09-30',0,NULL,'{\"concatpdf\":[\"condition ge\\u0301ne\\u0301ral de vente - cloture paloise.docx\"]}',0,'EUR',1.00000000,492.96000000,98.59200000,591.55200000),(341,'6216',1,NULL,NULL,NULL,0,NULL,2774,'2022-09-01 15:42:23','2022-08-31',NULL,'2022-09-01 15:43:13','2022-10-05 10:24:01','2022-10-05 08:24:01',1,0.00000000,NULL,NULL,0,NULL,NULL,302.70600000,0.00000000,0.00000000,0.00000000,1513.53000000,1816.23600000,2,6,NULL,6,6,NULL,NULL,NULL,NULL,NULL,NULL,NULL,1,2,'2022-09-01',NULL,NULL,'sponge','facture/6216/6216.pdf',0,'',NULL,NULL,NULL,0,0,'2022-09-01',0,NULL,NULL,0,'EUR',1.00000000,1513.53000000,302.70600000,1816.23600000),(342,'6217',1,NULL,NULL,NULL,3,NULL,3064,'2022-09-01 16:07:11','2022-08-31',NULL,'2022-09-01 16:07:51','2022-09-09 11:28:39','2022-09-09 09:28:39',1,0.00000000,NULL,NULL,0,NULL,NULL,16.00000000,0.00000000,0.00000000,0.00000000,160.00000000,176.00000000,2,6,NULL,6,6,NULL,NULL,NULL,NULL,NULL,NULL,NULL,1,7,'2022-09-01',NULL,NULL,'sponge','facture/6217/6217.pdf',0,'',NULL,NULL,NULL,0,0,'2022-09-01',0,NULL,NULL,0,'EUR',1.00000000,160.00000000,16.00000000,176.00000000),(343,'6218',1,NULL,NULL,NULL,3,NULL,3013,'2022-09-01 16:08:41','2022-08-31',NULL,'2022-09-01 16:09:13','2022-09-09 10:21:00','2022-09-09 08:21:00',1,0.00000000,NULL,NULL,0,NULL,NULL,16.00000000,0.00000000,0.00000000,0.00000000,160.00000000,176.00000000,2,6,NULL,6,6,NULL,NULL,NULL,NULL,NULL,NULL,NULL,1,7,'2022-09-01',NULL,NULL,'sponge','facture/6218/6218.pdf',0,'',NULL,NULL,NULL,0,0,'2022-09-01',0,NULL,NULL,0,'EUR',1.00000000,160.00000000,16.00000000,176.00000000),(344,'6219',1,NULL,NULL,NULL,0,NULL,3072,'2022-09-05 10:48:21','2022-08-31',NULL,'2022-09-05 10:48:54',NULL,'2022-09-12 10:16:25',0,0.00000000,NULL,NULL,0,NULL,NULL,3702.40000000,0.00000000,0.00000000,0.00000000,18512.00000000,22214.40000000,1,2,NULL,2,NULL,NULL,NULL,NULL,NULL,NULL,NULL,NULL,1,2,'2022-09-30',NULL,NULL,'sponge','facture/6219/6219.pdf',0,'',NULL,NULL,NULL,0,0,'2022-09-01',0,NULL,'{\"concatpdf\":[\"condition ge\\u0301ne\\u0301ral de vente - cloture paloise.docx\"]}',0,'EUR',1.00000000,18512.00000000,3702.40000000,22214.40000000),(345,'6220',1,NULL,NULL,NULL,0,NULL,3094,'2022-09-07 15:37:15','2022-09-07',NULL,'2022-09-07 15:37:19','2022-10-07 17:29:47','2022-10-07 15:29:47',1,0.00000000,NULL,NULL,0,NULL,NULL,2.56000000,0.00000000,0.00000000,0.00000000,12.80000000,15.36000000,2,6,NULL,6,6,NULL,NULL,NULL,NULL,NULL,NULL,NULL,1,4,'2022-09-08',NULL,NULL,'sponge','facture/6220/6220.pdf',0,'',NULL,NULL,NULL,0,0,'2022-09-08',0,NULL,NULL,0,'EUR',1.00000000,12.80000000,2.56000000,15.36000000),(346,'6221',1,NULL,NULL,NULL,0,NULL,3088,'2022-09-08 09:17:48','2022-09-08',NULL,'2022-09-08 09:18:01','2022-09-08 09:18:14','2022-09-08 07:18:14',1,0.00000000,NULL,NULL,0,NULL,NULL,100.00000000,0.00000000,0.00000000,0.00000000,1000.00000000,1100.00000000,2,6,NULL,6,6,NULL,NULL,NULL,NULL,NULL,1,NULL,1,7,'2022-09-09',NULL,NULL,'sponge','facture/6221/6221.pdf',0,'',NULL,NULL,NULL,0,0,'2022-09-09',0,NULL,NULL,0,'EUR',1.00000000,1000.00000000,100.00000000,1100.00000000),(347,'6222',1,NULL,NULL,NULL,0,NULL,2633,'2022-09-09 09:23:38','2022-09-09',NULL,'2022-09-09 09:24:42','2022-09-09 10:41:59','2022-09-09 08:41:59',1,0.00000000,NULL,NULL,0,NULL,NULL,75.00000000,0.00000000,0.00000000,0.00000000,750.00000000,825.00000000,2,6,NULL,6,6,NULL,NULL,NULL,NULL,NULL,3,NULL,1,2,'2022-09-10',NULL,NULL,'sponge','facture/6222/6222.pdf',0,'',NULL,NULL,NULL,0,0,'2022-09-10',0,NULL,NULL,0,'EUR',1.00000000,750.00000000,75.00000000,825.00000000),(348,'6223',1,NULL,NULL,NULL,0,NULL,2835,'2022-09-09 09:28:36','2022-09-09',NULL,'2022-09-09 09:33:48','2022-10-05 10:18:35','2022-10-05 08:18:35',1,0.00000000,NULL,NULL,0,NULL,NULL,481.00000000,0.00000000,0.00000000,0.00000000,2405.00000000,2886.00000000,2,6,NULL,6,6,NULL,NULL,NULL,NULL,NULL,1,NULL,2,2,'2022-10-09',NULL,NULL,'sponge','facture/6223/6223.pdf',0,'',NULL,NULL,NULL,0,0,'2022-10-09',0,NULL,NULL,0,'EUR',1.00000000,2405.00000000,481.00000000,2886.00000000),(349,'6224',1,NULL,NULL,NULL,0,NULL,2877,'2022-09-09 09:52:12','2022-09-09',NULL,'2022-09-13 16:55:52','2022-09-20 10:29:43','2022-09-20 08:29:43',1,0.00000000,NULL,NULL,0,NULL,NULL,94.90900000,0.00000000,0.00000000,0.00000000,949.09000000,1043.99900000,2,6,NULL,6,6,NULL,NULL,NULL,NULL,NULL,3,NULL,1,2,'2022-09-10',NULL,NULL,'sponge','facture/6224/6224.pdf',0,'',NULL,NULL,NULL,0,0,'2022-09-10',0,NULL,NULL,0,'EUR',1.00000000,949.09000000,94.90900000,1043.99900000),(353,'6225',1,NULL,NULL,NULL,0,NULL,3013,'2022-09-09 10:22:52','2022-09-09',NULL,'2022-09-09 10:23:26','2022-09-13 16:34:39','2022-09-13 14:34:39',1,0.00000000,NULL,NULL,0,NULL,NULL,24.00000000,0.00000000,0.00000000,0.00000000,240.00000000,264.00000000,2,6,NULL,6,7,NULL,NULL,NULL,NULL,NULL,3,NULL,1,2,'2022-09-10',NULL,NULL,'sponge','facture/6225/6225.pdf',0,'',NULL,NULL,NULL,0,0,'2022-09-10',0,NULL,NULL,0,'EUR',1.00000000,240.00000000,24.00000000,264.00000000),(355,'6226',1,NULL,NULL,NULL,0,NULL,3064,'2022-09-09 11:31:09','2022-09-09',NULL,'2022-09-09 11:56:12','2022-10-05 14:25:14','2022-10-05 12:25:14',1,0.00000000,NULL,NULL,0,NULL,NULL,24.00000000,0.00000000,0.00000000,0.00000000,240.00000000,264.00000000,2,6,NULL,6,6,NULL,NULL,NULL,NULL,NULL,NULL,NULL,1,2,'2022-09-10',NULL,NULL,'sponge','facture/6226/6226.pdf',0,'',NULL,NULL,NULL,0,0,'2022-09-10',0,NULL,NULL,0,'EUR',1.00000000,240.00000000,24.00000000,264.00000000),(357,'6227',1,NULL,NULL,NULL,3,NULL,3093,'2022-09-09 17:30:54','2022-09-09',NULL,'2022-09-09 17:31:38','2022-09-09 17:32:13','2022-09-09 15:32:13',1,0.00000000,NULL,NULL,0,NULL,NULL,363.63600000,0.00000000,0.00000000,0.00000000,3636.36300000,3999.99900000,2,6,NULL,6,6,NULL,NULL,NULL,NULL,NULL,NULL,NULL,1,6,'2022-09-10',NULL,NULL,'ouvrage_fact',NULL,0,'',NULL,NULL,NULL,0,0,'2022-09-10',0,NULL,NULL,0,'EUR',1.00000000,3636.36300000,363.63600000,3999.99900000),(358,'6228',1,NULL,NULL,NULL,0,NULL,1973,'2022-09-12 12:19:28','2022-09-12',NULL,'2022-09-12 12:20:07','2022-10-07 17:30:26','2022-10-07 15:30:26',1,0.00000000,NULL,NULL,0,NULL,NULL,868.71000000,0.00000000,0.00000000,0.00000000,4343.55000000,5212.26000000,2,2,NULL,2,6,NULL,NULL,NULL,NULL,NULL,1,NULL,3,2,'2022-10-31',NULL,NULL,'sponge','facture/6228/6228.pdf',0,'',NULL,NULL,NULL,0,0,'2022-10-31',0,NULL,'{\"concatpdf\":[\"condition ge\\u0301ne\\u0301ral de vente - cloture paloise.docx\"]}',0,'EUR',1.00000000,4343.55000000,868.71000000,5212.26000000),(360,'6229',1,NULL,NULL,NULL,2,NULL,2554,'2022-09-12 13:24:49','2022-09-12',NULL,'2022-09-12 13:25:16','2022-10-10 14:49:25','2022-10-10 12:49:25',1,0.00000000,NULL,NULL,0,NULL,NULL,-863.42700000,0.00000000,0.00000000,0.00000000,-3235.77000000,-4099.19700000,2,2,NULL,2,6,NULL,NULL,NULL,238,NULL,NULL,NULL,0,2,'2022-09-12',NULL,NULL,'sponge','facture/6229/6229.pdf',0,'',NULL,NULL,NULL,0,0,NULL,0,NULL,NULL,0,'EUR',1.00000000,-3235.77000000,-863.42700000,-4099.19700000),(361,'6230',1,NULL,NULL,NULL,0,NULL,2554,'2022-09-12 13:26:41','2022-09-12',NULL,'2022-09-12 13:28:07','2022-10-10 14:27:31','2022-10-10 12:27:31',1,0.00000000,NULL,NULL,0,NULL,NULL,323.57700000,0.00000000,0.00000000,0.00000000,3235.77000000,3559.34700000,2,2,NULL,2,6,NULL,NULL,NULL,NULL,NULL,1,NULL,1,2,'2022-09-13',NULL,NULL,'sponge','facture/6230/6230.pdf',0,'',NULL,NULL,NULL,0,0,'2022-07-01',0,NULL,NULL,0,'EUR',1.00000000,3235.77000000,323.57700000,3559.34700000),(363,'6231',1,NULL,NULL,NULL,3,NULL,1870,'2022-09-12 14:18:40','2022-09-12',NULL,'2022-09-12 14:19:15','2022-09-12 15:05:54','2022-09-12 13:05:54',1,0.00000000,NULL,NULL,0,NULL,NULL,168.64400000,0.00000000,0.00000000,0.00000000,843.22000000,1011.86400000,2,2,NULL,2,2,NULL,NULL,NULL,NULL,NULL,NULL,NULL,1,2,'2022-09-13',NULL,NULL,'sponge','facture/6231/6231.pdf',0,'',NULL,NULL,NULL,0,0,'2022-09-13',0,NULL,NULL,0,'EUR',1.00000000,843.22000000,168.64400000,1011.86400000),(365,'6232',1,NULL,NULL,NULL,0,NULL,1870,'2022-09-12 14:23:32','2022-09-12',NULL,'2022-09-26 22:18:48','2022-10-07 17:31:08','2022-10-07 15:31:08',1,0.00000000,NULL,NULL,0,NULL,NULL,976.22000000,0.00000000,0.00000000,0.00000000,4881.10000000,5857.32000000,2,2,NULL,2,6,NULL,NULL,NULL,NULL,NULL,1,NULL,1,2,'2022-09-13',NULL,NULL,'sponge','facture/6232/6232.pdf',0,'',NULL,NULL,NULL,0,0,'2022-09-13',0,NULL,'{\"concatpdf\":[\"condition ge\\u0301ne\\u0301ral de vente - cloture paloise.docx\"]}',0,'EUR',1.00000000,4881.10000000,976.22000000,5857.32000000),(367,'6233',1,NULL,NULL,NULL,3,NULL,2663,'2022-09-12 14:54:19','2022-09-12',NULL,'2022-09-12 14:55:48','2022-09-12 15:00:30','2022-09-12 13:00:30',1,0.00000000,NULL,NULL,0,NULL,NULL,41.33400000,0.00000000,0.00000000,0.00000000,206.67000000,248.00400000,2,5,NULL,5,5,NULL,NULL,NULL,NULL,NULL,NULL,NULL,1,2,'2022-09-13',NULL,NULL,'sponge','facture/6233/6233.pdf',0,'',NULL,NULL,NULL,0,0,'2022-09-13',0,NULL,NULL,0,'EUR',1.00000000,206.67000000,41.33400000,248.00400000),(368,'6234',1,NULL,NULL,NULL,0,NULL,2663,'2022-09-12 15:01:15','2022-09-12',NULL,'2022-09-12 15:01:55','2022-10-07 17:31:47','2022-10-07 15:31:47',1,0.00000000,NULL,NULL,0,NULL,NULL,61.66600000,0.00000000,0.00000000,0.00000000,308.33000000,369.99600000,2,5,NULL,5,6,NULL,NULL,NULL,NULL,NULL,NULL,NULL,1,2,'2022-09-13',NULL,NULL,'sponge','facture/6234/6234.pdf',0,'',NULL,NULL,NULL,0,0,'2022-09-13',0,NULL,NULL,0,'EUR',1.00000000,308.33000000,61.66600000,369.99600000),(369,'6235',1,NULL,NULL,NULL,0,NULL,715,'2022-09-12 15:14:15','2022-09-12',NULL,'2022-09-12 15:19:00',NULL,'2022-09-12 13:19:00',0,0.00000000,NULL,NULL,0,NULL,NULL,50.00000000,0.00000000,0.00000000,0.00000000,250.00000000,300.00000000,1,2,NULL,2,NULL,NULL,NULL,NULL,NULL,NULL,1,NULL,1,2,'2022-09-13',NULL,NULL,'sponge','facture/6235/6235.pdf',0,'',NULL,NULL,NULL,0,0,'2022-09-13',0,NULL,NULL,0,'EUR',1.00000000,250.00000000,50.00000000,300.00000000),(370,'6237',1,NULL,NULL,NULL,0,NULL,3059,'2022-09-12 15:54:48','2022-09-12',NULL,'2022-09-13 16:17:19','2022-10-07 17:32:20','2022-10-07 15:32:20',1,0.00000000,NULL,NULL,0,NULL,NULL,75.06000000,0.00000000,0.00000000,0.00000000,375.30000000,450.36000000,2,2,NULL,2,6,NULL,NULL,NULL,NULL,NULL,NULL,NULL,1,2,'2022-09-13',NULL,NULL,'sponge','facture/6237/6237.pdf',0,'',NULL,NULL,NULL,0,0,'2022-09-13',0,NULL,'{\"concatpdf\":[\"condition ge\\u0301ne\\u0301ral de vente - cloture paloise.docx\"]}',0,'EUR',1.00000000,375.30000000,75.06000000,450.36000000),(372,'6236',1,NULL,NULL,NULL,0,NULL,2911,'2022-09-13 15:36:07','2022-09-13',NULL,'2022-09-13 15:51:04',NULL,'2022-09-13 13:51:04',0,0.00000000,NULL,NULL,0,NULL,NULL,0.00000000,0.00000000,0.00000000,0.00000000,99.40000000,99.40000000,1,6,NULL,6,NULL,NULL,NULL,NULL,NULL,NULL,NULL,NULL,4,7,'2022-11-11',NULL,NULL,'sponge','facture/6236/6236.pdf',0,'',NULL,NULL,NULL,0,0,'2022-11-11',0,NULL,NULL,0,'EUR',1.00000000,99.40000000,0.00000000,99.40000000),(373,'6238',1,NULL,NULL,NULL,0,NULL,2860,'2022-09-13 16:30:45','2022-09-13',NULL,'2022-09-13 16:47:07','2022-09-20 10:28:45','2022-09-20 08:28:45',1,0.00000000,NULL,NULL,0,NULL,NULL,72.14600000,0.00000000,0.00000000,0.00000000,721.46000000,793.60600000,2,6,NULL,6,6,NULL,NULL,NULL,NULL,NULL,3,NULL,1,2,'2022-09-14',NULL,NULL,'sponge','facture/6238/6238.pdf',0,'',NULL,NULL,NULL,0,0,'2022-09-14',0,NULL,NULL,0,'EUR',1.00000000,721.46000000,72.14600000,793.60600000),(375,'6239',1,NULL,NULL,NULL,0,NULL,3100,'2022-09-14 10:33:05','2022-09-14',NULL,'2022-09-14 10:33:54','2022-10-10 14:28:39','2022-10-10 12:28:39',1,0.00000000,NULL,NULL,0,NULL,NULL,1510.00000000,0.00000000,0.00000000,0.00000000,7550.00000000,9060.00000000,2,6,NULL,6,6,NULL,NULL,NULL,NULL,NULL,1,NULL,1,2,'2022-09-15',NULL,NULL,'sponge','facture/6239/6239.pdf',0,'',NULL,NULL,NULL,0,0,'2022-09-15',0,NULL,NULL,0,'EUR',1.00000000,7550.00000000,1510.00000000,9060.00000000),(376,'6240',1,NULL,NULL,NULL,3,NULL,2949,'2022-09-14 11:26:47','2022-09-14',NULL,'2022-09-14 11:27:32','2022-09-14 11:27:48','2022-09-14 09:27:48',1,0.00000000,NULL,NULL,0,NULL,NULL,83.44100000,0.00000000,0.00000000,0.00000000,834.40900000,917.85000000,2,6,NULL,6,6,NULL,NULL,NULL,NULL,NULL,NULL,NULL,1,2,'2022-09-15',NULL,NULL,'sponge','facture/6240/6240.pdf',0,'',NULL,NULL,NULL,0,0,'2022-09-15',0,NULL,NULL,0,'EUR',1.00000000,834.40900000,83.44100000,917.85000000),(377,'6241',1,NULL,NULL,NULL,0,NULL,2949,'2022-09-14 11:28:20','2022-09-14',NULL,'2022-09-14 11:28:43','2022-09-14 11:43:44','2022-09-14 09:43:44',1,0.00000000,NULL,NULL,0,NULL,NULL,125.16300000,0.00000000,0.00000000,0.00000000,1251.63100000,1376.79400000,2,6,NULL,6,6,NULL,NULL,NULL,NULL,NULL,1,NULL,1,2,'2022-09-15',NULL,NULL,'sponge','facture/6241/6241.pdf',0,'',NULL,NULL,NULL,0,0,'2022-09-15',0,NULL,NULL,0,'EUR',1.00000000,1251.63100000,125.16300000,1376.79400000),(378,'6242',1,NULL,NULL,NULL,3,NULL,2778,'2022-09-14 14:50:15','2022-09-14',NULL,'2022-09-14 15:26:33','2022-09-20 10:27:17','2022-09-20 08:27:17',1,0.00000000,NULL,NULL,0,NULL,NULL,1982.50000000,0.00000000,0.00000000,0.00000000,9912.50000000,11895.00000000,2,5,NULL,5,6,NULL,NULL,NULL,NULL,NULL,1,NULL,1,2,'2022-09-15',NULL,NULL,'sponge','facture/6242/6242.pdf',0,'',NULL,NULL,NULL,0,0,'2022-09-15',0,NULL,NULL,0,'EUR',1.00000000,9912.50000000,1982.50000000,11895.00000000),(379,'6243',1,NULL,NULL,NULL,0,NULL,2937,'2022-09-15 15:08:17','2022-09-15',NULL,'2022-09-15 15:08:27','2022-10-07 17:32:49','2022-10-07 15:32:49',1,0.00000000,NULL,NULL,0,NULL,NULL,135.22700000,0.00000000,0.00000000,0.00000000,676.13400000,811.36100000,2,6,NULL,6,6,NULL,NULL,NULL,NULL,NULL,3,NULL,1,2,'2022-09-16',NULL,NULL,'sponge','facture/6243/6243.pdf',0,'',NULL,NULL,NULL,0,0,'2022-09-16',0,NULL,NULL,0,'EUR',1.00000000,676.13400000,135.22700000,811.36100000),(381,'6244',1,NULL,NULL,NULL,0,NULL,602,'2022-09-19 16:14:37','2022-09-19',NULL,'2022-09-19 16:20:34','2022-10-05 10:19:42','2022-10-05 08:19:42',1,0.00000000,NULL,NULL,0,NULL,NULL,379.92800000,0.00000000,0.00000000,0.00000000,1899.64000000,2279.56800000,2,6,NULL,6,6,NULL,NULL,NULL,NULL,NULL,1,NULL,1,2,'2022-09-20',NULL,NULL,'sponge','facture/6244/6244.pdf',0,'',NULL,NULL,NULL,0,0,'2022-09-20',0,NULL,NULL,0,'EUR',1.00000000,1899.64000000,379.92800000,2279.56800000),(382,'6245',1,NULL,NULL,NULL,0,NULL,3017,'2022-09-21 09:26:33','2022-09-21',NULL,'2022-09-21 09:27:18','2022-10-07 17:33:11','2022-10-07 15:33:11',1,0.00000000,NULL,NULL,0,NULL,NULL,421.85500000,0.00000000,0.00000000,0.00000000,4218.54600000,4640.40100000,2,6,NULL,6,6,NULL,NULL,NULL,NULL,NULL,1,NULL,1,2,'2022-09-22',NULL,NULL,'sponge','facture/6245/6245.pdf',0,'',NULL,NULL,NULL,0,0,'2022-09-22',0,NULL,NULL,0,'EUR',1.00000000,4218.54600000,421.85500000,4640.40100000),(383,'6246',1,NULL,NULL,NULL,0,NULL,2541,'2022-09-21 09:41:39','2022-09-21',NULL,'2022-09-21 09:42:38',NULL,'2022-09-21 07:42:39',0,0.00000000,NULL,NULL,0,NULL,NULL,611.38000000,0.00000000,0.00000000,0.00000000,3056.90000000,3668.28000000,1,6,NULL,6,NULL,NULL,NULL,NULL,NULL,NULL,1,NULL,3,2,'2022-10-31',NULL,NULL,'sponge','facture/6246/6246.pdf',0,'',NULL,NULL,NULL,0,0,'2022-10-31',0,NULL,NULL,0,'EUR',1.00000000,3056.90000000,611.38000000,3668.28000000),(384,'6247',1,NULL,NULL,NULL,0,NULL,3012,'2022-09-21 10:20:40','2022-09-21',NULL,'2022-09-21 10:21:07',NULL,'2022-09-21 08:21:07',0,0.00000000,NULL,NULL,0,NULL,NULL,99.00000000,0.00000000,0.00000000,0.00000000,990.00000000,1089.00000000,1,6,NULL,6,NULL,NULL,NULL,NULL,NULL,NULL,1,NULL,1,2,'2022-09-22',NULL,NULL,'sponge','facture/6247/6247.pdf',0,'',NULL,NULL,NULL,0,0,'2022-09-22',0,NULL,NULL,0,'EUR',1.00000000,990.00000000,99.00000000,1089.00000000),(385,'6248',1,NULL,NULL,NULL,0,NULL,1,'2022-09-21 12:40:49','2022-09-21',NULL,'2022-09-21 12:41:30',NULL,'2022-09-21 10:49:33',0,0.00000000,NULL,NULL,0,NULL,NULL,0.00000000,0.00000000,0.00000000,0.00000000,5905.79000000,5905.79000000,1,5,NULL,5,NULL,NULL,NULL,NULL,NULL,NULL,1,NULL,1,2,'2022-09-22',NULL,NULL,'sponge','facture/6248/6248.pdf',0,'',NULL,NULL,NULL,0,0,'2022-09-22',0,NULL,'{\"concatpdf\":[\"condition ge\\u0301ne\\u0301ral de vente - cloture paloise.docx\"]}',0,'EUR',1.00000000,5905.79000000,0.00000000,5905.79000000),(386,'6249',1,NULL,NULL,NULL,0,NULL,2925,'2022-09-21 15:11:23','2022-09-21',NULL,'2022-09-21 15:12:43','2022-09-21 15:13:32','2022-09-21 13:13:32',1,0.00000000,NULL,NULL,0,NULL,NULL,577.92500000,0.00000000,0.00000000,0.00000000,5779.25500000,6357.18000000,2,6,NULL,6,6,NULL,NULL,NULL,NULL,NULL,3,NULL,1,2,'2022-09-22',NULL,NULL,'sponge','facture/6249/6249.pdf',0,'',NULL,NULL,NULL,0,0,'2022-09-22',0,NULL,NULL,0,'EUR',1.00000000,5779.25500000,577.92500000,6357.18000000),(387,'6250',1,NULL,NULL,NULL,0,NULL,2824,'2022-09-21 16:31:48','2022-09-21',NULL,'2022-09-21 16:32:03','2022-10-07 09:45:05','2022-10-07 07:45:05',1,0.00000000,NULL,NULL,0,NULL,NULL,1068.50000000,0.00000000,0.00000000,0.00000000,5342.50000000,6411.00000000,2,6,NULL,6,6,NULL,NULL,NULL,NULL,NULL,1,NULL,3,2,'2022-10-31',NULL,NULL,'sponge','facture/6250/6250.pdf',0,'',NULL,NULL,NULL,0,0,'2022-09-22',0,NULL,NULL,0,'EUR',1.00000000,5342.50000000,1068.50000000,6411.00000000),(388,'6251',1,NULL,NULL,NULL,0,NULL,2824,'2022-09-21 16:34:36','2022-09-21',NULL,'2022-09-21 16:36:12','2022-10-07 09:45:05','2022-10-07 07:45:05',1,0.00000000,NULL,NULL,0,NULL,NULL,4730.75000000,0.00000000,0.00000000,0.00000000,23653.75000000,28384.50000000,2,6,NULL,6,6,NULL,NULL,NULL,NULL,NULL,1,NULL,3,2,'2022-10-31',NULL,NULL,'sponge','facture/6251/6251.pdf',0,'',NULL,NULL,NULL,0,0,'2022-09-22',0,NULL,NULL,0,'EUR',1.00000000,23653.75000000,4730.75000000,28384.50000000),(389,'6252',1,NULL,NULL,NULL,0,NULL,1,'2022-09-22 09:54:16','2022-09-22',NULL,'2022-09-26 10:52:12',NULL,'2022-09-26 08:52:12',0,0.00000000,NULL,NULL,0,NULL,NULL,0.00000000,0.00000000,0.00000000,0.00000000,18454.65000000,18454.65000000,1,5,NULL,5,NULL,NULL,NULL,NULL,NULL,NULL,NULL,NULL,4,2,'2022-11-20',NULL,NULL,'sponge','facture/6252/6252.pdf',0,'',NULL,NULL,NULL,0,0,'2022-09-23',0,NULL,'{\"concatpdf\":[\"condition ge\\u0301ne\\u0301ral de vente - cloture paloise.docx\"]}',0,'EUR',1.00000000,18454.65000000,0.00000000,18454.65000000),(391,'6253',1,NULL,NULL,NULL,2,NULL,1870,'2022-09-26 22:22:26','2022-09-26',NULL,'2022-10-03 09:54:06',NULL,'2022-10-03 07:54:06',0,0.00000000,NULL,NULL,0,NULL,NULL,-168.64400000,0.00000000,0.00000000,0.00000000,-843.22000000,-1011.86400000,1,2,NULL,6,NULL,NULL,NULL,NULL,365,NULL,NULL,NULL,0,0,'2022-09-26',NULL,NULL,'sponge','facture/6253/6253.pdf',0,'',NULL,NULL,NULL,0,0,NULL,0,NULL,'{\"concatpdf\":[\"condition ge\\u0301ne\\u0301ral de vente - cloture paloise.docx\"]}',0,'EUR',1.00000000,-843.22000000,-168.64400000,-1011.86400000),(392,'6254',1,NULL,NULL,NULL,0,NULL,3148,'2022-09-27 09:27:31','2022-09-27',NULL,'2022-09-27 09:27:40','2022-10-03 09:57:53','2022-10-03 07:57:53',1,0.00000000,NULL,NULL,0,NULL,NULL,14.06400000,0.00000000,0.00000000,0.00000000,70.32000000,84.38400000,2,5,NULL,5,6,NULL,NULL,NULL,NULL,NULL,NULL,NULL,1,0,'2022-09-28',NULL,NULL,'sponge','facture/6254/6254.pdf',0,'',NULL,NULL,NULL,0,0,'2022-09-28',0,NULL,NULL,0,'EUR',1.00000000,70.32000000,14.06400000,84.38400000),(393,'6255',1,NULL,NULL,NULL,0,NULL,3149,'2022-09-27 09:34:33','2022-09-27',NULL,'2022-09-27 09:34:42','2022-10-03 10:01:37','2022-10-03 08:01:37',1,0.00000000,NULL,NULL,0,NULL,NULL,29.40000000,0.00000000,0.00000000,0.00000000,147.00000000,176.40000000,2,5,NULL,5,6,NULL,NULL,NULL,NULL,NULL,NULL,NULL,1,2,'2022-09-28',NULL,NULL,'sponge','facture/6255/6255.pdf',0,'',NULL,NULL,NULL,0,0,'2022-09-28',0,NULL,NULL,0,'EUR',1.00000000,147.00000000,29.40000000,176.40000000),(394,'6256',1,NULL,NULL,NULL,3,NULL,3150,'2022-10-03 09:38:20','2022-10-03',NULL,'2022-10-03 09:41:29','2022-10-03 09:41:55','2022-10-03 07:41:55',1,0.00000000,NULL,NULL,0,NULL,NULL,101.36400000,0.00000000,0.00000000,0.00000000,1013.63600000,1115.00000000,2,6,NULL,6,6,NULL,NULL,NULL,NULL,NULL,NULL,NULL,1,2,'2022-10-04',NULL,NULL,'sponge','facture/6256/6256.pdf',0,'',NULL,NULL,NULL,0,0,'2022-10-04',0,NULL,NULL,0,'EUR',1.00000000,1013.63600000,101.36400000,1115.00000000),(395,'6257',1,NULL,NULL,NULL,3,NULL,3150,'2022-10-03 09:47:34','2022-10-03',NULL,'2022-10-03 09:48:37','2022-10-03 09:48:44','2022-10-03 07:48:44',1,0.00000000,NULL,NULL,0,NULL,NULL,145.45500000,0.00000000,0.00000000,0.00000000,1454.54500000,1600.00000000,2,6,NULL,6,6,NULL,NULL,NULL,NULL,NULL,1,NULL,1,2,'2022-10-04',NULL,NULL,'sponge','facture/6257/6257.pdf',0,'',NULL,NULL,NULL,0,0,'2022-10-04',0,NULL,NULL,0,'EUR',1.00000000,1454.54500000,145.45500000,1600.00000000),(396,'6258',1,NULL,NULL,NULL,3,NULL,1718,'2022-10-03 10:05:12','2022-10-03',NULL,'2022-10-03 10:06:00','2022-10-03 10:06:09','2022-10-03 08:06:09',1,0.00000000,NULL,NULL,0,NULL,NULL,66.09100000,0.00000000,0.00000000,0.00000000,660.90900000,727.00000000,2,6,NULL,6,6,NULL,NULL,NULL,NULL,NULL,3,NULL,1,7,'2022-10-04',NULL,NULL,'sponge','facture/6258/6258.pdf',0,'',NULL,NULL,NULL,0,0,'2022-10-04',0,NULL,NULL,0,'EUR',1.00000000,660.90900000,66.09100000,727.00000000),(397,'6259',1,NULL,NULL,NULL,0,NULL,1718,'2022-10-03 10:06:50','2022-09-30',NULL,'2022-10-03 14:32:05','2022-10-06 11:31:19','2022-10-06 09:31:19',1,0.00000000,NULL,NULL,0,NULL,NULL,99.23800000,0.00000000,0.00000000,0.00000000,992.38100000,1091.61900000,2,6,NULL,6,6,NULL,NULL,NULL,NULL,NULL,3,NULL,1,2,'2022-10-04',NULL,NULL,'sponge','facture/6259/6259.pdf',0,'',NULL,NULL,NULL,0,0,'2022-10-04',0,NULL,'{\"concatpdf\":[\"condition ge\\u0301ne\\u0301ral de vente - cloture paloise.docx\"]}',0,'EUR',1.00000000,992.38100000,99.23800000,1091.61900000),(400,'6260',1,NULL,NULL,NULL,0,NULL,3026,'2022-10-03 10:18:15','2022-09-30',NULL,'2022-10-03 14:31:53','2022-10-04 15:51:13','2022-10-04 13:51:13',1,0.00000000,NULL,NULL,0,NULL,NULL,139.07000000,0.00000000,0.00000000,0.00000000,1390.70500000,1529.77500000,2,6,NULL,6,7,NULL,NULL,NULL,NULL,NULL,3,NULL,1,2,'2022-10-04',NULL,NULL,'sponge','facture/6260/6260.pdf',0,'',NULL,NULL,NULL,0,0,'2022-10-04',0,NULL,NULL,0,'EUR',1.00000000,1390.70500000,139.07000000,1529.77500000),(401,'6261',1,NULL,NULL,NULL,0,NULL,3119,'2022-10-03 10:52:19','2022-09-30',NULL,'2022-10-03 14:31:38',NULL,'2022-10-03 12:31:38',0,0.00000000,NULL,NULL,0,NULL,NULL,545.86000000,0.00000000,0.00000000,0.00000000,2729.30000000,3275.16000000,1,6,NULL,6,NULL,NULL,NULL,NULL,NULL,NULL,1,NULL,15,2,'2022-12-10',NULL,NULL,'sponge','facture/6261/6261.pdf',0,'',NULL,NULL,NULL,0,0,'2022-11-30',0,NULL,NULL,0,'EUR',1.00000000,2729.30000000,545.86000000,3275.16000000),(402,'6262',1,NULL,NULL,NULL,0,NULL,2142,'2022-10-03 11:02:50','2022-09-30',NULL,'2022-10-03 14:31:19','2022-10-03 15:40:48','2022-10-03 13:40:48',1,0.00000000,NULL,NULL,0,NULL,NULL,34.52600000,0.00000000,0.00000000,0.00000000,345.26000000,379.78600000,2,6,NULL,6,7,NULL,NULL,NULL,NULL,NULL,3,NULL,1,2,'2022-10-04',NULL,NULL,'sponge','facture/6262/6262.pdf',0,'',NULL,NULL,NULL,0,0,'2022-10-04',0,NULL,NULL,0,'EUR',1.00000000,345.26000000,34.52600000,379.78600000),(403,'6263',1,NULL,NULL,NULL,0,NULL,3023,'2022-10-03 11:15:30','2022-09-30',NULL,'2022-10-03 14:31:09','2022-10-03 15:42:00','2022-10-03 13:42:00',1,0.00000000,NULL,NULL,0,NULL,NULL,34.52600000,0.00000000,0.00000000,0.00000000,345.26100000,379.78700000,2,6,NULL,6,7,NULL,NULL,NULL,NULL,NULL,3,NULL,1,0,'2022-10-04',NULL,NULL,'sponge','facture/6263/6263.pdf',0,'',NULL,NULL,NULL,0,0,'2022-10-04',0,NULL,NULL,0,'EUR',1.00000000,345.26100000,34.52600000,379.78700000),(404,'6264',1,NULL,NULL,NULL,0,NULL,26,'2022-10-03 11:40:31','2022-09-30',NULL,'2022-10-03 11:41:43',NULL,'2022-10-03 09:41:44',0,0.00000000,NULL,NULL,0,NULL,NULL,0.00000000,0.00000000,0.00000000,0.00000000,1003.77000000,1003.77000000,1,6,NULL,6,NULL,NULL,NULL,NULL,NULL,NULL,1,NULL,3,2,'2022-11-30',NULL,NULL,'sponge','facture/6264/6264.pdf',0,'',NULL,NULL,NULL,0,0,'2022-11-30',0,NULL,'{\"concatpdf\":[\"condition ge\\u0301ne\\u0301ral de vente - cloture paloise.docx\"]}',0,'EUR',1.00000000,1003.77000000,0.00000000,1003.77000000),(405,'6265',1,NULL,NULL,NULL,0,NULL,26,'2022-10-03 14:15:03','2022-09-30',NULL,'2022-10-03 14:15:31',NULL,'2022-10-03 12:15:32',0,0.00000000,NULL,NULL,0,NULL,NULL,0.00000000,0.00000000,0.00000000,0.00000000,8104.00000000,8104.00000000,1,6,NULL,6,NULL,NULL,NULL,NULL,NULL,NULL,1,NULL,3,2,'2022-10-31',NULL,NULL,'sponge','facture/6265/6265.pdf',0,'',NULL,NULL,NULL,0,0,'2022-10-31',0,NULL,'{\"concatpdf\":[\"condition ge\\u0301ne\\u0301ral de vente - cloture paloise.docx\"]}',0,'EUR',1.00000000,8104.00000000,0.00000000,8104.00000000),(406,'6266',1,NULL,NULL,NULL,0,NULL,2480,'2022-10-03 14:24:21','2022-09-30',NULL,'2022-10-03 14:25:38',NULL,'2022-10-03 12:25:39',0,0.00000000,NULL,NULL,0,NULL,NULL,444.15000000,0.00000000,0.00000000,0.00000000,2220.75000000,2664.90000000,1,6,NULL,6,NULL,NULL,NULL,NULL,NULL,NULL,1,NULL,15,2,'2022-11-30',NULL,NULL,'sponge','facture/6266/6266.pdf',0,'',NULL,NULL,NULL,0,0,'2022-11-30',0,NULL,'{\"concatpdf\":[\"condition ge\\u0301ne\\u0301ral de vente - cloture paloise.docx\"]}',0,'EUR',1.00000000,2220.75000000,444.15000000,2664.90000000),(408,'6267',1,NULL,NULL,NULL,0,NULL,2954,'2022-10-04 07:00:05','2022-09-30',NULL,'2022-10-04 07:02:24','2022-10-14 10:38:45','2022-10-14 08:38:45',1,0.00000000,NULL,NULL,0,NULL,NULL,0.00000000,0.00000000,0.00000000,0.00000000,5351.40000000,5351.40000000,2,2,NULL,2,6,NULL,NULL,NULL,NULL,NULL,NULL,NULL,1,2,'2022-10-01',NULL,NULL,'sponge','facture/6267/6267.pdf',0,'',NULL,NULL,NULL,0,0,'2022-10-01',0,NULL,'{\"concatpdf\":[\"condition ge\\u0301ne\\u0301ral de vente - cloture paloise.docx\"]}',0,'EUR',1.00000000,5351.40000000,0.00000000,5351.40000000),(409,'6268',1,NULL,NULL,NULL,0,NULL,3032,'2022-10-04 09:15:17','2022-09-30',NULL,'2022-10-04 09:26:31',NULL,'2022-10-04 07:26:31',0,0.00000000,NULL,NULL,0,NULL,NULL,503.00000000,0.00000000,0.00000000,0.00000000,2515.00000000,3018.00000000,1,5,NULL,5,NULL,NULL,NULL,NULL,NULL,NULL,1,NULL,4,2,'2022-11-28',NULL,NULL,'sponge','facture/6268/6268.pdf',0,'',NULL,NULL,NULL,0,0,'2022-11-28',0,NULL,'{\"concatpdf\":[\"condition ge\\u0301ne\\u0301ral de vente - cloture paloise.docx\"]}',0,'EUR',1.00000000,2515.00000000,503.00000000,3018.00000000),(410,'6269',1,NULL,NULL,NULL,0,NULL,2789,'2022-10-04 09:41:32','2022-09-30',NULL,'2022-10-04 09:42:02',NULL,'2022-10-04 07:42:19',0,0.00000000,NULL,NULL,0,NULL,NULL,485.65000000,0.00000000,0.00000000,0.00000000,2428.25000000,2913.90000000,1,6,NULL,6,NULL,NULL,NULL,NULL,NULL,NULL,1,NULL,1,2,'2022-10-01',NULL,NULL,'sponge','facture/6269/6269.pdf',0,'',NULL,NULL,NULL,0,0,'2022-10-01',0,NULL,'{\"concatpdf\":[\"condition ge\\u0301ne\\u0301ral de vente - cloture paloise.docx\"]}',0,'EUR',1.00000000,2428.25000000,485.65000000,2913.90000000),(411,'6270',1,NULL,NULL,NULL,0,NULL,3146,'2022-10-04 10:40:20','2022-09-30',NULL,'2022-10-04 10:42:23',NULL,'2022-10-04 08:42:28',0,0.00000000,NULL,NULL,0,NULL,NULL,1200.00000000,0.00000000,0.00000000,0.00000000,6000.00000000,7200.00000000,1,6,NULL,6,NULL,NULL,NULL,NULL,NULL,NULL,1,NULL,1,2,'2022-10-01',NULL,NULL,'sponge','facture/6270/6270.pdf',0,'',NULL,NULL,NULL,0,0,'2022-10-01',0,NULL,'{\"concatpdf\":[\"condition ge\\u0301ne\\u0301ral de vente - cloture paloise.docx\"]}',0,'EUR',1.00000000,6000.00000000,1200.00000000,7200.00000000),(412,'6271',1,NULL,NULL,NULL,3,NULL,2424,'2022-10-07 09:21:15','2022-10-07',NULL,'2022-10-07 09:23:46','2022-10-07 09:24:18','2022-10-07 07:24:18',1,0.00000000,NULL,NULL,0,NULL,NULL,154.54500000,0.00000000,0.00000000,0.00000000,1545.45400000,1699.99900000,2,6,NULL,6,6,NULL,NULL,NULL,NULL,NULL,3,NULL,1,7,'2022-10-08',NULL,NULL,'sponge','facture/6271/6271.pdf',0,'',NULL,NULL,NULL,0,0,'2022-10-08',0,NULL,NULL,0,'EUR',1.00000000,1545.45400000,154.54500000,1699.99900000),(413,'6272',1,NULL,NULL,NULL,3,NULL,3118,'2022-10-07 09:26:39','2022-10-07',NULL,'2022-10-07 09:27:29','2022-10-07 09:28:04','2022-10-07 07:28:04',1,0.00000000,NULL,NULL,0,NULL,NULL,800.00000000,0.00000000,0.00000000,0.00000000,4000.00000000,4800.00000000,2,6,NULL,6,6,NULL,NULL,NULL,NULL,NULL,3,NULL,1,7,'2022-10-08',NULL,NULL,'sponge','facture/6272/6272.pdf',0,'',NULL,NULL,NULL,0,0,'2022-10-08',0,NULL,NULL,0,'EUR',1.00000000,4000.00000000,800.00000000,4800.00000000),(418,'6273',1,NULL,NULL,NULL,0,NULL,3151,'2022-10-07 17:35:33','2022-10-07',NULL,'2022-10-07 17:35:49','2022-10-10 14:48:38','2022-10-10 12:48:38',1,0.00000000,NULL,NULL,0,NULL,NULL,121.46000000,0.00000000,0.00000000,0.00000000,607.30000000,728.76000000,2,6,NULL,6,6,NULL,NULL,NULL,NULL,NULL,3,NULL,1,6,'2022-10-08',NULL,NULL,'sponge','facture/6273/6273.pdf',0,'',NULL,NULL,NULL,1,0,'2022-10-08',0,NULL,NULL,0,'EUR',1.00000000,607.30000000,121.46000000,728.76000000),(419,'6274',1,NULL,NULL,NULL,0,NULL,2911,'2022-10-10 11:16:40','2022-10-10',NULL,'2022-10-10 11:18:24',NULL,'2022-10-10 09:18:37',0,0.00000000,NULL,NULL,0,NULL,NULL,0.00000000,0.00000000,0.00000000,0.00000000,51.24000000,51.24000000,1,6,NULL,6,NULL,NULL,NULL,NULL,NULL,NULL,NULL,NULL,4,7,'2022-12-09',NULL,NULL,'sponge','facture/6274/6274.pdf',0,'',NULL,NULL,NULL,1,0,'2022-11-11',0,NULL,'{\"concatpdf\":[\"condition ge\\u0301ne\\u0301ral de vente - cloture paloise.docx\"]}',0,'EUR',1.00000000,51.24000000,0.00000000,51.24000000),(420,'6275',1,NULL,NULL,NULL,0,NULL,3099,'2022-10-10 14:57:43','2022-10-10',NULL,'2022-10-10 14:57:49','2022-10-10 14:58:42','2022-10-10 12:58:42',1,0.00000000,NULL,NULL,0,NULL,NULL,97.10600000,0.00000000,0.00000000,0.00000000,485.53000000,582.63600000,2,6,NULL,6,6,NULL,NULL,NULL,NULL,NULL,1,NULL,1,7,'2022-10-11',NULL,NULL,'sponge','facture/6275/6275.pdf',0,'',NULL,NULL,NULL,1,0,'2022-10-11',0,NULL,NULL,0,'EUR',1.00000000,485.53000000,97.10600000,582.63600000),(421,'6276',1,NULL,NULL,NULL,0,NULL,3150,'2022-10-11 09:59:55','2022-10-11',NULL,'2022-10-11 10:06:27','2022-10-14 09:12:28','2022-10-14 07:12:28',1,0.00000000,NULL,NULL,0,NULL,NULL,152.63600000,0.00000000,0.00000000,0.00000000,1526.36400000,1679.00000000,2,6,NULL,6,6,NULL,NULL,NULL,NULL,NULL,3,NULL,1,2,'2022-10-12',NULL,NULL,'sponge','facture/6276/6276.pdf',0,'',NULL,NULL,NULL,1,0,'2022-10-12',0,NULL,NULL,0,'EUR',1.00000000,1526.36400000,152.63600000,1679.00000000),(422,'6277',1,NULL,NULL,NULL,0,NULL,3150,'2022-10-11 10:32:55','2022-10-11',NULL,'2022-10-11 10:33:17','2022-10-14 09:12:29','2022-10-14 07:12:29',1,0.00000000,NULL,NULL,0,NULL,NULL,218.54500000,0.00000000,0.00000000,0.00000000,2185.45500000,2404.00000000,2,6,NULL,6,6,NULL,NULL,NULL,NULL,NULL,3,NULL,1,2,'2022-10-12',NULL,NULL,'sponge','facture/6277/6277.pdf',0,'',NULL,NULL,NULL,1,0,'2022-10-12',0,NULL,NULL,0,'EUR',1.00000000,2185.45500000,218.54500000,2404.00000000),(423,'6278',1,NULL,NULL,NULL,0,NULL,3025,'2022-10-11 11:03:00','2022-10-11',NULL,'2022-10-11 11:44:37','2022-10-11 11:55:00','2022-10-11 09:55:00',1,0.00000000,NULL,NULL,0,NULL,NULL,831.30000000,0.00000000,0.00000000,0.00000000,8313.00000000,9144.30000000,2,6,NULL,6,6,NULL,NULL,NULL,NULL,NULL,3,NULL,1,2,'2022-10-12',NULL,NULL,'sponge','facture/6278/6278.pdf',0,'',NULL,NULL,NULL,1,0,'2022-10-12',0,NULL,NULL,0,'EUR',1.00000000,8313.00000000,831.30000000,9144.30000000),(425,'6279',1,NULL,NULL,NULL,2,NULL,3025,'2022-10-11 11:48:52','2022-10-11',NULL,'2022-10-11 11:54:18','2022-10-11 11:54:22','2022-10-11 09:54:22',1,0.00000000,NULL,NULL,0,NULL,NULL,-831.30000000,0.00000000,0.00000000,0.00000000,-8313.00000000,-9144.30000000,2,6,NULL,6,6,NULL,NULL,NULL,423,NULL,NULL,NULL,0,0,'2022-10-11',NULL,NULL,'sponge','facture/6279/6279.pdf',0,'',NULL,NULL,NULL,1,0,NULL,0,NULL,NULL,0,'EUR',1.00000000,-8313.00000000,-831.30000000,-9144.30000000),(426,'6280',1,NULL,NULL,NULL,3,NULL,3025,'2022-10-11 15:00:33','2022-10-11',NULL,'2022-10-11 15:02:12','2022-10-11 15:02:23','2022-10-11 13:02:23',1,0.00000000,NULL,NULL,0,NULL,NULL,332.52000000,0.00000000,0.00000000,0.00000000,3325.20000000,3657.72000000,2,6,NULL,6,6,NULL,NULL,NULL,NULL,NULL,NULL,NULL,1,7,'2022-10-12',NULL,NULL,'sponge','facture/6280/6280.pdf',0,'',NULL,NULL,NULL,1,0,'2022-10-12',0,NULL,NULL,0,'EUR',1.00000000,3325.20000000,332.52000000,3657.72000000),(427,'6281',1,NULL,NULL,NULL,0,NULL,3025,'2022-10-11 15:10:07','2022-10-11',NULL,'2022-10-11 15:10:27','2022-10-18 11:27:56','2022-10-18 09:27:56',1,0.00000000,NULL,NULL,0,NULL,NULL,498.78000000,0.00000000,0.00000000,0.00000000,4987.80000000,5486.58000000,2,6,NULL,6,6,NULL,NULL,NULL,NULL,NULL,3,NULL,1,2,'2022-10-12',NULL,NULL,'sponge','facture/6281/6281.pdf',0,'',NULL,NULL,NULL,1,0,'2022-10-12',0,NULL,NULL,0,'EUR',1.00000000,4987.80000000,498.78000000,5486.58000000),(428,'6282',1,NULL,NULL,NULL,0,NULL,2774,'2022-10-12 14:53:18','2022-10-12',NULL,'2022-10-12 15:25:40',NULL,'2022-10-12 13:25:43',0,0.00000000,NULL,NULL,0,NULL,NULL,129.80400000,0.00000000,0.00000000,0.00000000,649.02000000,778.82400000,1,2,NULL,6,NULL,NULL,NULL,NULL,NULL,NULL,NULL,NULL,3,2,'2022-11-30',NULL,NULL,'sponge','facture/6282/6282.pdf',0,'',NULL,NULL,NULL,1,0,NULL,0,NULL,NULL,0,'EUR',1.00000000,649.02000000,129.80400000,778.82400000),(431,'6283',1,NULL,NULL,NULL,0,NULL,2916,'2022-10-12 16:57:32','2022-10-12',NULL,'2022-10-12 17:00:04',NULL,'2022-10-12 15:00:06',0,0.00000000,NULL,NULL,0,NULL,NULL,190.61200000,0.00000000,0.00000000,0.00000000,953.06000000,1143.67200000,1,6,NULL,6,NULL,NULL,NULL,NULL,NULL,NULL,1,NULL,3,2,'2022-11-30',NULL,NULL,'sponge','facture/6283/6283.pdf',0,'',NULL,NULL,NULL,1,0,'2022-11-30',0,NULL,NULL,0,'EUR',1.00000000,953.06000000,190.61200000,1143.67200000),(432,'6284',1,NULL,NULL,NULL,3,NULL,3174,'2022-10-12 17:12:22','2022-10-12',NULL,'2022-10-12 17:13:34','2022-10-12 17:13:57','2022-10-12 15:13:57',1,0.00000000,NULL,NULL,0,NULL,NULL,148.18200000,0.00000000,0.00000000,0.00000000,1481.81800000,1630.00000000,2,6,NULL,6,6,NULL,NULL,NULL,NULL,NULL,1,NULL,1,7,'2022-10-13',NULL,NULL,'sponge','facture/6284/6284.pdf',0,'',NULL,NULL,NULL,1,0,'2022-10-13',0,NULL,NULL,0,'EUR',1.00000000,1481.81800000,148.18200000,1630.00000000),(433,'6285',1,NULL,NULL,NULL,3,NULL,3156,'2022-10-12 17:27:59','2022-10-12',NULL,'2022-10-12 17:29:54','2022-10-12 17:30:15','2022-10-12 15:30:15',1,0.00000000,NULL,NULL,0,NULL,NULL,321.84000000,0.00000000,0.00000000,0.00000000,1609.20000000,1931.04000000,2,6,NULL,6,6,NULL,NULL,NULL,NULL,NULL,NULL,NULL,1,7,'2022-10-13',NULL,NULL,'sponge','facture/6285/6285.pdf',0,'',NULL,NULL,NULL,1,0,'2022-10-13',0,NULL,NULL,0,'EUR',1.00000000,1609.20000000,321.84000000,1931.04000000),(435,'6286',1,NULL,NULL,NULL,0,NULL,2909,'2022-10-12 17:39:25','2022-10-12',NULL,'2022-11-04 11:03:58',NULL,'2022-11-04 10:03:58',0,0.00000000,NULL,NULL,0,NULL,NULL,0.00000000,0.00000000,0.00000000,0.00000000,150.00000000,150.00000000,1,6,NULL,6,NULL,NULL,NULL,NULL,NULL,NULL,NULL,NULL,15,2,'2022-11-30',NULL,NULL,'sponge','facture/6286/6286.pdf',0,'',NULL,NULL,NULL,1,0,'2022-11-30',0,NULL,NULL,0,'EUR',1.00000000,150.00000000,0.00000000,150.00000000),(436,'6287',1,NULL,NULL,NULL,0,NULL,2909,'2022-10-12 17:42:35','2022-10-12',NULL,'2022-10-12 17:42:58','2022-10-18 16:18:10','2022-10-18 14:18:10',1,0.00000000,NULL,NULL,0,NULL,NULL,639.00000000,0.00000000,0.00000000,0.00000000,3195.00000000,3834.00000000,2,6,NULL,6,6,NULL,NULL,NULL,NULL,NULL,1,NULL,15,2,'2022-11-30',NULL,NULL,'sponge','facture/6287/6287.pdf',0,'',NULL,NULL,NULL,1,0,'2022-11-30',0,NULL,NULL,0,'EUR',1.00000000,3195.00000000,639.00000000,3834.00000000),(438,'6288',1,NULL,NULL,NULL,0,NULL,3195,'2022-10-13 09:18:44','2022-10-13',NULL,'2022-10-13 09:19:11','2022-10-13 09:19:23','2022-10-13 07:19:23',1,0.00000000,NULL,NULL,0,NULL,NULL,126.59200000,0.00000000,0.00000000,0.00000000,632.96000000,759.55200000,2,6,NULL,6,6,NULL,NULL,NULL,NULL,NULL,3,NULL,1,6,'2022-10-14',NULL,NULL,'sponge','facture/6288/6288.pdf',0,'',NULL,NULL,NULL,1,0,'2022-10-14',0,NULL,NULL,0,'EUR',1.00000000,632.96000000,126.59200000,759.55200000),(439,'6289',1,NULL,NULL,NULL,0,NULL,2954,'2022-10-13 09:53:08','2022-10-13',NULL,'2022-10-13 11:48:33','2022-10-14 10:41:55','2022-10-14 08:41:55',1,0.00000000,NULL,NULL,0,NULL,NULL,0.00000000,0.00000000,0.00000000,0.00000000,1786.72500000,1786.72500000,2,6,NULL,6,6,NULL,NULL,NULL,NULL,NULL,1,NULL,1,2,'2022-10-14',NULL,NULL,'sponge','facture/6289/6289.pdf',0,'',NULL,NULL,NULL,1,0,'2022-10-14',0,NULL,NULL,0,'EUR',1.00000000,1786.72500000,0.00000000,1786.72500000),(440,'6290',1,NULL,NULL,NULL,0,NULL,822,'2022-10-13 10:17:21','2022-10-13',NULL,'2022-10-13 14:58:54',NULL,'2022-10-13 12:58:54',0,0.00000000,NULL,NULL,0,NULL,NULL,0.00000000,0.00000000,0.00000000,0.00000000,5287.00000000,5287.00000000,1,6,NULL,6,NULL,NULL,NULL,NULL,NULL,NULL,1,NULL,16,2,'2022-12-15',NULL,NULL,'sponge','facture/6290/6290.pdf',0,'',NULL,NULL,NULL,1,0,'2022-12-15',0,NULL,NULL,0,'EUR',1.00000000,5287.00000000,0.00000000,5287.00000000),(442,'6291',1,NULL,NULL,NULL,0,NULL,3208,'2022-10-13 16:05:03','2022-10-13',NULL,'2022-10-13 16:05:28','2022-10-26 10:45:31','2022-10-26 08:45:31',1,0.00000000,NULL,NULL,0,NULL,NULL,713.81300000,0.00000000,0.00000000,0.00000000,7138.12500000,7851.93800000,2,6,NULL,6,6,NULL,NULL,NULL,NULL,NULL,1,NULL,1,2,'2022-10-14',NULL,NULL,'sponge','facture/6291/6291.pdf',0,'',NULL,NULL,NULL,1,0,'2022-10-14',0,NULL,NULL,0,'EUR',1.00000000,7138.12500000,713.81300000,7851.93800000),(443,'6292',1,NULL,NULL,NULL,2,NULL,2954,'2022-10-14 10:08:11','2022-10-14',NULL,'2022-10-14 10:38:15','2022-10-14 10:38:19','2022-10-14 08:38:19',1,0.00000000,NULL,NULL,0,NULL,NULL,0.00000000,0.00000000,0.00000000,0.00000000,-5351.40000000,-5351.40000000,2,6,NULL,6,6,NULL,NULL,NULL,408,NULL,NULL,NULL,0,0,'2022-10-14',NULL,NULL,'sponge','facture/6292/6292.pdf',0,'',NULL,NULL,NULL,1,0,NULL,0,NULL,NULL,0,'EUR',1.00000000,-5351.40000000,0.00000000,-5351.40000000),(444,'6293',1,NULL,NULL,NULL,2,NULL,2954,'2022-10-14 10:40:47','2022-10-14',NULL,'2022-10-14 10:41:25','2022-10-14 10:41:39','2022-10-14 08:41:39',1,0.00000000,NULL,NULL,0,NULL,NULL,0.00000000,0.00000000,0.00000000,0.00000000,-1786.72500000,-1786.72500000,2,6,NULL,6,6,NULL,NULL,NULL,439,NULL,NULL,NULL,0,0,'2022-10-14',NULL,NULL,'sponge','facture/6293/6293.pdf',0,'',NULL,NULL,NULL,1,0,NULL,0,NULL,NULL,0,'EUR',1.00000000,-1786.72500000,0.00000000,-1786.72500000),(445,'6294',1,NULL,NULL,NULL,0,NULL,3213,'2022-10-14 14:15:19','2022-10-14',NULL,'2022-10-14 14:16:06','2022-10-14 14:19:09','2022-10-14 12:19:09',1,0.00000000,NULL,NULL,0,NULL,NULL,13.50000000,0.00000000,0.00000000,0.00000000,67.50000000,81.00000000,2,7,NULL,7,7,NULL,NULL,NULL,NULL,NULL,1,NULL,1,7,'2022-10-15',NULL,NULL,'sponge','facture/6294/6294.pdf',0,'',NULL,NULL,NULL,1,0,'2022-10-15',0,NULL,NULL,0,'EUR',1.00000000,67.50000000,13.50000000,81.00000000),(446,'6295',1,NULL,NULL,NULL,2,NULL,3213,'2022-10-14 14:18:42','2022-10-14',NULL,'2022-10-14 14:18:48','2022-10-14 14:18:52','2022-10-14 12:18:52',1,0.00000000,NULL,NULL,0,NULL,NULL,-13.50000000,0.00000000,0.00000000,0.00000000,-67.50000000,-81.00000000,2,7,NULL,7,7,NULL,NULL,NULL,445,NULL,NULL,NULL,0,7,'2022-10-14',NULL,NULL,'sponge','facture/6295/6295.pdf',0,'',NULL,NULL,NULL,1,0,NULL,0,NULL,NULL,0,'EUR',1.00000000,-67.50000000,-13.50000000,-81.00000000),(447,'6296',1,NULL,NULL,NULL,0,NULL,3156,'2022-10-17 11:01:32','2022-10-17',NULL,'2022-10-17 11:01:59',NULL,'2022-10-17 09:02:18',0,0.00000000,NULL,NULL,0,NULL,NULL,482.76000000,0.00000000,0.00000000,0.00000000,2413.80000000,2896.56000000,1,6,NULL,6,NULL,NULL,NULL,NULL,NULL,NULL,3,NULL,1,2,'2022-10-18',NULL,NULL,'sponge','facture/6296/6296.pdf',0,'',NULL,NULL,NULL,1,0,'2022-10-18',0,NULL,'{\"concatpdf\":[\"condition ge\\u0301ne\\u0301ral de vente - cloture paloise.docx\"]}',0,'EUR',1.00000000,2413.80000000,482.76000000,2896.56000000),(448,'6297',1,NULL,NULL,NULL,0,NULL,2972,'2022-10-18 09:46:17','2022-10-18',NULL,'2022-10-25 10:14:38',NULL,'2022-10-25 08:14:38',0,0.00000000,NULL,NULL,0,NULL,NULL,261.04000000,0.00000000,0.00000000,0.00000000,2610.40000000,2871.44000000,1,6,NULL,6,NULL,NULL,NULL,NULL,NULL,NULL,1,NULL,1,2,'2022-10-19',NULL,NULL,'sponge','facture/6297/6297.pdf',0,'',NULL,NULL,NULL,1,0,'2022-10-19',0,NULL,'{\"concatpdf\":[\"condition ge\\u0301ne\\u0301ral de vente - cloture paloise.docx\"]}',0,'EUR',1.00000000,2610.40000000,261.04000000,2871.44000000),(449,'6298',1,NULL,NULL,NULL,0,NULL,21,'2022-10-18 16:12:26','2022-10-18',NULL,'2022-10-18 16:12:40','2022-10-26 10:44:57','2022-10-26 08:44:57',1,0.00000000,NULL,NULL,0,NULL,NULL,875.32000000,0.00000000,0.00000000,0.00000000,4376.60000000,5251.92000000,2,6,NULL,6,6,NULL,NULL,NULL,NULL,NULL,1,NULL,1,2,'2022-10-19',NULL,NULL,'sponge','facture/6298/6298.pdf',0,'',NULL,NULL,NULL,1,0,'2022-10-19',0,NULL,'{\"concatpdf\":[\"condition ge\\u0301ne\\u0301ral de vente - cloture paloise.docx\"]}',0,'EUR',1.00000000,4376.60000000,875.32000000,5251.92000000),(450,'6299',1,NULL,NULL,NULL,0,NULL,2909,'2022-10-18 16:14:56','2022-10-18',NULL,'2022-10-18 16:16:10',NULL,'2022-10-18 14:16:16',0,0.00000000,NULL,NULL,0,NULL,NULL,0.00000000,0.00000000,0.00000000,0.00000000,3195.00000000,3195.00000000,1,6,NULL,6,NULL,NULL,NULL,NULL,NULL,NULL,1,NULL,15,2,'2022-12-31',NULL,NULL,'sponge','facture/6299/6299.pdf',0,'',NULL,NULL,NULL,1,0,'2022-11-30',0,NULL,'{\"concatpdf\":[\"condition ge\\u0301ne\\u0301ral de vente - cloture paloise.docx\"]}',0,'EUR',1.00000000,3195.00000000,0.00000000,3195.00000000),(451,'6300',1,NULL,NULL,NULL,2,NULL,2909,'2022-10-18 16:17:37','2022-10-18',NULL,'2022-10-18 16:17:44','2022-10-18 16:17:58','2022-10-18 14:17:58',1,0.00000000,NULL,NULL,0,NULL,NULL,-639.00000000,0.00000000,0.00000000,0.00000000,-3195.00000000,-3834.00000000,2,6,NULL,6,6,NULL,NULL,NULL,436,NULL,1,NULL,0,2,'2022-10-18',NULL,NULL,'sponge','facture/6300/6300.pdf',0,'',NULL,NULL,NULL,1,0,NULL,0,NULL,NULL,0,'EUR',1.00000000,-3195.00000000,-639.00000000,-3834.00000000),(452,'6301',1,NULL,NULL,NULL,0,NULL,3228,'2022-10-18 16:57:11','2022-10-18',NULL,'2022-10-18 16:57:28',NULL,'2022-10-18 14:57:43',0,0.00000000,NULL,NULL,0,NULL,NULL,4.82600000,0.00000000,0.00000000,0.00000000,24.13000000,28.95600000,1,7,NULL,7,NULL,NULL,NULL,NULL,NULL,NULL,NULL,NULL,1,6,'2022-10-19',NULL,NULL,'sponge','facture/6301/6301.pdf',0,'',NULL,NULL,NULL,1,0,'2022-10-19',0,NULL,NULL,0,'EUR',1.00000000,24.13000000,4.82600000,28.95600000),(453,'6302',1,NULL,NULL,NULL,5,NULL,822,'2022-10-19 10:07:55','2022-10-19',NULL,'2022-10-19 10:14:20',NULL,'2022-10-19 08:14:20',0,0.00000000,NULL,NULL,0,NULL,NULL,0.00000000,0.00000000,0.00000000,0.00000000,4352.00000000,4352.00000000,1,2,NULL,2,NULL,NULL,NULL,NULL,NULL,NULL,1,NULL,16,2,'2022-12-15',NULL,NULL,'sponge','facture/6302/6302.pdf',0,'',NULL,1,1,0,0,'2022-12-15',0,NULL,'{\"concatpdf\":[\"condition ge\\u0301ne\\u0301ral de vente - cloture paloise.docx\"]}',0,'EUR',1.00000000,4352.00000000,0.00000000,4352.00000000),(454,'6303',1,NULL,NULL,NULL,0,NULL,2424,'2022-10-19 10:52:29','2022-10-19',NULL,'2022-10-19 10:55:46',NULL,'2022-10-19 08:55:46',0,0.00000000,NULL,NULL,0,NULL,NULL,341.33300000,0.00000000,0.00000000,0.00000000,2158.66800000,2500.00100000,1,6,NULL,6,NULL,NULL,NULL,NULL,NULL,NULL,3,NULL,1,2,'2022-10-20',NULL,NULL,'sponge','facture/6303/6303.pdf',0,'',NULL,NULL,NULL,1,0,'2022-10-20',0,NULL,'{\"concatpdf\":[\"condition ge\\u0301ne\\u0301ral de vente - cloture paloise.docx\"]}',0,'EUR',1.00000000,2158.66800000,341.33300000,2500.00100000),(455,'6304',1,NULL,NULL,NULL,0,NULL,3231,'2022-10-19 11:46:13','2022-10-19',NULL,'2022-10-19 11:47:35','2022-10-19 11:48:33','2022-10-19 09:48:39',1,0.00000000,NULL,NULL,0,NULL,NULL,7.60000000,0.00000000,0.00000000,0.00000000,38.00000000,45.60000000,2,7,NULL,7,7,NULL,NULL,NULL,NULL,NULL,1,NULL,1,6,'2022-10-20',NULL,NULL,'sponge','facture/6304/6304.pdf',0,'',NULL,NULL,NULL,1,0,'2022-10-20',0,NULL,'{\"concatpdf\":[\"condition ge\\u0301ne\\u0301ral de vente - cloture paloise.docx\"]}',0,'EUR',1.00000000,38.00000000,7.60000000,45.60000000),(457,'6305',1,NULL,NULL,NULL,0,NULL,3174,'2022-10-19 14:48:13','2022-10-19',NULL,'2022-10-19 14:58:48','2022-10-25 11:39:46','2022-10-25 09:39:46',1,0.00000000,NULL,NULL,0,NULL,NULL,205.21800000,0.00000000,0.00000000,0.00000000,2052.18200000,2257.40000000,2,6,NULL,6,6,NULL,NULL,NULL,NULL,NULL,3,NULL,1,2,'2022-10-20',NULL,NULL,'sponge','facture/6305/6305.pdf',0,'',NULL,NULL,NULL,1,0,'2022-10-20',0,NULL,NULL,0,'EUR',1.00000000,2052.18200000,205.21800000,2257.40000000),(458,'6306',1,NULL,NULL,NULL,0,NULL,2898,'2022-10-19 16:49:00','2022-10-19',NULL,'2022-10-19 16:49:29',NULL,'2022-10-19 14:49:29',0,0.00000000,NULL,NULL,0,NULL,NULL,300.00000000,0.00000000,0.00000000,0.00000000,1500.00000000,1800.00000000,1,6,NULL,6,NULL,NULL,NULL,NULL,NULL,NULL,1,NULL,1,2,'2022-10-20',NULL,NULL,'sponge','facture/6306/6306.pdf',0,'',NULL,NULL,NULL,1,0,'2022-10-20',0,NULL,NULL,0,'EUR',1.00000000,1500.00000000,300.00000000,1800.00000000),(459,'6307',1,NULL,NULL,NULL,0,NULL,2898,'2022-10-19 17:51:29','2022-10-19',NULL,'2022-10-19 17:51:46',NULL,'2022-10-24 08:46:28',0,0.00000000,NULL,NULL,0,NULL,NULL,2000.00000000,0.00000000,0.00000000,0.00000000,10000.00000000,12000.00000000,1,6,NULL,6,NULL,NULL,NULL,NULL,NULL,NULL,1,NULL,3,2,'2022-11-30',NULL,NULL,'sponge','facture/6307/6307.pdf',0,'',NULL,NULL,NULL,1,0,'2022-10-20',0,NULL,NULL,0,'EUR',1.00000000,10000.00000000,2000.00000000,12000.00000000),(460,'6308',1,NULL,NULL,NULL,0,NULL,2880,'2022-10-19 18:40:32','2022-10-19',NULL,'2022-10-19 18:48:06',NULL,'2022-10-19 16:48:06',0,0.00000000,NULL,NULL,0,NULL,NULL,424.78000000,0.00000000,0.00000000,0.00000000,4247.80000000,4672.58000000,1,6,NULL,6,NULL,NULL,NULL,NULL,NULL,NULL,3,NULL,1,2,'2022-10-20',NULL,NULL,'sponge','facture/6308/6308.pdf',0,'',NULL,NULL,NULL,1,0,'2022-10-20',0,NULL,NULL,0,'EUR',1.00000000,4247.80000000,424.78000000,4672.58000000),(461,'6309',1,NULL,NULL,NULL,0,NULL,2835,'2022-10-21 09:21:28','2022-10-21',NULL,'2022-10-21 09:23:59',NULL,'2022-10-24 08:45:47',0,0.00000000,NULL,NULL,0,NULL,NULL,1809.80000000,0.00000000,0.00000000,0.00000000,9049.00000000,10858.80000000,1,6,NULL,6,NULL,NULL,NULL,NULL,NULL,NULL,1,NULL,3,2,'2022-11-30',NULL,NULL,'sponge','facture/6309/6309.pdf',0,'',NULL,NULL,NULL,1,0,'2022-10-22',0,NULL,NULL,0,'EUR',1.00000000,9049.00000000,1809.80000000,10858.80000000),(462,'6310',1,NULL,NULL,NULL,3,NULL,3052,'2022-10-24 09:51:41','2022-10-24',NULL,'2022-10-24 09:58:45','2022-10-24 09:58:56','2022-10-24 07:58:56',1,0.00000000,NULL,NULL,0,NULL,NULL,159.09100000,0.00000000,0.00000000,0.00000000,1590.90900000,1750.00000000,2,6,NULL,6,6,NULL,NULL,NULL,NULL,NULL,3,NULL,1,6,'2022-10-25',NULL,NULL,'sponge','facture/6310/6310.pdf',0,'',NULL,NULL,NULL,1,0,'2022-10-25',0,NULL,NULL,0,'EUR',1.00000000,1590.90900000,159.09100000,1750.00000000),(463,'6311',1,NULL,NULL,NULL,3,NULL,3165,'2022-10-24 10:13:48','2022-10-24',NULL,'2022-10-24 10:15:11','2022-10-24 10:16:06','2022-10-24 08:16:06',1,0.00000000,NULL,NULL,0,NULL,NULL,225.45500000,0.00000000,0.00000000,0.00000000,2254.54500000,2480.00000000,2,6,NULL,6,6,NULL,NULL,NULL,NULL,NULL,1,NULL,1,7,'2022-10-25',NULL,NULL,'sponge','facture/6311/6311.pdf',0,'',NULL,NULL,NULL,1,0,'2022-10-25',0,NULL,NULL,0,'EUR',1.00000000,2254.54500000,225.45500000,2480.00000000),(464,'6312',1,NULL,NULL,NULL,5,NULL,1,'2022-10-24 10:23:58','2022-10-14',NULL,'2022-10-24 11:55:21',NULL,'2022-10-24 09:55:21',0,0.00000000,NULL,NULL,0,NULL,NULL,0.00000000,0.00000000,0.00000000,0.00000000,7999.99800000,7999.99800000,1,6,NULL,6,NULL,NULL,NULL,NULL,NULL,NULL,NULL,NULL,16,2,'2022-12-15',NULL,NULL,'sponge','facture/6312/6312.pdf',0,'',NULL,2,1,0,0,'2022-12-22',0,NULL,NULL,0,'EUR',1.00000000,7999.99800000,0.00000000,7999.99800000),(465,'6313',1,NULL,NULL,NULL,0,NULL,3019,'2022-10-24 17:09:08','2022-10-24',NULL,'2022-10-24 17:09:38',NULL,'2022-10-24 15:09:38',0,0.00000000,NULL,NULL,0,NULL,NULL,151.22700000,0.00000000,0.00000000,0.00000000,1512.27300000,1663.50000000,1,6,NULL,6,NULL,NULL,NULL,NULL,NULL,NULL,3,NULL,1,2,'2022-10-25',NULL,NULL,'sponge','facture/6313/6313.pdf',0,'',NULL,NULL,NULL,1,0,'2022-10-25',0,NULL,NULL,0,'EUR',1.00000000,1512.27300000,151.22700000,1663.50000000),(466,'6314',1,NULL,NULL,NULL,0,NULL,3168,'2022-10-24 17:43:04','2022-10-24',NULL,'2022-10-24 17:43:22',NULL,'2022-10-24 15:43:23',0,0.00000000,NULL,NULL,0,NULL,NULL,354.00000000,0.00000000,0.00000000,0.00000000,1770.00000000,2124.00000000,1,6,NULL,6,NULL,NULL,NULL,NULL,NULL,NULL,1,NULL,1,2,'2022-10-25',NULL,NULL,'sponge','facture/6314/6314.pdf',0,'',NULL,NULL,NULL,1,0,'2022-10-25',0,NULL,NULL,0,'EUR',1.00000000,1770.00000000,354.00000000,2124.00000000),(467,'6315',1,NULL,NULL,NULL,0,NULL,3212,'2022-10-24 18:17:00','2022-10-24',NULL,'2022-10-24 18:17:12','2022-10-26 11:49:58','2022-10-26 09:49:58',1,0.00000000,NULL,NULL,0,NULL,NULL,301.00000000,0.00000000,0.00000000,0.00000000,3010.00000000,3311.00000000,2,6,NULL,6,6,NULL,NULL,NULL,NULL,NULL,3,NULL,1,2,'2022-10-25',NULL,NULL,'sponge','facture/6315/6315.pdf',0,'',NULL,NULL,NULL,1,0,'2022-10-25',0,NULL,NULL,0,'EUR',1.00000000,3010.00000000,301.00000000,3311.00000000),(468,'6316',1,NULL,NULL,NULL,3,NULL,3234,'2022-10-25 12:01:23','2022-10-25',NULL,'2022-10-25 12:02:08','2022-10-25 12:03:24','2022-10-25 10:03:24',1,0.00000000,NULL,NULL,0,NULL,NULL,86.23300000,0.00000000,0.00000000,0.00000000,431.16600000,517.39900000,2,6,NULL,6,6,NULL,NULL,NULL,NULL,NULL,3,NULL,1,6,'2022-10-26',NULL,NULL,'sponge','facture/6316/6316.pdf',0,'',NULL,NULL,NULL,1,0,'2022-10-26',0,NULL,NULL,0,'EUR',1.00000000,431.16600000,86.23300000,517.39900000),(469,'6317',1,NULL,NULL,NULL,3,NULL,3075,'2022-10-26 10:34:00','2022-10-26',NULL,'2022-10-26 10:35:44','2022-10-26 10:35:59','2022-10-26 08:35:59',1,0.00000000,NULL,NULL,0,NULL,NULL,42.66700000,0.00000000,0.00000000,0.00000000,213.33300000,256.00000000,2,6,NULL,6,6,NULL,NULL,NULL,NULL,NULL,3,NULL,1,6,'2022-10-27',NULL,NULL,'sponge','facture/6317/6317.pdf',0,'',NULL,NULL,NULL,1,0,'2022-10-27',0,NULL,NULL,0,'EUR',1.00000000,213.33300000,42.66700000,256.00000000),(470,'6318',1,NULL,NULL,NULL,0,NULL,3075,'2022-10-26 10:36:29','2022-10-26',NULL,'2022-10-26 10:37:02','2022-10-26 10:37:12','2022-10-26 08:37:12',1,0.00000000,NULL,NULL,0,NULL,NULL,64.03700000,0.00000000,0.00000000,0.00000000,320.18700000,384.22400000,2,6,NULL,6,6,NULL,NULL,NULL,NULL,NULL,3,NULL,1,6,'2022-10-27',NULL,NULL,'sponge','facture/6318/6318.pdf',0,'',NULL,NULL,NULL,1,0,'2022-10-27',0,NULL,NULL,0,'EUR',1.00000000,320.18700000,64.03700000,384.22400000),(471,'6319',1,NULL,NULL,NULL,3,NULL,3216,'2022-10-26 11:15:16','2022-10-26',NULL,'2022-10-26 11:18:02','2022-10-26 11:18:17','2022-10-26 09:18:17',1,0.00000000,NULL,NULL,0,NULL,NULL,62.00000000,0.00000000,0.00000000,0.00000000,620.00000000,682.00000000,2,6,NULL,6,6,NULL,NULL,NULL,NULL,NULL,NULL,NULL,1,7,'2022-10-27',NULL,NULL,'sponge','facture/6319/6319.pdf',0,'',NULL,NULL,NULL,1,0,'2022-10-27',0,NULL,NULL,0,'EUR',1.00000000,620.00000000,62.00000000,682.00000000),(472,'6320',1,NULL,NULL,NULL,3,NULL,3122,'2022-10-26 18:17:10','2022-10-26',NULL,'2022-10-26 18:19:14','2022-10-26 18:19:42','2022-10-26 16:19:42',1,0.00000000,NULL,NULL,0,NULL,NULL,840.00000000,0.00000000,0.00000000,0.00000000,8400.00000000,9240.00000000,2,6,NULL,6,6,NULL,NULL,NULL,NULL,NULL,3,NULL,1,7,'2022-10-27',NULL,NULL,'sponge','facture/6320/6320.pdf',0,'',NULL,NULL,NULL,1,0,'2022-10-27',0,NULL,NULL,0,'EUR',1.00000000,8400.00000000,840.00000000,9240.00000000),(473,'6321',1,NULL,NULL,NULL,0,NULL,3254,'2022-10-27 04:57:43','2022-10-27',NULL,'2022-10-27 04:58:25',NULL,'2022-10-27 02:58:26',0,0.00000000,NULL,NULL,0,NULL,NULL,78.99000000,0.00000000,0.00000000,0.00000000,394.95000000,473.94000000,1,2,NULL,2,NULL,NULL,NULL,NULL,NULL,NULL,1,NULL,1,2,'2022-10-28',NULL,NULL,'sponge','facture/6321/6321.pdf',0,'',NULL,NULL,NULL,1,0,'2022-10-28',0,NULL,'{\"concatpdf\":[\"condition ge\\u0301ne\\u0301ral de vente - cloture paloise.docx\"]}',0,'EUR',1.00000000,394.95000000,78.99000000,473.94000000),(474,'6322',1,NULL,NULL,NULL,0,NULL,1943,'2022-10-27 05:55:18','2022-10-27',NULL,'2022-10-27 05:57:02',NULL,'2022-10-27 03:57:02',0,0.00000000,NULL,NULL,0,NULL,NULL,125.66800000,0.00000000,0.00000000,0.00000000,628.34000000,754.00800000,1,2,NULL,2,NULL,NULL,NULL,NULL,NULL,NULL,1,NULL,1,2,'2022-10-28',NULL,NULL,'sponge','facture/6322/6322.pdf',0,'',NULL,NULL,NULL,1,0,'2022-10-28',0,NULL,NULL,0,'EUR',1.00000000,628.34000000,125.66800000,754.00800000),(475,'6323',1,NULL,NULL,NULL,0,NULL,1819,'2022-10-27 06:29:22','2022-10-27',NULL,'2022-10-27 06:29:34',NULL,'2022-10-27 04:29:34',0,0.00000000,NULL,NULL,0,NULL,NULL,274.97400000,0.00000000,0.00000000,0.00000000,1374.87100000,1649.84500000,1,2,NULL,2,NULL,NULL,NULL,NULL,NULL,NULL,1,NULL,1,2,'2022-10-28',NULL,NULL,'sponge','facture/6323/6323.pdf',0,'',NULL,NULL,NULL,1,0,'2022-10-28',0,NULL,'{\"concatpdf\":[\"condition ge\\u0301ne\\u0301ral de vente - cloture paloise.docx\"]}',0,'EUR',1.00000000,1374.87100000,274.97400000,1649.84500000),(476,'6324',1,NULL,NULL,NULL,3,NULL,2632,'2022-10-27 09:44:19','2022-10-27',NULL,'2022-10-27 09:45:10','2022-10-27 09:45:32','2022-10-27 07:45:32',1,0.00000000,NULL,NULL,0,NULL,NULL,58.00000000,0.00000000,0.00000000,0.00000000,580.00000000,638.00000000,2,6,NULL,6,6,NULL,NULL,NULL,NULL,NULL,NULL,NULL,1,7,'2022-10-28',NULL,NULL,'sponge','facture/6324/6324.pdf',0,'',NULL,NULL,NULL,1,0,'2022-10-28',0,NULL,NULL,0,'EUR',1.00000000,580.00000000,58.00000000,638.00000000),(478,'6325',1,NULL,NULL,NULL,3,NULL,2876,'2022-10-27 09:49:17','2022-10-27',NULL,'2022-10-27 09:50:18','2022-10-27 09:50:47','2022-10-27 07:50:47',1,0.00000000,NULL,NULL,0,NULL,NULL,618.18200000,0.00000000,0.00000000,0.00000000,6181.82000000,6800.00200000,2,6,NULL,6,6,NULL,NULL,NULL,NULL,NULL,1,NULL,1,7,'2022-10-28',NULL,NULL,'sponge','facture/6325/6325.pdf',0,'',NULL,NULL,NULL,1,0,'2022-10-28',0,NULL,NULL,0,'EUR',1.00000000,6181.82000000,618.18200000,6800.00200000),(479,'6326',1,NULL,NULL,NULL,0,NULL,2876,'2022-10-27 09:51:16','2022-10-27',NULL,'2022-10-27 09:51:42','2022-11-07 09:30:58','2022-11-07 08:30:58',1,0.00000000,NULL,NULL,0,NULL,NULL,927.21800000,0.00000000,0.00000000,0.00000000,9272.18000000,10199.39800000,2,6,NULL,6,6,NULL,NULL,NULL,NULL,NULL,3,NULL,1,2,'2022-10-28',NULL,NULL,'sponge','facture/6326/6326.pdf',0,'',NULL,NULL,NULL,1,0,'2022-10-28',0,NULL,'{\"concatpdf\":[\"condition ge\\u0301ne\\u0301ral de vente - cloture paloise.docx\"]}',0,'EUR',1.00000000,9272.18000000,927.21800000,10199.39800000),(480,'6327',1,NULL,NULL,NULL,0,NULL,3186,'2022-10-27 10:01:07','2022-10-27',NULL,'2022-10-27 10:01:45',NULL,'2022-10-27 08:01:46',0,0.00000000,NULL,NULL,0,NULL,NULL,15.05400000,0.00000000,0.00000000,0.00000000,75.27000000,90.32400000,1,6,NULL,6,NULL,NULL,NULL,NULL,NULL,NULL,1,NULL,1,2,'2022-10-28',NULL,NULL,'sponge','facture/6327/6327.pdf',0,'',NULL,NULL,NULL,0,0,'2022-10-28',0,NULL,'{\"concatpdf\":[\"condition ge\\u0301ne\\u0301ral de vente - cloture paloise.docx\"]}',0,'EUR',1.00000000,75.27000000,15.05400000,90.32400000),(481,'6328',1,NULL,NULL,NULL,0,NULL,2815,'2022-10-27 10:06:52','2022-10-27',NULL,'2022-10-27 10:09:59','2022-11-07 11:13:30','2022-11-07 10:13:30',1,0.00000000,NULL,NULL,0,NULL,NULL,800.01800000,0.00000000,0.00000000,0.00000000,4000.09000000,4800.10800000,2,6,NULL,6,6,NULL,NULL,NULL,NULL,NULL,1,NULL,3,2,'2022-11-30',NULL,NULL,'sponge','facture/6328/6328.pdf',0,'',NULL,NULL,NULL,1,0,'2022-11-30',0,NULL,'{\"concatpdf\":[\"condition ge\\u0301ne\\u0301ral de vente - cloture paloise.docx\"]}',0,'EUR',1.00000000,4000.09000000,800.01800000,4800.10800000),(483,'6329',1,NULL,NULL,NULL,0,NULL,2815,'2022-10-27 10:13:33','2022-10-27',NULL,'2022-10-27 10:14:44','2022-11-07 11:13:31','2022-11-07 10:13:31',1,0.00000000,NULL,NULL,0,NULL,NULL,49.22400000,0.00000000,0.00000000,0.00000000,246.12000000,295.34400000,2,6,NULL,6,6,NULL,NULL,NULL,NULL,NULL,NULL,NULL,3,2,'2022-11-30',NULL,NULL,'sponge','facture/6329/6329.pdf',0,'',NULL,NULL,NULL,0,0,'2022-11-30',0,NULL,'{\"concatpdf\":[\"condition ge\\u0301ne\\u0301ral de vente - cloture paloise.docx\"]}',0,'EUR',1.00000000,246.12000000,49.22400000,295.34400000),(485,'6330',1,NULL,NULL,NULL,0,NULL,2815,'2022-10-27 10:16:53','2022-10-27',NULL,'2022-10-27 10:17:42','2022-11-07 11:13:31','2022-11-07 10:13:31',1,0.00000000,NULL,NULL,0,NULL,NULL,77.69000000,0.00000000,0.00000000,0.00000000,388.45000000,466.14000000,2,6,NULL,6,6,NULL,NULL,NULL,NULL,NULL,NULL,NULL,3,2,'2022-11-30',NULL,NULL,'sponge','facture/6330/6330.pdf',0,'',NULL,NULL,NULL,1,0,'2022-11-30',0,NULL,'{\"concatpdf\":[\"condition ge\\u0301ne\\u0301ral de vente - cloture paloise.docx\"]}',0,'EUR',1.00000000,388.45000000,77.69000000,466.14000000),(486,'6331',1,NULL,NULL,NULL,0,NULL,2815,'2022-10-27 10:20:59','2022-10-27',NULL,'2022-10-27 10:23:21','2022-11-07 11:13:31','2022-11-07 10:13:31',1,0.00000000,NULL,NULL,0,NULL,NULL,521.81600000,0.00000000,0.00000000,0.00000000,2609.08000000,3130.89600000,2,6,NULL,6,6,NULL,NULL,NULL,NULL,NULL,NULL,NULL,3,2,'2022-11-30',NULL,NULL,'sponge','facture/6331/6331.pdf',0,'',NULL,NULL,NULL,1,0,'2022-11-30',0,NULL,'{\"concatpdf\":[\"condition ge\\u0301ne\\u0301ral de vente - cloture paloise.docx\"]}',0,'EUR',1.00000000,2609.08000000,521.81600000,3130.89600000),(487,'6332',1,NULL,NULL,NULL,3,NULL,3201,'2022-10-27 11:07:52','2022-10-27',NULL,'2022-10-27 11:09:07',NULL,'2022-10-27 09:09:07',0,0.00000000,NULL,NULL,0,NULL,NULL,128.18200000,0.00000000,0.00000000,0.00000000,1281.81800000,1410.00000000,1,6,NULL,6,NULL,NULL,NULL,NULL,NULL,NULL,NULL,NULL,1,4,'2022-10-28',NULL,NULL,'sponge','facture/6332/6332.pdf',0,'',NULL,NULL,NULL,1,0,'2022-10-28',0,NULL,NULL,0,'EUR',1.00000000,1281.81800000,128.18200000,1410.00000000),(490,'6333',1,NULL,NULL,NULL,0,NULL,2480,'2022-10-27 11:13:35','2022-10-27',NULL,'2022-10-27 11:13:39',NULL,'2022-10-27 09:13:54',0,0.00000000,NULL,NULL,0,NULL,NULL,370.26400000,0.00000000,0.00000000,0.00000000,1851.32000000,2221.58400000,1,6,NULL,6,NULL,NULL,NULL,NULL,NULL,NULL,1,NULL,3,2,'2022-11-30',NULL,NULL,'sponge','facture/6333/6333.pdf',0,'',NULL,NULL,NULL,1,0,'2022-11-30',0,NULL,'{\"concatpdf\":[\"condition ge\\u0301ne\\u0301ral de vente - cloture paloise.docx\"]}',0,'EUR',1.00000000,1851.32000000,370.26400000,2221.58400000),(492,'6334',1,NULL,NULL,NULL,0,NULL,2480,'2022-10-27 11:18:08','2022-10-27',NULL,'2022-10-27 11:19:50',NULL,'2022-10-27 09:19:50',0,0.00000000,NULL,NULL,0,NULL,NULL,268.44000000,0.00000000,0.00000000,0.00000000,1342.20000000,1610.64000000,1,6,NULL,6,NULL,NULL,NULL,NULL,NULL,NULL,1,NULL,3,2,'2022-11-30',NULL,NULL,'sponge','facture/6334/6334.pdf',0,'',NULL,NULL,NULL,1,0,'2022-11-30',0,NULL,'{\"concatpdf\":[\"condition ge\\u0301ne\\u0301ral de vente - cloture paloise.docx\"]}',0,'EUR',1.00000000,1342.20000000,268.44000000,1610.64000000),(494,'6335',1,NULL,NULL,NULL,0,NULL,2480,'2022-10-27 11:51:35','2022-10-27',NULL,'2022-10-27 11:51:43',NULL,'2022-10-27 09:51:43',0,0.00000000,NULL,NULL,0,NULL,NULL,345.78200000,0.00000000,0.00000000,0.00000000,1728.91000000,2074.69200000,1,6,NULL,6,NULL,NULL,NULL,NULL,NULL,NULL,1,NULL,3,2,'2022-11-30',NULL,NULL,'sponge','facture/6335/6335.pdf',0,'',NULL,NULL,NULL,1,0,'2022-11-30',0,NULL,'{\"concatpdf\":[\"condition ge\\u0301ne\\u0301ral de vente - cloture paloise.docx\"]}',0,'EUR',1.00000000,1728.91000000,345.78200000,2074.69200000),(495,'6336',1,NULL,NULL,NULL,0,NULL,1512,'2022-10-27 14:42:22','2022-10-27',NULL,'2022-10-27 14:45:59',NULL,'2022-10-27 12:45:59',0,0.00000000,NULL,NULL,0,NULL,NULL,176.00000000,0.00000000,0.00000000,0.00000000,880.00000000,1056.00000000,1,6,NULL,6,NULL,NULL,NULL,NULL,NULL,NULL,1,NULL,1,2,'2022-10-28',NULL,NULL,'sponge','facture/6336/6336.pdf',0,'',NULL,NULL,NULL,1,0,'2022-10-28',0,NULL,NULL,0,'EUR',1.00000000,880.00000000,176.00000000,1056.00000000),(496,'6337',1,NULL,NULL,NULL,0,NULL,3259,'2022-10-27 15:58:24','2022-10-27',NULL,'2022-10-27 16:00:46','2022-10-27 16:01:26','2022-10-27 14:01:26',1,0.00000000,NULL,NULL,0,NULL,NULL,8.00000000,0.00000000,0.00000000,0.00000000,40.00000000,48.00000000,2,7,NULL,7,7,NULL,NULL,NULL,NULL,NULL,NULL,NULL,1,4,'2022-10-28',NULL,NULL,'sponge','facture/6337/6337.pdf',0,'',NULL,NULL,NULL,1,0,'2022-10-28',0,NULL,NULL,0,'EUR',1.00000000,40.00000000,8.00000000,48.00000000),(497,'6338',1,NULL,NULL,NULL,3,NULL,3003,'2022-11-02 09:55:08','2022-11-02',NULL,'2022-11-02 09:56:02','2022-11-02 09:56:45','2022-11-02 08:56:45',1,0.00000000,NULL,NULL,0,NULL,NULL,92.72700000,0.00000000,0.00000000,0.00000000,927.27200000,1019.99900000,2,6,NULL,6,6,NULL,NULL,NULL,NULL,NULL,3,NULL,1,7,'2022-11-03',NULL,NULL,'sponge','facture/6338/6338.pdf',0,'',NULL,NULL,NULL,1,0,'2022-11-03',0,NULL,'{\"concatpdf\":[\"condition ge\\u0301ne\\u0301ral de vente - cloture paloise.docx\"]}',0,'EUR',1.00000000,927.27200000,92.72700000,1019.99900000),(498,'6339',1,NULL,NULL,NULL,3,NULL,3163,'2022-11-02 10:07:35','2022-11-02',NULL,'2022-11-02 10:08:14','2022-11-02 10:08:35','2022-11-02 09:08:35',1,0.00000000,NULL,NULL,0,NULL,NULL,91.45500000,0.00000000,0.00000000,0.00000000,914.54500000,1006.00000000,2,6,NULL,6,6,NULL,NULL,NULL,NULL,NULL,1,NULL,1,2,'2022-11-03',NULL,NULL,'sponge','facture/6339/6339.pdf',0,'',NULL,NULL,NULL,1,0,'2022-11-03',0,NULL,NULL,0,'EUR',1.00000000,914.54500000,91.45500000,1006.00000000),(499,'6340',1,NULL,NULL,NULL,0,NULL,3165,'2022-11-03 09:40:26','2022-10-31',NULL,'2022-11-03 09:40:52',NULL,'2022-11-03 08:41:13',0,0.00000000,NULL,NULL,0,NULL,NULL,338.01500000,0.00000000,0.00000000,0.00000000,3380.15500000,3718.17000000,1,6,NULL,6,NULL,NULL,NULL,NULL,NULL,NULL,3,NULL,1,2,'2022-11-04',NULL,NULL,'sponge','facture/6340/6340.pdf',0,'',NULL,NULL,NULL,1,0,'2022-11-04',0,NULL,'{\"concatpdf\":[\"condition ge\\u0301ne\\u0301ral de vente - cloture paloise.docx\"]}',0,'EUR',1.00000000,3380.15500000,338.01500000,3718.17000000),(500,'6341',1,NULL,NULL,NULL,3,NULL,3079,'2022-11-03 16:41:06','2022-10-31',NULL,'2022-11-03 16:43:07','2022-11-03 16:43:30','2022-11-03 15:43:30',1,0.00000000,NULL,NULL,0,NULL,NULL,175.80000000,0.00000000,0.00000000,0.00000000,1758.00000000,1933.80000000,2,6,NULL,6,6,NULL,NULL,NULL,NULL,NULL,1,NULL,1,7,'2022-11-01',NULL,NULL,'sponge','facture/6341/6341.pdf',0,'',NULL,NULL,NULL,1,0,'2022-11-01',0,NULL,NULL,0,'EUR',1.00000000,1758.00000000,175.80000000,1933.80000000),(501,'6342',1,NULL,NULL,NULL,0,NULL,2778,'2022-11-07 09:31:54','2022-11-07',NULL,'2022-11-07 09:32:16',NULL,'2022-11-07 08:32:17',0,0.00000000,NULL,NULL,0,NULL,NULL,152.00000000,0.00000000,0.00000000,0.00000000,760.00000000,912.00000000,1,6,NULL,6,NULL,NULL,NULL,NULL,NULL,NULL,1,NULL,1,2,'2022-11-08',NULL,NULL,'sponge','facture/6342/6342.pdf',0,'',NULL,NULL,NULL,1,0,'2022-11-08',0,NULL,'{\"concatpdf\":[\"condition ge\\u0301ne\\u0301ral de vente - cloture paloise.docx\"]}',0,'EUR',1.00000000,760.00000000,152.00000000,912.00000000),(502,'6343',1,NULL,NULL,NULL,0,NULL,2368,'2022-11-07 09:35:43','2022-11-07',NULL,'2022-11-07 09:35:57',NULL,'2022-11-07 08:36:02',0,0.00000000,NULL,NULL,0,NULL,NULL,48.50000000,0.00000000,0.00000000,0.00000000,485.00000000,533.50000000,1,6,NULL,6,NULL,NULL,NULL,NULL,NULL,NULL,1,NULL,1,2,'2022-11-08',NULL,NULL,'sponge','facture/6343/6343.pdf',0,'',NULL,NULL,NULL,1,0,'2022-11-08',0,NULL,'{\"concatpdf\":[\"condition ge\\u0301ne\\u0301ral de vente - cloture paloise.docx\"]}',0,'EUR',1.00000000,485.00000000,48.50000000,533.50000000),(503,'6344',1,NULL,NULL,NULL,0,NULL,3003,'2022-11-07 10:14:04','2022-11-07',NULL,'2022-11-07 10:14:21',NULL,'2022-11-07 09:14:26',0,0.00000000,NULL,NULL,0,NULL,NULL,138.67300000,0.00000000,0.00000000,0.00000000,1386.72800000,1525.40100000,1,6,NULL,6,NULL,NULL,NULL,NULL,NULL,NULL,3,NULL,1,2,'2022-11-08',NULL,NULL,'sponge','facture/6344/6344.pdf',0,'',NULL,NULL,NULL,1,0,'2022-11-08',0,NULL,'{\"concatpdf\":[\"condition ge\\u0301ne\\u0301ral de vente - cloture paloise.docx\"]}',0,'EUR',1.00000000,1386.72800000,138.67300000,1525.40100000),(504,'6345',1,NULL,NULL,NULL,3,NULL,3198,'2022-11-07 10:24:55','2022-11-07',NULL,'2022-11-07 10:25:51','2022-11-07 10:26:01','2022-11-07 09:26:01',1,0.00000000,NULL,NULL,0,NULL,NULL,93.18200000,0.00000000,0.00000000,0.00000000,931.81800000,1025.00000000,2,6,NULL,6,6,NULL,NULL,NULL,NULL,NULL,1,NULL,1,2,'2022-11-08',NULL,NULL,'sponge','facture/6345/6345.pdf',0,'',NULL,NULL,NULL,1,0,'2022-11-08',0,NULL,NULL,0,'EUR',1.00000000,931.81800000,93.18200000,1025.00000000),(505,'6346',1,NULL,NULL,NULL,0,NULL,3198,'2022-11-07 10:55:09','2022-11-07',NULL,'2022-11-07 10:55:22',NULL,'2022-11-07 09:55:37',0,0.00000000,NULL,NULL,0,NULL,NULL,258.81800000,0.00000000,0.00000000,0.00000000,2588.18200000,2847.00000000,1,6,NULL,6,NULL,NULL,NULL,NULL,NULL,NULL,1,NULL,1,2,'2022-11-08',NULL,NULL,'sponge','facture/6346/6346.pdf',0,'',NULL,NULL,NULL,1,0,'2022-11-08',0,NULL,'{\"concatpdf\":[\"condition ge\\u0301ne\\u0301ral de vente - cloture paloise.docx\"]}',0,'EUR',1.00000000,2588.18200000,258.81800000,2847.00000000),(506,'6347',1,NULL,NULL,NULL,3,NULL,3272,'2022-11-07 11:46:08','2022-11-07',NULL,'2022-11-07 11:46:47','2022-11-07 11:46:55','2022-11-07 10:46:55',1,0.00000000,NULL,NULL,0,NULL,NULL,190.90900000,0.00000000,0.00000000,0.00000000,1909.09000000,2099.99900000,2,6,NULL,6,6,NULL,NULL,NULL,NULL,NULL,1,NULL,1,7,'2022-11-08',NULL,NULL,'sponge','facture/6347/6347.pdf',0,'',NULL,NULL,NULL,1,0,'2022-11-08',0,NULL,NULL,0,'EUR',1.00000000,1909.09000000,190.90900000,2099.99900000),(507,'6348',1,NULL,NULL,NULL,0,NULL,2578,'2022-11-07 15:06:16','2022-11-07',NULL,'2022-11-07 15:08:40',NULL,'2022-11-07 14:08:41',0,0.00000000,NULL,NULL,0,NULL,NULL,5.32000000,0.00000000,0.00000000,0.00000000,26.60000000,31.92000000,1,5,NULL,5,NULL,NULL,NULL,NULL,NULL,NULL,NULL,NULL,1,2,'2022-11-08',NULL,NULL,'sponge','facture/6348/6348.pdf',0,'',NULL,NULL,NULL,1,0,'2022-11-08',0,NULL,NULL,0,'EUR',1.00000000,26.60000000,5.32000000,31.92000000);

--
