-- Table structure for table `llx_blockedlog`
--

CREATE TABLE `llx_blockedlog` (
  `rowid` int(11) NOT NULL AUTO_INCREMENT,
  `entity` int(11) NOT NULL DEFAULT 1,
  `date_creation` datetime DEFAULT NULL,
  `tms` timestamp NOT NULL DEFAULT current_timestamp() ON UPDATE current_timestamp(),
  `action` varchar(50) DEFAULT NULL,
  `amounts` double(24,8) NOT NULL,
  `element` varchar(50) DEFAULT NULL,
  `fk_user` int(11) DEFAULT NULL,
  `user_fullname` varchar(255) DEFAULT NULL,
  `fk_object` int(11) DEFAULT NULL,
  `ref_object` varchar(255) DEFAULT NULL,
  `date_object` datetime DEFAULT NULL,
  `signature` varchar(100) NOT NULL,
  `signature_line` varchar(100) NOT NULL,
  `object_data` mediumtext DEFAULT NULL,
  `object_version` varchar(32) DEFAULT '',
  `certified` int(11) DEFAULT NULL,
  PRIMARY KEY (`rowid`),
  KEY `signature` (`signature`),
  KEY `fk_object_element` (`fk_object`,`element`),
  KEY `entity` (`entity`),
  KEY `fk_user` (`fk_user`),
  KEY `entity_action` (`entity`,`action`),
  KEY `entity_action_certified` (`entity`,`action`,`certified`)
) ENGINE=InnoDB AUTO_INCREMENT=55 DEFAULT CHARSET=utf8 COLLATE=utf8_unicode_ci;

--
-- Dumping data for table `llx_blockedlog`
--

INSERT INTO `llx_blockedlog` (`rowid`, `entity`, `date_creation`, `tms`, `action`, `amounts`, `element`, `fk_user`, `user_fullname`, `fk_object`, `ref_object`, `date_object`, `signature`, `signature_line`, `object_data`, `object_version`, `certified`) VALUES (1,1,'2024-04-08 14:33:04','2024-04-08 12:33:04','MODULE_SET',0.00000000,'module',1,'SuperAdmin',1,'systemevent','2024-04-08 14:33:04','bc0347d03ed985a9c0e50dbb0038207fde86343f801cf0815381539856b141a9','6d5f07a6eee80d206af1691e485482b21ff35c3aeb1d0e7f8434fdea74e890c1','{\"mycompany\":{\"name\":\"LA GRANGE\",\"phone\":\"0625542465\",\"email\":\"contact@bieres-lagrange.fr\",\"idprof1\":\"891403750\",\"idprof2\":\"89140375000013\",\"idprof3\":\"1105Z\",\"tva_intra\":\"FR26891403750\",\"localtax1_assuj\":0,\"localtax2_assuj\":0,\"managers\":\"Jouanchich Laurence\",\"forme_juridique_code\":\"0\",\"country_code\":\"FR\",\"address\":\"13 RUE DE L\'OUSSE\",\"zip\":\"64420\",\"town\":\"NOUSTY\"},\"id\":1,\"element\":\"module\",\"ref\":\"systemevent\",\"entity\":1,\"date\":1712579584}','18',0),(2,1,'2024-04-09 16:07:14','2024-04-09 14:07:14','BILL_VALIDATE',102.96000000,'facture',2,'Laurence Juanchich',1969,'FA2404-1021','2024-04-08 00:00:00','28d1458cdd08fa074f7a204b2153cf365442ea1f8f42c9c2d18dc72bdda28ffe','55042db3cc53388aa57c1a8656afe177d623f768f20d63c5f478084d169bd11d','{\"thirdparty\":{\"name\":\"CARREFOUR CONTACT GAN I CEDCAZ\",\"phone\":\"0668763377\",\"email\":\"cedric_cazenave_1@franchise.carrefour.com\",\"localtax1_value\":\"0.0000\",\"localtax2_value\":\"0.0000\",\"code_client\":\"CU2309-00504\",\"country_code\":\"FR\",\"state_code\":\"64\",\"address\":\"Av. Henri IV\",\"zip\":\"64290\",\"town\":\"GAN\"},\"mycompany\":{\"name\":\"LA GRANGE\",\"phone\":\"0625542465\",\"email\":\"contact@bieres-lagrange.fr\",\"idprof1\":\"891403750\",\"idprof2\":\"89140375000013\",\"idprof3\":\"1105Z\",\"tva_intra\":\"FR26891403750\",\"localtax1_assuj\":0,\"localtax2_assuj\":0,\"managers\":\"Jouanchich Laurence\",\"forme_juridique_code\":\"0\",\"country_code\":\"FR\",\"address\":\"13 RUE DE L\'OUSSE\",\"zip\":\"64420\",\"town\":\"NOUSTY\"},\"date\":1712527200,\"total_ht\":85.8,\"total_tva\":17.16,\"total_ttc\":102.96,\"revenuestamp\":\"0.00000000\",\"invoiceline\":{\"1\":{\"multicurrency_code\":\"EUR\",\"multicurrency_total_ht\":\"21.00000000\",\"multicurrency_total_tva\":\"4.20000000\",\"multicurrency_total_ttc\":\"25.20000000\",\"ref\":\"BLONDE_PALE_ALE-75\",\"product_type\":\"0\",\"qty\":\"6\",\"tva_tx\":\"20.0000\",\"localtax1_tx\":\"0.0000\",\"localtax2_tx\":\"0.0000\",\"total_ht\":\"21.00000000\",\"total_tva\":\"4.20000000\",\"total_localtax1\":\"0.00000000\",\"total_localtax2\":\"0.00000000\",\"total_ttc\":\"25.20000000\",\"info_bits\":\"0\"},\"2\":{\"multicurrency_code\":\"EUR\",\"multicurrency_total_ht\":\"21.60000000\",\"multicurrency_total_tva\":\"4.32000000\",\"multicurrency_total_ttc\":\"25.92000000\",\"ref\":\"IPA-75\",\"product_type\":\"0\",\"qty\":\"6\",\"tva_tx\":\"20.0000\",\"localtax1_tx\":\"0.0000\",\"localtax2_tx\":\"0.0000\",\"total_ht\":\"21.60000000\",\"total_tva\":\"4.32000000\",\"total_localtax1\":\"0.00000000\",\"total_localtax2\":\"0.00000000\",\"total_ttc\":\"25.92000000\",\"info_bits\":\"0\"},\"3\":{\"multicurrency_code\":\"EUR\",\"multicurrency_total_ht\":\"21.00000000\",\"multicurrency_total_tva\":\"4.20000000\",\"multicurrency_total_ttc\":\"25.20000000\",\"ref\":\"BLONDE_PILSEN-75\",\"product_type\":\"0\",\"qty\":\"6\",\"tva_tx\":\"20.0000\",\"localtax1_tx\":\"0.0000\",\"localtax2_tx\":\"0.0000\",\"total_ht\":\"21.00000000\",\"total_tva\":\"4.20000000\",\"total_localtax1\":\"0.00000000\",\"total_localtax2\":\"0.00000000\",\"total_ttc\":\"25.20000000\",\"info_bits\":\"0\"},\"4\":{\"multicurrency_code\":\"EUR\",\"multicurrency_total_ht\":\"22.20000000\",\"multicurrency_total_tva\":\"4.44000000\",\"multicurrency_total_ttc\":\"26.64000000\",\"ref\":\"BRUNE-75\",\"product_type\":\"0\",\"qty\":\"6\",\"tva_tx\":\"20.0000\",\"localtax1_tx\":\"0.0000\",\"localtax2_tx\":\"0.0000\",\"total_ht\":\"22.20000000\",\"total_tva\":\"4.44000000\",\"total_localtax1\":\"0.00000000\",\"total_localtax2\":\"0.00000000\",\"total_ttc\":\"26.64000000\",\"info_bits\":\"0\"}},\"type\":\"0\",\"ref\":\"FA2404-1021\"}','18',0),(3,1,'2024-04-09 16:07:16','2024-04-09 14:07:16','DOC_DOWNLOAD',102.96000000,'facture',2,'Laurence Juanchich',1969,'FA2404-1021','2024-04-08 00:00:00','9c0fc668f29cc1ef83092027bb1d5264dba964cfb84da85d2e208442e98137d1','3dd77b351c8c9db56f865bfc08c1200eb96794e88c3df81282278b581d199ff3','{\"thirdparty\":{\"name\":\"CARREFOUR CONTACT GAN I CEDCAZ\",\"phone\":\"0668763377\",\"email\":\"cedric_cazenave_1@franchise.carrefour.com\",\"localtax1_value\":\"0.0000\",\"localtax2_value\":\"0.0000\",\"code_client\":\"CU2309-00504\",\"country_code\":\"FR\",\"state_code\":\"64\",\"address\":\"Av. Henri IV\",\"zip\":\"64290\",\"town\":\"GAN\"},\"mycompany\":{\"name\":\"LA GRANGE\",\"phone\":\"0625542465\",\"email\":\"contact@bieres-lagrange.fr\",\"idprof1\":\"891403750\",\"idprof2\":\"89140375000013\",\"idprof3\":\"1105Z\",\"tva_intra\":\"FR26891403750\",\"localtax1_assuj\":0,\"localtax2_assuj\":0,\"managers\":\"Jouanchich Laurence\",\"forme_juridique_code\":\"0\",\"country_code\":\"FR\",\"address\":\"13 RUE DE L\'OUSSE\",\"zip\":\"64420\",\"town\":\"NOUSTY\"},\"date\":1712527200,\"total_ht\":\"85.80000000\",\"total_tva\":\"17.16000000\",\"total_ttc\":\"102.96000000\",\"revenuestamp\":\"0.00000000\",\"invoiceline\":{\"1\":{\"multicurrency_code\":\"EUR\",\"multicurrency_total_ht\":\"21.00000000\",\"multicurrency_total_tva\":\"4.20000000\",\"multicurrency_total_ttc\":\"25.20000000\",\"ref\":\"BLONDE_PALE_ALE-75\",\"product_type\":\"0\",\"qty\":\"6\",\"tva_tx\":\"20.0000\",\"localtax1_tx\":\"0.0000\",\"localtax2_tx\":\"0.0000\",\"total_ht\":\"21.00000000\",\"total_tva\":\"4.20000000\",\"total_localtax1\":\"0.00000000\",\"total_localtax2\":\"0.00000000\",\"total_ttc\":\"25.20000000\",\"info_bits\":\"0\"},\"2\":{\"multicurrency_code\":\"EUR\",\"multicurrency_total_ht\":\"21.60000000\",\"multicurrency_total_tva\":\"4.32000000\",\"multicurrency_total_ttc\":\"25.92000000\",\"ref\":\"IPA-75\",\"product_type\":\"0\",\"qty\":\"6\",\"tva_tx\":\"20.0000\",\"localtax1_tx\":\"0.0000\",\"localtax2_tx\":\"0.0000\",\"total_ht\":\"21.60000000\",\"total_tva\":\"4.32000000\",\"total_localtax1\":\"0.00000000\",\"total_localtax2\":\"0.00000000\",\"total_ttc\":\"25.92000000\",\"info_bits\":\"0\"},\"3\":{\"multicurrency_code\":\"EUR\",\"multicurrency_total_ht\":\"21.00000000\",\"multicurrency_total_tva\":\"4.20000000\",\"multicurrency_total_ttc\":\"25.20000000\",\"ref\":\"BLONDE_PILSEN-75\",\"product_type\":\"0\",\"qty\":\"6\",\"tva_tx\":\"20.0000\",\"localtax1_tx\":\"0.0000\",\"localtax2_tx\":\"0.0000\",\"total_ht\":\"21.00000000\",\"total_tva\":\"4.20000000\",\"total_localtax1\":\"0.00000000\",\"total_localtax2\":\"0.00000000\",\"total_ttc\":\"25.20000000\",\"info_bits\":\"0\"},\"4\":{\"multicurrency_code\":\"EUR\",\"multicurrency_total_ht\":\"22.20000000\",\"multicurrency_total_tva\":\"4.44000000\",\"multicurrency_total_ttc\":\"26.64000000\",\"ref\":\"BRUNE-75\",\"product_type\":\"0\",\"qty\":\"6\",\"tva_tx\":\"20.0000\",\"localtax1_tx\":\"0.0000\",\"localtax2_tx\":\"0.0000\",\"total_ht\":\"22.20000000\",\"total_tva\":\"4.44000000\",\"total_localtax1\":\"0.00000000\",\"total_localtax2\":\"0.00000000\",\"total_ttc\":\"26.64000000\",\"info_bits\":\"0\"}},\"type\":\"0\",\"ref\":\"FA2404-1021\"}','18',0),(4,1,'2024-04-09 16:08:22','2024-04-09 14:08:22','BILL_SENTBYMAIL',102.96000000,'facture',2,'Laurence Juanchich',1969,'FA2404-1021','2024-04-08 00:00:00','481d30f2acb499974bae1083aea0bbdb482a15c4897e0642be131800e5e42718','e75839ac4f7d4030234f69e9df932233eeef93d0829c9da417045fbba69d99e3','{\"thirdparty\":{\"name\":\"CARREFOUR CONTACT GAN I CEDCAZ\",\"phone\":\"0668763377\",\"email\":\"cedric_cazenave_1@franchise.carrefour.com\",\"localtax1_value\":\"0.0000\",\"localtax2_value\":\"0.0000\",\"code_client\":\"CU2309-00504\",\"country_code\":\"FR\",\"state_code\":\"64\",\"address\":\"Av. Henri IV\",\"zip\":\"64290\",\"town\":\"GAN\"},\"mycompany\":{\"name\":\"LA GRANGE\",\"phone\":\"0625542465\",\"email\":\"contact@bieres-lagrange.fr\",\"idprof1\":\"891403750\",\"idprof2\":\"89140375000013\",\"idprof3\":\"1105Z\",\"tva_intra\":\"FR26891403750\",\"localtax1_assuj\":0,\"localtax2_assuj\":0,\"managers\":\"Jouanchich Laurence\",\"forme_juridique_code\":\"0\",\"country_code\":\"FR\",\"address\":\"13 RUE DE L\'OUSSE\",\"zip\":\"64420\",\"town\":\"NOUSTY\"},\"date\":1712527200,\"total_ht\":\"85.80000000\",\"total_tva\":\"17.16000000\",\"total_ttc\":\"102.96000000\",\"revenuestamp\":\"0.00000000\",\"invoiceline\":{\"1\":{\"multicurrency_code\":\"EUR\",\"multicurrency_total_ht\":\"21.00000000\",\"multicurrency_total_tva\":\"4.20000000\",\"multicurrency_total_ttc\":\"25.20000000\",\"ref\":\"BLONDE_PALE_ALE-75\",\"product_type\":\"0\",\"qty\":\"6\",\"tva_tx\":\"20.0000\",\"localtax1_tx\":\"0.0000\",\"localtax2_tx\":\"0.0000\",\"total_ht\":\"21.00000000\",\"total_tva\":\"4.20000000\",\"total_localtax1\":\"0.00000000\",\"total_localtax2\":\"0.00000000\",\"total_ttc\":\"25.20000000\",\"info_bits\":\"0\"},\"2\":{\"multicurrency_code\":\"EUR\",\"multicurrency_total_ht\":\"21.60000000\",\"multicurrency_total_tva\":\"4.32000000\",\"multicurrency_total_ttc\":\"25.92000000\",\"ref\":\"IPA-75\",\"product_type\":\"0\",\"qty\":\"6\",\"tva_tx\":\"20.0000\",\"localtax1_tx\":\"0.0000\",\"localtax2_tx\":\"0.0000\",\"total_ht\":\"21.60000000\",\"total_tva\":\"4.32000000\",\"total_localtax1\":\"0.00000000\",\"total_localtax2\":\"0.00000000\",\"total_ttc\":\"25.92000000\",\"info_bits\":\"0\"},\"3\":{\"multicurrency_code\":\"EUR\",\"multicurrency_total_ht\":\"21.00000000\",\"multicurrency_total_tva\":\"4.20000000\",\"multicurrency_total_ttc\":\"25.20000000\",\"ref\":\"BLONDE_PILSEN-75\",\"product_type\":\"0\",\"qty\":\"6\",\"tva_tx\":\"20.0000\",\"localtax1_tx\":\"0.0000\",\"localtax2_tx\":\"0.0000\",\"total_ht\":\"21.00000000\",\"total_tva\":\"4.20000000\",\"total_localtax1\":\"0.00000000\",\"total_localtax2\":\"0.00000000\",\"total_ttc\":\"25.20000000\",\"info_bits\":\"0\"},\"4\":{\"multicurrency_code\":\"EUR\",\"multicurrency_total_ht\":\"22.20000000\",\"multicurrency_total_tva\":\"4.44000000\",\"multicurrency_total_ttc\":\"26.64000000\",\"ref\":\"BRUNE-75\",\"product_type\":\"0\",\"qty\":\"6\",\"tva_tx\":\"20.0000\",\"localtax1_tx\":\"0.0000\",\"localtax2_tx\":\"0.0000\",\"total_ht\":\"22.20000000\",\"total_tva\":\"4.44000000\",\"total_localtax1\":\"0.00000000\",\"total_localtax2\":\"0.00000000\",\"total_ttc\":\"26.64000000\",\"info_bits\":\"0\"}},\"type\":\"0\",\"ref\":\"FA2404-1021\"}','18',0),(5,1,'2024-04-09 16:43:21','2024-04-09 14:43:21','PAYMENT_VARIOUS_CREATE',165.05000000,'payment_various',2,'Laurence Juanchich',738,'738','2024-03-15 00:00:00','96aa5c6b2469cf8ac73c16c894aa156463b05fd1a5b4e2ddb9af9bf8f2eebf52','fe583a92ffe2dace6da7dbe73ea0e11976cc60d01d788cfb6a575a7299d99175','{\"mycompany\":{\"name\":\"LA GRANGE\",\"phone\":\"0625542465\",\"email\":\"contact@bieres-lagrange.fr\",\"idprof1\":\"891403750\",\"idprof2\":\"89140375000013\",\"idprof3\":\"1105Z\",\"tva_intra\":\"FR26891403750\",\"localtax1_assuj\":0,\"localtax2_assuj\":0,\"managers\":\"Jouanchich Laurence\",\"forme_juridique_code\":\"0\",\"country_code\":\"FR\",\"address\":\"13 RUE DE L\'OUSSE\",\"zip\":\"64420\",\"town\":\"NOUSTY\"},\"ref\":738,\"date\":1710457200,\"type_code\":\"PRE\",\"amount\":\"165.05\"}','18',0),(6,1,'2024-04-09 16:54:01','2024-04-09 14:54:01','PAYMENT_VARIOUS_CREATE',0.35000000,'payment_various',2,'Laurence Juanchich',739,'739','2024-03-21 00:00:00','14577cef248838a219278c0fef0d8730b6da36130bc38f650f464f86fb9765f3','7107809d227ed38ba62038b0aa691d9767de012cc8ff86857ec8c9646c9e0d9a','{\"mycompany\":{\"name\":\"LA GRANGE\",\"phone\":\"0625542465\",\"email\":\"contact@bieres-lagrange.fr\",\"idprof1\":\"891403750\",\"idprof2\":\"89140375000013\",\"idprof3\":\"1105Z\",\"tva_intra\":\"FR26891403750\",\"localtax1_assuj\":0,\"localtax2_assuj\":0,\"managers\":\"Jouanchich Laurence\",\"forme_juridique_code\":\"0\",\"country_code\":\"FR\",\"address\":\"13 RUE DE L\'OUSSE\",\"zip\":\"64420\",\"town\":\"NOUSTY\"},\"ref\":739,\"date\":1710975600,\"type_code\":\"PRE\",\"amount\":\"0.35\"}','18',0),(7,1,'2024-04-09 17:03:02','2024-04-09 15:03:02','PAYMENT_VARIOUS_CREATE',7235.99000000,'payment_various',2,'Laurence Juanchich',740,'740','2024-03-22 00:00:00','e347653596bbff3c73e90a1b4fbf35fb3a8a593e9067d41a099c0f5c5d7cbae1','14f9cbb631f008f0c3f3edaa7cbe8550fe440c77a591bdc2bd08ca3498bf9c13','{\"mycompany\":{\"name\":\"LA GRANGE\",\"phone\":\"0625542465\",\"email\":\"contact@bieres-lagrange.fr\",\"idprof1\":\"891403750\",\"idprof2\":\"89140375000013\",\"idprof3\":\"1105Z\",\"tva_intra\":\"FR26891403750\",\"localtax1_assuj\":0,\"localtax2_assuj\":0,\"managers\":\"Jouanchich Laurence\",\"forme_juridique_code\":\"0\",\"country_code\":\"FR\",\"address\":\"13 RUE DE L\'OUSSE\",\"zip\":\"64420\",\"town\":\"NOUSTY\"},\"ref\":740,\"date\":1711062000,\"type_code\":\"VIR\",\"amount\":\"7235.99\"}','18',0),(8,1,'2024-04-09 17:06:15','2024-04-09 15:06:15','PAYMENT_VARIOUS_CREATE',5530.83000000,'payment_various',2,'Laurence Juanchich',741,'741','2024-03-25 00:00:00','a11ec5dc4ded7fd7c6dc3d9a17e72ca233abe56d3b9ec0b8e8436c44e4032954','c79d4a7f125500a8b690fc23402550b4c15cb26adc0445a5294d7caa7e91a535','{\"mycompany\":{\"name\":\"LA GRANGE\",\"phone\":\"0625542465\",\"email\":\"contact@bieres-lagrange.fr\",\"idprof1\":\"891403750\",\"idprof2\":\"89140375000013\",\"idprof3\":\"1105Z\",\"tva_intra\":\"FR26891403750\",\"localtax1_assuj\":0,\"localtax2_assuj\":0,\"managers\":\"Jouanchich Laurence\",\"forme_juridique_code\":\"0\",\"country_code\":\"FR\",\"address\":\"13 RUE DE L\'OUSSE\",\"zip\":\"64420\",\"town\":\"NOUSTY\"},\"ref\":741,\"date\":1711321200,\"type_code\":\"VIR\",\"amount\":\"5530.83\"}','18',0),(9,1,'2024-04-09 17:06:52','2024-04-09 15:06:52','PAYMENT_VARIOUS_CREATE',5530.00000000,'payment_various',2,'Laurence Juanchich',742,'742','2024-03-25 00:00:00','c343271231da9c553ab4763f1add3c000fc36f094f91bdafdef3f03f9b3663a7','4cead458a81271f077abf0c5d3d98f703532ea15631af2cfd0e7c3c95b137fe9','{\"mycompany\":{\"name\":\"LA GRANGE\",\"phone\":\"0625542465\",\"email\":\"contact@bieres-lagrange.fr\",\"idprof1\":\"891403750\",\"idprof2\":\"89140375000013\",\"idprof3\":\"1105Z\",\"tva_intra\":\"FR26891403750\",\"localtax1_assuj\":0,\"localtax2_assuj\":0,\"managers\":\"Jouanchich Laurence\",\"forme_juridique_code\":\"0\",\"country_code\":\"FR\",\"address\":\"13 RUE DE L\'OUSSE\",\"zip\":\"64420\",\"town\":\"NOUSTY\"},\"ref\":742,\"date\":1711321200,\"type_code\":\"VIR\",\"amount\":\"5530\"}','18',0),(10,1,'2024-04-09 17:07:07','2024-04-09 15:07:07','PAYMENT_VARIOUS_DELETE',5530.83000000,'payment_various',2,'Laurence Juanchich',741,'741','2024-03-25 00:00:00','ef43dd99e2fad1ec0739be6527f1c4559c5fae0f48b958ef967e33f07caefde4','27b58360c0b8dc674b3c940e93e9ee55be70beab6d643f77ba0c1fbd0821723b','{\"mycompany\":{\"name\":\"LA GRANGE\",\"phone\":\"0625542465\",\"email\":\"contact@bieres-lagrange.fr\",\"idprof1\":\"891403750\",\"idprof2\":\"89140375000013\",\"idprof3\":\"1105Z\",\"tva_intra\":\"FR26891403750\",\"localtax1_assuj\":0,\"localtax2_assuj\":0,\"managers\":\"Jouanchich Laurence\",\"forme_juridique_code\":\"0\",\"country_code\":\"FR\",\"address\":\"13 RUE DE L\'OUSSE\",\"zip\":\"64420\",\"town\":\"NOUSTY\"},\"ref\":\"741\",\"date\":1711321200,\"type_code\":\"VIR\",\"amount\":\"5530.83000000\"}','18',0),(11,1,'2024-04-09 17:07:55','2024-04-09 15:07:55','PAYMENT_VARIOUS_CREATE',5530.00000000,'payment_various',2,'Laurence Juanchich',743,'743','2024-03-25 00:00:00','c0fe9a113af24d240847087eaa7a9e5cca8b01aae5937e7a428a6a2c00dd00a3','d162fe6652a89e3c604e10aca0258c667f450c54ec694867e9335778c3e11a7b','{\"mycompany\":{\"name\":\"LA GRANGE\",\"phone\":\"0625542465\",\"email\":\"contact@bieres-lagrange.fr\",\"idprof1\":\"891403750\",\"idprof2\":\"89140375000013\",\"idprof3\":\"1105Z\",\"tva_intra\":\"FR26891403750\",\"localtax1_assuj\":0,\"localtax2_assuj\":0,\"managers\":\"Jouanchich Laurence\",\"forme_juridique_code\":\"0\",\"country_code\":\"FR\",\"address\":\"13 RUE DE L\'OUSSE\",\"zip\":\"64420\",\"town\":\"NOUSTY\"},\"ref\":743,\"date\":1711321200,\"type_code\":\"VIR\",\"amount\":\"5530\"}','18',0),(12,1,'2024-04-09 17:08:40','2024-04-09 15:08:40','PAYMENT_VARIOUS_DELETE',5530.00000000,'payment_various',2,'Laurence Juanchich',742,'742','2024-03-25 00:00:00','d535140c712420576a0e2c98c9fd22c6f95f174dc81a6c888047d4dbf92978c1','8665b56808fb14234c8b47ba5f0fadbb824b4f40e368e0289c5e4debf7643679','{\"mycompany\":{\"name\":\"LA GRANGE\",\"phone\":\"0625542465\",\"email\":\"contact@bieres-lagrange.fr\",\"idprof1\":\"891403750\",\"idprof2\":\"89140375000013\",\"idprof3\":\"1105Z\",\"tva_intra\":\"FR26891403750\",\"localtax1_assuj\":0,\"localtax2_assuj\":0,\"managers\":\"Jouanchich Laurence\",\"forme_juridique_code\":\"0\",\"country_code\":\"FR\",\"address\":\"13 RUE DE L\'OUSSE\",\"zip\":\"64420\",\"town\":\"NOUSTY\"},\"ref\":\"742\",\"date\":1711321200,\"type_code\":\"VIR\",\"amount\":\"5530.00000000\"}','18',0),(13,1,'2024-04-09 17:09:15','2024-04-09 15:09:15','PAYMENT_VARIOUS_CREATE',5530.00000000,'payment_various',2,'Laurence Juanchich',744,'744','2024-03-25 00:00:00','ed1ae1c6e3b9aabaf6af5ed4371d839218b7bf9fda07a7543677e81428f8042d','473996a1bdbf21d4fa65fd12b2923d0fca13a3ef325b835bf3f36e590fb7ba01','{\"mycompany\":{\"name\":\"LA GRANGE\",\"phone\":\"0625542465\",\"email\":\"contact@bieres-lagrange.fr\",\"idprof1\":\"891403750\",\"idprof2\":\"89140375000013\",\"idprof3\":\"1105Z\",\"tva_intra\":\"FR26891403750\",\"localtax1_assuj\":0,\"localtax2_assuj\":0,\"managers\":\"Jouanchich Laurence\",\"forme_juridique_code\":\"0\",\"country_code\":\"FR\",\"address\":\"13 RUE DE L\'OUSSE\",\"zip\":\"64420\",\"town\":\"NOUSTY\"},\"ref\":744,\"date\":1711321200,\"type_code\":\"VIR\",\"amount\":\"5530\"}','18',0),(14,1,'2024-04-10 16:16:41','2024-04-10 14:16:41','PAYMENT_VARIOUS_CREATE',30.65000000,'payment_various',2,'Laurence Juanchich',745,'745','2024-03-01 12:00:00','0f89529e6cf2d29cd57169973999337ffe3d9c3ca02b3d5e75af7ab77d29c9f2','6c3b09bd0a121230a8f78317570ca0239950fb2d4629488889ce1b1d0c50fde8','{\"mycompany\":{\"name\":\"LA GRANGE\",\"phone\":\"0625542465\",\"email\":\"contact@bieres-lagrange.fr\",\"idprof1\":\"891403750\",\"idprof2\":\"89140375000013\",\"idprof3\":\"1105Z\",\"tva_intra\":\"FR26891403750\",\"localtax1_assuj\":0,\"localtax2_assuj\":0,\"managers\":\"Jouanchich Laurence\",\"forme_juridique_code\":\"0\",\"country_code\":\"FR\",\"address\":\"13 RUE DE L\'OUSSE\",\"zip\":\"64420\",\"town\":\"NOUSTY\"},\"ref\":745,\"date\":1709290800,\"type_code\":\"VIR\",\"amount\":\"30.65\"}','18',0),(15,1,'2024-04-10 16:27:14','2024-04-10 14:27:14','PAYMENT_VARIOUS_DELETE',5530.00000000,'payment_various',2,'Laurence Juanchich',744,'744','2024-03-25 00:00:00','0b8a5f347fb86f1f9d7a354e51e91cd76ba6185058ef2d5303de824332ddc76a','3755ddf0a6677ae8fdca94e1697782d93f56b02df34f50f534c6f462cb9f3240','{\"mycompany\":{\"name\":\"LA GRANGE\",\"phone\":\"0625542465\",\"email\":\"contact@bieres-lagrange.fr\",\"idprof1\":\"891403750\",\"idprof2\":\"89140375000013\",\"idprof3\":\"1105Z\",\"tva_intra\":\"FR26891403750\",\"localtax1_assuj\":0,\"localtax2_assuj\":0,\"managers\":\"Jouanchich Laurence\",\"forme_juridique_code\":\"0\",\"country_code\":\"FR\",\"address\":\"13 RUE DE L\'OUSSE\",\"zip\":\"64420\",\"town\":\"NOUSTY\"},\"ref\":\"744\",\"date\":1711321200,\"type_code\":\"VIR\",\"amount\":\"5530.00000000\"}','18',0),(16,1,'2024-04-10 18:22:06','2024-04-10 16:22:06','PAYMENT_VARIOUS_CREATE',5530.00000000,'payment_various',2,'Laurence Juanchich',746,'746','2024-03-25 12:00:00','1451606a7e2840f39047554dc63a8168a3998bbb756593b7f9d1883e5a8d84a4','3429e90e6afaac433a44db96a65e11320f063f9b46fa13697f9f12a8847d48b4','{\"mycompany\":{\"name\":\"LA GRANGE\",\"phone\":\"0625542465\",\"email\":\"contact@bieres-lagrange.fr\",\"idprof1\":\"891403750\",\"idprof2\":\"89140375000013\",\"idprof3\":\"1105Z\",\"tva_intra\":\"FR26891403750\",\"localtax1_assuj\":0,\"localtax2_assuj\":0,\"managers\":\"Jouanchich Laurence\",\"forme_juridique_code\":\"0\",\"country_code\":\"FR\",\"address\":\"13 RUE DE L\'OUSSE\",\"zip\":\"64420\",\"town\":\"NOUSTY\"},\"ref\":746,\"date\":1711364400,\"type_code\":\"VIR\",\"amount\":\"5530\"}','18',0),(17,1,'2024-04-10 18:34:53','2024-04-10 16:34:53','PAYMENT_VARIOUS_CREATE',13.79000000,'payment_various',2,'Laurence Juanchich',747,'747','2024-03-06 00:00:00','6e07d292f8838b9e6cbc0ef387853d92dd4a6badf80497a740ada520745efe2a','3f32c3c3fdba0bee0bdb1d6faf0800528476cdcf75b48c1e0b71e2e0f126b89a','{\"mycompany\":{\"name\":\"LA GRANGE\",\"phone\":\"0625542465\",\"email\":\"contact@bieres-lagrange.fr\",\"idprof1\":\"891403750\",\"idprof2\":\"89140375000013\",\"idprof3\":\"1105Z\",\"tva_intra\":\"FR26891403750\",\"localtax1_assuj\":0,\"localtax2_assuj\":0,\"managers\":\"Jouanchich Laurence\",\"forme_juridique_code\":\"0\",\"country_code\":\"FR\",\"address\":\"13 RUE DE L\'OUSSE\",\"zip\":\"64420\",\"town\":\"NOUSTY\"},\"ref\":747,\"date\":1709679600,\"type_code\":\"VIR\",\"amount\":\"13.79\"}','18',0),(18,1,'2024-04-10 18:57:32','2024-04-10 16:57:32','PAYMENT_VARIOUS_DELETE',179.51000000,'payment_various',2,'Laurence Juanchich',707,'707','2024-02-13 00:00:00','0b2f9afabd01e2b72f17a54b10cf2f154aae606fd317aa32a6cb74ad89fb8c3a','c29bbc4082da6ff6174c3ee5157d8fe1f97088adcb9c9a3fa234b2b57a10caa5','{\"mycompany\":{\"name\":\"LA GRANGE\",\"phone\":\"0625542465\",\"email\":\"contact@bieres-lagrange.fr\",\"idprof1\":\"891403750\",\"idprof2\":\"89140375000013\",\"idprof3\":\"1105Z\",\"tva_intra\":\"FR26891403750\",\"localtax1_assuj\":0,\"localtax2_assuj\":0,\"managers\":\"Jouanchich Laurence\",\"forme_juridique_code\":\"0\",\"country_code\":\"FR\",\"address\":\"13 RUE DE L\'OUSSE\",\"zip\":\"64420\",\"town\":\"NOUSTY\"},\"ref\":\"707\",\"date\":1707778800,\"type_code\":\"PRE\",\"amount\":\"179.51000000\"}','18',0),(19,1,'2024-04-11 10:00:57','2024-04-11 08:00:57','BILL_VALIDATE',206.64000000,'facture',2,'Laurence Juanchich',1965,'FA2404-1022','2024-04-04 00:00:00','5ad8d8dc33580a9ec1fd9d007b29b7a7fe51159cc7fc3f75109f11ac9493527f','c3743bd9db0ffab8a819ee91200cc66a5d1c7f57c908427d3bc223fd5a037ec8','{\"thirdparty\":{\"name\":\"LES BOUTIQUES D\'OSSAU\",\"name_alias\":\"LES ETABLISSEMENTS CASTET REUNIS\",\"phone\":\"0559826005\",\"email\":\"lesboutiquesdossau@gmail.com\",\"localtax1_value\":\"0.0000\",\"localtax2_value\":\"0.0000\",\"code_client\":\"CU2301-00298\",\"country_code\":\"FR\",\"state_code\":\"64\",\"address\":\"4 Quartier l\'Ayguelade\",\"zip\":\"64260\",\"town\":\"BIELLE\"},\"mycompany\":{\"name\":\"LA GRANGE\",\"phone\":\"0625542465\",\"email\":\"contact@bieres-lagrange.fr\",\"idprof1\":\"891403750\",\"idprof2\":\"89140375000013\",\"idprof3\":\"1105Z\",\"tva_intra\":\"FR26891403750\",\"localtax1_assuj\":0,\"localtax2_assuj\":0,\"managers\":\"Jouanchich Laurence\",\"forme_juridique_code\":\"0\",\"country_code\":\"FR\",\"address\":\"13 RUE DE L\'OUSSE\",\"zip\":\"64420\",\"town\":\"NOUSTY\"},\"date\":1712181600,\"total_ht\":172.2,\"total_tva\":34.44,\"total_ttc\":206.64,\"revenuestamp\":\"0.00000000\",\"invoiceline\":{\"1\":{\"multicurrency_code\":\"EUR\",\"multicurrency_total_ht\":\"44.40000000\",\"multicurrency_total_tva\":\"8.88000000\",\"multicurrency_total_ttc\":\"53.28000000\",\"ref\":\"LA_GRANGE_IPA-33\",\"product_type\":\"0\",\"qty\":\"24\",\"tva_tx\":\"20.0000\",\"localtax1_tx\":\"0.0000\",\"localtax2_tx\":\"0.0000\",\"total_ht\":\"44.40000000\",\"total_tva\":\"8.88000000\",\"total_localtax1\":\"0.00000000\",\"total_localtax2\":\"0.00000000\",\"total_ttc\":\"53.28000000\",\"info_bits\":\"0\"},\"2\":{\"multicurrency_code\":\"EUR\",\"multicurrency_total_ht\":\"43.20000000\",\"multicurrency_total_tva\":\"8.64000000\",\"multicurrency_total_ttc\":\"51.84000000\",\"ref\":\"LA_GRANGE_PILS_33\",\"product_type\":\"0\",\"qty\":\"24\",\"tva_tx\":\"20.0000\",\"localtax1_tx\":\"0.0000\",\"localtax2_tx\":\"0.0000\",\"total_ht\":\"43.20000000\",\"total_tva\":\"8.64000000\",\"total_localtax1\":\"0.00000000\",\"total_localtax2\":\"0.00000000\",\"total_ttc\":\"51.84000000\",\"info_bits\":\"0\"},\"3\":{\"multicurrency_code\":\"EUR\",\"multicurrency_total_ht\":\"42.00000000\",\"multicurrency_total_tva\":\"8.40000000\",\"multicurrency_total_ttc\":\"50.40000000\",\"ref\":\"LA_GRANGE_PILS_75\",\"product_type\":\"0\",\"qty\":\"12\",\"tva_tx\":\"20.0000\",\"localtax1_tx\":\"0.0000\",\"localtax2_tx\":\"0.0000\",\"total_ht\":\"42.00000000\",\"total_tva\":\"8.40000000\",\"total_localtax1\":\"0.00000000\",\"total_localtax2\":\"0.00000000\",\"total_ttc\":\"50.40000000\",\"info_bits\":\"0\"},\"4\":{\"multicurrency_code\":\"EUR\",\"multicurrency_total_ht\":\"21.60000000\",\"multicurrency_total_tva\":\"4.32000000\",\"multicurrency_total_ttc\":\"25.92000000\",\"ref\":\"LA_GRANGE_IPA_75\",\"product_type\":\"0\",\"qty\":\"6\",\"tva_tx\":\"20.0000\",\"localtax1_tx\":\"0.0000\",\"localtax2_tx\":\"0.0000\",\"total_ht\":\"21.60000000\",\"total_tva\":\"4.32000000\",\"total_localtax1\":\"0.00000000\",\"total_localtax2\":\"0.00000000\",\"total_ttc\":\"25.92000000\",\"info_bits\":\"0\"},\"5\":{\"multicurrency_code\":\"EUR\",\"multicurrency_total_ht\":\"21.00000000\",\"multicurrency_total_tva\":\"4.20000000\",\"multicurrency_total_ttc\":\"25.20000000\",\"ref\":\"LA_GRANGE_AMBREE_75\",\"product_type\":\"0\",\"qty\":\"6\",\"tva_tx\":\"20.0000\",\"localtax1_tx\":\"0.0000\",\"localtax2_tx\":\"0.0000\",\"total_ht\":\"21.00000000\",\"total_tva\":\"4.20000000\",\"total_localtax1\":\"0.00000000\",\"total_localtax2\":\"0.00000000\",\"total_ttc\":\"25.20000000\",\"info_bits\":\"0\"}},\"type\":\"0\",\"ref\":\"FA2404-1022\"}','18',0),(20,1,'2024-04-11 10:00:59','2024-04-11 08:00:59','DOC_DOWNLOAD',206.64000000,'facture',2,'Laurence Juanchich',1965,'FA2404-1022','2024-04-04 00:00:00','7eb9fab3a275941810136abcedae40ad894db278e11a9a18f21e1e0791da4ca8','a5bd07a74a0edaaa89c26913d3b327cfb0cffe3abff191be725f193a6491fe71','{\"thirdparty\":{\"name\":\"LES BOUTIQUES D\'OSSAU\",\"name_alias\":\"LES ETABLISSEMENTS CASTET REUNIS\",\"phone\":\"0559826005\",\"email\":\"lesboutiquesdossau@gmail.com\",\"localtax1_value\":\"0.0000\",\"localtax2_value\":\"0.0000\",\"code_client\":\"CU2301-00298\",\"country_code\":\"FR\",\"state_code\":\"64\",\"address\":\"4 Quartier l\'Ayguelade\",\"zip\":\"64260\",\"town\":\"BIELLE\"},\"mycompany\":{\"name\":\"LA GRANGE\",\"phone\":\"0625542465\",\"email\":\"contact@bieres-lagrange.fr\",\"idprof1\":\"891403750\",\"idprof2\":\"89140375000013\",\"idprof3\":\"1105Z\",\"tva_intra\":\"FR26891403750\",\"localtax1_assuj\":0,\"localtax2_assuj\":0,\"managers\":\"Jouanchich Laurence\",\"forme_juridique_code\":\"0\",\"country_code\":\"FR\",\"address\":\"13 RUE DE L\'OUSSE\",\"zip\":\"64420\",\"town\":\"NOUSTY\"},\"date\":1712181600,\"total_ht\":\"172.20000000\",\"total_tva\":\"34.44000000\",\"total_ttc\":\"206.64000000\",\"revenuestamp\":\"0.00000000\",\"invoiceline\":{\"1\":{\"multicurrency_code\":\"EUR\",\"multicurrency_total_ht\":\"44.40000000\",\"multicurrency_total_tva\":\"8.88000000\",\"multicurrency_total_ttc\":\"53.28000000\",\"ref\":\"LA_GRANGE_IPA-33\",\"product_type\":\"0\",\"qty\":\"24\",\"tva_tx\":\"20.0000\",\"localtax1_tx\":\"0.0000\",\"localtax2_tx\":\"0.0000\",\"total_ht\":\"44.40000000\",\"total_tva\":\"8.88000000\",\"total_localtax1\":\"0.00000000\",\"total_localtax2\":\"0.00000000\",\"total_ttc\":\"53.28000000\",\"info_bits\":\"0\"},\"2\":{\"multicurrency_code\":\"EUR\",\"multicurrency_total_ht\":\"43.20000000\",\"multicurrency_total_tva\":\"8.64000000\",\"multicurrency_total_ttc\":\"51.84000000\",\"ref\":\"LA_GRANGE_PILS_33\",\"product_type\":\"0\",\"qty\":\"24\",\"tva_tx\":\"20.0000\",\"localtax1_tx\":\"0.0000\",\"localtax2_tx\":\"0.0000\",\"total_ht\":\"43.20000000\",\"total_tva\":\"8.64000000\",\"total_localtax1\":\"0.00000000\",\"total_localtax2\":\"0.00000000\",\"total_ttc\":\"51.84000000\",\"info_bits\":\"0\"},\"3\":{\"multicurrency_code\":\"EUR\",\"multicurrency_total_ht\":\"42.00000000\",\"multicurrency_total_tva\":\"8.40000000\",\"multicurrency_total_ttc\":\"50.40000000\",\"ref\":\"LA_GRANGE_PILS_75\",\"product_type\":\"0\",\"qty\":\"12\",\"tva_tx\":\"20.0000\",\"localtax1_tx\":\"0.0000\",\"localtax2_tx\":\"0.0000\",\"total_ht\":\"42.00000000\",\"total_tva\":\"8.40000000\",\"total_localtax1\":\"0.00000000\",\"total_localtax2\":\"0.00000000\",\"total_ttc\":\"50.40000000\",\"info_bits\":\"0\"},\"4\":{\"multicurrency_code\":\"EUR\",\"multicurrency_total_ht\":\"21.60000000\",\"multicurrency_total_tva\":\"4.32000000\",\"multicurrency_total_ttc\":\"25.92000000\",\"ref\":\"LA_GRANGE_IPA_75\",\"product_type\":\"0\",\"qty\":\"6\",\"tva_tx\":\"20.0000\",\"localtax1_tx\":\"0.0000\",\"localtax2_tx\":\"0.0000\",\"total_ht\":\"21.60000000\",\"total_tva\":\"4.32000000\",\"total_localtax1\":\"0.00000000\",\"total_localtax2\":\"0.00000000\",\"total_ttc\":\"25.92000000\",\"info_bits\":\"0\"},\"5\":{\"multicurrency_code\":\"EUR\",\"multicurrency_total_ht\":\"21.00000000\",\"multicurrency_total_tva\":\"4.20000000\",\"multicurrency_total_ttc\":\"25.20000000\",\"ref\":\"LA_GRANGE_AMBREE_75\",\"product_type\":\"0\",\"qty\":\"6\",\"tva_tx\":\"20.0000\",\"localtax1_tx\":\"0.0000\",\"localtax2_tx\":\"0.0000\",\"total_ht\":\"21.00000000\",\"total_tva\":\"4.20000000\",\"total_localtax1\":\"0.00000000\",\"total_localtax2\":\"0.00000000\",\"total_ttc\":\"25.20000000\",\"info_bits\":\"0\"}},\"type\":\"0\",\"ref\":\"FA2404-1022\"}','18',0),(21,1,'2024-04-11 10:02:24','2024-04-11 08:02:24','BILL_SENTBYMAIL',206.64000000,'facture',2,'Laurence Juanchich',1965,'FA2404-1022','2024-04-04 00:00:00','5e8ad98b72250cf4b569ce7a92bc8ee2cfff0c30b47a3335f991e1d4210958e8','4fd373d9bb7fdc8566ec557010bc4a51f32311e273b1ab2bac305809de971ba2','{\"thirdparty\":{\"name\":\"LES BOUTIQUES D\'OSSAU\",\"name_alias\":\"LES ETABLISSEMENTS CASTET REUNIS\",\"phone\":\"0559826005\",\"email\":\"lesboutiquesdossau@gmail.com\",\"localtax1_value\":\"0.0000\",\"localtax2_value\":\"0.0000\",\"code_client\":\"CU2301-00298\",\"country_code\":\"FR\",\"state_code\":\"64\",\"address\":\"4 Quartier l\'Ayguelade\",\"zip\":\"64260\",\"town\":\"BIELLE\"},\"mycompany\":{\"name\":\"LA GRANGE\",\"phone\":\"0625542465\",\"email\":\"contact@bieres-lagrange.fr\",\"idprof1\":\"891403750\",\"idprof2\":\"89140375000013\",\"idprof3\":\"1105Z\",\"tva_intra\":\"FR26891403750\",\"localtax1_assuj\":0,\"localtax2_assuj\":0,\"managers\":\"Jouanchich Laurence\",\"forme_juridique_code\":\"0\",\"country_code\":\"FR\",\"address\":\"13 RUE DE L\'OUSSE\",\"zip\":\"64420\",\"town\":\"NOUSTY\"},\"date\":1712181600,\"total_ht\":\"172.20000000\",\"total_tva\":\"34.44000000\",\"total_ttc\":\"206.64000000\",\"revenuestamp\":\"0.00000000\",\"invoiceline\":{\"1\":{\"multicurrency_code\":\"EUR\",\"multicurrency_total_ht\":\"44.40000000\",\"multicurrency_total_tva\":\"8.88000000\",\"multicurrency_total_ttc\":\"53.28000000\",\"ref\":\"LA_GRANGE_IPA-33\",\"product_type\":\"0\",\"qty\":\"24\",\"tva_tx\":\"20.0000\",\"localtax1_tx\":\"0.0000\",\"localtax2_tx\":\"0.0000\",\"total_ht\":\"44.40000000\",\"total_tva\":\"8.88000000\",\"total_localtax1\":\"0.00000000\",\"total_localtax2\":\"0.00000000\",\"total_ttc\":\"53.28000000\",\"info_bits\":\"0\"},\"2\":{\"multicurrency_code\":\"EUR\",\"multicurrency_total_ht\":\"43.20000000\",\"multicurrency_total_tva\":\"8.64000000\",\"multicurrency_total_ttc\":\"51.84000000\",\"ref\":\"LA_GRANGE_PILS_33\",\"product_type\":\"0\",\"qty\":\"24\",\"tva_tx\":\"20.0000\",\"localtax1_tx\":\"0.0000\",\"localtax2_tx\":\"0.0000\",\"total_ht\":\"43.20000000\",\"total_tva\":\"8.64000000\",\"total_localtax1\":\"0.00000000\",\"total_localtax2\":\"0.00000000\",\"total_ttc\":\"51.84000000\",\"info_bits\":\"0\"},\"3\":{\"multicurrency_code\":\"EUR\",\"multicurrency_total_ht\":\"42.00000000\",\"multicurrency_total_tva\":\"8.40000000\",\"multicurrency_total_ttc\":\"50.40000000\",\"ref\":\"LA_GRANGE_PILS_75\",\"product_type\":\"0\",\"qty\":\"12\",\"tva_tx\":\"20.0000\",\"localtax1_tx\":\"0.0000\",\"localtax2_tx\":\"0.0000\",\"total_ht\":\"42.00000000\",\"total_tva\":\"8.40000000\",\"total_localtax1\":\"0.00000000\",\"total_localtax2\":\"0.00000000\",\"total_ttc\":\"50.40000000\",\"info_bits\":\"0\"},\"4\":{\"multicurrency_code\":\"EUR\",\"multicurrency_total_ht\":\"21.60000000\",\"multicurrency_total_tva\":\"4.32000000\",\"multicurrency_total_ttc\":\"25.92000000\",\"ref\":\"LA_GRANGE_IPA_75\",\"product_type\":\"0\",\"qty\":\"6\",\"tva_tx\":\"20.0000\",\"localtax1_tx\":\"0.0000\",\"localtax2_tx\":\"0.0000\",\"total_ht\":\"21.60000000\",\"total_tva\":\"4.32000000\",\"total_localtax1\":\"0.00000000\",\"total_localtax2\":\"0.00000000\",\"total_ttc\":\"25.92000000\",\"info_bits\":\"0\"},\"5\":{\"multicurrency_code\":\"EUR\",\"multicurrency_total_ht\":\"21.00000000\",\"multicurrency_total_tva\":\"4.20000000\",\"multicurrency_total_ttc\":\"25.20000000\",\"ref\":\"LA_GRANGE_AMBREE_75\",\"product_type\":\"0\",\"qty\":\"6\",\"tva_tx\":\"20.0000\",\"localtax1_tx\":\"0.0000\",\"localtax2_tx\":\"0.0000\",\"total_ht\":\"21.00000000\",\"total_tva\":\"4.20000000\",\"total_localtax1\":\"0.00000000\",\"total_localtax2\":\"0.00000000\",\"total_ttc\":\"25.20000000\",\"info_bits\":\"0\"}},\"type\":\"0\",\"ref\":\"FA2404-1022\"}','18',0),(22,1,'2024-04-11 10:02:43','2024-04-11 08:02:43','BILL_VALIDATE',207.36000000,'facture',2,'Laurence Juanchich',1968,'FA2404-1023','2024-04-05 00:00:00','03864166013e7c584fea2b98593f0cf62ecb7059c98ae90ed5638fcf1395b56c','68c49b9acc27cfaa633bc2334686352d21a811983c8624cab75312eaabf1969e','{\"thirdparty\":{\"name\":\"INTERMARCHE LOUVIE-JUZON I LOVIER\",\"name_alias\":\"Maxime TUQUET\",\"phone\":\"0695885226\",\"email\":\"maximee.tuquet@gmail.com\",\"localtax1_value\":\"0.0000\",\"localtax2_value\":\"0.0000\",\"code_client\":\"CU2309-00499\",\"country_code\":\"FR\",\"address\":\"Av. Aristide Briand\",\"zip\":\"64260\",\"town\":\"Louvie-Juzon\"},\"mycompany\":{\"name\":\"LA GRANGE\",\"phone\":\"0625542465\",\"email\":\"contact@bieres-lagrange.fr\",\"idprof1\":\"891403750\",\"idprof2\":\"89140375000013\",\"idprof3\":\"1105Z\",\"tva_intra\":\"FR26891403750\",\"localtax1_assuj\":0,\"localtax2_assuj\":0,\"managers\":\"Jouanchich Laurence\",\"forme_juridique_code\":\"0\",\"country_code\":\"FR\",\"address\":\"13 RUE DE L\'OUSSE\",\"zip\":\"64420\",\"town\":\"NOUSTY\"},\"date\":1712268000,\"total_ht\":172.8,\"total_tva\":34.56,\"total_ttc\":207.36,\"revenuestamp\":\"0.00000000\",\"invoiceline\":{\"1\":{\"multicurrency_code\":\"EUR\",\"multicurrency_total_ht\":\"43.20000000\",\"multicurrency_total_tva\":\"8.64000000\",\"multicurrency_total_ttc\":\"51.84000000\",\"ref\":\"BLONDE_PILSEN-33\",\"product_type\":\"0\",\"qty\":\"24\",\"tva_tx\":\"20.0000\",\"localtax1_tx\":\"0.0000\",\"localtax2_tx\":\"0.0000\",\"total_ht\":\"43.20000000\",\"total_tva\":\"8.64000000\",\"total_localtax1\":\"0.00000000\",\"total_localtax2\":\"0.00000000\",\"total_ttc\":\"51.84000000\",\"info_bits\":\"0\"},\"2\":{\"multicurrency_code\":\"EUR\",\"multicurrency_total_ht\":\"21.00000000\",\"multicurrency_total_tva\":\"4.20000000\",\"multicurrency_total_ttc\":\"25.20000000\",\"ref\":\"BLONDE_PALE_ALE-75\",\"product_type\":\"0\",\"qty\":\"6\",\"tva_tx\":\"20.0000\",\"localtax1_tx\":\"0.0000\",\"localtax2_tx\":\"0.0000\",\"total_ht\":\"21.00000000\",\"total_tva\":\"4.20000000\",\"total_localtax1\":\"0.00000000\",\"total_localtax2\":\"0.00000000\",\"total_ttc\":\"25.20000000\",\"info_bits\":\"0\"},\"3\":{\"multicurrency_code\":\"EUR\",\"multicurrency_total_ht\":\"21.00000000\",\"multicurrency_total_tva\":\"4.20000000\",\"multicurrency_total_ttc\":\"25.20000000\",\"ref\":\"AMBREE-75\",\"product_type\":\"0\",\"qty\":\"6\",\"tva_tx\":\"20.0000\",\"localtax1_tx\":\"0.0000\",\"localtax2_tx\":\"0.0000\",\"total_ht\":\"21.00000000\",\"total_tva\":\"4.20000000\",\"total_localtax1\":\"0.00000000\",\"total_localtax2\":\"0.00000000\",\"total_ttc\":\"25.20000000\",\"info_bits\":\"0\"},\"4\":{\"multicurrency_code\":\"EUR\",\"multicurrency_total_ht\":\"43.20000000\",\"multicurrency_total_tva\":\"8.64000000\",\"multicurrency_total_ttc\":\"51.84000000\",\"ref\":\"IPA-75\",\"product_type\":\"0\",\"qty\":\"12\",\"tva_tx\":\"20.0000\",\"localtax1_tx\":\"0.0000\",\"localtax2_tx\":\"0.0000\",\"total_ht\":\"43.20000000\",\"total_tva\":\"8.64000000\",\"total_localtax1\":\"0.00000000\",\"total_localtax2\":\"0.00000000\",\"total_ttc\":\"51.84000000\",\"info_bits\":\"0\"},\"5\":{\"multicurrency_code\":\"EUR\",\"multicurrency_total_ht\":\"44.40000000\",\"multicurrency_total_tva\":\"8.88000000\",\"multicurrency_total_ttc\":\"53.28000000\",\"ref\":\"BRUNE-75\",\"product_type\":\"0\",\"qty\":\"12\",\"tva_tx\":\"20.0000\",\"localtax1_tx\":\"0.0000\",\"localtax2_tx\":\"0.0000\",\"total_ht\":\"44.40000000\",\"total_tva\":\"8.88000000\",\"total_localtax1\":\"0.00000000\",\"total_localtax2\":\"0.00000000\",\"total_ttc\":\"53.28000000\",\"info_bits\":\"0\"}},\"type\":\"0\",\"ref\":\"FA2404-1023\"}','18',0),(23,1,'2024-04-11 10:02:46','2024-04-11 08:02:46','DOC_DOWNLOAD',207.36000000,'facture',2,'Laurence Juanchich',1968,'FA2404-1023','2024-04-05 00:00:00','94cb623a334dbb4d13597b1028aba96562f73c5530d415c998f1a55fbf2a6aec','69ff2fe1e0d6c7cff6cbced1d1c3afc13345044b5719f694b48b8ad3690a989f','{\"thirdparty\":{\"name\":\"INTERMARCHE LOUVIE-JUZON I LOVIER\",\"name_alias\":\"Maxime TUQUET\",\"phone\":\"0695885226\",\"email\":\"maximee.tuquet@gmail.com\",\"localtax1_value\":\"0.0000\",\"localtax2_value\":\"0.0000\",\"code_client\":\"CU2309-00499\",\"country_code\":\"FR\",\"address\":\"Av. Aristide Briand\",\"zip\":\"64260\",\"town\":\"Louvie-Juzon\"},\"mycompany\":{\"name\":\"LA GRANGE\",\"phone\":\"0625542465\",\"email\":\"contact@bieres-lagrange.fr\",\"idprof1\":\"891403750\",\"idprof2\":\"89140375000013\",\"idprof3\":\"1105Z\",\"tva_intra\":\"FR26891403750\",\"localtax1_assuj\":0,\"localtax2_assuj\":0,\"managers\":\"Jouanchich Laurence\",\"forme_juridique_code\":\"0\",\"country_code\":\"FR\",\"address\":\"13 RUE DE L\'OUSSE\",\"zip\":\"64420\",\"town\":\"NOUSTY\"},\"date\":1712268000,\"total_ht\":\"172.80000000\",\"total_tva\":\"34.56000000\",\"total_ttc\":\"207.36000000\",\"revenuestamp\":\"0.00000000\",\"invoiceline\":{\"1\":{\"multicurrency_code\":\"EUR\",\"multicurrency_total_ht\":\"43.20000000\",\"multicurrency_total_tva\":\"8.64000000\",\"multicurrency_total_ttc\":\"51.84000000\",\"ref\":\"BLONDE_PILSEN-33\",\"product_type\":\"0\",\"qty\":\"24\",\"tva_tx\":\"20.0000\",\"localtax1_tx\":\"0.0000\",\"localtax2_tx\":\"0.0000\",\"total_ht\":\"43.20000000\",\"total_tva\":\"8.64000000\",\"total_localtax1\":\"0.00000000\",\"total_localtax2\":\"0.00000000\",\"total_ttc\":\"51.84000000\",\"info_bits\":\"0\"},\"2\":{\"multicurrency_code\":\"EUR\",\"multicurrency_total_ht\":\"21.00000000\",\"multicurrency_total_tva\":\"4.20000000\",\"multicurrency_total_ttc\":\"25.20000000\",\"ref\":\"BLONDE_PALE_ALE-75\",\"product_type\":\"0\",\"qty\":\"6\",\"tva_tx\":\"20.0000\",\"localtax1_tx\":\"0.0000\",\"localtax2_tx\":\"0.0000\",\"total_ht\":\"21.00000000\",\"total_tva\":\"4.20000000\",\"total_localtax1\":\"0.00000000\",\"total_localtax2\":\"0.00000000\",\"total_ttc\":\"25.20000000\",\"info_bits\":\"0\"},\"3\":{\"multicurrency_code\":\"EUR\",\"multicurrency_total_ht\":\"21.00000000\",\"multicurrency_total_tva\":\"4.20000000\",\"multicurrency_total_ttc\":\"25.20000000\",\"ref\":\"AMBREE-75\",\"product_type\":\"0\",\"qty\":\"6\",\"tva_tx\":\"20.0000\",\"localtax1_tx\":\"0.0000\",\"localtax2_tx\":\"0.0000\",\"total_ht\":\"21.00000000\",\"total_tva\":\"4.20000000\",\"total_localtax1\":\"0.00000000\",\"total_localtax2\":\"0.00000000\",\"total_ttc\":\"25.20000000\",\"info_bits\":\"0\"},\"4\":{\"multicurrency_code\":\"EUR\",\"multicurrency_total_ht\":\"43.20000000\",\"multicurrency_total_tva\":\"8.64000000\",\"multicurrency_total_ttc\":\"51.84000000\",\"ref\":\"IPA-75\",\"product_type\":\"0\",\"qty\":\"12\",\"tva_tx\":\"20.0000\",\"localtax1_tx\":\"0.0000\",\"localtax2_tx\":\"0.0000\",\"total_ht\":\"43.20000000\",\"total_tva\":\"8.64000000\",\"total_localtax1\":\"0.00000000\",\"total_localtax2\":\"0.00000000\",\"total_ttc\":\"51.84000000\",\"info_bits\":\"0\"},\"5\":{\"multicurrency_code\":\"EUR\",\"multicurrency_total_ht\":\"44.40000000\",\"multicurrency_total_tva\":\"8.88000000\",\"multicurrency_total_ttc\":\"53.28000000\",\"ref\":\"BRUNE-75\",\"product_type\":\"0\",\"qty\":\"12\",\"tva_tx\":\"20.0000\",\"localtax1_tx\":\"0.0000\",\"localtax2_tx\":\"0.0000\",\"total_ht\":\"44.40000000\",\"total_tva\":\"8.88000000\",\"total_localtax1\":\"0.00000000\",\"total_localtax2\":\"0.00000000\",\"total_ttc\":\"53.28000000\",\"info_bits\":\"0\"}},\"type\":\"0\",\"ref\":\"FA2404-1023\"}','18',0),(24,1,'2024-04-11 10:03:32','2024-04-11 08:03:32','BILL_SENTBYMAIL',207.36000000,'facture',2,'Laurence Juanchich',1968,'FA2404-1023','2024-04-05 00:00:00','4f8b761228f6b138ba8ddb63b2a8f00858cab92211899a6a97934de5678b0d77','c542393ee2d1addac692490476b28db031959729f34531b0b89530a286e7769d','{\"thirdparty\":{\"name\":\"INTERMARCHE LOUVIE-JUZON I LOVIER\",\"name_alias\":\"Maxime TUQUET\",\"phone\":\"0695885226\",\"email\":\"maximee.tuquet@gmail.com\",\"localtax1_value\":\"0.0000\",\"localtax2_value\":\"0.0000\",\"code_client\":\"CU2309-00499\",\"country_code\":\"FR\",\"address\":\"Av. Aristide Briand\",\"zip\":\"64260\",\"town\":\"Louvie-Juzon\"},\"mycompany\":{\"name\":\"LA GRANGE\",\"phone\":\"0625542465\",\"email\":\"contact@bieres-lagrange.fr\",\"idprof1\":\"891403750\",\"idprof2\":\"89140375000013\",\"idprof3\":\"1105Z\",\"tva_intra\":\"FR26891403750\",\"localtax1_assuj\":0,\"localtax2_assuj\":0,\"managers\":\"Jouanchich Laurence\",\"forme_juridique_code\":\"0\",\"country_code\":\"FR\",\"address\":\"13 RUE DE L\'OUSSE\",\"zip\":\"64420\",\"town\":\"NOUSTY\"},\"date\":1712268000,\"total_ht\":\"172.80000000\",\"total_tva\":\"34.56000000\",\"total_ttc\":\"207.36000000\",\"revenuestamp\":\"0.00000000\",\"invoiceline\":{\"1\":{\"multicurrency_code\":\"EUR\",\"multicurrency_total_ht\":\"43.20000000\",\"multicurrency_total_tva\":\"8.64000000\",\"multicurrency_total_ttc\":\"51.84000000\",\"ref\":\"BLONDE_PILSEN-33\",\"product_type\":\"0\",\"qty\":\"24\",\"tva_tx\":\"20.0000\",\"localtax1_tx\":\"0.0000\",\"localtax2_tx\":\"0.0000\",\"total_ht\":\"43.20000000\",\"total_tva\":\"8.64000000\",\"total_localtax1\":\"0.00000000\",\"total_localtax2\":\"0.00000000\",\"total_ttc\":\"51.84000000\",\"info_bits\":\"0\"},\"2\":{\"multicurrency_code\":\"EUR\",\"multicurrency_total_ht\":\"21.00000000\",\"multicurrency_total_tva\":\"4.20000000\",\"multicurrency_total_ttc\":\"25.20000000\",\"ref\":\"BLONDE_PALE_ALE-75\",\"product_type\":\"0\",\"qty\":\"6\",\"tva_tx\":\"20.0000\",\"localtax1_tx\":\"0.0000\",\"localtax2_tx\":\"0.0000\",\"total_ht\":\"21.00000000\",\"total_tva\":\"4.20000000\",\"total_localtax1\":\"0.00000000\",\"total_localtax2\":\"0.00000000\",\"total_ttc\":\"25.20000000\",\"info_bits\":\"0\"},\"3\":{\"multicurrency_code\":\"EUR\",\"multicurrency_total_ht\":\"21.00000000\",\"multicurrency_total_tva\":\"4.20000000\",\"multicurrency_total_ttc\":\"25.20000000\",\"ref\":\"AMBREE-75\",\"product_type\":\"0\",\"qty\":\"6\",\"tva_tx\":\"20.0000\",\"localtax1_tx\":\"0.0000\",\"localtax2_tx\":\"0.0000\",\"total_ht\":\"21.00000000\",\"total_tva\":\"4.20000000\",\"total_localtax1\":\"0.00000000\",\"total_localtax2\":\"0.00000000\",\"total_ttc\":\"25.20000000\",\"info_bits\":\"0\"},\"4\":{\"multicurrency_code\":\"EUR\",\"multicurrency_total_ht\":\"43.20000000\",\"multicurrency_total_tva\":\"8.64000000\",\"multicurrency_total_ttc\":\"51.84000000\",\"ref\":\"IPA-75\",\"product_type\":\"0\",\"qty\":\"12\",\"tva_tx\":\"20.0000\",\"localtax1_tx\":\"0.0000\",\"localtax2_tx\":\"0.0000\",\"total_ht\":\"43.20000000\",\"total_tva\":\"8.64000000\",\"total_localtax1\":\"0.00000000\",\"total_localtax2\":\"0.00000000\",\"total_ttc\":\"51.84000000\",\"info_bits\":\"0\"},\"5\":{\"multicurrency_code\":\"EUR\",\"multicurrency_total_ht\":\"44.40000000\",\"multicurrency_total_tva\":\"8.88000000\",\"multicurrency_total_ttc\":\"53.28000000\",\"ref\":\"BRUNE-75\",\"product_type\":\"0\",\"qty\":\"12\",\"tva_tx\":\"20.0000\",\"localtax1_tx\":\"0.0000\",\"localtax2_tx\":\"0.0000\",\"total_ht\":\"44.40000000\",\"total_tva\":\"8.88000000\",\"total_localtax1\":\"0.00000000\",\"total_localtax2\":\"0.00000000\",\"total_ttc\":\"53.28000000\",\"info_bits\":\"0\"}},\"type\":\"0\",\"ref\":\"FA2404-1023\"}','18',0),(25,1,'2024-04-11 10:04:00','2024-04-11 08:04:00','BILL_VALIDATE',2566.80000000,'facture',2,'Laurence Juanchich',1967,'FA2404-1024','2024-04-05 00:00:00','3f470e61deadd1ed292cab0e3a85d2c0343fd702a9da6d0dfc83d817df72928c','e576b03e9437800e6e4e36f776eb5c97abaa2be25678cd582d815ca841bf19be','{\"thirdparty\":{\"name\":\"ECP France \\u2013 Domaine des Landes de Gascogne\",\"name_alias\":\"CARREFOUR EXPRESS\",\"email\":\"marie.verlinden@areas.com\",\"localtax1_value\":\"0.0000\",\"localtax2_value\":\"0.0000\",\"code_client\":\"CU2301-00287\",\"country_code\":\"FR\",\"state_code\":\"17\",\"address\":\"Carrefour Express \\u2013 CDPF 013607\\r\\nRoute de Saint Michel de Castelnau\",\"zip\":\"47700\",\"town\":\"BEAUZIAC\"},\"mycompany\":{\"name\":\"LA GRANGE\",\"phone\":\"0625542465\",\"email\":\"contact@bieres-lagrange.fr\",\"idprof1\":\"891403750\",\"idprof2\":\"89140375000013\",\"idprof3\":\"1105Z\",\"tva_intra\":\"FR26891403750\",\"localtax1_assuj\":0,\"localtax2_assuj\":0,\"managers\":\"Jouanchich Laurence\",\"forme_juridique_code\":\"0\",\"country_code\":\"FR\",\"address\":\"13 RUE DE L\'OUSSE\",\"zip\":\"64420\",\"town\":\"NOUSTY\"},\"date\":1712268000,\"total_ht\":2139,\"total_tva\":427.8,\"total_ttc\":2566.8,\"revenuestamp\":\"0.00000000\",\"invoiceline\":{\"1\":{\"multicurrency_code\":\"EUR\",\"multicurrency_total_ht\":\"216.00000000\",\"multicurrency_total_tva\":\"43.20000000\",\"multicurrency_total_ttc\":\"259.20000000\",\"ref\":\"BLONDE_PALE_ALE-33\",\"product_type\":\"0\",\"qty\":\"120\",\"tva_tx\":\"20.0000\",\"localtax1_tx\":\"0.0000\",\"localtax2_tx\":\"0.0000\",\"total_ht\":\"216.00000000\",\"total_tva\":\"43.20000000\",\"total_localtax1\":\"0.00000000\",\"total_localtax2\":\"0.00000000\",\"total_ttc\":\"259.20000000\",\"info_bits\":\"0\"},\"2\":{\"multicurrency_code\":\"EUR\",\"multicurrency_total_ht\":\"216.00000000\",\"multicurrency_total_tva\":\"43.20000000\",\"multicurrency_total_ttc\":\"259.20000000\",\"ref\":\"AMBREE-33\",\"product_type\":\"0\",\"qty\":\"120\",\"tva_tx\":\"20.0000\",\"localtax1_tx\":\"0.0000\",\"localtax2_tx\":\"0.0000\",\"total_ht\":\"216.00000000\",\"total_tva\":\"43.20000000\",\"total_localtax1\":\"0.00000000\",\"total_localtax2\":\"0.00000000\",\"total_ttc\":\"259.20000000\",\"info_bits\":\"0\"},\"3\":{\"multicurrency_code\":\"EUR\",\"multicurrency_total_ht\":\"216.00000000\",\"multicurrency_total_tva\":\"43.20000000\",\"multicurrency_total_ttc\":\"259.20000000\",\"ref\":\"BLONDE_PILSEN-33\",\"product_type\":\"0\",\"qty\":\"120\",\"tva_tx\":\"20.0000\",\"localtax1_tx\":\"0.0000\",\"localtax2_tx\":\"0.0000\",\"total_ht\":\"216.00000000\",\"total_tva\":\"43.20000000\",\"total_localtax1\":\"0.00000000\",\"total_localtax2\":\"0.00000000\",\"total_ttc\":\"259.20000000\",\"info_bits\":\"0\"},\"4\":{\"multicurrency_code\":\"EUR\",\"multicurrency_total_ht\":\"310.80000000\",\"multicurrency_total_tva\":\"62.16000000\",\"multicurrency_total_ttc\":\"372.96000000\",\"ref\":\"IPA-33\",\"product_type\":\"0\",\"qty\":\"168\",\"tva_tx\":\"20.0000\",\"localtax1_tx\":\"0.0000\",\"localtax2_tx\":\"0.0000\",\"total_ht\":\"310.80000000\",\"total_tva\":\"62.16000000\",\"total_localtax1\":\"0.00000000\",\"total_localtax2\":\"0.00000000\",\"total_ttc\":\"372.96000000\",\"info_bits\":\"0\"},\"5\":{\"multicurrency_code\":\"EUR\",\"multicurrency_total_ht\":\"91.20000000\",\"multicurrency_total_tva\":\"18.24000000\",\"multicurrency_total_ttc\":\"109.44000000\",\"ref\":\"BRUNE-33\",\"product_type\":\"0\",\"qty\":\"48\",\"tva_tx\":\"20.0000\",\"localtax1_tx\":\"0.0000\",\"localtax2_tx\":\"0.0000\",\"total_ht\":\"91.20000000\",\"total_tva\":\"18.24000000\",\"total_localtax1\":\"0.00000000\",\"total_localtax2\":\"0.00000000\",\"total_ttc\":\"109.44000000\",\"info_bits\":\"0\"},\"6\":{\"multicurrency_code\":\"EUR\",\"multicurrency_total_ht\":\"210.00000000\",\"multicurrency_total_tva\":\"42.00000000\",\"multicurrency_total_ttc\":\"252.00000000\",\"ref\":\"BLONDE_PALE_ALE-75\",\"product_type\":\"0\",\"qty\":\"60\",\"tva_tx\":\"20.0000\",\"localtax1_tx\":\"0.0000\",\"localtax2_tx\":\"0.0000\",\"total_ht\":\"210.00000000\",\"total_tva\":\"42.00000000\",\"total_localtax1\":\"0.00000000\",\"total_localtax2\":\"0.00000000\",\"total_ttc\":\"252.00000000\",\"info_bits\":\"0\"},\"7\":{\"multicurrency_code\":\"EUR\",\"multicurrency_total_ht\":\"210.00000000\",\"multicurrency_total_tva\":\"42.00000000\",\"multicurrency_total_ttc\":\"252.00000000\",\"ref\":\"AMBREE-75\",\"product_type\":\"0\",\"qty\":\"60\",\"tva_tx\":\"20.0000\",\"localtax1_tx\":\"0.0000\",\"localtax2_tx\":\"0.0000\",\"total_ht\":\"210.00000000\",\"total_tva\":\"42.00000000\",\"total_localtax1\":\"0.00000000\",\"total_localtax2\":\"0.00000000\",\"total_ttc\":\"252.00000000\",\"info_bits\":\"0\"},\"8\":{\"multicurrency_code\":\"EUR\",\"multicurrency_total_ht\":\"210.00000000\",\"multicurrency_total_tva\":\"42.00000000\",\"multicurrency_total_ttc\":\"252.00000000\",\"ref\":\"BLONDE_PILSEN-75\",\"product_type\":\"0\",\"qty\":\"60\",\"tva_tx\":\"20.0000\",\"localtax1_tx\":\"0.0000\",\"localtax2_tx\":\"0.0000\",\"total_ht\":\"210.00000000\",\"total_tva\":\"42.00000000\",\"total_localtax1\":\"0.00000000\",\"total_localtax2\":\"0.00000000\",\"total_ttc\":\"252.00000000\",\"info_bits\":\"0\"},\"9\":{\"multicurrency_code\":\"EUR\",\"multicurrency_total_ht\":\"259.20000000\",\"multicurrency_total_tva\":\"51.84000000\",\"multicurrency_total_ttc\":\"311.04000000\",\"ref\":\"IPA-75\",\"product_type\":\"0\",\"qty\":\"72\",\"tva_tx\":\"20.0000\",\"localtax1_tx\":\"0.0000\",\"localtax2_tx\":\"0.0000\",\"total_ht\":\"259.20000000\",\"total_tva\":\"51.84000000\",\"total_localtax1\":\"0.00000000\",\"total_localtax2\":\"0.00000000\",\"total_ttc\":\"311.04000000\",\"info_bits\":\"0\"},\"10\":{\"multicurrency_code\":\"EUR\",\"multicurrency_total_ht\":\"133.20000000\",\"multicurrency_total_tva\":\"26.64000000\",\"multicurrency_total_ttc\":\"159.84000000\",\"ref\":\"BRUNE-75\",\"product_type\":\"0\",\"qty\":\"36\",\"tva_tx\":\"20.0000\",\"localtax1_tx\":\"0.0000\",\"localtax2_tx\":\"0.0000\",\"total_ht\":\"133.20000000\",\"total_tva\":\"26.64000000\",\"total_localtax1\":\"0.00000000\",\"total_localtax2\":\"0.00000000\",\"total_ttc\":\"159.84000000\",\"info_bits\":\"0\"},\"11\":{\"multicurrency_code\":\"EUR\",\"multicurrency_total_ht\":\"66.60000000\",\"multicurrency_total_tva\":\"13.32000000\",\"multicurrency_total_ttc\":\"79.92000000\",\"ref\":\"HIVER-75\",\"product_type\":\"0\",\"qty\":\"18\",\"tva_tx\":\"20.0000\",\"localtax1_tx\":\"0.0000\",\"localtax2_tx\":\"0.0000\",\"total_ht\":\"66.60000000\",\"total_tva\":\"13.32000000\",\"total_localtax1\":\"0.00000000\",\"total_localtax2\":\"0.00000000\",\"total_ttc\":\"79.92000000\",\"info_bits\":\"0\"}},\"type\":\"0\",\"ref\":\"FA2404-1024\"}','18',0),(26,1,'2024-04-11 10:04:03','2024-04-11 08:04:03','DOC_DOWNLOAD',2566.80000000,'facture',2,'Laurence Juanchich',1967,'FA2404-1024','2024-04-05 00:00:00','2c51b829c6ac0f754a9ae1a87dbb2a85954280e25ad2d1c316c2d79beab9354b','03c4cbda9419a6d23edb0a8ac6004c4ebddc9ad533003fc3a44dc7737cb922c9','{\"thirdparty\":{\"name\":\"ECP France \\u2013 Domaine des Landes de Gascogne\",\"name_alias\":\"CARREFOUR EXPRESS\",\"email\":\"marie.verlinden@areas.com\",\"localtax1_value\":\"0.0000\",\"localtax2_value\":\"0.0000\",\"code_client\":\"CU2301-00287\",\"country_code\":\"FR\",\"state_code\":\"17\",\"address\":\"Carrefour Express \\u2013 CDPF 013607\\r\\nRoute de Saint Michel de Castelnau\",\"zip\":\"47700\",\"town\":\"BEAUZIAC\"},\"mycompany\":{\"name\":\"LA GRANGE\",\"phone\":\"0625542465\",\"email\":\"contact@bieres-lagrange.fr\",\"idprof1\":\"891403750\",\"idprof2\":\"89140375000013\",\"idprof3\":\"1105Z\",\"tva_intra\":\"FR26891403750\",\"localtax1_assuj\":0,\"localtax2_assuj\":0,\"managers\":\"Jouanchich Laurence\",\"forme_juridique_code\":\"0\",\"country_code\":\"FR\",\"address\":\"13 RUE DE L\'OUSSE\",\"zip\":\"64420\",\"town\":\"NOUSTY\"},\"date\":1712268000,\"total_ht\":\"2139.00000000\",\"total_tva\":\"427.80000000\",\"total_ttc\":\"2566.80000000\",\"revenuestamp\":\"0.00000000\",\"invoiceline\":{\"1\":{\"multicurrency_code\":\"EUR\",\"multicurrency_total_ht\":\"216.00000000\",\"multicurrency_total_tva\":\"43.20000000\",\"multicurrency_total_ttc\":\"259.20000000\",\"ref\":\"BLONDE_PALE_ALE-33\",\"product_type\":\"0\",\"qty\":\"120\",\"tva_tx\":\"20.0000\",\"localtax1_tx\":\"0.0000\",\"localtax2_tx\":\"0.0000\",\"total_ht\":\"216.00000000\",\"total_tva\":\"43.20000000\",\"total_localtax1\":\"0.00000000\",\"total_localtax2\":\"0.00000000\",\"total_ttc\":\"259.20000000\",\"info_bits\":\"0\"},\"2\":{\"multicurrency_code\":\"EUR\",\"multicurrency_total_ht\":\"216.00000000\",\"multicurrency_total_tva\":\"43.20000000\",\"multicurrency_total_ttc\":\"259.20000000\",\"ref\":\"AMBREE-33\",\"product_type\":\"0\",\"qty\":\"120\",\"tva_tx\":\"20.0000\",\"localtax1_tx\":\"0.0000\",\"localtax2_tx\":\"0.0000\",\"total_ht\":\"216.00000000\",\"total_tva\":\"43.20000000\",\"total_localtax1\":\"0.00000000\",\"total_localtax2\":\"0.00000000\",\"total_ttc\":\"259.20000000\",\"info_bits\":\"0\"},\"3\":{\"multicurrency_code\":\"EUR\",\"multicurrency_total_ht\":\"216.00000000\",\"multicurrency_total_tva\":\"43.20000000\",\"multicurrency_total_ttc\":\"259.20000000\",\"ref\":\"BLONDE_PILSEN-33\",\"product_type\":\"0\",\"qty\":\"120\",\"tva_tx\":\"20.0000\",\"localtax1_tx\":\"0.0000\",\"localtax2_tx\":\"0.0000\",\"total_ht\":\"216.00000000\",\"total_tva\":\"43.20000000\",\"total_localtax1\":\"0.00000000\",\"total_localtax2\":\"0.00000000\",\"total_ttc\":\"259.20000000\",\"info_bits\":\"0\"},\"4\":{\"multicurrency_code\":\"EUR\",\"multicurrency_total_ht\":\"310.80000000\",\"multicurrency_total_tva\":\"62.16000000\",\"multicurrency_total_ttc\":\"372.96000000\",\"ref\":\"IPA-33\",\"product_type\":\"0\",\"qty\":\"168\",\"tva_tx\":\"20.0000\",\"localtax1_tx\":\"0.0000\",\"localtax2_tx\":\"0.0000\",\"total_ht\":\"310.80000000\",\"total_tva\":\"62.16000000\",\"total_localtax1\":\"0.00000000\",\"total_localtax2\":\"0.00000000\",\"total_ttc\":\"372.96000000\",\"info_bits\":\"0\"},\"5\":{\"multicurrency_code\":\"EUR\",\"multicurrency_total_ht\":\"91.20000000\",\"multicurrency_total_tva\":\"18.24000000\",\"multicurrency_total_ttc\":\"109.44000000\",\"ref\":\"BRUNE-33\",\"product_type\":\"0\",\"qty\":\"48\",\"tva_tx\":\"20.0000\",\"localtax1_tx\":\"0.0000\",\"localtax2_tx\":\"0.0000\",\"total_ht\":\"91.20000000\",\"total_tva\":\"18.24000000\",\"total_localtax1\":\"0.00000000\",\"total_localtax2\":\"0.00000000\",\"total_ttc\":\"109.44000000\",\"info_bits\":\"0\"},\"6\":{\"multicurrency_code\":\"EUR\",\"multicurrency_total_ht\":\"210.00000000\",\"multicurrency_total_tva\":\"42.00000000\",\"multicurrency_total_ttc\":\"252.00000000\",\"ref\":\"BLONDE_PALE_ALE-75\",\"product_type\":\"0\",\"qty\":\"60\",\"tva_tx\":\"20.0000\",\"localtax1_tx\":\"0.0000\",\"localtax2_tx\":\"0.0000\",\"total_ht\":\"210.00000000\",\"total_tva\":\"42.00000000\",\"total_localtax1\":\"0.00000000\",\"total_localtax2\":\"0.00000000\",\"total_ttc\":\"252.00000000\",\"info_bits\":\"0\"},\"7\":{\"multicurrency_code\":\"EUR\",\"multicurrency_total_ht\":\"210.00000000\",\"multicurrency_total_tva\":\"42.00000000\",\"multicurrency_total_ttc\":\"252.00000000\",\"ref\":\"AMBREE-75\",\"product_type\":\"0\",\"qty\":\"60\",\"tva_tx\":\"20.0000\",\"localtax1_tx\":\"0.0000\",\"localtax2_tx\":\"0.0000\",\"total_ht\":\"210.00000000\",\"total_tva\":\"42.00000000\",\"total_localtax1\":\"0.00000000\",\"total_localtax2\":\"0.00000000\",\"total_ttc\":\"252.00000000\",\"info_bits\":\"0\"},\"8\":{\"multicurrency_code\":\"EUR\",\"multicurrency_total_ht\":\"210.00000000\",\"multicurrency_total_tva\":\"42.00000000\",\"multicurrency_total_ttc\":\"252.00000000\",\"ref\":\"BLONDE_PILSEN-75\",\"product_type\":\"0\",\"qty\":\"60\",\"tva_tx\":\"20.0000\",\"localtax1_tx\":\"0.0000\",\"localtax2_tx\":\"0.0000\",\"total_ht\":\"210.00000000\",\"total_tva\":\"42.00000000\",\"total_localtax1\":\"0.00000000\",\"total_localtax2\":\"0.00000000\",\"total_ttc\":\"252.00000000\",\"info_bits\":\"0\"},\"9\":{\"multicurrency_code\":\"EUR\",\"multicurrency_total_ht\":\"259.20000000\",\"multicurrency_total_tva\":\"51.84000000\",\"multicurrency_total_ttc\":\"311.04000000\",\"ref\":\"IPA-75\",\"product_type\":\"0\",\"qty\":\"72\",\"tva_tx\":\"20.0000\",\"localtax1_tx\":\"0.0000\",\"localtax2_tx\":\"0.0000\",\"total_ht\":\"259.20000000\",\"total_tva\":\"51.84000000\",\"total_localtax1\":\"0.00000000\",\"total_localtax2\":\"0.00000000\",\"total_ttc\":\"311.04000000\",\"info_bits\":\"0\"},\"10\":{\"multicurrency_code\":\"EUR\",\"multicurrency_total_ht\":\"133.20000000\",\"multicurrency_total_tva\":\"26.64000000\",\"multicurrency_total_ttc\":\"159.84000000\",\"ref\":\"BRUNE-75\",\"product_type\":\"0\",\"qty\":\"36\",\"tva_tx\":\"20.0000\",\"localtax1_tx\":\"0.0000\",\"localtax2_tx\":\"0.0000\",\"total_ht\":\"133.20000000\",\"total_tva\":\"26.64000000\",\"total_localtax1\":\"0.00000000\",\"total_localtax2\":\"0.00000000\",\"total_ttc\":\"159.84000000\",\"info_bits\":\"0\"},\"11\":{\"multicurrency_code\":\"EUR\",\"multicurrency_total_ht\":\"66.60000000\",\"multicurrency_total_tva\":\"13.32000000\",\"multicurrency_total_ttc\":\"79.92000000\",\"ref\":\"HIVER-75\",\"product_type\":\"0\",\"qty\":\"18\",\"tva_tx\":\"20.0000\",\"localtax1_tx\":\"0.0000\",\"localtax2_tx\":\"0.0000\",\"total_ht\":\"66.60000000\",\"total_tva\":\"13.32000000\",\"total_localtax1\":\"0.00000000\",\"total_localtax2\":\"0.00000000\",\"total_ttc\":\"79.92000000\",\"info_bits\":\"0\"}},\"type\":\"0\",\"ref\":\"FA2404-1024\"}','18',0),(27,1,'2024-04-11 10:05:16','2024-04-11 08:05:16','BILL_SENTBYMAIL',2566.80000000,'facture',2,'Laurence Juanchich',1967,'FA2404-1024','2024-04-05 00:00:00','e1e9921d035911ae115a4e292a454f0c6cbb56aba3e3e7c26fa48398177a9b4e','a91332f269bc6e41f411a1a31c743ecebf6cc508eb75b5b33ed9b20ddd4cf377','{\"thirdparty\":{\"name\":\"ECP France \\u2013 Domaine des Landes de Gascogne\",\"name_alias\":\"CARREFOUR EXPRESS\",\"email\":\"marie.verlinden@areas.com\",\"localtax1_value\":\"0.0000\",\"localtax2_value\":\"0.0000\",\"code_client\":\"CU2301-00287\",\"country_code\":\"FR\",\"state_code\":\"17\",\"address\":\"Carrefour Express \\u2013 CDPF 013607\\r\\nRoute de Saint Michel de Castelnau\",\"zip\":\"47700\",\"town\":\"BEAUZIAC\"},\"mycompany\":{\"name\":\"LA GRANGE\",\"phone\":\"0625542465\",\"email\":\"contact@bieres-lagrange.fr\",\"idprof1\":\"891403750\",\"idprof2\":\"89140375000013\",\"idprof3\":\"1105Z\",\"tva_intra\":\"FR26891403750\",\"localtax1_assuj\":0,\"localtax2_assuj\":0,\"managers\":\"Jouanchich Laurence\",\"forme_juridique_code\":\"0\",\"country_code\":\"FR\",\"address\":\"13 RUE DE L\'OUSSE\",\"zip\":\"64420\",\"town\":\"NOUSTY\"},\"date\":1712268000,\"total_ht\":\"2139.00000000\",\"total_tva\":\"427.80000000\",\"total_ttc\":\"2566.80000000\",\"revenuestamp\":\"0.00000000\",\"invoiceline\":{\"1\":{\"multicurrency_code\":\"EUR\",\"multicurrency_total_ht\":\"216.00000000\",\"multicurrency_total_tva\":\"43.20000000\",\"multicurrency_total_ttc\":\"259.20000000\",\"ref\":\"BLONDE_PALE_ALE-33\",\"product_type\":\"0\",\"qty\":\"120\",\"tva_tx\":\"20.0000\",\"localtax1_tx\":\"0.0000\",\"localtax2_tx\":\"0.0000\",\"total_ht\":\"216.00000000\",\"total_tva\":\"43.20000000\",\"total_localtax1\":\"0.00000000\",\"total_localtax2\":\"0.00000000\",\"total_ttc\":\"259.20000000\",\"info_bits\":\"0\"},\"2\":{\"multicurrency_code\":\"EUR\",\"multicurrency_total_ht\":\"216.00000000\",\"multicurrency_total_tva\":\"43.20000000\",\"multicurrency_total_ttc\":\"259.20000000\",\"ref\":\"AMBREE-33\",\"product_type\":\"0\",\"qty\":\"120\",\"tva_tx\":\"20.0000\",\"localtax1_tx\":\"0.0000\",\"localtax2_tx\":\"0.0000\",\"total_ht\":\"216.00000000\",\"total_tva\":\"43.20000000\",\"total_localtax1\":\"0.00000000\",\"total_localtax2\":\"0.00000000\",\"total_ttc\":\"259.20000000\",\"info_bits\":\"0\"},\"3\":{\"multicurrency_code\":\"EUR\",\"multicurrency_total_ht\":\"216.00000000\",\"multicurrency_total_tva\":\"43.20000000\",\"multicurrency_total_ttc\":\"259.20000000\",\"ref\":\"BLONDE_PILSEN-33\",\"product_type\":\"0\",\"qty\":\"120\",\"tva_tx\":\"20.0000\",\"localtax1_tx\":\"0.0000\",\"localtax2_tx\":\"0.0000\",\"total_ht\":\"216.00000000\",\"total_tva\":\"43.20000000\",\"total_localtax1\":\"0.00000000\",\"total_localtax2\":\"0.00000000\",\"total_ttc\":\"259.20000000\",\"info_bits\":\"0\"},\"4\":{\"multicurrency_code\":\"EUR\",\"multicurrency_total_ht\":\"310.80000000\",\"multicurrency_total_tva\":\"62.16000000\",\"multicurrency_total_ttc\":\"372.96000000\",\"ref\":\"IPA-33\",\"product_type\":\"0\",\"qty\":\"168\",\"tva_tx\":\"20.0000\",\"localtax1_tx\":\"0.0000\",\"localtax2_tx\":\"0.0000\",\"total_ht\":\"310.80000000\",\"total_tva\":\"62.16000000\",\"total_localtax1\":\"0.00000000\",\"total_localtax2\":\"0.00000000\",\"total_ttc\":\"372.96000000\",\"info_bits\":\"0\"},\"5\":{\"multicurrency_code\":\"EUR\",\"multicurrency_total_ht\":\"91.20000000\",\"multicurrency_total_tva\":\"18.24000000\",\"multicurrency_total_ttc\":\"109.44000000\",\"ref\":\"BRUNE-33\",\"product_type\":\"0\",\"qty\":\"48\",\"tva_tx\":\"20.0000\",\"localtax1_tx\":\"0.0000\",\"localtax2_tx\":\"0.0000\",\"total_ht\":\"91.20000000\",\"total_tva\":\"18.24000000\",\"total_localtax1\":\"0.00000000\",\"total_localtax2\":\"0.00000000\",\"total_ttc\":\"109.44000000\",\"info_bits\":\"0\"},\"6\":{\"multicurrency_code\":\"EUR\",\"multicurrency_total_ht\":\"210.00000000\",\"multicurrency_total_tva\":\"42.00000000\",\"multicurrency_total_ttc\":\"252.00000000\",\"ref\":\"BLONDE_PALE_ALE-75\",\"product_type\":\"0\",\"qty\":\"60\",\"tva_tx\":\"20.0000\",\"localtax1_tx\":\"0.0000\",\"localtax2_tx\":\"0.0000\",\"total_ht\":\"210.00000000\",\"total_tva\":\"42.00000000\",\"total_localtax1\":\"0.00000000\",\"total_localtax2\":\"0.00000000\",\"total_ttc\":\"252.00000000\",\"info_bits\":\"0\"},\"7\":{\"multicurrency_code\":\"EUR\",\"multicurrency_total_ht\":\"210.00000000\",\"multicurrency_total_tva\":\"42.00000000\",\"multicurrency_total_ttc\":\"252.00000000\",\"ref\":\"AMBREE-75\",\"product_type\":\"0\",\"qty\":\"60\",\"tva_tx\":\"20.0000\",\"localtax1_tx\":\"0.0000\",\"localtax2_tx\":\"0.0000\",\"total_ht\":\"210.00000000\",\"total_tva\":\"42.00000000\",\"total_localtax1\":\"0.00000000\",\"total_localtax2\":\"0.00000000\",\"total_ttc\":\"252.00000000\",\"info_bits\":\"0\"},\"8\":{\"multicurrency_code\":\"EUR\",\"multicurrency_total_ht\":\"210.00000000\",\"multicurrency_total_tva\":\"42.00000000\",\"multicurrency_total_ttc\":\"252.00000000\",\"ref\":\"BLONDE_PILSEN-75\",\"product_type\":\"0\",\"qty\":\"60\",\"tva_tx\":\"20.0000\",\"localtax1_tx\":\"0.0000\",\"localtax2_tx\":\"0.0000\",\"total_ht\":\"210.00000000\",\"total_tva\":\"42.00000000\",\"total_localtax1\":\"0.00000000\",\"total_localtax2\":\"0.00000000\",\"total_ttc\":\"252.00000000\",\"info_bits\":\"0\"},\"9\":{\"multicurrency_code\":\"EUR\",\"multicurrency_total_ht\":\"259.20000000\",\"multicurrency_total_tva\":\"51.84000000\",\"multicurrency_total_ttc\":\"311.04000000\",\"ref\":\"IPA-75\",\"product_type\":\"0\",\"qty\":\"72\",\"tva_tx\":\"20.0000\",\"localtax1_tx\":\"0.0000\",\"localtax2_tx\":\"0.0000\",\"total_ht\":\"259.20000000\",\"total_tva\":\"51.84000000\",\"total_localtax1\":\"0.00000000\",\"total_localtax2\":\"0.00000000\",\"total_ttc\":\"311.04000000\",\"info_bits\":\"0\"},\"10\":{\"multicurrency_code\":\"EUR\",\"multicurrency_total_ht\":\"133.20000000\",\"multicurrency_total_tva\":\"26.64000000\",\"multicurrency_total_ttc\":\"159.84000000\",\"ref\":\"BRUNE-75\",\"product_type\":\"0\",\"qty\":\"36\",\"tva_tx\":\"20.0000\",\"localtax1_tx\":\"0.0000\",\"localtax2_tx\":\"0.0000\",\"total_ht\":\"133.20000000\",\"total_tva\":\"26.64000000\",\"total_localtax1\":\"0.00000000\",\"total_localtax2\":\"0.00000000\",\"total_ttc\":\"159.84000000\",\"info_bits\":\"0\"},\"11\":{\"multicurrency_code\":\"EUR\",\"multicurrency_total_ht\":\"66.60000000\",\"multicurrency_total_tva\":\"13.32000000\",\"multicurrency_total_ttc\":\"79.92000000\",\"ref\":\"HIVER-75\",\"product_type\":\"0\",\"qty\":\"18\",\"tva_tx\":\"20.0000\",\"localtax1_tx\":\"0.0000\",\"localtax2_tx\":\"0.0000\",\"total_ht\":\"66.60000000\",\"total_tva\":\"13.32000000\",\"total_localtax1\":\"0.00000000\",\"total_localtax2\":\"0.00000000\",\"total_ttc\":\"79.92000000\",\"info_bits\":\"0\"}},\"type\":\"0\",\"ref\":\"FA2404-1024\"}','18',0),(28,1,'2024-04-11 10:05:53','2024-04-11 08:05:53','BILL_VALIDATE',469.44000000,'facture',2,'Laurence Juanchich',1970,'FA2404-1025','2024-04-08 00:00:00','f53b0268dca9267c54f4f54cef0b4de24f6e0d7167ab5d1cd546a9c49deb23a7','d20a60f23ad9e57c24fe083facd0139cee6f4c03eccaa7378b2f324ed6e646b5','{\"thirdparty\":{\"name\":\"SUPER U GAN I SODIGAN\",\"phone\":\"0559216545\",\"email\":\"superu.gan.administratif@systeme-u.fr\",\"localtax1_value\":\"0.0000\",\"localtax2_value\":\"0.0000\",\"code_client\":\"CU2303-00433\",\"country_code\":\"FR\",\"state_code\":\"33\",\"address\":\"123 Rue d\'Ossau\",\"zip\":\"64290\",\"town\":\"GAN\"},\"mycompany\":{\"name\":\"LA GRANGE\",\"phone\":\"0625542465\",\"email\":\"contact@bieres-lagrange.fr\",\"idprof1\":\"891403750\",\"idprof2\":\"89140375000013\",\"idprof3\":\"1105Z\",\"tva_intra\":\"FR26891403750\",\"localtax1_assuj\":0,\"localtax2_assuj\":0,\"managers\":\"Jouanchich Laurence\",\"forme_juridique_code\":\"0\",\"country_code\":\"FR\",\"address\":\"13 RUE DE L\'OUSSE\",\"zip\":\"64420\",\"town\":\"NOUSTY\"},\"date\":1712527200,\"total_ht\":391.2,\"total_tva\":78.24,\"total_ttc\":469.44,\"revenuestamp\":\"0.00000000\",\"invoiceline\":{\"1\":{\"multicurrency_code\":\"EUR\",\"multicurrency_total_ht\":\"43.20000000\",\"multicurrency_total_tva\":\"8.64000000\",\"multicurrency_total_ttc\":\"51.84000000\",\"ref\":\"BLONDE_PALE_ALE-33\",\"product_type\":\"0\",\"qty\":\"24\",\"tva_tx\":\"20.0000\",\"localtax1_tx\":\"0.0000\",\"localtax2_tx\":\"0.0000\",\"total_ht\":\"43.20000000\",\"total_tva\":\"8.64000000\",\"total_localtax1\":\"0.00000000\",\"total_localtax2\":\"0.00000000\",\"total_ttc\":\"51.84000000\",\"info_bits\":\"0\"},\"2\":{\"multicurrency_code\":\"EUR\",\"multicurrency_total_ht\":\"43.20000000\",\"multicurrency_total_tva\":\"8.64000000\",\"multicurrency_total_ttc\":\"51.84000000\",\"ref\":\"AMBREE-33\",\"product_type\":\"0\",\"qty\":\"24\",\"tva_tx\":\"20.0000\",\"localtax1_tx\":\"0.0000\",\"localtax2_tx\":\"0.0000\",\"total_ht\":\"43.20000000\",\"total_tva\":\"8.64000000\",\"total_localtax1\":\"0.00000000\",\"total_localtax2\":\"0.00000000\",\"total_ttc\":\"51.84000000\",\"info_bits\":\"0\"},\"3\":{\"multicurrency_code\":\"EUR\",\"multicurrency_total_ht\":\"45.60000000\",\"multicurrency_total_tva\":\"9.12000000\",\"multicurrency_total_ttc\":\"54.72000000\",\"ref\":\"BRUNE-33\",\"product_type\":\"0\",\"qty\":\"24\",\"tva_tx\":\"20.0000\",\"localtax1_tx\":\"0.0000\",\"localtax2_tx\":\"0.0000\",\"total_ht\":\"45.60000000\",\"total_tva\":\"9.12000000\",\"total_localtax1\":\"0.00000000\",\"total_localtax2\":\"0.00000000\",\"total_ttc\":\"54.72000000\",\"info_bits\":\"0\"},\"4\":{\"multicurrency_code\":\"EUR\",\"multicurrency_total_ht\":\"43.20000000\",\"multicurrency_total_tva\":\"8.64000000\",\"multicurrency_total_ttc\":\"51.84000000\",\"ref\":\"BLONDE_PILSEN-33\",\"product_type\":\"0\",\"qty\":\"24\",\"tva_tx\":\"20.0000\",\"localtax1_tx\":\"0.0000\",\"localtax2_tx\":\"0.0000\",\"total_ht\":\"43.20000000\",\"total_tva\":\"8.64000000\",\"total_localtax1\":\"0.00000000\",\"total_localtax2\":\"0.00000000\",\"total_ttc\":\"51.84000000\",\"info_bits\":\"0\"},\"5\":{\"multicurrency_code\":\"EUR\",\"multicurrency_total_ht\":\"88.80000000\",\"multicurrency_total_tva\":\"17.76000000\",\"multicurrency_total_ttc\":\"106.56000000\",\"ref\":\"IPA-33\",\"product_type\":\"0\",\"qty\":\"48\",\"tva_tx\":\"20.0000\",\"localtax1_tx\":\"0.0000\",\"localtax2_tx\":\"0.0000\",\"total_ht\":\"88.80000000\",\"total_tva\":\"17.76000000\",\"total_localtax1\":\"0.00000000\",\"total_localtax2\":\"0.00000000\",\"total_ttc\":\"106.56000000\",\"info_bits\":\"0\"},\"6\":{\"multicurrency_code\":\"EUR\",\"multicurrency_total_ht\":\"42.00000000\",\"multicurrency_total_tva\":\"8.40000000\",\"multicurrency_total_ttc\":\"50.40000000\",\"ref\":\"BLONDE_PALE_ALE-75\",\"product_type\":\"0\",\"qty\":\"12\",\"tva_tx\":\"20.0000\",\"localtax1_tx\":\"0.0000\",\"localtax2_tx\":\"0.0000\",\"total_ht\":\"42.00000000\",\"total_tva\":\"8.40000000\",\"total_localtax1\":\"0.00000000\",\"total_localtax2\":\"0.00000000\",\"total_ttc\":\"50.40000000\",\"info_bits\":\"0\"},\"7\":{\"multicurrency_code\":\"EUR\",\"multicurrency_total_ht\":\"42.00000000\",\"multicurrency_total_tva\":\"8.40000000\",\"multicurrency_total_ttc\":\"50.40000000\",\"ref\":\"BLONDE_PILSEN-75\",\"product_type\":\"0\",\"qty\":\"12\",\"tva_tx\":\"20.0000\",\"localtax1_tx\":\"0.0000\",\"localtax2_tx\":\"0.0000\",\"total_ht\":\"42.00000000\",\"total_tva\":\"8.40000000\",\"total_localtax1\":\"0.00000000\",\"total_localtax2\":\"0.00000000\",\"total_ttc\":\"50.40000000\",\"info_bits\":\"0\"},\"8\":{\"multicurrency_code\":\"EUR\",\"multicurrency_total_ht\":\"43.20000000\",\"multicurrency_total_tva\":\"8.64000000\",\"multicurrency_total_ttc\":\"51.84000000\",\"ref\":\"IPA-75\",\"product_type\":\"0\",\"qty\":\"12\",\"tva_tx\":\"20.0000\",\"localtax1_tx\":\"0.0000\",\"localtax2_tx\":\"0.0000\",\"total_ht\":\"43.20000000\",\"total_tva\":\"8.64000000\",\"total_localtax1\":\"0.00000000\",\"total_localtax2\":\"0.00000000\",\"total_ttc\":\"51.84000000\",\"info_bits\":\"0\"}},\"type\":\"0\",\"ref\":\"FA2404-1025\"}','18',0),(29,1,'2024-04-11 10:05:55','2024-04-11 08:05:55','DOC_DOWNLOAD',469.44000000,'facture',2,'Laurence Juanchich',1970,'FA2404-1025','2024-04-08 00:00:00','0c7b1e8f2b73ddc8a5e99563fc3b7ec9750f567a00760efd98f1b8722e00a4f7','5a0c907949ae7d481f6aef034a2925d7cb6fda83d0509cda65d96f999660fb17','{\"thirdparty\":{\"name\":\"SUPER U GAN I SODIGAN\",\"phone\":\"0559216545\",\"email\":\"superu.gan.administratif@systeme-u.fr\",\"localtax1_value\":\"0.0000\",\"localtax2_value\":\"0.0000\",\"code_client\":\"CU2303-00433\",\"country_code\":\"FR\",\"state_code\":\"33\",\"address\":\"123 Rue d\'Ossau\",\"zip\":\"64290\",\"town\":\"GAN\"},\"mycompany\":{\"name\":\"LA GRANGE\",\"phone\":\"0625542465\",\"email\":\"contact@bieres-lagrange.fr\",\"idprof1\":\"891403750\",\"idprof2\":\"89140375000013\",\"idprof3\":\"1105Z\",\"tva_intra\":\"FR26891403750\",\"localtax1_assuj\":0,\"localtax2_assuj\":0,\"managers\":\"Jouanchich Laurence\",\"forme_juridique_code\":\"0\",\"country_code\":\"FR\",\"address\":\"13 RUE DE L\'OUSSE\",\"zip\":\"64420\",\"town\":\"NOUSTY\"},\"date\":1712527200,\"total_ht\":\"391.20000000\",\"total_tva\":\"78.24000000\",\"total_ttc\":\"469.44000000\",\"revenuestamp\":\"0.00000000\",\"invoiceline\":{\"1\":{\"multicurrency_code\":\"EUR\",\"multicurrency_total_ht\":\"43.20000000\",\"multicurrency_total_tva\":\"8.64000000\",\"multicurrency_total_ttc\":\"51.84000000\",\"ref\":\"BLONDE_PALE_ALE-33\",\"product_type\":\"0\",\"qty\":\"24\",\"tva_tx\":\"20.0000\",\"localtax1_tx\":\"0.0000\",\"localtax2_tx\":\"0.0000\",\"total_ht\":\"43.20000000\",\"total_tva\":\"8.64000000\",\"total_localtax1\":\"0.00000000\",\"total_localtax2\":\"0.00000000\",\"total_ttc\":\"51.84000000\",\"info_bits\":\"0\"},\"2\":{\"multicurrency_code\":\"EUR\",\"multicurrency_total_ht\":\"43.20000000\",\"multicurrency_total_tva\":\"8.64000000\",\"multicurrency_total_ttc\":\"51.84000000\",\"ref\":\"AMBREE-33\",\"product_type\":\"0\",\"qty\":\"24\",\"tva_tx\":\"20.0000\",\"localtax1_tx\":\"0.0000\",\"localtax2_tx\":\"0.0000\",\"total_ht\":\"43.20000000\",\"total_tva\":\"8.64000000\",\"total_localtax1\":\"0.00000000\",\"total_localtax2\":\"0.00000000\",\"total_ttc\":\"51.84000000\",\"info_bits\":\"0\"},\"3\":{\"multicurrency_code\":\"EUR\",\"multicurrency_total_ht\":\"45.60000000\",\"multicurrency_total_tva\":\"9.12000000\",\"multicurrency_total_ttc\":\"54.72000000\",\"ref\":\"BRUNE-33\",\"product_type\":\"0\",\"qty\":\"24\",\"tva_tx\":\"20.0000\",\"localtax1_tx\":\"0.0000\",\"localtax2_tx\":\"0.0000\",\"total_ht\":\"45.60000000\",\"total_tva\":\"9.12000000\",\"total_localtax1\":\"0.00000000\",\"total_localtax2\":\"0.00000000\",\"total_ttc\":\"54.72000000\",\"info_bits\":\"0\"},\"4\":{\"multicurrency_code\":\"EUR\",\"multicurrency_total_ht\":\"43.20000000\",\"multicurrency_total_tva\":\"8.64000000\",\"multicurrency_total_ttc\":\"51.84000000\",\"ref\":\"BLONDE_PILSEN-33\",\"product_type\":\"0\",\"qty\":\"24\",\"tva_tx\":\"20.0000\",\"localtax1_tx\":\"0.0000\",\"localtax2_tx\":\"0.0000\",\"total_ht\":\"43.20000000\",\"total_tva\":\"8.64000000\",\"total_localtax1\":\"0.00000000\",\"total_localtax2\":\"0.00000000\",\"total_ttc\":\"51.84000000\",\"info_bits\":\"0\"},\"5\":{\"multicurrency_code\":\"EUR\",\"multicurrency_total_ht\":\"88.80000000\",\"multicurrency_total_tva\":\"17.76000000\",\"multicurrency_total_ttc\":\"106.56000000\",\"ref\":\"IPA-33\",\"product_type\":\"0\",\"qty\":\"48\",\"tva_tx\":\"20.0000\",\"localtax1_tx\":\"0.0000\",\"localtax2_tx\":\"0.0000\",\"total_ht\":\"88.80000000\",\"total_tva\":\"17.76000000\",\"total_localtax1\":\"0.00000000\",\"total_localtax2\":\"0.00000000\",\"total_ttc\":\"106.56000000\",\"info_bits\":\"0\"},\"6\":{\"multicurrency_code\":\"EUR\",\"multicurrency_total_ht\":\"42.00000000\",\"multicurrency_total_tva\":\"8.40000000\",\"multicurrency_total_ttc\":\"50.40000000\",\"ref\":\"BLONDE_PALE_ALE-75\",\"product_type\":\"0\",\"qty\":\"12\",\"tva_tx\":\"20.0000\",\"localtax1_tx\":\"0.0000\",\"localtax2_tx\":\"0.0000\",\"total_ht\":\"42.00000000\",\"total_tva\":\"8.40000000\",\"total_localtax1\":\"0.00000000\",\"total_localtax2\":\"0.00000000\",\"total_ttc\":\"50.40000000\",\"info_bits\":\"0\"},\"7\":{\"multicurrency_code\":\"EUR\",\"multicurrency_total_ht\":\"42.00000000\",\"multicurrency_total_tva\":\"8.40000000\",\"multicurrency_total_ttc\":\"50.40000000\",\"ref\":\"BLONDE_PILSEN-75\",\"product_type\":\"0\",\"qty\":\"12\",\"tva_tx\":\"20.0000\",\"localtax1_tx\":\"0.0000\",\"localtax2_tx\":\"0.0000\",\"total_ht\":\"42.00000000\",\"total_tva\":\"8.40000000\",\"total_localtax1\":\"0.00000000\",\"total_localtax2\":\"0.00000000\",\"total_ttc\":\"50.40000000\",\"info_bits\":\"0\"},\"8\":{\"multicurrency_code\":\"EUR\",\"multicurrency_total_ht\":\"43.20000000\",\"multicurrency_total_tva\":\"8.64000000\",\"multicurrency_total_ttc\":\"51.84000000\",\"ref\":\"IPA-75\",\"product_type\":\"0\",\"qty\":\"12\",\"tva_tx\":\"20.0000\",\"localtax1_tx\":\"0.0000\",\"localtax2_tx\":\"0.0000\",\"total_ht\":\"43.20000000\",\"total_tva\":\"8.64000000\",\"total_localtax1\":\"0.00000000\",\"total_localtax2\":\"0.00000000\",\"total_ttc\":\"51.84000000\",\"info_bits\":\"0\"}},\"type\":\"0\",\"ref\":\"FA2404-1025\"}','18',0),(30,1,'2024-04-11 10:09:23','2024-04-11 08:09:23','BILL_SENTBYMAIL',469.44000000,'facture',2,'Laurence Juanchich',1970,'FA2404-1025','2024-04-08 00:00:00','5f1acb32570451503027fc0c8c41c87cce6cfc86db4707a47a019c926a1cfea0','287037f71effb5545734983ef654008f3457ee8716a5867c12440fc409f0c5f6','{\"thirdparty\":{\"name\":\"SUPER U GAN I SODIGAN\",\"phone\":\"0559216545\",\"email\":\"superu.gan.administratif@systeme-u.fr\",\"localtax1_value\":\"0.0000\",\"localtax2_value\":\"0.0000\",\"code_client\":\"CU2303-00433\",\"country_code\":\"FR\",\"state_code\":\"33\",\"address\":\"123 Rue d\'Ossau\",\"zip\":\"64290\",\"town\":\"GAN\"},\"mycompany\":{\"name\":\"LA GRANGE\",\"phone\":\"0625542465\",\"email\":\"contact@bieres-lagrange.fr\",\"idprof1\":\"891403750\",\"idprof2\":\"89140375000013\",\"idprof3\":\"1105Z\",\"tva_intra\":\"FR26891403750\",\"localtax1_assuj\":0,\"localtax2_assuj\":0,\"managers\":\"Jouanchich Laurence\",\"forme_juridique_code\":\"0\",\"country_code\":\"FR\",\"address\":\"13 RUE DE L\'OUSSE\",\"zip\":\"64420\",\"town\":\"NOUSTY\"},\"date\":1712527200,\"total_ht\":\"391.20000000\",\"total_tva\":\"78.24000000\",\"total_ttc\":\"469.44000000\",\"revenuestamp\":\"0.00000000\",\"invoiceline\":{\"1\":{\"multicurrency_code\":\"EUR\",\"multicurrency_total_ht\":\"43.20000000\",\"multicurrency_total_tva\":\"8.64000000\",\"multicurrency_total_ttc\":\"51.84000000\",\"ref\":\"BLONDE_PALE_ALE-33\",\"product_type\":\"0\",\"qty\":\"24\",\"tva_tx\":\"20.0000\",\"localtax1_tx\":\"0.0000\",\"localtax2_tx\":\"0.0000\",\"total_ht\":\"43.20000000\",\"total_tva\":\"8.64000000\",\"total_localtax1\":\"0.00000000\",\"total_localtax2\":\"0.00000000\",\"total_ttc\":\"51.84000000\",\"info_bits\":\"0\"},\"2\":{\"multicurrency_code\":\"EUR\",\"multicurrency_total_ht\":\"43.20000000\",\"multicurrency_total_tva\":\"8.64000000\",\"multicurrency_total_ttc\":\"51.84000000\",\"ref\":\"AMBREE-33\",\"product_type\":\"0\",\"qty\":\"24\",\"tva_tx\":\"20.0000\",\"localtax1_tx\":\"0.0000\",\"localtax2_tx\":\"0.0000\",\"total_ht\":\"43.20000000\",\"total_tva\":\"8.64000000\",\"total_localtax1\":\"0.00000000\",\"total_localtax2\":\"0.00000000\",\"total_ttc\":\"51.84000000\",\"info_bits\":\"0\"},\"3\":{\"multicurrency_code\":\"EUR\",\"multicurrency_total_ht\":\"45.60000000\",\"multicurrency_total_tva\":\"9.12000000\",\"multicurrency_total_ttc\":\"54.72000000\",\"ref\":\"BRUNE-33\",\"product_type\":\"0\",\"qty\":\"24\",\"tva_tx\":\"20.0000\",\"localtax1_tx\":\"0.0000\",\"localtax2_tx\":\"0.0000\",\"total_ht\":\"45.60000000\",\"total_tva\":\"9.12000000\",\"total_localtax1\":\"0.00000000\",\"total_localtax2\":\"0.00000000\",\"total_ttc\":\"54.72000000\",\"info_bits\":\"0\"},\"4\":{\"multicurrency_code\":\"EUR\",\"multicurrency_total_ht\":\"43.20000000\",\"multicurrency_total_tva\":\"8.64000000\",\"multicurrency_total_ttc\":\"51.84000000\",\"ref\":\"BLONDE_PILSEN-33\",\"product_type\":\"0\",\"qty\":\"24\",\"tva_tx\":\"20.0000\",\"localtax1_tx\":\"0.0000\",\"localtax2_tx\":\"0.0000\",\"total_ht\":\"43.20000000\",\"total_tva\":\"8.64000000\",\"total_localtax1\":\"0.00000000\",\"total_localtax2\":\"0.00000000\",\"total_ttc\":\"51.84000000\",\"info_bits\":\"0\"},\"5\":{\"multicurrency_code\":\"EUR\",\"multicurrency_total_ht\":\"88.80000000\",\"multicurrency_total_tva\":\"17.76000000\",\"multicurrency_total_ttc\":\"106.56000000\",\"ref\":\"IPA-33\",\"product_type\":\"0\",\"qty\":\"48\",\"tva_tx\":\"20.0000\",\"localtax1_tx\":\"0.0000\",\"localtax2_tx\":\"0.0000\",\"total_ht\":\"88.80000000\",\"total_tva\":\"17.76000000\",\"total_localtax1\":\"0.00000000\",\"total_localtax2\":\"0.00000000\",\"total_ttc\":\"106.56000000\",\"info_bits\":\"0\"},\"6\":{\"multicurrency_code\":\"EUR\",\"multicurrency_total_ht\":\"42.00000000\",\"multicurrency_total_tva\":\"8.40000000\",\"multicurrency_total_ttc\":\"50.40000000\",\"ref\":\"BLONDE_PALE_ALE-75\",\"product_type\":\"0\",\"qty\":\"12\",\"tva_tx\":\"20.0000\",\"localtax1_tx\":\"0.0000\",\"localtax2_tx\":\"0.0000\",\"total_ht\":\"42.00000000\",\"total_tva\":\"8.40000000\",\"total_localtax1\":\"0.00000000\",\"total_localtax2\":\"0.00000000\",\"total_ttc\":\"50.40000000\",\"info_bits\":\"0\"},\"7\":{\"multicurrency_code\":\"EUR\",\"multicurrency_total_ht\":\"42.00000000\",\"multicurrency_total_tva\":\"8.40000000\",\"multicurrency_total_ttc\":\"50.40000000\",\"ref\":\"BLONDE_PILSEN-75\",\"product_type\":\"0\",\"qty\":\"12\",\"tva_tx\":\"20.0000\",\"localtax1_tx\":\"0.0000\",\"localtax2_tx\":\"0.0000\",\"total_ht\":\"42.00000000\",\"total_tva\":\"8.40000000\",\"total_localtax1\":\"0.00000000\",\"total_localtax2\":\"0.00000000\",\"total_ttc\":\"50.40000000\",\"info_bits\":\"0\"},\"8\":{\"multicurrency_code\":\"EUR\",\"multicurrency_total_ht\":\"43.20000000\",\"multicurrency_total_tva\":\"8.64000000\",\"multicurrency_total_ttc\":\"51.84000000\",\"ref\":\"IPA-75\",\"product_type\":\"0\",\"qty\":\"12\",\"tva_tx\":\"20.0000\",\"localtax1_tx\":\"0.0000\",\"localtax2_tx\":\"0.0000\",\"total_ht\":\"43.20000000\",\"total_tva\":\"8.64000000\",\"total_localtax1\":\"0.00000000\",\"total_localtax2\":\"0.00000000\",\"total_ttc\":\"51.84000000\",\"info_bits\":\"0\"}},\"type\":\"0\",\"ref\":\"FA2404-1025\"}','18',0),(31,1,'2024-04-11 10:09:39','2024-04-11 08:09:39','BILL_VALIDATE',158.40000000,'facture',2,'Laurence Juanchich',1971,'FA2404-1026','2024-04-10 00:00:00','867ce8306ff93b560112583b6268f6e96b16a445290fe4a419606d8998cc6bea','d40896c1fafe2a1451cf46a0d28e1585c9af35ea821910dd6efca82fdc0363c3','{\"thirdparty\":{\"name\":\"LECLERC PAU UNIVERSITE I UNIVERDIS\",\"email\":\"celine.garces@pau.leclerc\",\"localtax1_value\":\"0.0000\",\"localtax2_value\":\"0.0000\",\"code_client\":\"CU2212-00145\",\"country_code\":\"FR\",\"state_code\":\"33\",\"address\":\"2 Avenue Louis Sallenave\",\"zip\":\"64000\",\"town\":\"PAU\"},\"mycompany\":{\"name\":\"LA GRANGE\",\"phone\":\"0625542465\",\"email\":\"contact@bieres-lagrange.fr\",\"idprof1\":\"891403750\",\"idprof2\":\"89140375000013\",\"idprof3\":\"1105Z\",\"tva_intra\":\"FR26891403750\",\"localtax1_assuj\":0,\"localtax2_assuj\":0,\"managers\":\"Jouanchich Laurence\",\"forme_juridique_code\":\"0\",\"country_code\":\"FR\",\"address\":\"13 RUE DE L\'OUSSE\",\"zip\":\"64420\",\"town\":\"NOUSTY\"},\"date\":1712700000,\"total_ht\":132,\"total_tva\":26.4,\"total_ttc\":158.4,\"revenuestamp\":\"0.00000000\",\"invoiceline\":{\"1\":{\"multicurrency_code\":\"EUR\",\"multicurrency_total_ht\":\"88.80000000\",\"multicurrency_total_tva\":\"17.76000000\",\"multicurrency_total_ttc\":\"106.56000000\",\"ref\":\"IPA-33\",\"product_type\":\"0\",\"qty\":\"48\",\"tva_tx\":\"20.0000\",\"localtax1_tx\":\"0.0000\",\"localtax2_tx\":\"0.0000\",\"total_ht\":\"88.80000000\",\"total_tva\":\"17.76000000\",\"total_localtax1\":\"0.00000000\",\"total_localtax2\":\"0.00000000\",\"total_ttc\":\"106.56000000\",\"info_bits\":\"0\"},\"2\":{\"multicurrency_code\":\"EUR\",\"multicurrency_total_ht\":\"43.20000000\",\"multicurrency_total_tva\":\"8.64000000\",\"multicurrency_total_ttc\":\"51.84000000\",\"ref\":\"IPA-75\",\"product_type\":\"0\",\"qty\":\"12\",\"tva_tx\":\"20.0000\",\"localtax1_tx\":\"0.0000\",\"localtax2_tx\":\"0.0000\",\"total_ht\":\"43.20000000\",\"total_tva\":\"8.64000000\",\"total_localtax1\":\"0.00000000\",\"total_localtax2\":\"0.00000000\",\"total_ttc\":\"51.84000000\",\"info_bits\":\"0\"}},\"type\":\"0\",\"ref\":\"FA2404-1026\"}','18',0),(32,1,'2024-04-11 10:09:42','2024-04-11 08:09:42','DOC_DOWNLOAD',158.40000000,'facture',2,'Laurence Juanchich',1971,'FA2404-1026','2024-04-10 00:00:00','d77dfc5276dc6248e6e5d5a3a3a2c20280c6cd668b9c0f3e4ec4db288455f4b9','3299df98d954634890ea18f55052b2dae9cff17a785ae6ece0d3ffa29efbe8f7','{\"thirdparty\":{\"name\":\"LECLERC PAU UNIVERSITE I UNIVERDIS\",\"email\":\"celine.garces@pau.leclerc\",\"localtax1_value\":\"0.0000\",\"localtax2_value\":\"0.0000\",\"code_client\":\"CU2212-00145\",\"country_code\":\"FR\",\"state_code\":\"33\",\"address\":\"2 Avenue Louis Sallenave\",\"zip\":\"64000\",\"town\":\"PAU\"},\"mycompany\":{\"name\":\"LA GRANGE\",\"phone\":\"0625542465\",\"email\":\"contact@bieres-lagrange.fr\",\"idprof1\":\"891403750\",\"idprof2\":\"89140375000013\",\"idprof3\":\"1105Z\",\"tva_intra\":\"FR26891403750\",\"localtax1_assuj\":0,\"localtax2_assuj\":0,\"managers\":\"Jouanchich Laurence\",\"forme_juridique_code\":\"0\",\"country_code\":\"FR\",\"address\":\"13 RUE DE L\'OUSSE\",\"zip\":\"64420\",\"town\":\"NOUSTY\"},\"date\":1712700000,\"total_ht\":\"132.00000000\",\"total_tva\":\"26.40000000\",\"total_ttc\":\"158.40000000\",\"revenuestamp\":\"0.00000000\",\"invoiceline\":{\"1\":{\"multicurrency_code\":\"EUR\",\"multicurrency_total_ht\":\"88.80000000\",\"multicurrency_total_tva\":\"17.76000000\",\"multicurrency_total_ttc\":\"106.56000000\",\"ref\":\"IPA-33\",\"product_type\":\"0\",\"qty\":\"48\",\"tva_tx\":\"20.0000\",\"localtax1_tx\":\"0.0000\",\"localtax2_tx\":\"0.0000\",\"total_ht\":\"88.80000000\",\"total_tva\":\"17.76000000\",\"total_localtax1\":\"0.00000000\",\"total_localtax2\":\"0.00000000\",\"total_ttc\":\"106.56000000\",\"info_bits\":\"0\"},\"2\":{\"multicurrency_code\":\"EUR\",\"multicurrency_total_ht\":\"43.20000000\",\"multicurrency_total_tva\":\"8.64000000\",\"multicurrency_total_ttc\":\"51.84000000\",\"ref\":\"IPA-75\",\"product_type\":\"0\",\"qty\":\"12\",\"tva_tx\":\"20.0000\",\"localtax1_tx\":\"0.0000\",\"localtax2_tx\":\"0.0000\",\"total_ht\":\"43.20000000\",\"total_tva\":\"8.64000000\",\"total_localtax1\":\"0.00000000\",\"total_localtax2\":\"0.00000000\",\"total_ttc\":\"51.84000000\",\"info_bits\":\"0\"}},\"type\":\"0\",\"ref\":\"FA2404-1026\"}','18',0),(33,1,'2024-04-11 10:12:02','2024-04-11 08:12:02','BILL_SENTBYMAIL',158.40000000,'facture',2,'Laurence Juanchich',1971,'FA2404-1026','2024-04-10 00:00:00','e4010030b580d952a36dee2d87ce998ff7aa2fca6eb6426ff708b28cdde4b008','0f2fa6e08cc99346bb3da923a137d8cb5bc26a93e34ac20ca150912582e9b35e','{\"thirdparty\":{\"name\":\"LECLERC PAU UNIVERSITE I UNIVERDIS\",\"email\":\"celine.garces@pau.leclerc\",\"localtax1_value\":\"0.0000\",\"localtax2_value\":\"0.0000\",\"code_client\":\"CU2212-00145\",\"country_code\":\"FR\",\"state_code\":\"33\",\"address\":\"2 Avenue Louis Sallenave\",\"zip\":\"64000\",\"town\":\"PAU\"},\"mycompany\":{\"name\":\"LA GRANGE\",\"phone\":\"0625542465\",\"email\":\"contact@bieres-lagrange.fr\",\"idprof1\":\"891403750\",\"idprof2\":\"89140375000013\",\"idprof3\":\"1105Z\",\"tva_intra\":\"FR26891403750\",\"localtax1_assuj\":0,\"localtax2_assuj\":0,\"managers\":\"Jouanchich Laurence\",\"forme_juridique_code\":\"0\",\"country_code\":\"FR\",\"address\":\"13 RUE DE L\'OUSSE\",\"zip\":\"64420\",\"town\":\"NOUSTY\"},\"date\":1712700000,\"total_ht\":\"132.00000000\",\"total_tva\":\"26.40000000\",\"total_ttc\":\"158.40000000\",\"revenuestamp\":\"0.00000000\",\"invoiceline\":{\"1\":{\"multicurrency_code\":\"EUR\",\"multicurrency_total_ht\":\"88.80000000\",\"multicurrency_total_tva\":\"17.76000000\",\"multicurrency_total_ttc\":\"106.56000000\",\"ref\":\"IPA-33\",\"product_type\":\"0\",\"qty\":\"48\",\"tva_tx\":\"20.0000\",\"localtax1_tx\":\"0.0000\",\"localtax2_tx\":\"0.0000\",\"total_ht\":\"88.80000000\",\"total_tva\":\"17.76000000\",\"total_localtax1\":\"0.00000000\",\"total_localtax2\":\"0.00000000\",\"total_ttc\":\"106.56000000\",\"info_bits\":\"0\"},\"2\":{\"multicurrency_code\":\"EUR\",\"multicurrency_total_ht\":\"43.20000000\",\"multicurrency_total_tva\":\"8.64000000\",\"multicurrency_total_ttc\":\"51.84000000\",\"ref\":\"IPA-75\",\"product_type\":\"0\",\"qty\":\"12\",\"tva_tx\":\"20.0000\",\"localtax1_tx\":\"0.0000\",\"localtax2_tx\":\"0.0000\",\"total_ht\":\"43.20000000\",\"total_tva\":\"8.64000000\",\"total_localtax1\":\"0.00000000\",\"total_localtax2\":\"0.00000000\",\"total_ttc\":\"51.84000000\",\"info_bits\":\"0\"}},\"type\":\"0\",\"ref\":\"FA2404-1026\"}','18',0),(34,1,'2024-04-11 15:45:37','2024-04-11 13:45:37','BILL_VALIDATE',331.78000000,'facture',2,'Laurence Juanchich',1974,'FA2404-1027','2024-04-11 00:00:00','7ae1299ce4aa5a36bc171d158b7b8c224cfbb4a018f0b72c86a43adeeb0cd25a','2ac8188d071cbcbbbdb7ae357ce6585640207e92b0b27f30eab7c5fa07eabc0c','{\"thirdparty\":{\"name\":\"Belharra food&wine\",\"name_alias\":\"William\",\"phone\":\"0670225897\",\"email\":\"dlh.foodwine@gmail.com\",\"localtax1_value\":\"0.0000\",\"localtax2_value\":\"0.0000\",\"code_client\":\"CU2404-00554\",\"country_code\":\"FR\",\"address\":\"252 route d\'herauritz\",\"zip\":\"64480\",\"town\":\"Ustaritz\"},\"mycompany\":{\"name\":\"LA GRANGE\",\"phone\":\"0625542465\",\"email\":\"contact@bieres-lagrange.fr\",\"idprof1\":\"891403750\",\"idprof2\":\"89140375000013\",\"idprof3\":\"1105Z\",\"tva_intra\":\"FR26891403750\",\"localtax1_assuj\":0,\"localtax2_assuj\":0,\"managers\":\"Jouanchich Laurence\",\"forme_juridique_code\":\"0\",\"country_code\":\"FR\",\"address\":\"13 RUE DE L\'OUSSE\",\"zip\":\"64420\",\"town\":\"NOUSTY\"},\"date\":1712786400,\"total_ht\":276.48,\"total_tva\":55.3,\"total_ttc\":331.78,\"revenuestamp\":\"0.00000000\",\"invoiceline\":{\"1\":{\"multicurrency_code\":\"EUR\",\"multicurrency_total_ht\":\"276.48000000\",\"multicurrency_total_tva\":\"55.30000000\",\"multicurrency_total_ttc\":\"331.78000000\",\"ref\":\"Lili_BLONDE_PALE_ALE-33\",\"product_type\":\"0\",\"qty\":\"144\",\"tva_tx\":\"20.0000\",\"localtax1_tx\":\"0.0000\",\"localtax2_tx\":\"0.0000\",\"total_ht\":\"276.48000000\",\"total_tva\":\"55.30000000\",\"total_localtax1\":\"0.00000000\",\"total_localtax2\":\"0.00000000\",\"total_ttc\":\"331.78000000\",\"info_bits\":\"0\"}},\"type\":\"0\",\"ref\":\"FA2404-1027\"}','18',0),(35,1,'2024-04-11 15:45:40','2024-04-11 13:45:40','DOC_DOWNLOAD',331.78000000,'facture',2,'Laurence Juanchich',1974,'FA2404-1027','2024-04-11 00:00:00','c5a80d2010b07473cc676d8cf5673be3302f144a907b7ac9331b691155267d99','992e417f13bd31b1c2ebb7151d44fbef21e6f082ef8e4e4288906757fe48191d','{\"thirdparty\":{\"name\":\"Belharra food&wine\",\"name_alias\":\"William\",\"phone\":\"0670225897\",\"email\":\"dlh.foodwine@gmail.com\",\"localtax1_value\":\"0.0000\",\"localtax2_value\":\"0.0000\",\"code_client\":\"CU2404-00554\",\"country_code\":\"FR\",\"address\":\"252 route d\'herauritz\",\"zip\":\"64480\",\"town\":\"Ustaritz\"},\"mycompany\":{\"name\":\"LA GRANGE\",\"phone\":\"0625542465\",\"email\":\"contact@bieres-lagrange.fr\",\"idprof1\":\"891403750\",\"idprof2\":\"89140375000013\",\"idprof3\":\"1105Z\",\"tva_intra\":\"FR26891403750\",\"localtax1_assuj\":0,\"localtax2_assuj\":0,\"managers\":\"Jouanchich Laurence\",\"forme_juridique_code\":\"0\",\"country_code\":\"FR\",\"address\":\"13 RUE DE L\'OUSSE\",\"zip\":\"64420\",\"town\":\"NOUSTY\"},\"date\":1712786400,\"total_ht\":\"276.48000000\",\"total_tva\":\"55.30000000\",\"total_ttc\":\"331.78000000\",\"revenuestamp\":\"0.00000000\",\"invoiceline\":{\"1\":{\"multicurrency_code\":\"EUR\",\"multicurrency_total_ht\":\"276.48000000\",\"multicurrency_total_tva\":\"55.30000000\",\"multicurrency_total_ttc\":\"331.78000000\",\"ref\":\"Lili_BLONDE_PALE_ALE-33\",\"product_type\":\"0\",\"qty\":\"144\",\"tva_tx\":\"20.0000\",\"localtax1_tx\":\"0.0000\",\"localtax2_tx\":\"0.0000\",\"total_ht\":\"276.48000000\",\"total_tva\":\"55.30000000\",\"total_localtax1\":\"0.00000000\",\"total_localtax2\":\"0.00000000\",\"total_ttc\":\"331.78000000\",\"info_bits\":\"0\"}},\"type\":\"0\",\"ref\":\"FA2404-1027\"}','18',0),(36,1,'2024-04-11 15:48:42','2024-04-11 13:48:42','BILL_SENTBYMAIL',331.78000000,'facture',2,'Laurence Juanchich',1974,'FA2404-1027','2024-04-11 00:00:00','98c211f7cc1b339f69e75aea6b3acd7a5bea7bea1f207104089d8b29b2506084','158c5b847e51c43e0a9c8629cb7336330c0f4ac2fca5bc2cf7f0dd69ba9dcce8','{\"thirdparty\":{\"name\":\"Belharra food&wine\",\"name_alias\":\"William\",\"phone\":\"0670225897\",\"email\":\"dlh.foodwine@gmail.com\",\"localtax1_value\":\"0.0000\",\"localtax2_value\":\"0.0000\",\"code_client\":\"CU2404-00554\",\"country_code\":\"FR\",\"address\":\"252 route d\'herauritz\",\"zip\":\"64480\",\"town\":\"Ustaritz\"},\"mycompany\":{\"name\":\"LA GRANGE\",\"phone\":\"0625542465\",\"email\":\"contact@bieres-lagrange.fr\",\"idprof1\":\"891403750\",\"idprof2\":\"89140375000013\",\"idprof3\":\"1105Z\",\"tva_intra\":\"FR26891403750\",\"localtax1_assuj\":0,\"localtax2_assuj\":0,\"managers\":\"Jouanchich Laurence\",\"forme_juridique_code\":\"0\",\"country_code\":\"FR\",\"address\":\"13 RUE DE L\'OUSSE\",\"zip\":\"64420\",\"town\":\"NOUSTY\"},\"date\":1712786400,\"total_ht\":\"276.48000000\",\"total_tva\":\"55.30000000\",\"total_ttc\":\"331.78000000\",\"revenuestamp\":\"0.00000000\",\"invoiceline\":{\"1\":{\"multicurrency_code\":\"EUR\",\"multicurrency_total_ht\":\"276.48000000\",\"multicurrency_total_tva\":\"55.30000000\",\"multicurrency_total_ttc\":\"331.78000000\",\"ref\":\"Lili_BLONDE_PALE_ALE-33\",\"product_type\":\"0\",\"qty\":\"144\",\"tva_tx\":\"20.0000\",\"localtax1_tx\":\"0.0000\",\"localtax2_tx\":\"0.0000\",\"total_ht\":\"276.48000000\",\"total_tva\":\"55.30000000\",\"total_localtax1\":\"0.00000000\",\"total_localtax2\":\"0.00000000\",\"total_ttc\":\"331.78000000\",\"info_bits\":\"0\"}},\"type\":\"0\",\"ref\":\"FA2404-1027\"}','18',0),(37,1,'2024-04-14 15:38:22','2024-04-14 13:38:22','BILL_VALIDATE',208.80000000,'facture',2,'Laurence Juanchich',1972,'FA2404-1028','2024-04-10 00:00:00','8e69ad0816259f52ddd7e5470b0d9f6388692af68ed4bd73815c489ef0e9c657','5ee7a505109b7e079868cf6784aaf1859c218a61a211d9ef9b242efd676ece89','{\"thirdparty\":{\"name\":\"Novotel Pau Pyr\\u00e9n\\u00e9es\",\"name_alias\":\"Florian DESCOURS\",\"phone\":\"0559130404\",\"email\":\"h0421-fb@accor.com\",\"localtax1_value\":\"0.0000\",\"localtax2_value\":\"0.0000\",\"code_client\":\"CU2305-00448\",\"country_code\":\"FR\",\"state_code\":\"64\",\"address\":\"Route de Bayonne\",\"zip\":\"64230\",\"town\":\"LESCAR\"},\"mycompany\":{\"name\":\"LA GRANGE\",\"phone\":\"0625542465\",\"email\":\"contact@bieres-lagrange.fr\",\"idprof1\":\"891403750\",\"idprof2\":\"89140375000013\",\"idprof3\":\"1105Z\",\"tva_intra\":\"FR26891403750\",\"localtax1_assuj\":0,\"localtax2_assuj\":0,\"managers\":\"Jouanchich Laurence\",\"forme_juridique_code\":\"0\",\"country_code\":\"FR\",\"address\":\"13 RUE DE L\'OUSSE\",\"zip\":\"64420\",\"town\":\"NOUSTY\"},\"date\":1712700000,\"total_ht\":174,\"total_tva\":34.8,\"total_ttc\":208.8,\"revenuestamp\":\"0.00000000\",\"invoiceline\":{\"1\":{\"multicurrency_code\":\"EUR\",\"multicurrency_total_ht\":\"86.40000000\",\"multicurrency_total_tva\":\"17.28000000\",\"multicurrency_total_ttc\":\"103.68000000\",\"ref\":\"BLONDE_PALE_ALE-33\",\"product_type\":\"0\",\"qty\":\"48\",\"tva_tx\":\"20.0000\",\"localtax1_tx\":\"0.0000\",\"localtax2_tx\":\"0.0000\",\"total_ht\":\"86.40000000\",\"total_tva\":\"17.28000000\",\"total_localtax1\":\"0.00000000\",\"total_localtax2\":\"0.00000000\",\"total_ttc\":\"103.68000000\",\"info_bits\":\"0\"},\"2\":{\"multicurrency_code\":\"EUR\",\"multicurrency_total_ht\":\"43.20000000\",\"multicurrency_total_tva\":\"8.64000000\",\"multicurrency_total_ttc\":\"51.84000000\",\"ref\":\"AMBREE-33\",\"product_type\":\"0\",\"qty\":\"24\",\"tva_tx\":\"20.0000\",\"localtax1_tx\":\"0.0000\",\"localtax2_tx\":\"0.0000\",\"total_ht\":\"43.20000000\",\"total_tva\":\"8.64000000\",\"total_localtax1\":\"0.00000000\",\"total_localtax2\":\"0.00000000\",\"total_ttc\":\"51.84000000\",\"info_bits\":\"0\"},\"3\":{\"multicurrency_code\":\"EUR\",\"multicurrency_total_ht\":\"44.40000000\",\"multicurrency_total_tva\":\"8.88000000\",\"multicurrency_total_ttc\":\"53.28000000\",\"ref\":\"IPA-33\",\"product_type\":\"0\",\"qty\":\"24\",\"tva_tx\":\"20.0000\",\"localtax1_tx\":\"0.0000\",\"localtax2_tx\":\"0.0000\",\"total_ht\":\"44.40000000\",\"total_tva\":\"8.88000000\",\"total_localtax1\":\"0.00000000\",\"total_localtax2\":\"0.00000000\",\"total_ttc\":\"53.28000000\",\"info_bits\":\"0\"}},\"type\":\"0\",\"ref\":\"FA2404-1028\"}','18',0),(38,1,'2024-04-14 15:38:25','2024-04-14 13:38:25','DOC_DOWNLOAD',208.80000000,'facture',2,'Laurence Juanchich',1972,'FA2404-1028','2024-04-10 00:00:00','e1647fc4d29443406f0c7e86d88d11b97fd0980127e3661985c28f2026eccfc7','60da396f24c2994d5bbe95a0adc89769096865a8a3d1ebc20d08368d6d4e0a66','{\"thirdparty\":{\"name\":\"Novotel Pau Pyr\\u00e9n\\u00e9es\",\"name_alias\":\"Florian DESCOURS\",\"phone\":\"0559130404\",\"email\":\"h0421-fb@accor.com\",\"localtax1_value\":\"0.0000\",\"localtax2_value\":\"0.0000\",\"code_client\":\"CU2305-00448\",\"country_code\":\"FR\",\"state_code\":\"64\",\"address\":\"Route de Bayonne\",\"zip\":\"64230\",\"town\":\"LESCAR\"},\"mycompany\":{\"name\":\"LA GRANGE\",\"phone\":\"0625542465\",\"email\":\"contact@bieres-lagrange.fr\",\"idprof1\":\"891403750\",\"idprof2\":\"89140375000013\",\"idprof3\":\"1105Z\",\"tva_intra\":\"FR26891403750\",\"localtax1_assuj\":0,\"localtax2_assuj\":0,\"managers\":\"Jouanchich Laurence\",\"forme_juridique_code\":\"0\",\"country_code\":\"FR\",\"address\":\"13 RUE DE L\'OUSSE\",\"zip\":\"64420\",\"town\":\"NOUSTY\"},\"date\":1712700000,\"total_ht\":\"174.00000000\",\"total_tva\":\"34.80000000\",\"total_ttc\":\"208.80000000\",\"revenuestamp\":\"0.00000000\",\"invoiceline\":{\"1\":{\"multicurrency_code\":\"EUR\",\"multicurrency_total_ht\":\"86.40000000\",\"multicurrency_total_tva\":\"17.28000000\",\"multicurrency_total_ttc\":\"103.68000000\",\"ref\":\"BLONDE_PALE_ALE-33\",\"product_type\":\"0\",\"qty\":\"48\",\"tva_tx\":\"20.0000\",\"localtax1_tx\":\"0.0000\",\"localtax2_tx\":\"0.0000\",\"total_ht\":\"86.40000000\",\"total_tva\":\"17.28000000\",\"total_localtax1\":\"0.00000000\",\"total_localtax2\":\"0.00000000\",\"total_ttc\":\"103.68000000\",\"info_bits\":\"0\"},\"2\":{\"multicurrency_code\":\"EUR\",\"multicurrency_total_ht\":\"43.20000000\",\"multicurrency_total_tva\":\"8.64000000\",\"multicurrency_total_ttc\":\"51.84000000\",\"ref\":\"AMBREE-33\",\"product_type\":\"0\",\"qty\":\"24\",\"tva_tx\":\"20.0000\",\"localtax1_tx\":\"0.0000\",\"localtax2_tx\":\"0.0000\",\"total_ht\":\"43.20000000\",\"total_tva\":\"8.64000000\",\"total_localtax1\":\"0.00000000\",\"total_localtax2\":\"0.00000000\",\"total_ttc\":\"51.84000000\",\"info_bits\":\"0\"},\"3\":{\"multicurrency_code\":\"EUR\",\"multicurrency_total_ht\":\"44.40000000\",\"multicurrency_total_tva\":\"8.88000000\",\"multicurrency_total_ttc\":\"53.28000000\",\"ref\":\"IPA-33\",\"product_type\":\"0\",\"qty\":\"24\",\"tva_tx\":\"20.0000\",\"localtax1_tx\":\"0.0000\",\"localtax2_tx\":\"0.0000\",\"total_ht\":\"44.40000000\",\"total_tva\":\"8.88000000\",\"total_localtax1\":\"0.00000000\",\"total_localtax2\":\"0.00000000\",\"total_ttc\":\"53.28000000\",\"info_bits\":\"0\"}},\"type\":\"0\",\"ref\":\"FA2404-1028\"}','18',0),(39,1,'2024-04-14 15:43:25','2024-04-14 13:43:25','BILL_SENTBYMAIL',208.80000000,'facture',2,'Laurence Juanchich',1972,'FA2404-1028','2024-04-10 00:00:00','2b43182cd79714aea7fe1b147272985be5bb43b1b35c885576c04326cf13a449','017421dd542deeaf3656fa0faa347404d3297f74ea3c492ac6afab1efb103ebb','{\"thirdparty\":{\"name\":\"Novotel Pau Pyr\\u00e9n\\u00e9es\",\"name_alias\":\"Florian DESCOURS\",\"phone\":\"0559130404\",\"email\":\"h0421-fb@accor.com\",\"localtax1_value\":\"0.0000\",\"localtax2_value\":\"0.0000\",\"code_client\":\"CU2305-00448\",\"country_code\":\"FR\",\"state_code\":\"64\",\"address\":\"Route de Bayonne\",\"zip\":\"64230\",\"town\":\"LESCAR\"},\"mycompany\":{\"name\":\"LA GRANGE\",\"phone\":\"0625542465\",\"email\":\"contact@bieres-lagrange.fr\",\"idprof1\":\"891403750\",\"idprof2\":\"89140375000013\",\"idprof3\":\"1105Z\",\"tva_intra\":\"FR26891403750\",\"localtax1_assuj\":0,\"localtax2_assuj\":0,\"managers\":\"Jouanchich Laurence\",\"forme_juridique_code\":\"0\",\"country_code\":\"FR\",\"address\":\"13 RUE DE L\'OUSSE\",\"zip\":\"64420\",\"town\":\"NOUSTY\"},\"date\":1712700000,\"total_ht\":\"174.00000000\",\"total_tva\":\"34.80000000\",\"total_ttc\":\"208.80000000\",\"revenuestamp\":\"0.00000000\",\"invoiceline\":{\"1\":{\"multicurrency_code\":\"EUR\",\"multicurrency_total_ht\":\"86.40000000\",\"multicurrency_total_tva\":\"17.28000000\",\"multicurrency_total_ttc\":\"103.68000000\",\"ref\":\"BLONDE_PALE_ALE-33\",\"product_type\":\"0\",\"qty\":\"48\",\"tva_tx\":\"20.0000\",\"localtax1_tx\":\"0.0000\",\"localtax2_tx\":\"0.0000\",\"total_ht\":\"86.40000000\",\"total_tva\":\"17.28000000\",\"total_localtax1\":\"0.00000000\",\"total_localtax2\":\"0.00000000\",\"total_ttc\":\"103.68000000\",\"info_bits\":\"0\"},\"2\":{\"multicurrency_code\":\"EUR\",\"multicurrency_total_ht\":\"43.20000000\",\"multicurrency_total_tva\":\"8.64000000\",\"multicurrency_total_ttc\":\"51.84000000\",\"ref\":\"AMBREE-33\",\"product_type\":\"0\",\"qty\":\"24\",\"tva_tx\":\"20.0000\",\"localtax1_tx\":\"0.0000\",\"localtax2_tx\":\"0.0000\",\"total_ht\":\"43.20000000\",\"total_tva\":\"8.64000000\",\"total_localtax1\":\"0.00000000\",\"total_localtax2\":\"0.00000000\",\"total_ttc\":\"51.84000000\",\"info_bits\":\"0\"},\"3\":{\"multicurrency_code\":\"EUR\",\"multicurrency_total_ht\":\"44.40000000\",\"multicurrency_total_tva\":\"8.88000000\",\"multicurrency_total_ttc\":\"53.28000000\",\"ref\":\"IPA-33\",\"product_type\":\"0\",\"qty\":\"24\",\"tva_tx\":\"20.0000\",\"localtax1_tx\":\"0.0000\",\"localtax2_tx\":\"0.0000\",\"total_ht\":\"44.40000000\",\"total_tva\":\"8.88000000\",\"total_localtax1\":\"0.00000000\",\"total_localtax2\":\"0.00000000\",\"total_ttc\":\"53.28000000\",\"info_bits\":\"0\"}},\"type\":\"0\",\"ref\":\"FA2404-1028\"}','18',0),(40,1,'2024-04-15 10:45:15','2024-04-15 08:45:15','BILL_VALIDATE',439.20000000,'facture',2,'Laurence Juanchich',1975,'FA2404-1029','2024-04-12 00:00:00','a624e3a605a46749fbc3d209dcb08101db927d5c7dc7aa9d97e1c1347330d1c3','ab9df88c69d87b87c445e16123a0a0785949df0236fe0fd749f9e9eac85f6eee','{\"thirdparty\":{\"name\":\"SUPER U BENEJACQ I SA SUNAY\",\"phone\":\"559777100\",\"email\":\"superu.benejacq.compta@systeme-u.fr\",\"localtax1_value\":\"0.0000\",\"localtax2_value\":\"0.0000\",\"code_client\":\"CU2301-00259\",\"country_code\":\"FR\",\"state_code\":\"33\",\"address\":\"132 rue des Pyrenees\",\"zip\":\"64800\",\"town\":\"BENEJACQ\"},\"mycompany\":{\"name\":\"LA GRANGE\",\"phone\":\"0625542465\",\"email\":\"contact@bieres-lagrange.fr\",\"idprof1\":\"891403750\",\"idprof2\":\"89140375000013\",\"idprof3\":\"1105Z\",\"tva_intra\":\"FR26891403750\",\"localtax1_assuj\":0,\"localtax2_assuj\":0,\"managers\":\"Jouanchich Laurence\",\"forme_juridique_code\":\"0\",\"country_code\":\"FR\",\"address\":\"13 RUE DE L\'OUSSE\",\"zip\":\"64420\",\"town\":\"NOUSTY\"},\"date\":1712872800,\"total_ht\":366,\"total_tva\":73.2,\"total_ttc\":439.2,\"revenuestamp\":\"0.00000000\",\"invoiceline\":{\"1\":{\"multicurrency_code\":\"EUR\",\"multicurrency_total_ht\":\"86.40000000\",\"multicurrency_total_tva\":\"17.28000000\",\"multicurrency_total_ttc\":\"103.68000000\",\"ref\":\"BLONDE_PALE_ALE-33\",\"product_type\":\"0\",\"qty\":\"48\",\"tva_tx\":\"20.0000\",\"localtax1_tx\":\"0.0000\",\"localtax2_tx\":\"0.0000\",\"total_ht\":\"86.40000000\",\"total_tva\":\"17.28000000\",\"total_localtax1\":\"0.00000000\",\"total_localtax2\":\"0.00000000\",\"total_ttc\":\"103.68000000\",\"info_bits\":\"0\"},\"2\":{\"multicurrency_code\":\"EUR\",\"multicurrency_total_ht\":\"43.20000000\",\"multicurrency_total_tva\":\"8.64000000\",\"multicurrency_total_ttc\":\"51.84000000\",\"ref\":\"AMBREE-33\",\"product_type\":\"0\",\"qty\":\"24\",\"tva_tx\":\"20.0000\",\"localtax1_tx\":\"0.0000\",\"localtax2_tx\":\"0.0000\",\"total_ht\":\"43.20000000\",\"total_tva\":\"8.64000000\",\"total_localtax1\":\"0.00000000\",\"total_localtax2\":\"0.00000000\",\"total_ttc\":\"51.84000000\",\"info_bits\":\"0\"},\"3\":{\"multicurrency_code\":\"EUR\",\"multicurrency_total_ht\":\"44.40000000\",\"multicurrency_total_tva\":\"8.88000000\",\"multicurrency_total_ttc\":\"53.28000000\",\"ref\":\"IPA-33\",\"product_type\":\"0\",\"qty\":\"24\",\"tva_tx\":\"20.0000\",\"localtax1_tx\":\"0.0000\",\"localtax2_tx\":\"0.0000\",\"total_ht\":\"44.40000000\",\"total_tva\":\"8.88000000\",\"total_localtax1\":\"0.00000000\",\"total_localtax2\":\"0.00000000\",\"total_ttc\":\"53.28000000\",\"info_bits\":\"0\"},\"4\":{\"multicurrency_code\":\"EUR\",\"multicurrency_total_ht\":\"43.20000000\",\"multicurrency_total_tva\":\"8.64000000\",\"multicurrency_total_ttc\":\"51.84000000\",\"ref\":\"BLONDE_PILSEN-33\",\"product_type\":\"0\",\"qty\":\"24\",\"tva_tx\":\"20.0000\",\"localtax1_tx\":\"0.0000\",\"localtax2_tx\":\"0.0000\",\"total_ht\":\"43.20000000\",\"total_tva\":\"8.64000000\",\"total_localtax1\":\"0.00000000\",\"total_localtax2\":\"0.00000000\",\"total_ttc\":\"51.84000000\",\"info_bits\":\"0\"},\"5\":{\"multicurrency_code\":\"EUR\",\"multicurrency_total_ht\":\"63.00000000\",\"multicurrency_total_tva\":\"12.60000000\",\"multicurrency_total_ttc\":\"75.60000000\",\"ref\":\"BLONDE_PALE_ALE-75\",\"product_type\":\"0\",\"qty\":\"18\",\"tva_tx\":\"20.0000\",\"localtax1_tx\":\"0.0000\",\"localtax2_tx\":\"0.0000\",\"total_ht\":\"63.00000000\",\"total_tva\":\"12.60000000\",\"total_localtax1\":\"0.00000000\",\"total_localtax2\":\"0.00000000\",\"total_ttc\":\"75.60000000\",\"info_bits\":\"0\"},\"6\":{\"multicurrency_code\":\"EUR\",\"multicurrency_total_ht\":\"21.00000000\",\"multicurrency_total_tva\":\"4.20000000\",\"multicurrency_total_ttc\":\"25.20000000\",\"ref\":\"AMBREE-75\",\"product_type\":\"0\",\"qty\":\"6\",\"tva_tx\":\"20.0000\",\"localtax1_tx\":\"0.0000\",\"localtax2_tx\":\"0.0000\",\"total_ht\":\"21.00000000\",\"total_tva\":\"4.20000000\",\"total_localtax1\":\"0.00000000\",\"total_localtax2\":\"0.00000000\",\"total_ttc\":\"25.20000000\",\"info_bits\":\"0\"},\"7\":{\"multicurrency_code\":\"EUR\",\"multicurrency_total_ht\":\"64.80000000\",\"multicurrency_total_tva\":\"12.96000000\",\"multicurrency_total_ttc\":\"77.76000000\",\"ref\":\"IPA-75\",\"product_type\":\"0\",\"qty\":\"18\",\"tva_tx\":\"20.0000\",\"localtax1_tx\":\"0.0000\",\"localtax2_tx\":\"0.0000\",\"total_ht\":\"64.80000000\",\"total_tva\":\"12.96000000\",\"total_localtax1\":\"0.00000000\",\"total_localtax2\":\"0.00000000\",\"total_ttc\":\"77.76000000\",\"info_bits\":\"0\"}},\"type\":\"0\",\"ref\":\"FA2404-1029\"}','18',0),(41,1,'2024-04-15 10:45:24','2024-04-15 08:45:24','DOC_DOWNLOAD',439.20000000,'facture',2,'Laurence Juanchich',1975,'FA2404-1029','2024-04-12 00:00:00','3cb1ee74e1185e1a709f6d7115fc98ac1ef6074c7b54a7d5a72026e9ca32e48e','3716330f6e7d19accf78bbe4d22a3223f32c853fae9b8d082ddc08a82ecef97f','{\"thirdparty\":{\"name\":\"SUPER U BENEJACQ I SA SUNAY\",\"phone\":\"559777100\",\"email\":\"superu.benejacq.compta@systeme-u.fr\",\"localtax1_value\":\"0.0000\",\"localtax2_value\":\"0.0000\",\"code_client\":\"CU2301-00259\",\"country_code\":\"FR\",\"state_code\":\"33\",\"address\":\"132 rue des Pyrenees\",\"zip\":\"64800\",\"town\":\"BENEJACQ\"},\"mycompany\":{\"name\":\"LA GRANGE\",\"phone\":\"0625542465\",\"email\":\"contact@bieres-lagrange.fr\",\"idprof1\":\"891403750\",\"idprof2\":\"89140375000013\",\"idprof3\":\"1105Z\",\"tva_intra\":\"FR26891403750\",\"localtax1_assuj\":0,\"localtax2_assuj\":0,\"managers\":\"Jouanchich Laurence\",\"forme_juridique_code\":\"0\",\"country_code\":\"FR\",\"address\":\"13 RUE DE L\'OUSSE\",\"zip\":\"64420\",\"town\":\"NOUSTY\"},\"date\":1712872800,\"total_ht\":\"366.00000000\",\"total_tva\":\"73.20000000\",\"total_ttc\":\"439.20000000\",\"revenuestamp\":\"0.00000000\",\"invoiceline\":{\"1\":{\"multicurrency_code\":\"EUR\",\"multicurrency_total_ht\":\"86.40000000\",\"multicurrency_total_tva\":\"17.28000000\",\"multicurrency_total_ttc\":\"103.68000000\",\"ref\":\"BLONDE_PALE_ALE-33\",\"product_type\":\"0\",\"qty\":\"48\",\"tva_tx\":\"20.0000\",\"localtax1_tx\":\"0.0000\",\"localtax2_tx\":\"0.0000\",\"total_ht\":\"86.40000000\",\"total_tva\":\"17.28000000\",\"total_localtax1\":\"0.00000000\",\"total_localtax2\":\"0.00000000\",\"total_ttc\":\"103.68000000\",\"info_bits\":\"0\"},\"2\":{\"multicurrency_code\":\"EUR\",\"multicurrency_total_ht\":\"43.20000000\",\"multicurrency_total_tva\":\"8.64000000\",\"multicurrency_total_ttc\":\"51.84000000\",\"ref\":\"AMBREE-33\",\"product_type\":\"0\",\"qty\":\"24\",\"tva_tx\":\"20.0000\",\"localtax1_tx\":\"0.0000\",\"localtax2_tx\":\"0.0000\",\"total_ht\":\"43.20000000\",\"total_tva\":\"8.64000000\",\"total_localtax1\":\"0.00000000\",\"total_localtax2\":\"0.00000000\",\"total_ttc\":\"51.84000000\",\"info_bits\":\"0\"},\"3\":{\"multicurrency_code\":\"EUR\",\"multicurrency_total_ht\":\"44.40000000\",\"multicurrency_total_tva\":\"8.88000000\",\"multicurrency_total_ttc\":\"53.28000000\",\"ref\":\"IPA-33\",\"product_type\":\"0\",\"qty\":\"24\",\"tva_tx\":\"20.0000\",\"localtax1_tx\":\"0.0000\",\"localtax2_tx\":\"0.0000\",\"total_ht\":\"44.40000000\",\"total_tva\":\"8.88000000\",\"total_localtax1\":\"0.00000000\",\"total_localtax2\":\"0.00000000\",\"total_ttc\":\"53.28000000\",\"info_bits\":\"0\"},\"4\":{\"multicurrency_code\":\"EUR\",\"multicurrency_total_ht\":\"43.20000000\",\"multicurrency_total_tva\":\"8.64000000\",\"multicurrency_total_ttc\":\"51.84000000\",\"ref\":\"BLONDE_PILSEN-33\",\"product_type\":\"0\",\"qty\":\"24\",\"tva_tx\":\"20.0000\",\"localtax1_tx\":\"0.0000\",\"localtax2_tx\":\"0.0000\",\"total_ht\":\"43.20000000\",\"total_tva\":\"8.64000000\",\"total_localtax1\":\"0.00000000\",\"total_localtax2\":\"0.00000000\",\"total_ttc\":\"51.84000000\",\"info_bits\":\"0\"},\"5\":{\"multicurrency_code\":\"EUR\",\"multicurrency_total_ht\":\"63.00000000\",\"multicurrency_total_tva\":\"12.60000000\",\"multicurrency_total_ttc\":\"75.60000000\",\"ref\":\"BLONDE_PALE_ALE-75\",\"product_type\":\"0\",\"qty\":\"18\",\"tva_tx\":\"20.0000\",\"localtax1_tx\":\"0.0000\",\"localtax2_tx\":\"0.0000\",\"total_ht\":\"63.00000000\",\"total_tva\":\"12.60000000\",\"total_localtax1\":\"0.00000000\",\"total_localtax2\":\"0.00000000\",\"total_ttc\":\"75.60000000\",\"info_bits\":\"0\"},\"6\":{\"multicurrency_code\":\"EUR\",\"multicurrency_total_ht\":\"21.00000000\",\"multicurrency_total_tva\":\"4.20000000\",\"multicurrency_total_ttc\":\"25.20000000\",\"ref\":\"AMBREE-75\",\"product_type\":\"0\",\"qty\":\"6\",\"tva_tx\":\"20.0000\",\"localtax1_tx\":\"0.0000\",\"localtax2_tx\":\"0.0000\",\"total_ht\":\"21.00000000\",\"total_tva\":\"4.20000000\",\"total_localtax1\":\"0.00000000\",\"total_localtax2\":\"0.00000000\",\"total_ttc\":\"25.20000000\",\"info_bits\":\"0\"},\"7\":{\"multicurrency_code\":\"EUR\",\"multicurrency_total_ht\":\"64.80000000\",\"multicurrency_total_tva\":\"12.96000000\",\"multicurrency_total_ttc\":\"77.76000000\",\"ref\":\"IPA-75\",\"product_type\":\"0\",\"qty\":\"18\",\"tva_tx\":\"20.0000\",\"localtax1_tx\":\"0.0000\",\"localtax2_tx\":\"0.0000\",\"total_ht\":\"64.80000000\",\"total_tva\":\"12.96000000\",\"total_localtax1\":\"0.00000000\",\"total_localtax2\":\"0.00000000\",\"total_ttc\":\"77.76000000\",\"info_bits\":\"0\"}},\"type\":\"0\",\"ref\":\"FA2404-1029\"}','18',0),(42,1,'2024-04-15 10:46:33','2024-04-15 08:46:33','BILL_SENTBYMAIL',439.20000000,'facture',2,'Laurence Juanchich',1975,'FA2404-1029','2024-04-12 00:00:00','e808d154516b841545cfdd09dcd55a641326a68a1e3246dff2fd18b4a3a8bcfc','fa416eacd491dd4da7ec70b9af26cc19221eaf52a78cb0d17071378d942e36a4','{\"thirdparty\":{\"name\":\"SUPER U BENEJACQ I SA SUNAY\",\"phone\":\"559777100\",\"email\":\"superu.benejacq.compta@systeme-u.fr\",\"localtax1_value\":\"0.0000\",\"localtax2_value\":\"0.0000\",\"code_client\":\"CU2301-00259\",\"country_code\":\"FR\",\"state_code\":\"33\",\"address\":\"132 rue des Pyrenees\",\"zip\":\"64800\",\"town\":\"BENEJACQ\"},\"mycompany\":{\"name\":\"LA GRANGE\",\"phone\":\"0625542465\",\"email\":\"contact@bieres-lagrange.fr\",\"idprof1\":\"891403750\",\"idprof2\":\"89140375000013\",\"idprof3\":\"1105Z\",\"tva_intra\":\"FR26891403750\",\"localtax1_assuj\":0,\"localtax2_assuj\":0,\"managers\":\"Jouanchich Laurence\",\"forme_juridique_code\":\"0\",\"country_code\":\"FR\",\"address\":\"13 RUE DE L\'OUSSE\",\"zip\":\"64420\",\"town\":\"NOUSTY\"},\"date\":1712872800,\"total_ht\":\"366.00000000\",\"total_tva\":\"73.20000000\",\"total_ttc\":\"439.20000000\",\"revenuestamp\":\"0.00000000\",\"invoiceline\":{\"1\":{\"multicurrency_code\":\"EUR\",\"multicurrency_total_ht\":\"86.40000000\",\"multicurrency_total_tva\":\"17.28000000\",\"multicurrency_total_ttc\":\"103.68000000\",\"ref\":\"BLONDE_PALE_ALE-33\",\"product_type\":\"0\",\"qty\":\"48\",\"tva_tx\":\"20.0000\",\"localtax1_tx\":\"0.0000\",\"localtax2_tx\":\"0.0000\",\"total_ht\":\"86.40000000\",\"total_tva\":\"17.28000000\",\"total_localtax1\":\"0.00000000\",\"total_localtax2\":\"0.00000000\",\"total_ttc\":\"103.68000000\",\"info_bits\":\"0\"},\"2\":{\"multicurrency_code\":\"EUR\",\"multicurrency_total_ht\":\"43.20000000\",\"multicurrency_total_tva\":\"8.64000000\",\"multicurrency_total_ttc\":\"51.84000000\",\"ref\":\"AMBREE-33\",\"product_type\":\"0\",\"qty\":\"24\",\"tva_tx\":\"20.0000\",\"localtax1_tx\":\"0.0000\",\"localtax2_tx\":\"0.0000\",\"total_ht\":\"43.20000000\",\"total_tva\":\"8.64000000\",\"total_localtax1\":\"0.00000000\",\"total_localtax2\":\"0.00000000\",\"total_ttc\":\"51.84000000\",\"info_bits\":\"0\"},\"3\":{\"multicurrency_code\":\"EUR\",\"multicurrency_total_ht\":\"44.40000000\",\"multicurrency_total_tva\":\"8.88000000\",\"multicurrency_total_ttc\":\"53.28000000\",\"ref\":\"IPA-33\",\"product_type\":\"0\",\"qty\":\"24\",\"tva_tx\":\"20.0000\",\"localtax1_tx\":\"0.0000\",\"localtax2_tx\":\"0.0000\",\"total_ht\":\"44.40000000\",\"total_tva\":\"8.88000000\",\"total_localtax1\":\"0.00000000\",\"total_localtax2\":\"0.00000000\",\"total_ttc\":\"53.28000000\",\"info_bits\":\"0\"},\"4\":{\"multicurrency_code\":\"EUR\",\"multicurrency_total_ht\":\"43.20000000\",\"multicurrency_total_tva\":\"8.64000000\",\"multicurrency_total_ttc\":\"51.84000000\",\"ref\":\"BLONDE_PILSEN-33\",\"product_type\":\"0\",\"qty\":\"24\",\"tva_tx\":\"20.0000\",\"localtax1_tx\":\"0.0000\",\"localtax2_tx\":\"0.0000\",\"total_ht\":\"43.20000000\",\"total_tva\":\"8.64000000\",\"total_localtax1\":\"0.00000000\",\"total_localtax2\":\"0.00000000\",\"total_ttc\":\"51.84000000\",\"info_bits\":\"0\"},\"5\":{\"multicurrency_code\":\"EUR\",\"multicurrency_total_ht\":\"63.00000000\",\"multicurrency_total_tva\":\"12.60000000\",\"multicurrency_total_ttc\":\"75.60000000\",\"ref\":\"BLONDE_PALE_ALE-75\",\"product_type\":\"0\",\"qty\":\"18\",\"tva_tx\":\"20.0000\",\"localtax1_tx\":\"0.0000\",\"localtax2_tx\":\"0.0000\",\"total_ht\":\"63.00000000\",\"total_tva\":\"12.60000000\",\"total_localtax1\":\"0.00000000\",\"total_localtax2\":\"0.00000000\",\"total_ttc\":\"75.60000000\",\"info_bits\":\"0\"},\"6\":{\"multicurrency_code\":\"EUR\",\"multicurrency_total_ht\":\"21.00000000\",\"multicurrency_total_tva\":\"4.20000000\",\"multicurrency_total_ttc\":\"25.20000000\",\"ref\":\"AMBREE-75\",\"product_type\":\"0\",\"qty\":\"6\",\"tva_tx\":\"20.0000\",\"localtax1_tx\":\"0.0000\",\"localtax2_tx\":\"0.0000\",\"total_ht\":\"21.00000000\",\"total_tva\":\"4.20000000\",\"total_localtax1\":\"0.00000000\",\"total_localtax2\":\"0.00000000\",\"total_ttc\":\"25.20000000\",\"info_bits\":\"0\"},\"7\":{\"multicurrency_code\":\"EUR\",\"multicurrency_total_ht\":\"64.80000000\",\"multicurrency_total_tva\":\"12.96000000\",\"multicurrency_total_ttc\":\"77.76000000\",\"ref\":\"IPA-75\",\"product_type\":\"0\",\"qty\":\"18\",\"tva_tx\":\"20.0000\",\"localtax1_tx\":\"0.0000\",\"localtax2_tx\":\"0.0000\",\"total_ht\":\"64.80000000\",\"total_tva\":\"12.96000000\",\"total_localtax1\":\"0.00000000\",\"total_localtax2\":\"0.00000000\",\"total_ttc\":\"77.76000000\",\"info_bits\":\"0\"}},\"type\":\"0\",\"ref\":\"FA2404-1029\"}','18',0),(43,1,'2024-04-15 10:46:42','2024-04-15 08:46:42','BILL_VALIDATE',228.96000000,'facture',2,'Laurence Juanchich',1976,'FA2404-1030','2024-04-12 00:00:00','28873a5e1ac0bda92aa0be9ec366c912cbf3ad9ab712edcea332f4e74f570749','083e01aea39635a0d25a9ce3d826da6715078391032dba69ac82643b53739bcf','{\"thirdparty\":{\"name\":\"INTERMARCHE COARRAZE I SAS CHAMVYLE\",\"phone\":\"0559612264\",\"email\":\"Pdv11683@mousquetaires.com\",\"localtax1_assuj\":\"0\",\"localtax2_assuj\":\"0\",\"forme_juridique_code\":\"0\",\"code_client\":\"CU2301-00308\",\"country_code\":\"FR\",\"state_code\":\"33\",\"address\":\"Av. de la Gare, \",\"zip\":\"64800\",\"town\":\"Coarraze\"},\"mycompany\":{\"name\":\"LA GRANGE\",\"phone\":\"0625542465\",\"email\":\"contact@bieres-lagrange.fr\",\"idprof1\":\"891403750\",\"idprof2\":\"89140375000013\",\"idprof3\":\"1105Z\",\"tva_intra\":\"FR26891403750\",\"localtax1_assuj\":0,\"localtax2_assuj\":0,\"managers\":\"Jouanchich Laurence\",\"forme_juridique_code\":\"0\",\"country_code\":\"FR\",\"address\":\"13 RUE DE L\'OUSSE\",\"zip\":\"64420\",\"town\":\"NOUSTY\"},\"date\":1712872800,\"total_ht\":190.8,\"total_tva\":38.16,\"total_ttc\":228.96,\"revenuestamp\":\"0.00000000\",\"invoiceline\":{\"1\":{\"multicurrency_code\":\"EUR\",\"multicurrency_total_ht\":\"43.20000000\",\"multicurrency_total_tva\":\"8.64000000\",\"multicurrency_total_ttc\":\"51.84000000\",\"ref\":\"AMBREE-33\",\"product_type\":\"0\",\"qty\":\"24\",\"tva_tx\":\"20.0000\",\"localtax1_tx\":\"0.0000\",\"localtax2_tx\":\"0.0000\",\"total_ht\":\"43.20000000\",\"total_tva\":\"8.64000000\",\"total_localtax1\":\"0.00000000\",\"total_localtax2\":\"0.00000000\",\"total_ttc\":\"51.84000000\",\"info_bits\":\"0\"},\"2\":{\"multicurrency_code\":\"EUR\",\"multicurrency_total_ht\":\"42.00000000\",\"multicurrency_total_tva\":\"8.40000000\",\"multicurrency_total_ttc\":\"50.40000000\",\"ref\":\"BLONDE_PALE_ALE-75\",\"product_type\":\"0\",\"qty\":\"12\",\"tva_tx\":\"20.0000\",\"localtax1_tx\":\"0.0000\",\"localtax2_tx\":\"0.0000\",\"total_ht\":\"42.00000000\",\"total_tva\":\"8.40000000\",\"total_localtax1\":\"0.00000000\",\"total_localtax2\":\"0.00000000\",\"total_ttc\":\"50.40000000\",\"info_bits\":\"0\"},\"3\":{\"multicurrency_code\":\"EUR\",\"multicurrency_total_ht\":\"42.00000000\",\"multicurrency_total_tva\":\"8.40000000\",\"multicurrency_total_ttc\":\"50.40000000\",\"ref\":\"AMBREE-75\",\"product_type\":\"0\",\"qty\":\"12\",\"tva_tx\":\"20.0000\",\"localtax1_tx\":\"0.0000\",\"localtax2_tx\":\"0.0000\",\"total_ht\":\"42.00000000\",\"total_tva\":\"8.40000000\",\"total_localtax1\":\"0.00000000\",\"total_localtax2\":\"0.00000000\",\"total_ttc\":\"50.40000000\",\"info_bits\":\"0\"},\"4\":{\"multicurrency_code\":\"EUR\",\"multicurrency_total_ht\":\"21.60000000\",\"multicurrency_total_tva\":\"4.32000000\",\"multicurrency_total_ttc\":\"25.92000000\",\"ref\":\"IPA-75\",\"product_type\":\"0\",\"qty\":\"6\",\"tva_tx\":\"20.0000\",\"localtax1_tx\":\"0.0000\",\"localtax2_tx\":\"0.0000\",\"total_ht\":\"21.60000000\",\"total_tva\":\"4.32000000\",\"total_localtax1\":\"0.00000000\",\"total_localtax2\":\"0.00000000\",\"total_ttc\":\"25.92000000\",\"info_bits\":\"0\"},\"5\":{\"multicurrency_code\":\"EUR\",\"multicurrency_total_ht\":\"42.00000000\",\"multicurrency_total_tva\":\"8.40000000\",\"multicurrency_total_ttc\":\"50.40000000\",\"ref\":\"BLONDE_PILSEN-75\",\"product_type\":\"0\",\"qty\":\"12\",\"tva_tx\":\"20.0000\",\"localtax1_tx\":\"0.0000\",\"localtax2_tx\":\"0.0000\",\"total_ht\":\"42.00000000\",\"total_tva\":\"8.40000000\",\"total_localtax1\":\"0.00000000\",\"total_localtax2\":\"0.00000000\",\"total_ttc\":\"50.40000000\",\"info_bits\":\"0\"}},\"type\":\"0\",\"ref\":\"FA2404-1030\"}','18',0),(44,1,'2024-04-15 10:46:44','2024-04-15 08:46:44','DOC_DOWNLOAD',228.96000000,'facture',2,'Laurence Juanchich',1976,'FA2404-1030','2024-04-12 00:00:00','a331260fd8e216d17d268f5adce0efe960622417d57fea9f27ed59af826160c5','4293b15c0104cd65ea9a82d3286267c57c4863c48e3451b34cdeecd499fc99f6','{\"thirdparty\":{\"name\":\"INTERMARCHE COARRAZE I SAS CHAMVYLE\",\"phone\":\"0559612264\",\"email\":\"Pdv11683@mousquetaires.com\",\"localtax1_assuj\":\"0\",\"localtax2_assuj\":\"0\",\"forme_juridique_code\":\"0\",\"code_client\":\"CU2301-00308\",\"country_code\":\"FR\",\"state_code\":\"33\",\"address\":\"Av. de la Gare, \",\"zip\":\"64800\",\"town\":\"Coarraze\"},\"mycompany\":{\"name\":\"LA GRANGE\",\"phone\":\"0625542465\",\"email\":\"contact@bieres-lagrange.fr\",\"idprof1\":\"891403750\",\"idprof2\":\"89140375000013\",\"idprof3\":\"1105Z\",\"tva_intra\":\"FR26891403750\",\"localtax1_assuj\":0,\"localtax2_assuj\":0,\"managers\":\"Jouanchich Laurence\",\"forme_juridique_code\":\"0\",\"country_code\":\"FR\",\"address\":\"13 RUE DE L\'OUSSE\",\"zip\":\"64420\",\"town\":\"NOUSTY\"},\"date\":1712872800,\"total_ht\":\"190.80000000\",\"total_tva\":\"38.16000000\",\"total_ttc\":\"228.96000000\",\"revenuestamp\":\"0.00000000\",\"invoiceline\":{\"1\":{\"multicurrency_code\":\"EUR\",\"multicurrency_total_ht\":\"43.20000000\",\"multicurrency_total_tva\":\"8.64000000\",\"multicurrency_total_ttc\":\"51.84000000\",\"ref\":\"AMBREE-33\",\"product_type\":\"0\",\"qty\":\"24\",\"tva_tx\":\"20.0000\",\"localtax1_tx\":\"0.0000\",\"localtax2_tx\":\"0.0000\",\"total_ht\":\"43.20000000\",\"total_tva\":\"8.64000000\",\"total_localtax1\":\"0.00000000\",\"total_localtax2\":\"0.00000000\",\"total_ttc\":\"51.84000000\",\"info_bits\":\"0\"},\"2\":{\"multicurrency_code\":\"EUR\",\"multicurrency_total_ht\":\"42.00000000\",\"multicurrency_total_tva\":\"8.40000000\",\"multicurrency_total_ttc\":\"50.40000000\",\"ref\":\"BLONDE_PALE_ALE-75\",\"product_type\":\"0\",\"qty\":\"12\",\"tva_tx\":\"20.0000\",\"localtax1_tx\":\"0.0000\",\"localtax2_tx\":\"0.0000\",\"total_ht\":\"42.00000000\",\"total_tva\":\"8.40000000\",\"total_localtax1\":\"0.00000000\",\"total_localtax2\":\"0.00000000\",\"total_ttc\":\"50.40000000\",\"info_bits\":\"0\"},\"3\":{\"multicurrency_code\":\"EUR\",\"multicurrency_total_ht\":\"42.00000000\",\"multicurrency_total_tva\":\"8.40000000\",\"multicurrency_total_ttc\":\"50.40000000\",\"ref\":\"AMBREE-75\",\"product_type\":\"0\",\"qty\":\"12\",\"tva_tx\":\"20.0000\",\"localtax1_tx\":\"0.0000\",\"localtax2_tx\":\"0.0000\",\"total_ht\":\"42.00000000\",\"total_tva\":\"8.40000000\",\"total_localtax1\":\"0.00000000\",\"total_localtax2\":\"0.00000000\",\"total_ttc\":\"50.40000000\",\"info_bits\":\"0\"},\"4\":{\"multicurrency_code\":\"EUR\",\"multicurrency_total_ht\":\"21.60000000\",\"multicurrency_total_tva\":\"4.32000000\",\"multicurrency_total_ttc\":\"25.92000000\",\"ref\":\"IPA-75\",\"product_type\":\"0\",\"qty\":\"6\",\"tva_tx\":\"20.0000\",\"localtax1_tx\":\"0.0000\",\"localtax2_tx\":\"0.0000\",\"total_ht\":\"21.60000000\",\"total_tva\":\"4.32000000\",\"total_localtax1\":\"0.00000000\",\"total_localtax2\":\"0.00000000\",\"total_ttc\":\"25.92000000\",\"info_bits\":\"0\"},\"5\":{\"multicurrency_code\":\"EUR\",\"multicurrency_total_ht\":\"42.00000000\",\"multicurrency_total_tva\":\"8.40000000\",\"multicurrency_total_ttc\":\"50.40000000\",\"ref\":\"BLONDE_PILSEN-75\",\"product_type\":\"0\",\"qty\":\"12\",\"tva_tx\":\"20.0000\",\"localtax1_tx\":\"0.0000\",\"localtax2_tx\":\"0.0000\",\"total_ht\":\"42.00000000\",\"total_tva\":\"8.40000000\",\"total_localtax1\":\"0.00000000\",\"total_localtax2\":\"0.00000000\",\"total_ttc\":\"50.40000000\",\"info_bits\":\"0\"}},\"type\":\"0\",\"ref\":\"FA2404-1030\"}','18',0),(45,1,'2024-04-15 10:47:27','2024-04-15 08:47:27','BILL_SENTBYMAIL',228.96000000,'facture',2,'Laurence Juanchich',1976,'FA2404-1030','2024-04-12 00:00:00','fdcb6700e35181c363a61e9d772e4535076b83439dd120789a3b47baf8c13b99','3598583093d76a610496ab0b330daa5d3db3afe47f938ac0588c8c86048429c0','{\"thirdparty\":{\"name\":\"INTERMARCHE COARRAZE I SAS CHAMVYLE\",\"phone\":\"0559612264\",\"email\":\"Pdv11683@mousquetaires.com\",\"localtax1_assuj\":\"0\",\"localtax2_assuj\":\"0\",\"forme_juridique_code\":\"0\",\"code_client\":\"CU2301-00308\",\"country_code\":\"FR\",\"state_code\":\"33\",\"address\":\"Av. de la Gare, \",\"zip\":\"64800\",\"town\":\"Coarraze\"},\"mycompany\":{\"name\":\"LA GRANGE\",\"phone\":\"0625542465\",\"email\":\"contact@bieres-lagrange.fr\",\"idprof1\":\"891403750\",\"idprof2\":\"89140375000013\",\"idprof3\":\"1105Z\",\"tva_intra\":\"FR26891403750\",\"localtax1_assuj\":0,\"localtax2_assuj\":0,\"managers\":\"Jouanchich Laurence\",\"forme_juridique_code\":\"0\",\"country_code\":\"FR\",\"address\":\"13 RUE DE L\'OUSSE\",\"zip\":\"64420\",\"town\":\"NOUSTY\"},\"date\":1712872800,\"total_ht\":\"190.80000000\",\"total_tva\":\"38.16000000\",\"total_ttc\":\"228.96000000\",\"revenuestamp\":\"0.00000000\",\"invoiceline\":{\"1\":{\"multicurrency_code\":\"EUR\",\"multicurrency_total_ht\":\"43.20000000\",\"multicurrency_total_tva\":\"8.64000000\",\"multicurrency_total_ttc\":\"51.84000000\",\"ref\":\"AMBREE-33\",\"product_type\":\"0\",\"qty\":\"24\",\"tva_tx\":\"20.0000\",\"localtax1_tx\":\"0.0000\",\"localtax2_tx\":\"0.0000\",\"total_ht\":\"43.20000000\",\"total_tva\":\"8.64000000\",\"total_localtax1\":\"0.00000000\",\"total_localtax2\":\"0.00000000\",\"total_ttc\":\"51.84000000\",\"info_bits\":\"0\"},\"2\":{\"multicurrency_code\":\"EUR\",\"multicurrency_total_ht\":\"42.00000000\",\"multicurrency_total_tva\":\"8.40000000\",\"multicurrency_total_ttc\":\"50.40000000\",\"ref\":\"BLONDE_PALE_ALE-75\",\"product_type\":\"0\",\"qty\":\"12\",\"tva_tx\":\"20.0000\",\"localtax1_tx\":\"0.0000\",\"localtax2_tx\":\"0.0000\",\"total_ht\":\"42.00000000\",\"total_tva\":\"8.40000000\",\"total_localtax1\":\"0.00000000\",\"total_localtax2\":\"0.00000000\",\"total_ttc\":\"50.40000000\",\"info_bits\":\"0\"},\"3\":{\"multicurrency_code\":\"EUR\",\"multicurrency_total_ht\":\"42.00000000\",\"multicurrency_total_tva\":\"8.40000000\",\"multicurrency_total_ttc\":\"50.40000000\",\"ref\":\"AMBREE-75\",\"product_type\":\"0\",\"qty\":\"12\",\"tva_tx\":\"20.0000\",\"localtax1_tx\":\"0.0000\",\"localtax2_tx\":\"0.0000\",\"total_ht\":\"42.00000000\",\"total_tva\":\"8.40000000\",\"total_localtax1\":\"0.00000000\",\"total_localtax2\":\"0.00000000\",\"total_ttc\":\"50.40000000\",\"info_bits\":\"0\"},\"4\":{\"multicurrency_code\":\"EUR\",\"multicurrency_total_ht\":\"21.60000000\",\"multicurrency_total_tva\":\"4.32000000\",\"multicurrency_total_ttc\":\"25.92000000\",\"ref\":\"IPA-75\",\"product_type\":\"0\",\"qty\":\"6\",\"tva_tx\":\"20.0000\",\"localtax1_tx\":\"0.0000\",\"localtax2_tx\":\"0.0000\",\"total_ht\":\"21.60000000\",\"total_tva\":\"4.32000000\",\"total_localtax1\":\"0.00000000\",\"total_localtax2\":\"0.00000000\",\"total_ttc\":\"25.92000000\",\"info_bits\":\"0\"},\"5\":{\"multicurrency_code\":\"EUR\",\"multicurrency_total_ht\":\"42.00000000\",\"multicurrency_total_tva\":\"8.40000000\",\"multicurrency_total_ttc\":\"50.40000000\",\"ref\":\"BLONDE_PILSEN-75\",\"product_type\":\"0\",\"qty\":\"12\",\"tva_tx\":\"20.0000\",\"localtax1_tx\":\"0.0000\",\"localtax2_tx\":\"0.0000\",\"total_ht\":\"42.00000000\",\"total_tva\":\"8.40000000\",\"total_localtax1\":\"0.00000000\",\"total_localtax2\":\"0.00000000\",\"total_ttc\":\"50.40000000\",\"info_bits\":\"0\"}},\"type\":\"0\",\"ref\":\"FA2404-1030\"}','18',0),(46,1,'2024-04-16 15:42:05','2024-04-16 13:42:05','BILL_VALIDATE',282.96000000,'facture',2,'Laurence Juanchich',1979,'FA2404-1031','2024-04-15 00:00:00','b64afd5d6b27431bbf8edddf599d044d62fd23925661bb95360e287b06e8dec2','aab314dadd672a7965b6571ecf6964ac81d4b0e17b4c20f086e46bd949db03cd','{\"thirdparty\":{\"name\":\"INTERMARCHE SERRES CASTET I SAS BAPTENS\",\"phone\":\"0559332101\",\"email\":\"Pdv11769@mousquetaires.com\",\"localtax1_assuj\":\"0\",\"localtax2_assuj\":\"0\",\"forme_juridique_code\":\"0\",\"code_client\":\"CU2301-00313\",\"country_code\":\"FR\",\"state_code\":\"33\",\"address\":\"ZAC DU PONT LONG, RUE DE FABREGES\",\"zip\":\"64121\",\"town\":\"SERRES CASTET\"},\"mycompany\":{\"name\":\"LA GRANGE\",\"phone\":\"0625542465\",\"email\":\"contact@bieres-lagrange.fr\",\"idprof1\":\"891403750\",\"idprof2\":\"89140375000013\",\"idprof3\":\"1105Z\",\"tva_intra\":\"FR26891403750\",\"localtax1_assuj\":0,\"localtax2_assuj\":0,\"managers\":\"Jouanchich Laurence\",\"forme_juridique_code\":\"0\",\"country_code\":\"FR\",\"address\":\"13 RUE DE L\'OUSSE\",\"zip\":\"64420\",\"town\":\"NOUSTY\"},\"date\":1713132000,\"total_ht\":235.8,\"total_tva\":47.16,\"total_ttc\":282.96,\"revenuestamp\":\"0.00000000\",\"invoiceline\":{\"1\":{\"multicurrency_code\":\"EUR\",\"multicurrency_total_ht\":\"43.20000000\",\"multicurrency_total_tva\":\"8.64000000\",\"multicurrency_total_ttc\":\"51.84000000\",\"ref\":\"BLONDE_PILSEN-33\",\"product_type\":\"0\",\"qty\":\"24\",\"tva_tx\":\"20.0000\",\"localtax1_tx\":\"0.0000\",\"localtax2_tx\":\"0.0000\",\"total_ht\":\"43.20000000\",\"total_tva\":\"8.64000000\",\"total_localtax1\":\"0.00000000\",\"total_localtax2\":\"0.00000000\",\"total_ttc\":\"51.84000000\",\"info_bits\":\"0\"},\"2\":{\"multicurrency_code\":\"EUR\",\"multicurrency_total_ht\":\"43.20000000\",\"multicurrency_total_tva\":\"8.64000000\",\"multicurrency_total_ttc\":\"51.84000000\",\"ref\":\"AMBREE-33\",\"product_type\":\"0\",\"qty\":\"24\",\"tva_tx\":\"20.0000\",\"localtax1_tx\":\"0.0000\",\"localtax2_tx\":\"0.0000\",\"total_ht\":\"43.20000000\",\"total_tva\":\"8.64000000\",\"total_localtax1\":\"0.00000000\",\"total_localtax2\":\"0.00000000\",\"total_ttc\":\"51.84000000\",\"info_bits\":\"0\"},\"3\":{\"multicurrency_code\":\"EUR\",\"multicurrency_total_ht\":\"63.00000000\",\"multicurrency_total_tva\":\"12.60000000\",\"multicurrency_total_ttc\":\"75.60000000\",\"ref\":\"BLONDE_PALE_ALE-75\",\"product_type\":\"0\",\"qty\":\"18\",\"tva_tx\":\"20.0000\",\"localtax1_tx\":\"0.0000\",\"localtax2_tx\":\"0.0000\",\"total_ht\":\"63.00000000\",\"total_tva\":\"12.60000000\",\"total_localtax1\":\"0.00000000\",\"total_localtax2\":\"0.00000000\",\"total_ttc\":\"75.60000000\",\"info_bits\":\"0\"},\"4\":{\"multicurrency_code\":\"EUR\",\"multicurrency_total_ht\":\"42.00000000\",\"multicurrency_total_tva\":\"8.40000000\",\"multicurrency_total_ttc\":\"50.40000000\",\"ref\":\"BLONDE_PILSEN-75\",\"product_type\":\"0\",\"qty\":\"12\",\"tva_tx\":\"20.0000\",\"localtax1_tx\":\"0.0000\",\"localtax2_tx\":\"0.0000\",\"total_ht\":\"42.00000000\",\"total_tva\":\"8.40000000\",\"total_localtax1\":\"0.00000000\",\"total_localtax2\":\"0.00000000\",\"total_ttc\":\"50.40000000\",\"info_bits\":\"0\"},\"5\":{\"multicurrency_code\":\"EUR\",\"multicurrency_total_ht\":\"44.40000000\",\"multicurrency_total_tva\":\"8.88000000\",\"multicurrency_total_ttc\":\"53.28000000\",\"ref\":\"BRUNE-75\",\"product_type\":\"0\",\"qty\":\"12\",\"tva_tx\":\"20.0000\",\"localtax1_tx\":\"0.0000\",\"localtax2_tx\":\"0.0000\",\"total_ht\":\"44.40000000\",\"total_tva\":\"8.88000000\",\"total_localtax1\":\"0.00000000\",\"total_localtax2\":\"0.00000000\",\"total_ttc\":\"53.28000000\",\"info_bits\":\"0\"}},\"type\":\"0\",\"ref\":\"FA2404-1031\"}','18',0),(47,1,'2024-04-16 15:42:07','2024-04-16 13:42:07','DOC_DOWNLOAD',282.96000000,'facture',2,'Laurence Juanchich',1979,'FA2404-1031','2024-04-15 00:00:00','019f9bbb2bba1e1ca7d5153fdc364122783a904eff4821f9e7e57b5d3b0869b1','dfcf9a46d2302db973cba692d27b98f9b773c5b0b99ec9ad8f5d8ce918d91e8f','{\"thirdparty\":{\"name\":\"INTERMARCHE SERRES CASTET I SAS BAPTENS\",\"phone\":\"0559332101\",\"email\":\"Pdv11769@mousquetaires.com\",\"localtax1_assuj\":\"0\",\"localtax2_assuj\":\"0\",\"forme_juridique_code\":\"0\",\"code_client\":\"CU2301-00313\",\"country_code\":\"FR\",\"state_code\":\"33\",\"address\":\"ZAC DU PONT LONG, RUE DE FABREGES\",\"zip\":\"64121\",\"town\":\"SERRES CASTET\"},\"mycompany\":{\"name\":\"LA GRANGE\",\"phone\":\"0625542465\",\"email\":\"contact@bieres-lagrange.fr\",\"idprof1\":\"891403750\",\"idprof2\":\"89140375000013\",\"idprof3\":\"1105Z\",\"tva_intra\":\"FR26891403750\",\"localtax1_assuj\":0,\"localtax2_assuj\":0,\"managers\":\"Jouanchich Laurence\",\"forme_juridique_code\":\"0\",\"country_code\":\"FR\",\"address\":\"13 RUE DE L\'OUSSE\",\"zip\":\"64420\",\"town\":\"NOUSTY\"},\"date\":1713132000,\"total_ht\":\"235.80000000\",\"total_tva\":\"47.16000000\",\"total_ttc\":\"282.96000000\",\"revenuestamp\":\"0.00000000\",\"invoiceline\":{\"1\":{\"multicurrency_code\":\"EUR\",\"multicurrency_total_ht\":\"43.20000000\",\"multicurrency_total_tva\":\"8.64000000\",\"multicurrency_total_ttc\":\"51.84000000\",\"ref\":\"BLONDE_PILSEN-33\",\"product_type\":\"0\",\"qty\":\"24\",\"tva_tx\":\"20.0000\",\"localtax1_tx\":\"0.0000\",\"localtax2_tx\":\"0.0000\",\"total_ht\":\"43.20000000\",\"total_tva\":\"8.64000000\",\"total_localtax1\":\"0.00000000\",\"total_localtax2\":\"0.00000000\",\"total_ttc\":\"51.84000000\",\"info_bits\":\"0\"},\"2\":{\"multicurrency_code\":\"EUR\",\"multicurrency_total_ht\":\"43.20000000\",\"multicurrency_total_tva\":\"8.64000000\",\"multicurrency_total_ttc\":\"51.84000000\",\"ref\":\"AMBREE-33\",\"product_type\":\"0\",\"qty\":\"24\",\"tva_tx\":\"20.0000\",\"localtax1_tx\":\"0.0000\",\"localtax2_tx\":\"0.0000\",\"total_ht\":\"43.20000000\",\"total_tva\":\"8.64000000\",\"total_localtax1\":\"0.00000000\",\"total_localtax2\":\"0.00000000\",\"total_ttc\":\"51.84000000\",\"info_bits\":\"0\"},\"3\":{\"multicurrency_code\":\"EUR\",\"multicurrency_total_ht\":\"63.00000000\",\"multicurrency_total_tva\":\"12.60000000\",\"multicurrency_total_ttc\":\"75.60000000\",\"ref\":\"BLONDE_PALE_ALE-75\",\"product_type\":\"0\",\"qty\":\"18\",\"tva_tx\":\"20.0000\",\"localtax1_tx\":\"0.0000\",\"localtax2_tx\":\"0.0000\",\"total_ht\":\"63.00000000\",\"total_tva\":\"12.60000000\",\"total_localtax1\":\"0.00000000\",\"total_localtax2\":\"0.00000000\",\"total_ttc\":\"75.60000000\",\"info_bits\":\"0\"},\"4\":{\"multicurrency_code\":\"EUR\",\"multicurrency_total_ht\":\"42.00000000\",\"multicurrency_total_tva\":\"8.40000000\",\"multicurrency_total_ttc\":\"50.40000000\",\"ref\":\"BLONDE_PILSEN-75\",\"product_type\":\"0\",\"qty\":\"12\",\"tva_tx\":\"20.0000\",\"localtax1_tx\":\"0.0000\",\"localtax2_tx\":\"0.0000\",\"total_ht\":\"42.00000000\",\"total_tva\":\"8.40000000\",\"total_localtax1\":\"0.00000000\",\"total_localtax2\":\"0.00000000\",\"total_ttc\":\"50.40000000\",\"info_bits\":\"0\"},\"5\":{\"multicurrency_code\":\"EUR\",\"multicurrency_total_ht\":\"44.40000000\",\"multicurrency_total_tva\":\"8.88000000\",\"multicurrency_total_ttc\":\"53.28000000\",\"ref\":\"BRUNE-75\",\"product_type\":\"0\",\"qty\":\"12\",\"tva_tx\":\"20.0000\",\"localtax1_tx\":\"0.0000\",\"localtax2_tx\":\"0.0000\",\"total_ht\":\"44.40000000\",\"total_tva\":\"8.88000000\",\"total_localtax1\":\"0.00000000\",\"total_localtax2\":\"0.00000000\",\"total_ttc\":\"53.28000000\",\"info_bits\":\"0\"}},\"type\":\"0\",\"ref\":\"FA2404-1031\"}','18',0),(48,1,'2024-04-16 15:43:02','2024-04-16 13:43:02','BILL_SENTBYMAIL',282.96000000,'facture',2,'Laurence Juanchich',1979,'FA2404-1031','2024-04-15 00:00:00','c2c83312a1b4645557623fe5805b5bb60c34a2ab2139b10590ea48f3907e14de','8012c1947ff33b64e0219b260739c96224144496090837147490a12ed871d86f','{\"thirdparty\":{\"name\":\"INTERMARCHE SERRES CASTET I SAS BAPTENS\",\"phone\":\"0559332101\",\"email\":\"Pdv11769@mousquetaires.com\",\"localtax1_assuj\":\"0\",\"localtax2_assuj\":\"0\",\"forme_juridique_code\":\"0\",\"code_client\":\"CU2301-00313\",\"country_code\":\"FR\",\"state_code\":\"33\",\"address\":\"ZAC DU PONT LONG, RUE DE FABREGES\",\"zip\":\"64121\",\"town\":\"SERRES CASTET\"},\"mycompany\":{\"name\":\"LA GRANGE\",\"phone\":\"0625542465\",\"email\":\"contact@bieres-lagrange.fr\",\"idprof1\":\"891403750\",\"idprof2\":\"89140375000013\",\"idprof3\":\"1105Z\",\"tva_intra\":\"FR26891403750\",\"localtax1_assuj\":0,\"localtax2_assuj\":0,\"managers\":\"Jouanchich Laurence\",\"forme_juridique_code\":\"0\",\"country_code\":\"FR\",\"address\":\"13 RUE DE L\'OUSSE\",\"zip\":\"64420\",\"town\":\"NOUSTY\"},\"date\":1713132000,\"total_ht\":\"235.80000000\",\"total_tva\":\"47.16000000\",\"total_ttc\":\"282.96000000\",\"revenuestamp\":\"0.00000000\",\"invoiceline\":{\"1\":{\"multicurrency_code\":\"EUR\",\"multicurrency_total_ht\":\"43.20000000\",\"multicurrency_total_tva\":\"8.64000000\",\"multicurrency_total_ttc\":\"51.84000000\",\"ref\":\"BLONDE_PILSEN-33\",\"product_type\":\"0\",\"qty\":\"24\",\"tva_tx\":\"20.0000\",\"localtax1_tx\":\"0.0000\",\"localtax2_tx\":\"0.0000\",\"total_ht\":\"43.20000000\",\"total_tva\":\"8.64000000\",\"total_localtax1\":\"0.00000000\",\"total_localtax2\":\"0.00000000\",\"total_ttc\":\"51.84000000\",\"info_bits\":\"0\"},\"2\":{\"multicurrency_code\":\"EUR\",\"multicurrency_total_ht\":\"43.20000000\",\"multicurrency_total_tva\":\"8.64000000\",\"multicurrency_total_ttc\":\"51.84000000\",\"ref\":\"AMBREE-33\",\"product_type\":\"0\",\"qty\":\"24\",\"tva_tx\":\"20.0000\",\"localtax1_tx\":\"0.0000\",\"localtax2_tx\":\"0.0000\",\"total_ht\":\"43.20000000\",\"total_tva\":\"8.64000000\",\"total_localtax1\":\"0.00000000\",\"total_localtax2\":\"0.00000000\",\"total_ttc\":\"51.84000000\",\"info_bits\":\"0\"},\"3\":{\"multicurrency_code\":\"EUR\",\"multicurrency_total_ht\":\"63.00000000\",\"multicurrency_total_tva\":\"12.60000000\",\"multicurrency_total_ttc\":\"75.60000000\",\"ref\":\"BLONDE_PALE_ALE-75\",\"product_type\":\"0\",\"qty\":\"18\",\"tva_tx\":\"20.0000\",\"localtax1_tx\":\"0.0000\",\"localtax2_tx\":\"0.0000\",\"total_ht\":\"63.00000000\",\"total_tva\":\"12.60000000\",\"total_localtax1\":\"0.00000000\",\"total_localtax2\":\"0.00000000\",\"total_ttc\":\"75.60000000\",\"info_bits\":\"0\"},\"4\":{\"multicurrency_code\":\"EUR\",\"multicurrency_total_ht\":\"42.00000000\",\"multicurrency_total_tva\":\"8.40000000\",\"multicurrency_total_ttc\":\"50.40000000\",\"ref\":\"BLONDE_PILSEN-75\",\"product_type\":\"0\",\"qty\":\"12\",\"tva_tx\":\"20.0000\",\"localtax1_tx\":\"0.0000\",\"localtax2_tx\":\"0.0000\",\"total_ht\":\"42.00000000\",\"total_tva\":\"8.40000000\",\"total_localtax1\":\"0.00000000\",\"total_localtax2\":\"0.00000000\",\"total_ttc\":\"50.40000000\",\"info_bits\":\"0\"},\"5\":{\"multicurrency_code\":\"EUR\",\"multicurrency_total_ht\":\"44.40000000\",\"multicurrency_total_tva\":\"8.88000000\",\"multicurrency_total_ttc\":\"53.28000000\",\"ref\":\"BRUNE-75\",\"product_type\":\"0\",\"qty\":\"12\",\"tva_tx\":\"20.0000\",\"localtax1_tx\":\"0.0000\",\"localtax2_tx\":\"0.0000\",\"total_ht\":\"44.40000000\",\"total_tva\":\"8.88000000\",\"total_localtax1\":\"0.00000000\",\"total_localtax2\":\"0.00000000\",\"total_ttc\":\"53.28000000\",\"info_bits\":\"0\"}},\"type\":\"0\",\"ref\":\"FA2404-1031\"}','18',0),(49,1,'2024-04-16 15:43:22','2024-04-16 13:43:22','BILL_VALIDATE',128.16000000,'facture',2,'Laurence Juanchich',1978,'FA2404-1032','2024-04-14 00:00:00','02e794d2c8161a79d99b1dd6de8bf5b46d497c6a047d9cb68e82aad753052336','4406dcae260beb4fa37113d2edfa398980b4f78fc9168bf13dfa778be89a7382','{\"thirdparty\":{\"name\":\"CARREFOUR CITY\",\"name_alias\":\"Alexandre BARRAND\",\"phone\":\"0669675402\",\"email\":\"alexandre_barrand@franchise.carrefour.com\",\"localtax1_value\":\"0.0000\",\"localtax2_value\":\"0.0000\",\"code_client\":\"CU2306-00463\",\"country_code\":\"FR\",\"state_code\":\"64\",\"address\":\"Place des Pyr\\u00e9n\\u00e9es\",\"zip\":\"64140\",\"town\":\"Bill\\u00e8re\"},\"mycompany\":{\"name\":\"LA GRANGE\",\"phone\":\"0625542465\",\"email\":\"contact@bieres-lagrange.fr\",\"idprof1\":\"891403750\",\"idprof2\":\"89140375000013\",\"idprof3\":\"1105Z\",\"tva_intra\":\"FR26891403750\",\"localtax1_assuj\":0,\"localtax2_assuj\":0,\"managers\":\"Jouanchich Laurence\",\"forme_juridique_code\":\"0\",\"country_code\":\"FR\",\"address\":\"13 RUE DE L\'OUSSE\",\"zip\":\"64420\",\"town\":\"NOUSTY\"},\"date\":1713045600,\"total_ht\":106.8,\"total_tva\":21.36,\"total_ttc\":128.16,\"revenuestamp\":\"0.00000000\",\"invoiceline\":{\"1\":{\"multicurrency_code\":\"EUR\",\"multicurrency_total_ht\":\"43.20000000\",\"multicurrency_total_tva\":\"8.64000000\",\"multicurrency_total_ttc\":\"51.84000000\",\"ref\":\"AMBREE-33\",\"product_type\":\"0\",\"qty\":\"24\",\"tva_tx\":\"20.0000\",\"localtax1_tx\":\"0.0000\",\"localtax2_tx\":\"0.0000\",\"total_ht\":\"43.20000000\",\"total_tva\":\"8.64000000\",\"total_localtax1\":\"0.00000000\",\"total_localtax2\":\"0.00000000\",\"total_ttc\":\"51.84000000\",\"info_bits\":\"0\"},\"2\":{\"multicurrency_code\":\"EUR\",\"multicurrency_total_ht\":\"21.00000000\",\"multicurrency_total_tva\":\"4.20000000\",\"multicurrency_total_ttc\":\"25.20000000\",\"ref\":\"AMBREE-75\",\"product_type\":\"0\",\"qty\":\"6\",\"tva_tx\":\"20.0000\",\"localtax1_tx\":\"0.0000\",\"localtax2_tx\":\"0.0000\",\"total_ht\":\"21.00000000\",\"total_tva\":\"4.20000000\",\"total_localtax1\":\"0.00000000\",\"total_localtax2\":\"0.00000000\",\"total_ttc\":\"25.20000000\",\"info_bits\":\"0\"},\"3\":{\"multicurrency_code\":\"EUR\",\"multicurrency_total_ht\":\"21.60000000\",\"multicurrency_total_tva\":\"4.32000000\",\"multicurrency_total_ttc\":\"25.92000000\",\"ref\":\"IPA-75\",\"product_type\":\"0\",\"qty\":\"6\",\"tva_tx\":\"20.0000\",\"localtax1_tx\":\"0.0000\",\"localtax2_tx\":\"0.0000\",\"total_ht\":\"21.60000000\",\"total_tva\":\"4.32000000\",\"total_localtax1\":\"0.00000000\",\"total_localtax2\":\"0.00000000\",\"total_ttc\":\"25.92000000\",\"info_bits\":\"0\"},\"4\":{\"multicurrency_code\":\"EUR\",\"multicurrency_total_ht\":\"21.00000000\",\"multicurrency_total_tva\":\"4.20000000\",\"multicurrency_total_ttc\":\"25.20000000\",\"ref\":\"BLONDE_PILSEN-75\",\"product_type\":\"0\",\"qty\":\"6\",\"tva_tx\":\"20.0000\",\"localtax1_tx\":\"0.0000\",\"localtax2_tx\":\"0.0000\",\"total_ht\":\"21.00000000\",\"total_tva\":\"4.20000000\",\"total_localtax1\":\"0.00000000\",\"total_localtax2\":\"0.00000000\",\"total_ttc\":\"25.20000000\",\"info_bits\":\"0\"}},\"type\":\"0\",\"ref\":\"FA2404-1032\"}','18',0),(50,1,'2024-04-16 15:43:24','2024-04-16 13:43:24','DOC_DOWNLOAD',128.16000000,'facture',2,'Laurence Juanchich',1978,'FA2404-1032','2024-04-14 00:00:00','22a6c71d0f40e41408060d81dffa1d439a1ed057978b2cec46571f37d2d21192','8b3e0b952ecebff7acaf6ca3b58f206f356c2eeaed296dd69c48e55114463baf','{\"thirdparty\":{\"name\":\"CARREFOUR CITY\",\"name_alias\":\"Alexandre BARRAND\",\"phone\":\"0669675402\",\"email\":\"alexandre_barrand@franchise.carrefour.com\",\"localtax1_value\":\"0.0000\",\"localtax2_value\":\"0.0000\",\"code_client\":\"CU2306-00463\",\"country_code\":\"FR\",\"state_code\":\"64\",\"address\":\"Place des Pyr\\u00e9n\\u00e9es\",\"zip\":\"64140\",\"town\":\"Bill\\u00e8re\"},\"mycompany\":{\"name\":\"LA GRANGE\",\"phone\":\"0625542465\",\"email\":\"contact@bieres-lagrange.fr\",\"idprof1\":\"891403750\",\"idprof2\":\"89140375000013\",\"idprof3\":\"1105Z\",\"tva_intra\":\"FR26891403750\",\"localtax1_assuj\":0,\"localtax2_assuj\":0,\"managers\":\"Jouanchich Laurence\",\"forme_juridique_code\":\"0\",\"country_code\":\"FR\",\"address\":\"13 RUE DE L\'OUSSE\",\"zip\":\"64420\",\"town\":\"NOUSTY\"},\"date\":1713045600,\"total_ht\":\"106.80000000\",\"total_tva\":\"21.36000000\",\"total_ttc\":\"128.16000000\",\"revenuestamp\":\"0.00000000\",\"invoiceline\":{\"1\":{\"multicurrency_code\":\"EUR\",\"multicurrency_total_ht\":\"43.20000000\",\"multicurrency_total_tva\":\"8.64000000\",\"multicurrency_total_ttc\":\"51.84000000\",\"ref\":\"AMBREE-33\",\"product_type\":\"0\",\"qty\":\"24\",\"tva_tx\":\"20.0000\",\"localtax1_tx\":\"0.0000\",\"localtax2_tx\":\"0.0000\",\"total_ht\":\"43.20000000\",\"total_tva\":\"8.64000000\",\"total_localtax1\":\"0.00000000\",\"total_localtax2\":\"0.00000000\",\"total_ttc\":\"51.84000000\",\"info_bits\":\"0\"},\"2\":{\"multicurrency_code\":\"EUR\",\"multicurrency_total_ht\":\"21.00000000\",\"multicurrency_total_tva\":\"4.20000000\",\"multicurrency_total_ttc\":\"25.20000000\",\"ref\":\"AMBREE-75\",\"product_type\":\"0\",\"qty\":\"6\",\"tva_tx\":\"20.0000\",\"localtax1_tx\":\"0.0000\",\"localtax2_tx\":\"0.0000\",\"total_ht\":\"21.00000000\",\"total_tva\":\"4.20000000\",\"total_localtax1\":\"0.00000000\",\"total_localtax2\":\"0.00000000\",\"total_ttc\":\"25.20000000\",\"info_bits\":\"0\"},\"3\":{\"multicurrency_code\":\"EUR\",\"multicurrency_total_ht\":\"21.60000000\",\"multicurrency_total_tva\":\"4.32000000\",\"multicurrency_total_ttc\":\"25.92000000\",\"ref\":\"IPA-75\",\"product_type\":\"0\",\"qty\":\"6\",\"tva_tx\":\"20.0000\",\"localtax1_tx\":\"0.0000\",\"localtax2_tx\":\"0.0000\",\"total_ht\":\"21.60000000\",\"total_tva\":\"4.32000000\",\"total_localtax1\":\"0.00000000\",\"total_localtax2\":\"0.00000000\",\"total_ttc\":\"25.92000000\",\"info_bits\":\"0\"},\"4\":{\"multicurrency_code\":\"EUR\",\"multicurrency_total_ht\":\"21.00000000\",\"multicurrency_total_tva\":\"4.20000000\",\"multicurrency_total_ttc\":\"25.20000000\",\"ref\":\"BLONDE_PILSEN-75\",\"product_type\":\"0\",\"qty\":\"6\",\"tva_tx\":\"20.0000\",\"localtax1_tx\":\"0.0000\",\"localtax2_tx\":\"0.0000\",\"total_ht\":\"21.00000000\",\"total_tva\":\"4.20000000\",\"total_localtax1\":\"0.00000000\",\"total_localtax2\":\"0.00000000\",\"total_ttc\":\"25.20000000\",\"info_bits\":\"0\"}},\"type\":\"0\",\"ref\":\"FA2404-1032\"}','18',0),(51,1,'2024-04-16 15:44:38','2024-04-16 13:44:38','BILL_SENTBYMAIL',128.16000000,'facture',2,'Laurence Juanchich',1978,'FA2404-1032','2024-04-14 00:00:00','910765ff181651a129a68967700f2227157ba88a9e0192ae375d754b7e9744b6','7abc2b667f778aa8271d7670c6c0396adbf58f3017a190b766135ae69c37f4e8','{\"thirdparty\":{\"name\":\"CARREFOUR CITY\",\"name_alias\":\"Alexandre BARRAND\",\"phone\":\"0669675402\",\"email\":\"alexandre_barrand@franchise.carrefour.com\",\"localtax1_value\":\"0.0000\",\"localtax2_value\":\"0.0000\",\"code_client\":\"CU2306-00463\",\"country_code\":\"FR\",\"state_code\":\"64\",\"address\":\"Place des Pyr\\u00e9n\\u00e9es\",\"zip\":\"64140\",\"town\":\"Bill\\u00e8re\"},\"mycompany\":{\"name\":\"LA GRANGE\",\"phone\":\"0625542465\",\"email\":\"contact@bieres-lagrange.fr\",\"idprof1\":\"891403750\",\"idprof2\":\"89140375000013\",\"idprof3\":\"1105Z\",\"tva_intra\":\"FR26891403750\",\"localtax1_assuj\":0,\"localtax2_assuj\":0,\"managers\":\"Jouanchich Laurence\",\"forme_juridique_code\":\"0\",\"country_code\":\"FR\",\"address\":\"13 RUE DE L\'OUSSE\",\"zip\":\"64420\",\"town\":\"NOUSTY\"},\"date\":1713045600,\"total_ht\":\"106.80000000\",\"total_tva\":\"21.36000000\",\"total_ttc\":\"128.16000000\",\"revenuestamp\":\"0.00000000\",\"invoiceline\":{\"1\":{\"multicurrency_code\":\"EUR\",\"multicurrency_total_ht\":\"43.20000000\",\"multicurrency_total_tva\":\"8.64000000\",\"multicurrency_total_ttc\":\"51.84000000\",\"ref\":\"AMBREE-33\",\"product_type\":\"0\",\"qty\":\"24\",\"tva_tx\":\"20.0000\",\"localtax1_tx\":\"0.0000\",\"localtax2_tx\":\"0.0000\",\"total_ht\":\"43.20000000\",\"total_tva\":\"8.64000000\",\"total_localtax1\":\"0.00000000\",\"total_localtax2\":\"0.00000000\",\"total_ttc\":\"51.84000000\",\"info_bits\":\"0\"},\"2\":{\"multicurrency_code\":\"EUR\",\"multicurrency_total_ht\":\"21.00000000\",\"multicurrency_total_tva\":\"4.20000000\",\"multicurrency_total_ttc\":\"25.20000000\",\"ref\":\"AMBREE-75\",\"product_type\":\"0\",\"qty\":\"6\",\"tva_tx\":\"20.0000\",\"localtax1_tx\":\"0.0000\",\"localtax2_tx\":\"0.0000\",\"total_ht\":\"21.00000000\",\"total_tva\":\"4.20000000\",\"total_localtax1\":\"0.00000000\",\"total_localtax2\":\"0.00000000\",\"total_ttc\":\"25.20000000\",\"info_bits\":\"0\"},\"3\":{\"multicurrency_code\":\"EUR\",\"multicurrency_total_ht\":\"21.60000000\",\"multicurrency_total_tva\":\"4.32000000\",\"multicurrency_total_ttc\":\"25.92000000\",\"ref\":\"IPA-75\",\"product_type\":\"0\",\"qty\":\"6\",\"tva_tx\":\"20.0000\",\"localtax1_tx\":\"0.0000\",\"localtax2_tx\":\"0.0000\",\"total_ht\":\"21.60000000\",\"total_tva\":\"4.32000000\",\"total_localtax1\":\"0.00000000\",\"total_localtax2\":\"0.00000000\",\"total_ttc\":\"25.92000000\",\"info_bits\":\"0\"},\"4\":{\"multicurrency_code\":\"EUR\",\"multicurrency_total_ht\":\"21.00000000\",\"multicurrency_total_tva\":\"4.20000000\",\"multicurrency_total_ttc\":\"25.20000000\",\"ref\":\"BLONDE_PILSEN-75\",\"product_type\":\"0\",\"qty\":\"6\",\"tva_tx\":\"20.0000\",\"localtax1_tx\":\"0.0000\",\"localtax2_tx\":\"0.0000\",\"total_ht\":\"21.00000000\",\"total_tva\":\"4.20000000\",\"total_localtax1\":\"0.00000000\",\"total_localtax2\":\"0.00000000\",\"total_ttc\":\"25.20000000\",\"info_bits\":\"0\"}},\"type\":\"0\",\"ref\":\"FA2404-1032\"}','18',0),(52,1,'2024-04-16 15:45:00','2024-04-16 13:45:00','BILL_VALIDATE',234.72000000,'facture',2,'Laurence Juanchich',1977,'FA2404-1033','2024-04-12 00:00:00','670f271180be83520346bc18f5f3e5479da46ed912af16c5a852745cac6805ac','14ac25d1dd3eba5f0d55b3d1605b0472d1c1c8adbbeb5c45e4b62508a4b4c91a','{\"thirdparty\":{\"name\":\"NATURALIA I SNC ANDIS\",\"email\":\"sncandis@orange.fr\",\"localtax1_value\":\"0.0000\",\"localtax2_value\":\"0.0000\",\"code_client\":\"CU2301-00353\",\"country_code\":\"FR\",\"state_code\":\"33\",\"address\":\"21, Rue Ronsard\",\"zip\":\"64000\",\"town\":\"PAU\"},\"mycompany\":{\"name\":\"LA GRANGE\",\"phone\":\"0625542465\",\"email\":\"contact@bieres-lagrange.fr\",\"idprof1\":\"891403750\",\"idprof2\":\"89140375000013\",\"idprof3\":\"1105Z\",\"tva_intra\":\"FR26891403750\",\"localtax1_assuj\":0,\"localtax2_assuj\":0,\"managers\":\"Jouanchich Laurence\",\"forme_juridique_code\":\"0\",\"country_code\":\"FR\",\"address\":\"13 RUE DE L\'OUSSE\",\"zip\":\"64420\",\"town\":\"NOUSTY\"},\"date\":1712872800,\"total_ht\":195.6,\"total_tva\":39.12,\"total_ttc\":234.72,\"revenuestamp\":\"0.00000000\",\"invoiceline\":{\"1\":{\"multicurrency_code\":\"EUR\",\"multicurrency_total_ht\":\"43.20000000\",\"multicurrency_total_tva\":\"8.64000000\",\"multicurrency_total_ttc\":\"51.84000000\",\"ref\":\"AMBREE-33\",\"product_type\":\"0\",\"qty\":\"24\",\"tva_tx\":\"20.0000\",\"localtax1_tx\":\"0.0000\",\"localtax2_tx\":\"0.0000\",\"total_ht\":\"43.20000000\",\"total_tva\":\"8.64000000\",\"total_localtax1\":\"0.00000000\",\"total_localtax2\":\"0.00000000\",\"total_ttc\":\"51.84000000\",\"info_bits\":\"0\"},\"2\":{\"multicurrency_code\":\"EUR\",\"multicurrency_total_ht\":\"45.60000000\",\"multicurrency_total_tva\":\"9.12000000\",\"multicurrency_total_ttc\":\"54.72000000\",\"ref\":\"BRUNE-33\",\"product_type\":\"0\",\"qty\":\"24\",\"tva_tx\":\"20.0000\",\"localtax1_tx\":\"0.0000\",\"localtax2_tx\":\"0.0000\",\"total_ht\":\"45.60000000\",\"total_tva\":\"9.12000000\",\"total_localtax1\":\"0.00000000\",\"total_localtax2\":\"0.00000000\",\"total_ttc\":\"54.72000000\",\"info_bits\":\"0\"},\"3\":{\"multicurrency_code\":\"EUR\",\"multicurrency_total_ht\":\"21.00000000\",\"multicurrency_total_tva\":\"4.20000000\",\"multicurrency_total_ttc\":\"25.20000000\",\"ref\":\"BLONDE_PALE_ALE-75\",\"product_type\":\"0\",\"qty\":\"6\",\"tva_tx\":\"20.0000\",\"localtax1_tx\":\"0.0000\",\"localtax2_tx\":\"0.0000\",\"total_ht\":\"21.00000000\",\"total_tva\":\"4.20000000\",\"total_localtax1\":\"0.00000000\",\"total_localtax2\":\"0.00000000\",\"total_ttc\":\"25.20000000\",\"info_bits\":\"0\"},\"4\":{\"multicurrency_code\":\"EUR\",\"multicurrency_total_ht\":\"21.00000000\",\"multicurrency_total_tva\":\"4.20000000\",\"multicurrency_total_ttc\":\"25.20000000\",\"ref\":\"AMBREE-75\",\"product_type\":\"0\",\"qty\":\"6\",\"tva_tx\":\"20.0000\",\"localtax1_tx\":\"0.0000\",\"localtax2_tx\":\"0.0000\",\"total_ht\":\"21.00000000\",\"total_tva\":\"4.20000000\",\"total_localtax1\":\"0.00000000\",\"total_localtax2\":\"0.00000000\",\"total_ttc\":\"25.20000000\",\"info_bits\":\"0\"},\"5\":{\"multicurrency_code\":\"EUR\",\"multicurrency_total_ht\":\"22.20000000\",\"multicurrency_total_tva\":\"4.44000000\",\"multicurrency_total_ttc\":\"26.64000000\",\"ref\":\"BRUNE-75\",\"product_type\":\"0\",\"qty\":\"6\",\"tva_tx\":\"20.0000\",\"localtax1_tx\":\"0.0000\",\"localtax2_tx\":\"0.0000\",\"total_ht\":\"22.20000000\",\"total_tva\":\"4.44000000\",\"total_localtax1\":\"0.00000000\",\"total_localtax2\":\"0.00000000\",\"total_ttc\":\"26.64000000\",\"info_bits\":\"0\"},\"6\":{\"multicurrency_code\":\"EUR\",\"multicurrency_total_ht\":\"21.00000000\",\"multicurrency_total_tva\":\"4.20000000\",\"multicurrency_total_ttc\":\"25.20000000\",\"ref\":\"BLONDE_PILSEN-75\",\"product_type\":\"0\",\"qty\":\"6\",\"tva_tx\":\"20.0000\",\"localtax1_tx\":\"0.0000\",\"localtax2_tx\":\"0.0000\",\"total_ht\":\"21.00000000\",\"total_tva\":\"4.20000000\",\"total_localtax1\":\"0.00000000\",\"total_localtax2\":\"0.00000000\",\"total_ttc\":\"25.20000000\",\"info_bits\":\"0\"},\"7\":{\"multicurrency_code\":\"EUR\",\"multicurrency_total_ht\":\"21.60000000\",\"multicurrency_total_tva\":\"4.32000000\",\"multicurrency_total_ttc\":\"25.92000000\",\"ref\":\"IPA-75\",\"product_type\":\"0\",\"qty\":\"6\",\"tva_tx\":\"20.0000\",\"localtax1_tx\":\"0.0000\",\"localtax2_tx\":\"0.0000\",\"total_ht\":\"21.60000000\",\"total_tva\":\"4.32000000\",\"total_localtax1\":\"0.00000000\",\"total_localtax2\":\"0.00000000\",\"total_ttc\":\"25.92000000\",\"info_bits\":\"0\"}},\"type\":\"0\",\"ref\":\"FA2404-1033\"}','18',0),(53,1,'2024-04-16 15:45:02','2024-04-16 13:45:02','DOC_DOWNLOAD',234.72000000,'facture',2,'Laurence Juanchich',1977,'FA2404-1033','2024-04-12 00:00:00','edf1da0d88f335aaf9bdc29b84d3f5259aedde583f875af2b63d27e4022f4945','6a8fc55f78ac97962117e4bb5ab5d252d3146d9b3e1b85c39c8a1091cc49c6e1','{\"thirdparty\":{\"name\":\"NATURALIA I SNC ANDIS\",\"email\":\"sncandis@orange.fr\",\"localtax1_value\":\"0.0000\",\"localtax2_value\":\"0.0000\",\"code_client\":\"CU2301-00353\",\"country_code\":\"FR\",\"state_code\":\"33\",\"address\":\"21, Rue Ronsard\",\"zip\":\"64000\",\"town\":\"PAU\"},\"mycompany\":{\"name\":\"LA GRANGE\",\"phone\":\"0625542465\",\"email\":\"contact@bieres-lagrange.fr\",\"idprof1\":\"891403750\",\"idprof2\":\"89140375000013\",\"idprof3\":\"1105Z\",\"tva_intra\":\"FR26891403750\",\"localtax1_assuj\":0,\"localtax2_assuj\":0,\"managers\":\"Jouanchich Laurence\",\"forme_juridique_code\":\"0\",\"country_code\":\"FR\",\"address\":\"13 RUE DE L\'OUSSE\",\"zip\":\"64420\",\"town\":\"NOUSTY\"},\"date\":1712872800,\"total_ht\":\"195.60000000\",\"total_tva\":\"39.12000000\",\"total_ttc\":\"234.72000000\",\"revenuestamp\":\"0.00000000\",\"invoiceline\":{\"1\":{\"multicurrency_code\":\"EUR\",\"multicurrency_total_ht\":\"43.20000000\",\"multicurrency_total_tva\":\"8.64000000\",\"multicurrency_total_ttc\":\"51.84000000\",\"ref\":\"AMBREE-33\",\"product_type\":\"0\",\"qty\":\"24\",\"tva_tx\":\"20.0000\",\"localtax1_tx\":\"0.0000\",\"localtax2_tx\":\"0.0000\",\"total_ht\":\"43.20000000\",\"total_tva\":\"8.64000000\",\"total_localtax1\":\"0.00000000\",\"total_localtax2\":\"0.00000000\",\"total_ttc\":\"51.84000000\",\"info_bits\":\"0\"},\"2\":{\"multicurrency_code\":\"EUR\",\"multicurrency_total_ht\":\"45.60000000\",\"multicurrency_total_tva\":\"9.12000000\",\"multicurrency_total_ttc\":\"54.72000000\",\"ref\":\"BRUNE-33\",\"product_type\":\"0\",\"qty\":\"24\",\"tva_tx\":\"20.0000\",\"localtax1_tx\":\"0.0000\",\"localtax2_tx\":\"0.0000\",\"total_ht\":\"45.60000000\",\"total_tva\":\"9.12000000\",\"total_localtax1\":\"0.00000000\",\"total_localtax2\":\"0.00000000\",\"total_ttc\":\"54.72000000\",\"info_bits\":\"0\"},\"3\":{\"multicurrency_code\":\"EUR\",\"multicurrency_total_ht\":\"21.00000000\",\"multicurrency_total_tva\":\"4.20000000\",\"multicurrency_total_ttc\":\"25.20000000\",\"ref\":\"BLONDE_PALE_ALE-75\",\"product_type\":\"0\",\"qty\":\"6\",\"tva_tx\":\"20.0000\",\"localtax1_tx\":\"0.0000\",\"localtax2_tx\":\"0.0000\",\"total_ht\":\"21.00000000\",\"total_tva\":\"4.20000000\",\"total_localtax1\":\"0.00000000\",\"total_localtax2\":\"0.00000000\",\"total_ttc\":\"25.20000000\",\"info_bits\":\"0\"},\"4\":{\"multicurrency_code\":\"EUR\",\"multicurrency_total_ht\":\"21.00000000\",\"multicurrency_total_tva\":\"4.20000000\",\"multicurrency_total_ttc\":\"25.20000000\",\"ref\":\"AMBREE-75\",\"product_type\":\"0\",\"qty\":\"6\",\"tva_tx\":\"20.0000\",\"localtax1_tx\":\"0.0000\",\"localtax2_tx\":\"0.0000\",\"total_ht\":\"21.00000000\",\"total_tva\":\"4.20000000\",\"total_localtax1\":\"0.00000000\",\"total_localtax2\":\"0.00000000\",\"total_ttc\":\"25.20000000\",\"info_bits\":\"0\"},\"5\":{\"multicurrency_code\":\"EUR\",\"multicurrency_total_ht\":\"22.20000000\",\"multicurrency_total_tva\":\"4.44000000\",\"multicurrency_total_ttc\":\"26.64000000\",\"ref\":\"BRUNE-75\",\"product_type\":\"0\",\"qty\":\"6\",\"tva_tx\":\"20.0000\",\"localtax1_tx\":\"0.0000\",\"localtax2_tx\":\"0.0000\",\"total_ht\":\"22.20000000\",\"total_tva\":\"4.44000000\",\"total_localtax1\":\"0.00000000\",\"total_localtax2\":\"0.00000000\",\"total_ttc\":\"26.64000000\",\"info_bits\":\"0\"},\"6\":{\"multicurrency_code\":\"EUR\",\"multicurrency_total_ht\":\"21.00000000\",\"multicurrency_total_tva\":\"4.20000000\",\"multicurrency_total_ttc\":\"25.20000000\",\"ref\":\"BLONDE_PILSEN-75\",\"product_type\":\"0\",\"qty\":\"6\",\"tva_tx\":\"20.0000\",\"localtax1_tx\":\"0.0000\",\"localtax2_tx\":\"0.0000\",\"total_ht\":\"21.00000000\",\"total_tva\":\"4.20000000\",\"total_localtax1\":\"0.00000000\",\"total_localtax2\":\"0.00000000\",\"total_ttc\":\"25.20000000\",\"info_bits\":\"0\"},\"7\":{\"multicurrency_code\":\"EUR\",\"multicurrency_total_ht\":\"21.60000000\",\"multicurrency_total_tva\":\"4.32000000\",\"multicurrency_total_ttc\":\"25.92000000\",\"ref\":\"IPA-75\",\"product_type\":\"0\",\"qty\":\"6\",\"tva_tx\":\"20.0000\",\"localtax1_tx\":\"0.0000\",\"localtax2_tx\":\"0.0000\",\"total_ht\":\"21.60000000\",\"total_tva\":\"4.32000000\",\"total_localtax1\":\"0.00000000\",\"total_localtax2\":\"0.00000000\",\"total_ttc\":\"25.92000000\",\"info_bits\":\"0\"}},\"type\":\"0\",\"ref\":\"FA2404-1033\"}','18',0),(54,1,'2024-04-16 15:45:53','2024-04-16 13:45:53','BILL_SENTBYMAIL',234.72000000,'facture',2,'Laurence Juanchich',1977,'FA2404-1033','2024-04-12 00:00:00','930695a65a07754dc3a410ed2102a2214a03d3dc28789052245eb9ff81a45551','7c7a4f4bdc02a947e93e7be027b222a4138b4af16cd1c3564b6f7b719e4f5544','{\"thirdparty\":{\"name\":\"NATURALIA I SNC ANDIS\",\"email\":\"sncandis@orange.fr\",\"localtax1_value\":\"0.0000\",\"localtax2_value\":\"0.0000\",\"code_client\":\"CU2301-00353\",\"country_code\":\"FR\",\"state_code\":\"33\",\"address\":\"21, Rue Ronsard\",\"zip\":\"64000\",\"town\":\"PAU\"},\"mycompany\":{\"name\":\"LA GRANGE\",\"phone\":\"0625542465\",\"email\":\"contact@bieres-lagrange.fr\",\"idprof1\":\"891403750\",\"idprof2\":\"89140375000013\",\"idprof3\":\"1105Z\",\"tva_intra\":\"FR26891403750\",\"localtax1_assuj\":0,\"localtax2_assuj\":0,\"managers\":\"Jouanchich Laurence\",\"forme_juridique_code\":\"0\",\"country_code\":\"FR\",\"address\":\"13 RUE DE L\'OUSSE\",\"zip\":\"64420\",\"town\":\"NOUSTY\"},\"date\":1712872800,\"total_ht\":\"195.60000000\",\"total_tva\":\"39.12000000\",\"total_ttc\":\"234.72000000\",\"revenuestamp\":\"0.00000000\",\"invoiceline\":{\"1\":{\"multicurrency_code\":\"EUR\",\"multicurrency_total_ht\":\"43.20000000\",\"multicurrency_total_tva\":\"8.64000000\",\"multicurrency_total_ttc\":\"51.84000000\",\"ref\":\"AMBREE-33\",\"product_type\":\"0\",\"qty\":\"24\",\"tva_tx\":\"20.0000\",\"localtax1_tx\":\"0.0000\",\"localtax2_tx\":\"0.0000\",\"total_ht\":\"43.20000000\",\"total_tva\":\"8.64000000\",\"total_localtax1\":\"0.00000000\",\"total_localtax2\":\"0.00000000\",\"total_ttc\":\"51.84000000\",\"info_bits\":\"0\"},\"2\":{\"multicurrency_code\":\"EUR\",\"multicurrency_total_ht\":\"45.60000000\",\"multicurrency_total_tva\":\"9.12000000\",\"multicurrency_total_ttc\":\"54.72000000\",\"ref\":\"BRUNE-33\",\"product_type\":\"0\",\"qty\":\"24\",\"tva_tx\":\"20.0000\",\"localtax1_tx\":\"0.0000\",\"localtax2_tx\":\"0.0000\",\"total_ht\":\"45.60000000\",\"total_tva\":\"9.12000000\",\"total_localtax1\":\"0.00000000\",\"total_localtax2\":\"0.00000000\",\"total_ttc\":\"54.72000000\",\"info_bits\":\"0\"},\"3\":{\"multicurrency_code\":\"EUR\",\"multicurrency_total_ht\":\"21.00000000\",\"multicurrency_total_tva\":\"4.20000000\",\"multicurrency_total_ttc\":\"25.20000000\",\"ref\":\"BLONDE_PALE_ALE-75\",\"product_type\":\"0\",\"qty\":\"6\",\"tva_tx\":\"20.0000\",\"localtax1_tx\":\"0.0000\",\"localtax2_tx\":\"0.0000\",\"total_ht\":\"21.00000000\",\"total_tva\":\"4.20000000\",\"total_localtax1\":\"0.00000000\",\"total_localtax2\":\"0.00000000\",\"total_ttc\":\"25.20000000\",\"info_bits\":\"0\"},\"4\":{\"multicurrency_code\":\"EUR\",\"multicurrency_total_ht\":\"21.00000000\",\"multicurrency_total_tva\":\"4.20000000\",\"multicurrency_total_ttc\":\"25.20000000\",\"ref\":\"AMBREE-75\",\"product_type\":\"0\",\"qty\":\"6\",\"tva_tx\":\"20.0000\",\"localtax1_tx\":\"0.0000\",\"localtax2_tx\":\"0.0000\",\"total_ht\":\"21.00000000\",\"total_tva\":\"4.20000000\",\"total_localtax1\":\"0.00000000\",\"total_localtax2\":\"0.00000000\",\"total_ttc\":\"25.20000000\",\"info_bits\":\"0\"},\"5\":{\"multicurrency_code\":\"EUR\",\"multicurrency_total_ht\":\"22.20000000\",\"multicurrency_total_tva\":\"4.44000000\",\"multicurrency_total_ttc\":\"26.64000000\",\"ref\":\"BRUNE-75\",\"product_type\":\"0\",\"qty\":\"6\",\"tva_tx\":\"20.0000\",\"localtax1_tx\":\"0.0000\",\"localtax2_tx\":\"0.0000\",\"total_ht\":\"22.20000000\",\"total_tva\":\"4.44000000\",\"total_localtax1\":\"0.00000000\",\"total_localtax2\":\"0.00000000\",\"total_ttc\":\"26.64000000\",\"info_bits\":\"0\"},\"6\":{\"multicurrency_code\":\"EUR\",\"multicurrency_total_ht\":\"21.00000000\",\"multicurrency_total_tva\":\"4.20000000\",\"multicurrency_total_ttc\":\"25.20000000\",\"ref\":\"BLONDE_PILSEN-75\",\"product_type\":\"0\",\"qty\":\"6\",\"tva_tx\":\"20.0000\",\"localtax1_tx\":\"0.0000\",\"localtax2_tx\":\"0.0000\",\"total_ht\":\"21.00000000\",\"total_tva\":\"4.20000000\",\"total_localtax1\":\"0.00000000\",\"total_localtax2\":\"0.00000000\",\"total_ttc\":\"25.20000000\",\"info_bits\":\"0\"},\"7\":{\"multicurrency_code\":\"EUR\",\"multicurrency_total_ht\":\"21.60000000\",\"multicurrency_total_tva\":\"4.32000000\",\"multicurrency_total_ttc\":\"25.92000000\",\"ref\":\"IPA-75\",\"product_type\":\"0\",\"qty\":\"6\",\"tva_tx\":\"20.0000\",\"localtax1_tx\":\"0.0000\",\"localtax2_tx\":\"0.0000\",\"total_ht\":\"21.60000000\",\"total_tva\":\"4.32000000\",\"total_localtax1\":\"0.00000000\",\"total_localtax2\":\"0.00000000\",\"total_ttc\":\"25.92000000\",\"info_bits\":\"0\"}},\"type\":\"0\",\"ref\":\"FA2404-1033\"}','18',0);

--
-- Table structure for table `llx_blockedlog_authority`
--

CREATE TABLE `llx_blockedlog_authority` (
  `rowid` int(11) NOT NULL AUTO_INCREMENT,
  `blockchain` longtext NOT NULL,
  `signature` varchar(100) NOT NULL,
  `tms` timestamp NOT NULL DEFAULT current_timestamp() ON UPDATE current_timestamp(),
  PRIMARY KEY (`rowid`),
  KEY `signature` (`signature`)
) ENGINE=InnoDB DEFAULT CHARSET=utf8 COLLATE=utf8_unicode_ci;

--
-- Dumping data for table `llx_blockedlog_authority`
--


--
-- Table structure for table `llx_bom_bom`
--

CREATE TABLE `llx_bom_bom` (
  `rowid` int(11) NOT NULL AUTO_INCREMENT,
  `entity` int(11) NOT NULL DEFAULT 1,
  `ref` varchar(128) NOT NULL,
  `bomtype` int(11) DEFAULT 0,
  `label` varchar(255) DEFAULT NULL,
  `fk_product` int(11) DEFAULT NULL,
  `description` text DEFAULT NULL,
  `note_public` text DEFAULT NULL,
  `note_private` text DEFAULT NULL,
  `fk_warehouse` int(11) DEFAULT NULL,
  `qty` double(24,8) DEFAULT NULL,
  `efficiency` double(24,8) DEFAULT 1.00000000,
  `duration` double(24,8) DEFAULT NULL,
  `date_creation` datetime NOT NULL,
  `date_valid` datetime DEFAULT NULL,
  `tms` timestamp NOT NULL DEFAULT current_timestamp() ON UPDATE current_timestamp(),
  `fk_user_creat` int(11) NOT NULL,
  `fk_user_modif` int(11) DEFAULT NULL,
  `fk_user_valid` int(11) DEFAULT NULL,
  `import_key` varchar(14) DEFAULT NULL,
  `model_pdf` varchar(255) DEFAULT NULL,
  `status` int(11) NOT NULL,
  PRIMARY KEY (`rowid`),
  UNIQUE KEY `uk_bom_bom_ref` (`ref`,`entity`),
  KEY `idx_bom_bom_rowid` (`rowid`),
  KEY `idx_bom_bom_ref` (`ref`),
  KEY `llx_bom_bom_fk_user_creat` (`fk_user_creat`),
  KEY `idx_bom_bom_status` (`status`),
  KEY `idx_bom_bom_fk_product` (`fk_product`),
  CONSTRAINT `llx_bom_bom_fk_user_creat` FOREIGN KEY (`fk_user_creat`) REFERENCES `llx_user` (`rowid`)
) ENGINE=InnoDB AUTO_INCREMENT=56 DEFAULT CHARSET=utf8 COLLATE=utf8_unicode_ci;

--
-- Dumping data for table `llx_bom_bom`
--

INSERT INTO `llx_bom_bom` (`rowid`, `entity`, `ref`, `bomtype`, `label`, `fk_product`, `description`, `note_public`, `note_private`, `fk_warehouse`, `qty`, `efficiency`, `duration`, `date_creation`, `date_valid`, `tms`, `fk_user_creat`, `fk_user_modif`, `fk_user_valid`, `import_key`, `model_pdf`, `status`) VALUES (1,1,'BOM2301-0008',0,'LA TUTE BLONDE PALE ALE',132,NULL,NULL,NULL,NULL,2000.00000000,1.00000000,NULL,'2022-12-27 12:07:31','2023-11-13 16:08:51','2023-11-13 15:08:51',2,2,2,NULL,NULL,1),(2,1,'BOM2301-0016',0,'LA TUTE IPA',137,'Pour 2000 litres',NULL,NULL,NULL,2000.00000000,1.00000000,NULL,'2022-12-27 13:26:50','2023-11-13 16:12:17','2023-11-13 15:12:17',2,2,2,NULL,NULL,1),(3,1,'BOM2301-0024',0,'LA TUTE PILSEN',139,'Pour 2000 litres',NULL,NULL,NULL,2000.00000000,1.00000000,NULL,'2022-12-27 13:31:13','2023-11-13 16:14:01','2023-11-13 15:14:01',2,2,2,NULL,NULL,1),(4,1,'BOM2301-0005',0,'LA TUTE BLANCHE',136,NULL,NULL,NULL,NULL,2000.00000000,1.00000000,NULL,'2022-12-27 13:33:35','2023-11-13 16:16:40','2023-11-13 15:16:40',2,2,2,NULL,NULL,1),(5,1,'BOM2301-0001',0,'LA TUTE AMBREE',131,NULL,NULL,NULL,NULL,2000.00000000,1.00000000,NULL,'2022-12-27 13:35:56','2023-11-10 16:44:44','2023-11-10 15:44:44',2,2,2,NULL,NULL,1),(6,1,'BOM2301-0020',0,'LA TUTE HIVER',140,'Pour 2000 litres',NULL,NULL,NULL,2000.00000000,1.00000000,NULL,'2022-12-27 13:38:11','2023-11-13 18:03:21','2023-11-13 17:03:21',2,2,2,NULL,NULL,1),(7,1,'BOM2301-0012',0,'LA TUTE BRUNE',135,'Pour 2000 litres',NULL,NULL,NULL,2000.00000000,1.00000000,NULL,'2022-12-27 13:54:25','2023-11-10 16:21:41','2023-11-10 15:21:41',2,2,2,NULL,NULL,1),(8,1,'BOM2301-0002',0,'LA TUTE AMBREE 33',13,NULL,NULL,NULL,1,1.00000000,1.00000000,NULL,'2023-01-16 10:50:33','2023-01-19 21:36:45','2023-01-22 21:03:26',1,NULL,1,NULL,NULL,1),(9,1,'BOM2301-0003',0,'LA TUTE AMBREE 75',14,NULL,NULL,NULL,1,1.00000000,1.00000000,NULL,'2023-01-16 10:50:33','2023-01-19 21:37:25','2023-01-22 21:03:26',1,1,1,NULL,NULL,1),(10,1,'BOM2301-0004',0,'LA TUTE AMBREE FUT',15,NULL,NULL,NULL,1,1.00000000,1.00000000,NULL,'2023-01-16 10:50:33','2023-01-19 21:38:25','2023-01-22 21:03:26',1,1,1,NULL,NULL,1),(11,1,'BOM2301-0006',0,'LA TUTE BLANCHE 33',10,NULL,NULL,NULL,1,1.00000000,1.00000000,NULL,'2023-01-16 10:50:33','2023-03-20 15:01:50','2023-03-20 14:01:50',1,1,1,NULL,NULL,1),(12,1,'BOM2301-0007',0,'LA TUTE BLANCHE 75',11,NULL,NULL,NULL,1,1.00000000,1.00000000,NULL,'2023-01-16 10:50:33','2023-06-27 16:41:16','2023-06-27 14:41:16',1,1,1,NULL,NULL,1),(13,1,'BOM2301-0009',0,'LA TUTE BLONDE PALE ALE 33',1,NULL,NULL,NULL,1,1.00000000,1.00000000,NULL,'2023-01-16 10:50:33','2023-02-09 12:01:36','2023-02-09 11:01:36',1,1,1,NULL,NULL,1),(14,1,'BOM2301-0010',0,'LA TUTE BLONDE PALE ALE 75',2,NULL,NULL,NULL,4,1.00000000,1.00000000,NULL,'2023-01-16 10:50:33','2023-02-09 12:04:23','2023-02-09 11:04:23',1,1,1,NULL,NULL,1),(15,1,'BOM2301-0011',0,'LA TUTE BLONDE PALE ALE FUT',3,NULL,NULL,NULL,1,1.00000000,1.00000000,NULL,'2023-01-16 10:50:33','2023-01-19 22:06:36','2023-01-22 21:03:26',1,1,1,NULL,NULL,1),(16,1,'BOM2301-0013',0,'LA TUTE BRUNE 33',19,NULL,NULL,NULL,1,1.00000000,1.00000000,NULL,'2023-01-16 10:50:33','2023-01-19 22:18:06','2023-01-22 21:03:26',1,1,1,NULL,NULL,1),(17,1,'BOM2301-0014',0,'LA TUTE BRUNE 75',20,NULL,NULL,NULL,1,1.00000000,1.00000000,NULL,'2023-01-16 10:50:33','2023-03-27 14:15:38','2023-03-27 12:15:38',1,1,1,NULL,NULL,1),(18,1,'BOM2301-0015',0,'LA TUTE BRUNE FUT',21,NULL,NULL,NULL,1,1.00000000,1.00000000,NULL,'2023-01-16 10:50:33','2023-01-19 22:21:45','2023-01-22 21:03:26',1,1,1,NULL,NULL,1),(19,1,'BOM2301-0017',0,'LA TUTE IPA 33',7,NULL,NULL,NULL,1,1.00000000,1.00000000,NULL,'2023-01-16 10:50:33','2023-01-19 22:28:09','2023-01-22 21:03:26',1,1,1,NULL,NULL,1),(20,1,'BOM2301-0018',0,'LA TUTE IPA 75',8,NULL,NULL,NULL,1,1.00000000,1.00000000,NULL,'2023-01-16 10:50:33','2023-01-19 22:31:58','2023-01-22 21:03:26',1,1,1,NULL,NULL,1),(21,1,'BOM2301-0019',0,'LA TUTE IPA FUT',9,NULL,NULL,NULL,1,1.00000000,1.00000000,NULL,'2023-01-16 10:50:33','2023-01-19 22:33:20','2023-01-22 21:03:26',1,1,1,NULL,NULL,1),(22,1,'BOM2301-0025',0,'LA TUTE PILSEN 33',4,NULL,NULL,NULL,1,1.00000000,1.00000000,NULL,'2023-01-16 10:50:33','2023-01-22 21:28:53','2023-01-22 21:03:26',1,1,1,NULL,NULL,1),(23,1,'BOM2301-0026',0,'LA TUTE PILSEN 75',5,NULL,NULL,NULL,1,1.00000000,1.00000000,NULL,'2023-01-16 10:50:33','2023-03-15 09:16:52','2023-03-15 08:16:52',1,1,1,NULL,NULL,1),(24,1,'BOM2301-0027',0,'LA TUTE PILSEN FUT',6,NULL,NULL,NULL,1,1.00000000,1.00000000,NULL,'2023-01-16 10:50:33','2023-01-22 21:30:26','2023-01-22 21:03:26',1,1,1,NULL,NULL,1),(25,1,'BOM2301-0021',0,'LA TUTE HIVER 33',16,NULL,NULL,NULL,1,1.00000000,1.00000000,NULL,'2023-01-16 10:50:33','2023-11-10 14:48:26','2023-11-10 13:48:26',1,1,2,NULL,NULL,1),(26,1,'BOM2301-0022',0,'LA TUTE HIVER 75',17,NULL,NULL,NULL,1,1.00000000,1.00000000,NULL,'2023-01-16 10:50:33','2023-11-10 14:48:56','2023-11-10 13:48:56',1,1,2,NULL,NULL,1),(27,1,'BOM2301-0023',0,'LA TUTE HIVER FUT',18,NULL,NULL,NULL,1,1.00000000,1.00000000,NULL,'2023-01-16 10:50:33','2023-01-22 21:33:25','2023-11-10 13:49:04',1,1,1,NULL,NULL,0),(28,1,'BOM2301-0028',0,'LILI BLONDE PALE ALE 33',130,NULL,NULL,NULL,1,1.00000000,1.00000000,NULL,'2023-01-16 10:50:33','2023-01-31 11:04:11','2023-01-31 10:04:11',1,1,1,NULL,NULL,1),(29,1,'BOM2301-0029',0,'LILI AMBREE 33',128,NULL,NULL,NULL,1,1.00000000,1.00000000,NULL,'2023-01-16 10:50:33','2023-01-31 16:42:55','2023-01-31 15:42:55',1,1,1,NULL,NULL,1),(30,1,'BOM2301-0030',0,'LILI BLANCHE 33',129,NULL,NULL,NULL,1,1.00000000,1.00000000,NULL,'2023-01-16 10:50:33','2023-11-14 10:14:09','2023-11-14 09:14:09',1,1,2,NULL,NULL,1),(31,1,'BOM2301-0031',0,'LILI IPA 33',127,NULL,NULL,NULL,1,1.00000000,1.00000000,NULL,'2023-01-16 10:50:33','2023-05-25 11:36:24','2023-05-25 09:36:24',1,1,1,NULL,NULL,1),(32,1,'BOM2305-0032',0,'LA TUTE BLANCHE FUT',12,NULL,NULL,NULL,1,1.00000000,1.00000000,NULL,'2023-05-11 21:12:21','2023-05-11 21:19:11','2023-05-11 19:19:11',1,NULL,1,NULL,NULL,1),(35,1,'BOM2301-0034',0,'LA GRANGE IPA 33',171,NULL,NULL,NULL,1,1.00000000,1.00000000,NULL,'2023-01-16 10:50:33','2023-05-25 08:59:15','2023-05-25 06:59:15',2,1,2,NULL,NULL,1),(37,1,'BOM2301-0035',0,'LA GRANGE IPA 75',172,NULL,NULL,NULL,1,1.00000000,1.00000000,NULL,'2023-01-16 10:50:33','2023-05-25 09:14:48','2023-05-25 07:14:48',2,1,2,NULL,NULL,1),(39,1,'BOM2306-0037',0,'LA GRANGE WIPA 75',176,NULL,NULL,NULL,1,1.00000000,1.00000000,NULL,'2023-06-27 16:11:38','2023-07-25 15:15:05','2023-07-25 13:15:05',2,2,2,NULL,NULL,1),(41,1,'BOM2307-0042',0,'LA TUTE BLONDE PALE ALE FUT 10l',180,NULL,NULL,NULL,1,1.00000000,1.00000000,NULL,'2023-07-24 16:21:29','2023-07-25 14:50:43','2023-07-25 12:50:43',2,NULL,2,NULL,NULL,1),(42,1,'BOM2307-0038',0,'LA GRANGE WIPA 33',175,NULL,NULL,NULL,1,1.00000000,1.00000000,NULL,'2023-07-25 11:03:45','2023-07-25 11:09:31','2023-07-25 09:09:31',2,NULL,2,NULL,NULL,1),(43,1,'BOM2301-0040',0,'LA GRANGE AMBREE 33',182,NULL,NULL,NULL,1,1.00000000,1.00000000,NULL,'2023-01-16 10:50:33','2023-07-25 14:45:54','2023-07-25 12:45:54',2,1,2,NULL,NULL,1),(45,1,'BOM2301-0041',0,'LA GRANGE AMBREE 75',183,NULL,NULL,NULL,1,1.00000000,1.00000000,NULL,'2023-01-16 10:50:33','2023-07-25 14:48:41','2023-07-25 12:48:41',2,1,2,NULL,NULL,1),(46,1,'BOM2307-0043',0,'LA TUTE IPA FUT 10l',181,NULL,NULL,NULL,1,1.00000000,1.00000000,NULL,'2023-07-24 16:21:29','2023-07-25 14:54:55','2023-07-25 12:54:55',2,2,2,NULL,NULL,1),(48,1,'BOM2301-0045',0,'LA GRANGE PILS 33',188,NULL,NULL,NULL,1,1.00000000,1.00000000,NULL,'2023-01-16 10:50:33','2023-07-25 15:12:03','2023-07-25 13:12:03',2,1,2,NULL,NULL,1),(49,1,'BOM2306-0046',0,'LA GRANGE PILS 75',189,NULL,NULL,NULL,1,1.00000000,1.00000000,NULL,'2023-06-27 16:11:38','2023-07-25 15:13:58','2023-07-25 13:13:58',2,2,2,NULL,NULL,1),(51,1,'BOM2301-0048',0,'LA GRANGE GINGER 33',191,NULL,NULL,NULL,1,1.00000000,1.00000000,NULL,'2023-01-16 10:50:33','2023-11-14 10:16:11','2023-11-14 09:16:11',2,1,2,NULL,NULL,1),(52,1,'BOM2301-0049',0,'LA GRANGE GINGER 75',192,NULL,NULL,NULL,1,1.00000000,1.00000000,NULL,'2023-01-16 10:50:33','2023-11-14 10:16:58','2023-11-14 09:16:58',2,1,2,NULL,NULL,1),(54,1,'(PROV54)',1,'Desassemblage LA TUTE AMBREE 75',14,NULL,NULL,NULL,1,1.00000000,1.00000000,NULL,'2023-01-16 10:50:33','2023-01-19 21:37:25','2024-03-11 09:02:37',1,1,1,NULL,NULL,0),(55,1,'BOM2301-0050',1,'DESASSEMBLAGE LA TUTE BRUNE 33',19,NULL,NULL,NULL,1,1.00000000,1.00000000,NULL,'2023-01-16 10:50:33','2024-03-11 10:07:05','2024-03-11 09:07:05',1,1,1,NULL,NULL,1);

--
-- Table structure for table `llx_bom_bom_extrafields`
--

CREATE TABLE `llx_bom_bom_extrafields` (
  `rowid` int(11) NOT NULL AUTO_INCREMENT,
  `tms` timestamp NOT NULL DEFAULT current_timestamp() ON UPDATE current_timestamp(),
  `fk_object` int(11) NOT NULL,
  `import_key` varchar(14) DEFAULT NULL,
  PRIMARY KEY (`rowid`),
  KEY `idx_bom_bom_extrafields_fk_object` (`fk_object`)
) ENGINE=InnoDB DEFAULT CHARSET=utf8 COLLATE=utf8_unicode_ci;

--
-- Dumping data for table `llx_bom_bom_extrafields`
--


--
-- Table structure for table `llx_bom_bomline`
--

CREATE TABLE `llx_bom_bomline` (
  `rowid` int(11) NOT NULL AUTO_INCREMENT,
  `fk_bom` int(11) NOT NULL,
  `fk_product` int(11) NOT NULL,
  `fk_bom_child` int(11) DEFAULT NULL,
  `description` text DEFAULT NULL,
  `import_key` varchar(14) DEFAULT NULL,
  `qty` double(24,8) NOT NULL,
  `qty_frozen` smallint(6) DEFAULT 0,
  `disable_stock_change` smallint(6) DEFAULT 0,
  `efficiency` double(24,8) NOT NULL DEFAULT 1.00000000,
  `position` int(11) NOT NULL DEFAULT 0,
  `fk_unit` int(11) DEFAULT NULL,
  `fk_default_workstation` int(11) DEFAULT NULL,
  PRIMARY KEY (`rowid`),
  KEY `idx_bom_bomline_rowid` (`rowid`),
  KEY `idx_bom_bomline_fk_product` (`fk_product`),
  KEY `idx_bom_bomline_fk_bom` (`fk_bom`),
  CONSTRAINT `llx_bom_bomline_fk_bom` FOREIGN KEY (`fk_bom`) REFERENCES `llx_bom_bom` (`rowid`)
) ENGINE=InnoDB AUTO_INCREMENT=302 DEFAULT CHARSET=utf8 COLLATE=utf8_unicode_ci;

--
-- Dumping data for table `llx_bom_bomline`
--

INSERT INTO `llx_bom_bomline` (`rowid`, `fk_bom`, `fk_product`, `fk_bom_child`, `description`, `import_key`, `qty`, `qty_frozen`, `disable_stock_change`, `efficiency`, `position`, `fk_unit`, `fk_default_workstation`) VALUES (1,1,37,NULL,NULL,NULL,450.00000000,NULL,NULL,1.00000000,2,NULL,NULL),(2,1,32,NULL,NULL,NULL,4.80000000,NULL,NULL,1.00000000,4,NULL,NULL),(3,1,25,NULL,NULL,NULL,1.00000000,NULL,NULL,1.00000000,6,NULL,NULL),(5,2,35,NULL,NULL,NULL,300.00000000,NULL,NULL,1.00000000,2,NULL,NULL),(6,2,37,NULL,NULL,NULL,200.00000000,NULL,NULL,1.00000000,4,NULL,NULL),(7,2,27,NULL,NULL,NULL,3.20000000,NULL,NULL,1.00000000,6,NULL,NULL),(8,2,28,NULL,NULL,NULL,4.30000000,NULL,NULL,1.00000000,8,NULL,NULL),(10,2,26,NULL,NULL,NULL,1.00000000,NULL,NULL,1.00000000,12,NULL,NULL),(12,3,35,NULL,NULL,NULL,424.00000000,NULL,NULL,1.00000000,2,NULL,NULL),(13,3,29,NULL,NULL,NULL,8.40000000,NULL,NULL,1.00000000,4,NULL,NULL),(14,3,30,NULL,NULL,NULL,1.40000000,NULL,NULL,1.00000000,6,NULL,NULL),(15,3,25,NULL,NULL,NULL,1.00000000,NULL,NULL,1.00000000,8,NULL,NULL),(17,4,35,NULL,NULL,NULL,350.00000000,NULL,NULL,1.00000000,2,NULL,NULL),(18,4,36,NULL,NULL,NULL,150.00000000,NULL,NULL,1.00000000,4,NULL,NULL),(20,4,34,NULL,NULL,NULL,1.20000000,NULL,NULL,1.00000000,8,NULL,NULL),(21,4,25,NULL,NULL,NULL,1.00000000,NULL,NULL,1.00000000,10,NULL,NULL),(23,5,37,NULL,NULL,NULL,375.00000000,NULL,NULL,1.00000000,2,NULL,NULL),(24,5,38,NULL,NULL,NULL,24.00000000,NULL,NULL,1.00000000,4,NULL,NULL),(25,5,39,NULL,NULL,NULL,2.00000000,NULL,NULL,1.00000000,6,NULL,NULL),(26,5,32,NULL,NULL,NULL,4.80000000,NULL,NULL,1.00000000,8,NULL,NULL),(27,5,34,NULL,NULL,NULL,1.00000000,NULL,NULL,1.00000000,10,NULL,NULL),(28,5,26,NULL,NULL,NULL,1.00000000,NULL,NULL,1.00000000,12,NULL,NULL),(30,6,38,NULL,NULL,NULL,50.00000000,NULL,NULL,1.00000000,2,NULL,NULL),(31,6,39,NULL,NULL,NULL,4.00000000,NULL,NULL,1.00000000,3,NULL,NULL),(34,6,34,NULL,NULL,NULL,4.80000000,NULL,NULL,1.00000000,5,NULL,NULL),(35,6,26,NULL,NULL,NULL,1.00000000,NULL,NULL,1.00000000,6,NULL,NULL),(36,6,40,NULL,NULL,NULL,1.00000000,NULL,NULL,1.00000000,7,NULL,NULL),(37,6,22,NULL,NULL,NULL,0.64000000,NULL,NULL,1.00000000,8,NULL,NULL),(38,6,23,NULL,NULL,NULL,0.64000000,NULL,NULL,1.00000000,9,NULL,NULL),(39,6,24,NULL,NULL,NULL,0.64000000,NULL,NULL,1.00000000,10,NULL,NULL),(41,7,37,NULL,NULL,NULL,400.00000000,NULL,NULL,1.00000000,2,NULL,NULL),(42,7,38,NULL,NULL,NULL,50.00000000,NULL,NULL,1.00000000,4,NULL,NULL),(43,7,39,NULL,NULL,NULL,10.00000000,NULL,NULL,1.00000000,6,NULL,NULL),(45,7,34,NULL,NULL,NULL,3.20000000,NULL,NULL,1.00000000,10,NULL,NULL),(46,7,25,NULL,NULL,NULL,1.00000000,NULL,NULL,1.00000000,12,NULL,NULL),(50,8,77,NULL,NULL,NULL,1.00000000,NULL,NULL,1.00000000,2,NULL,NULL),(51,8,56,NULL,NULL,NULL,1.00000000,NULL,NULL,1.00000000,3,NULL,NULL),(52,8,71,NULL,NULL,NULL,1.00000000,NULL,NULL,1.00000000,4,NULL,NULL),(54,9,77,NULL,NULL,NULL,1.00000000,NULL,NULL,1.00000000,2,NULL,NULL),(57,9,63,NULL,NULL,NULL,1.00000000,NULL,NULL,1.00000000,3,NULL,NULL),(58,9,72,NULL,NULL,NULL,1.00000000,NULL,NULL,1.00000000,4,NULL,NULL),(63,10,85,NULL,NULL,NULL,1.00000000,NULL,NULL,1.00000000,2,NULL,NULL),(65,11,77,NULL,NULL,NULL,1.00000000,NULL,NULL,1.00000000,4,NULL,NULL),(67,11,71,NULL,NULL,NULL,1.00000000,NULL,NULL,1.00000000,3,NULL,NULL),(69,11,55,NULL,NULL,NULL,1.00000000,NULL,NULL,1.00000000,2,NULL,NULL),(73,12,77,NULL,NULL,NULL,1.00000000,NULL,NULL,1.00000000,3,NULL,NULL),(74,12,72,NULL,NULL,NULL,1.00000000,NULL,NULL,1.00000000,2,NULL,NULL),(76,8,131,NULL,NULL,NULL,0.33000000,NULL,NULL,1.00000000,1,NULL,NULL),(77,9,131,NULL,NULL,NULL,0.75000000,NULL,NULL,1.00000000,1,NULL,NULL),(78,10,131,NULL,NULL,NULL,30.00000000,NULL,NULL,1.00000000,1,NULL,NULL),(79,11,136,NULL,NULL,NULL,0.33000000,NULL,NULL,1.00000000,1,NULL,NULL),(80,12,136,NULL,NULL,NULL,0.75000000,NULL,NULL,1.00000000,1,NULL,NULL),(81,12,62,NULL,NULL,NULL,1.00000000,NULL,NULL,1.00000000,5,NULL,NULL),(83,13,77,NULL,NULL,NULL,1.00000000,NULL,NULL,1.00000000,2,NULL,NULL),(85,13,71,NULL,NULL,NULL,1.00000000,NULL,NULL,1.00000000,4,NULL,NULL),(86,13,132,NULL,NULL,NULL,0.33000000,NULL,NULL,1.00000000,1,NULL,NULL),(88,14,132,NULL,NULL,NULL,0.75000000,NULL,NULL,1.00000000,1,NULL,NULL),(89,14,77,NULL,NULL,NULL,1.00000000,NULL,NULL,1.00000000,2,NULL,NULL),(96,15,132,NULL,NULL,NULL,30.00000000,NULL,NULL,1.00000000,2,NULL,NULL),(97,15,85,NULL,NULL,NULL,1.00000000,NULL,NULL,1.00000000,4,NULL,NULL),(99,16,77,NULL,NULL,NULL,1.00000000,NULL,NULL,1.00000000,2,NULL,NULL),(101,16,71,NULL,NULL,NULL,1.00000000,NULL,NULL,1.00000000,5,NULL,NULL),(102,16,135,NULL,NULL,NULL,0.33000000,NULL,NULL,1.00000000,1,NULL,NULL),(103,16,58,NULL,NULL,NULL,1.00000000,NULL,NULL,1.00000000,3,NULL,NULL),(104,17,135,NULL,NULL,NULL,0.75000000,NULL,NULL,1.00000000,1,NULL,NULL),(105,17,77,NULL,NULL,NULL,1.00000000,NULL,NULL,1.00000000,2,NULL,NULL),(109,18,85,NULL,NULL,NULL,1.00000000,NULL,NULL,1.00000000,2,NULL,NULL),(110,18,135,NULL,NULL,NULL,30.00000000,NULL,NULL,1.00000000,1,NULL,NULL),(112,19,77,NULL,NULL,NULL,1.00000000,NULL,NULL,1.00000000,3,NULL,NULL),(114,19,71,NULL,NULL,NULL,1.00000000,NULL,NULL,1.00000000,5,NULL,NULL),(115,19,137,NULL,NULL,NULL,0.33000000,NULL,NULL,1.00000000,2,NULL,NULL),(116,19,57,NULL,NULL,NULL,1.00000000,NULL,NULL,1.00000000,7,NULL,NULL),(117,20,137,NULL,NULL,NULL,0.75000000,NULL,NULL,1.00000000,2,NULL,NULL),(118,20,77,NULL,NULL,NULL,1.00000000,NULL,NULL,1.00000000,3,NULL,NULL),(121,20,64,NULL,NULL,NULL,1.00000000,NULL,NULL,1.00000000,9,NULL,NULL),(122,20,72,NULL,NULL,NULL,1.00000000,NULL,NULL,1.00000000,11,NULL,NULL),(124,21,85,NULL,NULL,NULL,1.00000000,NULL,NULL,1.00000000,2,NULL,NULL),(125,21,137,NULL,NULL,NULL,30.00000000,NULL,NULL,1.00000000,1,NULL,NULL),(126,14,72,NULL,NULL,NULL,1.00000000,NULL,NULL,1.00000000,4,NULL,NULL),(129,22,77,NULL,NULL,NULL,1.00000000,NULL,NULL,1.00000000,2,NULL,NULL),(131,22,71,NULL,NULL,NULL,1.00000000,NULL,NULL,1.00000000,4,NULL,NULL),(132,22,139,NULL,NULL,NULL,0.33000000,NULL,NULL,1.00000000,1,NULL,NULL),(133,22,54,NULL,NULL,NULL,1.00000000,NULL,NULL,1.00000000,3,NULL,NULL),(134,23,139,NULL,NULL,NULL,0.75000000,NULL,NULL,1.00000000,1,NULL,NULL),(135,23,77,NULL,NULL,NULL,1.00000000,NULL,NULL,1.00000000,2,NULL,NULL),(138,23,61,NULL,NULL,NULL,1.00000000,NULL,NULL,1.00000000,3,NULL,NULL),(139,24,139,NULL,NULL,NULL,30.00000000,NULL,NULL,1.00000000,1,NULL,NULL),(143,24,85,NULL,NULL,NULL,1.00000000,NULL,NULL,1.00000000,3,NULL,NULL),(145,25,77,NULL,NULL,NULL,1.00000000,NULL,NULL,1.00000000,2,NULL,NULL),(147,25,71,NULL,NULL,NULL,1.00000000,NULL,NULL,1.00000000,4,NULL,NULL),(148,25,140,NULL,NULL,NULL,0.33000000,NULL,NULL,1.00000000,1,NULL,NULL),(149,25,59,NULL,NULL,NULL,1.00000000,NULL,NULL,1.00000000,3,NULL,NULL),(150,26,140,NULL,NULL,NULL,0.75000000,NULL,NULL,1.00000000,1,NULL,NULL),(151,26,77,NULL,NULL,NULL,1.00000000,NULL,NULL,1.00000000,3,NULL,NULL),(154,26,66,NULL,NULL,NULL,1.00000000,NULL,NULL,1.00000000,2,NULL,NULL),(155,27,140,NULL,NULL,NULL,30.00000000,NULL,NULL,1.00000000,1,NULL,NULL),(159,27,85,NULL,NULL,NULL,1.00000000,NULL,NULL,1.00000000,3,NULL,NULL),(160,28,132,NULL,NULL,NULL,0.33000000,NULL,NULL,1.00000000,1,NULL,NULL),(161,28,77,NULL,NULL,NULL,1.00000000,NULL,NULL,1.00000000,2,NULL,NULL),(162,28,71,NULL,NULL,NULL,1.00000000,NULL,NULL,1.00000000,4,NULL,NULL),(164,28,67,NULL,NULL,NULL,1.00000000,NULL,NULL,1.00000000,8,NULL,NULL),(165,29,131,NULL,NULL,NULL,0.33000000,NULL,NULL,1.00000000,1,NULL,NULL),(166,29,77,NULL,NULL,NULL,1.00000000,NULL,NULL,1.00000000,3,NULL,NULL),(168,29,71,NULL,NULL,NULL,1.00000000,NULL,NULL,1.00000000,4,NULL,NULL),(169,29,69,NULL,NULL,NULL,1.00000000,NULL,NULL,1.00000000,2,NULL,NULL),(172,30,71,NULL,NULL,NULL,1.00000000,NULL,NULL,1.00000000,4,NULL,NULL),(173,30,77,NULL,NULL,NULL,1.00000000,NULL,NULL,1.00000000,5,NULL,NULL),(174,30,68,NULL,NULL,NULL,1.00000000,NULL,NULL,1.00000000,2,NULL,NULL),(175,31,137,NULL,NULL,NULL,0.33000000,NULL,NULL,1.00000000,2,NULL,NULL),(176,31,77,NULL,NULL,NULL,1.00000000,NULL,NULL,1.00000000,3,NULL,NULL),(177,31,71,NULL,NULL,NULL,1.00000000,NULL,NULL,1.00000000,5,NULL,NULL),(179,31,70,NULL,NULL,NULL,1.00000000,NULL,NULL,1.00000000,9,NULL,NULL),(180,13,53,NULL,NULL,NULL,1.00000000,NULL,NULL,1.00000000,8,NULL,NULL),(181,14,60,NULL,NULL,NULL,1.00000000,NULL,NULL,1.00000000,9,NULL,NULL),(182,23,72,NULL,NULL,NULL,1.00000000,NULL,NULL,1.00000000,6,NULL,NULL),(183,17,65,NULL,NULL,NULL,1.00000000,NULL,NULL,0.00000000,7,NULL,NULL),(184,17,72,NULL,NULL,NULL,1.00000000,NULL,NULL,0.00000000,9,NULL,NULL),(185,26,72,NULL,NULL,NULL,1.00000000,NULL,NULL,0.00000000,6,NULL,NULL),(186,32,136,NULL,NULL,NULL,30.00000000,NULL,NULL,0.00000000,2,NULL,NULL),(187,32,85,NULL,NULL,NULL,1.00000000,NULL,NULL,0.00000000,4,NULL,NULL),(198,35,137,NULL,NULL,NULL,0.33000000,NULL,NULL,1.00000000,2,NULL,NULL),(199,35,77,NULL,NULL,NULL,1.00000000,NULL,NULL,1.00000000,3,NULL,NULL),(200,35,71,NULL,NULL,NULL,1.00000000,NULL,NULL,1.00000000,5,NULL,NULL),(202,35,169,NULL,NULL,NULL,1.00000000,NULL,NULL,0.00000000,7,NULL,NULL),(203,37,137,NULL,NULL,NULL,0.75000000,NULL,NULL,1.00000000,2,NULL,NULL),(204,37,77,NULL,NULL,NULL,1.00000000,NULL,NULL,1.00000000,3,NULL,NULL),(206,37,72,NULL,NULL,NULL,1.00000000,NULL,NULL,1.00000000,11,NULL,NULL),(207,37,170,NULL,NULL,NULL,1.00000000,NULL,NULL,0.00000000,13,NULL,NULL),(213,39,72,NULL,NULL,NULL,1.00000000,NULL,NULL,0.00000000,2,NULL,NULL),(214,39,174,NULL,NULL,NULL,1.00000000,NULL,NULL,0.00000000,4,NULL,NULL),(215,41,179,NULL,NULL,NULL,1.00000000,NULL,NULL,0.00000000,2,NULL,NULL),(216,39,77,NULL,NULL,NULL,1.00000000,NULL,NULL,0.00000000,6,NULL,NULL),(217,39,136,NULL,NULL,NULL,0.75000000,NULL,NULL,0.00000000,8,NULL,NULL),(218,42,77,NULL,NULL,NULL,1.00000000,NULL,NULL,0.00000000,2,NULL,NULL),(219,42,173,NULL,NULL,NULL,1.00000000,NULL,NULL,0.00000000,4,NULL,NULL),(220,42,136,NULL,NULL,NULL,1.00000000,NULL,NULL,0.00000000,6,NULL,NULL),(222,42,71,NULL,NULL,NULL,1.00000000,NULL,NULL,0.00000000,8,NULL,NULL),(225,43,77,NULL,NULL,NULL,1.00000000,NULL,NULL,1.00000000,3,NULL,NULL),(226,43,71,NULL,NULL,NULL,1.00000000,NULL,NULL,1.00000000,5,NULL,NULL),(228,43,184,NULL,NULL,NULL,1.00000000,NULL,NULL,0.00000000,7,NULL,NULL),(235,41,132,NULL,NULL,NULL,10.00000000,NULL,NULL,0.00000000,4,NULL,NULL),(236,43,131,NULL,NULL,NULL,0.33000000,NULL,NULL,0.00000000,9,NULL,NULL),(237,45,131,NULL,NULL,NULL,0.75000000,NULL,NULL,1.00000000,1,NULL,NULL),(238,45,77,NULL,NULL,NULL,1.00000000,NULL,NULL,1.00000000,2,NULL,NULL),(240,45,72,NULL,NULL,NULL,1.00000000,NULL,NULL,1.00000000,4,NULL,NULL),(241,45,185,NULL,NULL,NULL,1.00000000,NULL,NULL,0.00000000,6,NULL,NULL),(242,46,179,NULL,NULL,NULL,1.00000000,NULL,NULL,0.00000000,2,NULL,NULL),(244,46,137,NULL,NULL,NULL,10.00000000,NULL,NULL,0.00000000,4,NULL,NULL),(251,48,77,NULL,NULL,NULL,1.00000000,NULL,NULL,1.00000000,3,NULL,NULL),(252,48,71,NULL,NULL,NULL,1.00000000,NULL,NULL,1.00000000,5,NULL,NULL),(255,48,139,NULL,NULL,NULL,0.33000000,NULL,NULL,0.00000000,7,NULL,NULL),(256,48,186,NULL,NULL,NULL,1.00000000,NULL,NULL,0.00000000,9,NULL,NULL),(257,49,72,NULL,NULL,NULL,1.00000000,NULL,NULL,0.00000000,2,NULL,NULL),(259,49,77,NULL,NULL,NULL,1.00000000,NULL,NULL,0.00000000,6,NULL,NULL),(261,49,139,NULL,NULL,NULL,0.75000000,NULL,NULL,0.00000000,8,NULL,NULL),(262,49,187,NULL,NULL,NULL,1.00000000,NULL,NULL,0.00000000,10,NULL,NULL),(274,51,77,NULL,NULL,NULL,1.00000000,NULL,NULL,1.00000000,2,NULL,NULL),(276,51,71,NULL,NULL,NULL,1.00000000,NULL,NULL,1.00000000,4,NULL,NULL),(277,51,193,NULL,NULL,NULL,1.00000000,NULL,NULL,0.00000000,6,NULL,NULL),(281,52,77,NULL,NULL,NULL,1.00000000,NULL,NULL,1.00000000,3,NULL,NULL),(282,52,72,NULL,NULL,NULL,1.00000000,NULL,NULL,0.00000000,6,NULL,NULL),(284,52,194,NULL,NULL,NULL,1.00000000,NULL,NULL,0.00000000,10,NULL,NULL),(285,7,31,NULL,NULL,NULL,2.60000000,NULL,NULL,1.00000000,14,NULL,NULL),(286,4,31,NULL,NULL,NULL,4.00000000,NULL,NULL,0.00000000,12,NULL,NULL),(287,6,37,NULL,NULL,NULL,600.00000000,NULL,NULL,0.00000000,12,NULL,NULL),(288,30,136,NULL,NULL,NULL,0.33000000,NULL,NULL,0.00000000,7,NULL,NULL),(289,51,140,NULL,NULL,NULL,0.33000000,NULL,NULL,0.00000000,10,NULL,NULL),(290,52,140,NULL,NULL,NULL,0.75000000,NULL,NULL,0.00000000,12,NULL,NULL),(294,54,131,NULL,NULL,NULL,0.75000000,NULL,NULL,1.00000000,1,NULL,NULL),(295,54,77,NULL,NULL,NULL,1.00000000,NULL,NULL,1.00000000,2,NULL,NULL),(296,54,63,NULL,NULL,NULL,1.00000000,NULL,NULL,1.00000000,3,NULL,NULL),(297,54,72,NULL,NULL,NULL,1.00000000,NULL,NULL,1.00000000,4,NULL,NULL),(298,55,135,NULL,NULL,NULL,0.33000000,NULL,NULL,1.00000000,1,NULL,NULL),(299,55,77,NULL,NULL,NULL,1.00000000,NULL,NULL,1.00000000,2,NULL,NULL),(300,55,58,NULL,NULL,NULL,1.00000000,NULL,NULL,1.00000000,3,NULL,NULL),(301,55,71,NULL,NULL,NULL,1.00000000,NULL,NULL,1.00000000,5,NULL,NULL);

--
-- Table structure for table `llx_bom_bomline_extrafields`
--

CREATE TABLE `llx_bom_bomline_extrafields` (
  `rowid` int(11) NOT NULL AUTO_INCREMENT,
  `tms` timestamp NOT NULL DEFAULT current_timestamp() ON UPDATE current_timestamp(),
  `fk_object` int(11) NOT NULL,
  `import_key` varchar(14) DEFAULT NULL,
  PRIMARY KEY (`rowid`)
) ENGINE=InnoDB DEFAULT CHARSET=utf8 COLLATE=utf8_unicode_ci;

--
-- Dumping data for table `llx_bom_bomline_extrafields`
--


--
-- Table structure for table `llx_bonderetour`
--

CREATE TABLE `llx_bonderetour` (
  `rowid` int(11) NOT NULL AUTO_INCREMENT,
  `tms` timestamp NOT NULL DEFAULT current_timestamp() ON UPDATE current_timestamp(),
  `ref` varchar(30) NOT NULL,
  `entity` int(11) NOT NULL DEFAULT 1,
  `fk_soc` int(11) NOT NULL,
  `fk_projet` int(11) DEFAULT NULL,
  `ref_ext` varchar(255) DEFAULT NULL,
  `ref_int` varchar(255) DEFAULT NULL,
  `ref_customer` varchar(255) DEFAULT NULL,
  `date_creation` datetime DEFAULT NULL,
  `fk_user_author` int(11) DEFAULT NULL,
  `fk_user_modif` int(11) DEFAULT NULL,
  `date_valid` datetime DEFAULT NULL,
  `fk_user_valid` int(11) DEFAULT NULL,
  `date_delivery` datetime DEFAULT NULL,
  `date_real_delivery` datetime DEFAULT NULL,
  `fk_address` int(11) DEFAULT NULL,
  `fk_shipping_method` int(11) DEFAULT NULL,
  `tracking_number` varchar(50) DEFAULT NULL,
  `fk_statut` smallint(6) DEFAULT 0,
  `billed` smallint(6) DEFAULT 0,
  `height` float DEFAULT NULL,
  `width` float DEFAULT NULL,
  `size_units` int(11) DEFAULT NULL,
  `size` float DEFAULT NULL,
  `weight_units` int(11) DEFAULT NULL,
  `weight` float DEFAULT NULL,
  `note_private` text DEFAULT NULL,
  `note_public` text DEFAULT NULL,
  `model_pdf` varchar(255) DEFAULT NULL,
  `last_main_doc` varchar(255) DEFAULT NULL,
  `fk_incoterms` int(11) DEFAULT NULL,
  `location_incoterms` varchar(255) DEFAULT NULL,
  `import_key` varchar(14) DEFAULT NULL,
  `extraparams` varchar(255) DEFAULT NULL,
  PRIMARY KEY (`rowid`),
  UNIQUE KEY `idx_bonderetour_uk_ref` (`ref`,`entity`),
  KEY `idx_bonderetour_fk_soc` (`fk_soc`),
  KEY `idx_bonderetour_fk_user_author` (`fk_user_author`),
  KEY `idx_bonderetour_fk_user_valid` (`fk_user_valid`),
  KEY `idx_bonderetour_fk_shipping_method` (`fk_shipping_method`),
  CONSTRAINT `fk_bonderetour_fk_shipping_method` FOREIGN KEY (`fk_shipping_method`) REFERENCES `llx_c_shipment_mode` (`rowid`),
  CONSTRAINT `fk_bonderetour_fk_soc` FOREIGN KEY (`fk_soc`) REFERENCES `llx_societe` (`rowid`),
  CONSTRAINT `fk_bonderetour_fk_user_author` FOREIGN KEY (`fk_user_author`) REFERENCES `llx_user` (`rowid`),
  CONSTRAINT `fk_bonderetour_fk_user_valid` FOREIGN KEY (`fk_user_valid`) REFERENCES `llx_user` (`rowid`)
) ENGINE=InnoDB AUTO_INCREMENT=37 DEFAULT CHARSET=utf8 COLLATE=utf8_unicode_ci;

--
-- Dumping data for table `llx_bonderetour`
--

INSERT INTO `llx_bonderetour` (`rowid`, `tms`, `ref`, `entity`, `fk_soc`, `fk_projet`, `ref_ext`, `ref_int`, `ref_customer`, `date_creation`, `fk_user_author`, `fk_user_modif`, `date_valid`, `fk_user_valid`, `date_delivery`, `date_real_delivery`, `fk_address`, `fk_shipping_method`, `tracking_number`, `fk_statut`, `billed`, `height`, `width`, `size_units`, `size`, `weight_units`, `weight`, `note_private`, `note_public`, `model_pdf`, `last_main_doc`, `fk_incoterms`, `location_incoterms`, `import_key`, `extraparams`) VALUES (1,'2023-03-20 14:34:18','BR2303-0001',1,397,0,NULL,NULL,NULL,'2023-03-20 15:32:30',1,NULL,'2023-03-20 15:34:00',1,'2023-02-20 00:00:00','2023-02-20 00:00:00',NULL,NULL,'',2,0,NULL,NULL,7,NULL,1,NULL,NULL,NULL,NULL,NULL,0,'',NULL,NULL),(2,'2023-03-27 14:44:56','BR2303-0002',1,397,0,NULL,NULL,NULL,'2023-03-27 16:28:14',2,NULL,'2023-03-27 16:31:45',2,'2023-03-27 00:00:00','2023-03-27 00:00:00',NULL,NULL,'',2,0,NULL,NULL,7,NULL,1,NULL,NULL,NULL,NULL,NULL,0,'',NULL,NULL),(3,'2023-04-12 15:09:38','BR2304-0003',1,397,0,NULL,NULL,NULL,'2023-04-12 17:02:04',2,NULL,'2023-04-12 17:09:09',2,'2023-04-12 00:00:00','2023-04-12 00:00:00',NULL,NULL,'',2,0,NULL,NULL,7,NULL,1,NULL,NULL,NULL,NULL,NULL,0,'',NULL,NULL),(4,'2023-04-27 10:58:15','BR2304-0004',1,389,0,NULL,NULL,NULL,'2023-04-27 12:54:54',2,NULL,'2023-04-27 12:57:59',2,'2023-04-27 00:00:00','2023-04-27 00:00:00',NULL,NULL,'',2,0,NULL,NULL,7,NULL,1,NULL,NULL,NULL,NULL,NULL,0,'',NULL,NULL),(5,'2023-05-12 08:10:10','BR2305-0005',1,334,0,NULL,NULL,NULL,'2023-05-12 10:07:17',2,NULL,'2023-05-12 10:10:05',2,'2023-05-06 00:00:00','2023-05-06 00:00:00',NULL,NULL,'',2,0,NULL,NULL,7,NULL,1,NULL,NULL,NULL,NULL,NULL,0,'',NULL,NULL),(6,'2023-05-12 08:12:23','BR2305-0006',1,569,0,NULL,NULL,NULL,'2023-05-12 10:10:41',2,NULL,'2023-05-12 10:12:17',2,'2023-05-10 00:00:00','2023-05-10 00:00:00',NULL,NULL,'',2,0,NULL,NULL,7,NULL,1,NULL,NULL,NULL,NULL,NULL,0,'',NULL,NULL),(7,'2023-05-12 08:13:22','BR2305-0007',1,397,0,NULL,NULL,NULL,'2023-05-12 10:12:42',2,NULL,'2023-05-12 10:13:16',2,'2023-05-11 00:00:00','2023-05-11 00:00:00',NULL,NULL,'',2,0,NULL,NULL,7,NULL,1,NULL,NULL,NULL,NULL,NULL,0,'',NULL,NULL),(8,'2023-06-12 13:18:20','BR2305-0008',1,360,0,NULL,NULL,NULL,'2023-05-30 10:56:03',2,NULL,'2023-05-30 10:56:58',2,'2023-05-25 00:00:00',NULL,NULL,NULL,'',2,0,NULL,NULL,7,NULL,1,NULL,NULL,NULL,NULL,NULL,0,'',NULL,NULL),(9,'2023-06-12 13:18:13','BR2306-0009',1,400,0,NULL,NULL,NULL,'2023-06-12 15:17:05',2,NULL,'2023-06-12 15:17:49',2,'2023-06-08 00:00:00',NULL,NULL,NULL,'',2,0,NULL,NULL,7,NULL,1,NULL,NULL,NULL,NULL,NULL,0,'',NULL,NULL),(10,'2023-06-12 13:21:42','BR2306-0010',1,389,0,NULL,NULL,NULL,'2023-06-12 15:19:47',2,NULL,'2023-06-12 15:21:35',2,'2023-06-08 00:00:00',NULL,NULL,NULL,'',2,0,NULL,NULL,7,NULL,1,NULL,NULL,NULL,NULL,NULL,0,'',NULL,NULL),(11,'2023-06-21 16:45:16','BR2306-0011',1,389,0,NULL,NULL,NULL,'2023-06-21 18:36:47',2,NULL,'2023-06-21 18:44:46',2,NULL,NULL,NULL,NULL,'',2,0,NULL,NULL,7,NULL,1,NULL,NULL,NULL,NULL,NULL,0,'',NULL,NULL),(12,'2023-07-03 15:00:49','BR2306-0012',1,552,0,NULL,NULL,NULL,'2023-06-29 12:20:35',2,NULL,'2023-06-29 12:21:15',2,'2023-06-29 00:00:00',NULL,NULL,NULL,'',0,0,NULL,NULL,7,NULL,1,NULL,NULL,NULL,NULL,NULL,0,'',NULL,NULL),(14,'2023-07-03 15:02:44','BR2307-0013',1,397,0,NULL,NULL,NULL,'2023-07-03 17:01:58',2,NULL,'2023-07-03 17:02:33',2,'2023-07-01 00:00:00',NULL,NULL,NULL,'',2,0,NULL,NULL,7,NULL,1,NULL,NULL,NULL,NULL,NULL,0,'',NULL,NULL),(15,'2023-07-03 15:03:54','BR2307-0014',1,611,0,NULL,NULL,NULL,'2023-07-03 17:03:06',2,NULL,'2023-07-03 17:03:51',2,'2023-07-03 00:00:00',NULL,NULL,NULL,'',2,0,NULL,NULL,7,NULL,1,NULL,NULL,NULL,NULL,NULL,0,'',NULL,NULL),(16,'2023-07-03 15:04:58','BR2307-0015',1,94,0,NULL,NULL,NULL,'2023-07-03 17:04:18',2,NULL,'2023-07-03 17:04:55',2,'2023-07-03 00:00:00',NULL,NULL,NULL,'',2,0,NULL,NULL,7,NULL,1,NULL,NULL,NULL,NULL,NULL,0,'',NULL,NULL),(17,'2023-07-03 15:05:46','BR2307-0016',1,612,0,NULL,NULL,NULL,'2023-07-03 17:05:16',2,NULL,'2023-07-03 17:05:42',2,'2023-07-03 00:00:00',NULL,NULL,NULL,'',2,0,NULL,NULL,7,NULL,1,NULL,NULL,NULL,NULL,NULL,0,'',NULL,NULL),(18,'2023-07-18 10:37:25','BR2307-0017',1,552,0,NULL,NULL,NULL,'2023-07-18 12:34:13',2,NULL,'2023-07-18 12:36:50',2,'2023-07-18 00:00:00',NULL,NULL,NULL,'',2,0,NULL,NULL,7,NULL,1,NULL,NULL,NULL,NULL,NULL,0,'',NULL,NULL),(19,'2023-07-19 14:18:43','BR2307-0018',1,397,0,NULL,NULL,NULL,'2023-07-19 16:18:10',2,NULL,'2023-07-19 16:18:36',2,'2023-07-19 00:00:00',NULL,NULL,NULL,'',2,0,NULL,NULL,7,NULL,1,NULL,NULL,NULL,NULL,NULL,0,'',NULL,NULL),(20,'2023-07-19 14:19:36','BR2307-0019',1,378,0,NULL,NULL,NULL,'2023-07-19 16:19:06',2,NULL,'2023-07-19 16:19:32',2,'2023-07-19 00:00:00',NULL,NULL,NULL,'',2,0,NULL,NULL,7,NULL,1,NULL,NULL,NULL,NULL,NULL,0,'',NULL,NULL),(21,'2023-07-30 12:26:21','BR2307-0020',1,397,0,NULL,NULL,NULL,'2023-07-30 14:00:17',2,NULL,'2023-07-30 14:26:09',2,'2023-07-29 00:00:00',NULL,NULL,NULL,'',2,0,NULL,NULL,7,NULL,1,NULL,NULL,NULL,NULL,NULL,0,'',NULL,NULL),(22,'2023-08-01 15:19:04','BR2308-0021',1,397,0,NULL,NULL,NULL,'2023-08-01 17:18:11',2,NULL,'2023-08-01 17:18:59',2,'2023-08-01 00:00:00',NULL,NULL,NULL,'',2,0,NULL,NULL,7,NULL,1,NULL,NULL,NULL,NULL,NULL,0,'',NULL,NULL),(23,'2023-09-12 12:59:40','BR2309-0022',1,397,0,NULL,NULL,NULL,'2023-09-12 14:58:36',2,NULL,'2023-09-12 14:59:30',2,'2023-09-12 00:00:00',NULL,NULL,NULL,'',2,0,NULL,NULL,7,NULL,1,NULL,NULL,NULL,NULL,NULL,0,'',NULL,NULL),(24,'2023-09-21 15:32:16','BR2309-0023',1,656,0,NULL,NULL,NULL,'2023-09-21 17:31:09',2,NULL,'2023-09-21 17:32:05',2,'2023-09-19 00:00:00','2023-09-20 00:00:00',NULL,NULL,'',2,0,NULL,NULL,7,NULL,1,NULL,NULL,NULL,NULL,NULL,0,'',NULL,NULL),(25,'2023-09-26 13:23:37','BR2309-0024',1,222,0,NULL,NULL,NULL,'2023-09-26 15:22:28',2,NULL,'2023-09-26 15:23:31',2,'2023-09-26 00:00:00',NULL,NULL,NULL,'',2,0,NULL,NULL,7,NULL,1,NULL,NULL,NULL,NULL,NULL,0,'',NULL,NULL),(26,'2023-10-09 15:44:55','BR2310-0025',1,656,0,NULL,NULL,NULL,'2023-10-09 17:44:08',2,NULL,'2023-10-09 17:44:46',2,'2023-10-09 00:00:00',NULL,NULL,NULL,'',2,0,NULL,NULL,7,NULL,1,NULL,NULL,NULL,NULL,NULL,0,'',NULL,NULL),(27,'2023-10-09 15:46:01','BR2310-0026',1,565,0,NULL,NULL,NULL,'2023-10-09 17:45:25',2,NULL,'2023-10-09 17:45:58',2,'2023-10-04 00:00:00',NULL,NULL,NULL,'',2,0,NULL,NULL,7,NULL,1,NULL,NULL,NULL,NULL,NULL,0,'',NULL,NULL),(28,'2023-10-09 15:46:51','BR2310-0027',1,554,0,NULL,NULL,NULL,'2023-10-09 17:46:20',2,NULL,'2023-10-09 17:46:43',2,'2023-10-04 00:00:00',NULL,NULL,NULL,'',2,0,NULL,NULL,7,NULL,1,NULL,NULL,NULL,NULL,NULL,0,'',NULL,NULL),(29,'2023-10-09 15:49:39','BR2310-0028',1,397,0,NULL,NULL,NULL,'2023-10-09 17:47:13',2,NULL,'2023-10-09 17:49:35',2,'2023-10-03 00:00:00',NULL,NULL,NULL,'',2,0,NULL,NULL,7,NULL,1,NULL,NULL,NULL,NULL,NULL,0,'',NULL,NULL),(30,'2023-10-09 15:50:52','BR2310-0029',1,400,0,NULL,NULL,NULL,'2023-10-09 17:50:12',2,NULL,'2023-10-09 17:50:36',2,'2023-10-06 00:00:00',NULL,NULL,NULL,'',2,0,NULL,NULL,7,NULL,1,NULL,NULL,NULL,NULL,NULL,0,'',NULL,NULL),(32,'2023-10-13 14:44:57','BR2310-0030',1,98,0,NULL,NULL,NULL,'2023-10-13 16:44:21',2,NULL,'2023-10-13 16:44:53',2,'2023-10-13 00:00:00',NULL,NULL,NULL,'',2,0,NULL,NULL,7,NULL,1,NULL,NULL,NULL,NULL,NULL,0,'',NULL,NULL),(33,'2023-11-08 17:23:05','(PROV33)',1,656,0,NULL,NULL,NULL,'2023-11-08 18:23:05',2,NULL,NULL,NULL,'2023-11-08 00:00:00',NULL,NULL,NULL,'',0,0,NULL,NULL,7,NULL,1,NULL,NULL,NULL,NULL,NULL,0,'',NULL,NULL),(34,'2023-11-15 15:14:43','BR2311-0031',1,397,0,NULL,NULL,'2300000159','2023-11-15 16:08:45',2,NULL,'2023-11-15 16:14:34',2,'2023-11-15 00:00:00',NULL,NULL,NULL,'',2,0,NULL,NULL,7,NULL,1,NULL,NULL,NULL,NULL,NULL,0,'',NULL,NULL),(35,'2024-01-24 17:25:11','BR2401-0032',1,353,0,NULL,NULL,NULL,'2024-01-24 18:23:59',2,NULL,'2024-01-24 18:24:50',2,'2024-01-24 00:00:00',NULL,NULL,NULL,'',2,0,NULL,NULL,7,NULL,1,NULL,NULL,NULL,NULL,NULL,0,'',NULL,NULL),(36,'2024-01-26 14:21:04','BR2401-0033',1,397,0,NULL,NULL,NULL,'2024-01-26 15:20:24',2,NULL,'2024-01-26 15:20:59',2,'2024-01-26 00:00:00',NULL,NULL,NULL,'',2,0,NULL,NULL,7,NULL,1,NULL,NULL,NULL,NULL,NULL,0,'',NULL,NULL);

--
-- Table structure for table `llx_bonderetour_extrafields`
--

CREATE TABLE `llx_bonderetour_extrafields` (
  `rowid` int(11) NOT NULL AUTO_INCREMENT,
  `tms` timestamp NOT NULL DEFAULT current_timestamp() ON UPDATE current_timestamp(),
  `fk_object` int(11) NOT NULL,
  `import_key` varchar(14) DEFAULT NULL,
  PRIMARY KEY (`rowid`),
  KEY `idx_bonderetour_extrafields` (`fk_object`)
) ENGINE=InnoDB DEFAULT CHARSET=utf8 COLLATE=utf8_unicode_ci;

--
-- Dumping data for table `llx_bonderetour_extrafields`
--


--
-- Table structure for table `llx_bonderetourdet`
--

CREATE TABLE `llx_bonderetourdet` (
  `rowid` int(11) NOT NULL AUTO_INCREMENT,
  `fk_bonderetour` int(11) DEFAULT NULL,
  `fk_commande` int(11) DEFAULT NULL,
  `fk_product` int(11) DEFAULT NULL,
  `fk_commandedet` int(11) DEFAULT NULL,
  `qty` float DEFAULT NULL,
  `price` float DEFAULT NULL,
  `fk_entrepot` int(11) DEFAULT NULL,
  `fk_user` int(11) DEFAULT NULL,
  `comment` varchar(255) DEFAULT NULL,
  `batch` varchar(30) DEFAULT NULL,
  `eatby` date DEFAULT NULL,
  `sellby` date DEFAULT NULL,
  `status` int(11) DEFAULT NULL,
  `datec` datetime DEFAULT NULL,
  `tms` timestamp NOT NULL DEFAULT current_timestamp() ON UPDATE current_timestamp(),
  PRIMARY KEY (`rowid`),
  KEY `idx_bonderetourdet_fk_commande` (`fk_commande`)
) ENGINE=InnoDB AUTO_INCREMENT=36 DEFAULT CHARSET=utf8 COLLATE=utf8_unicode_ci;

--
-- Dumping data for table `llx_bonderetourdet`
--

INSERT INTO `llx_bonderetourdet` (`rowid`, `fk_bonderetour`, `fk_commande`, `fk_product`, `fk_commandedet`, `qty`, `price`, `fk_entrepot`, `fk_user`, `comment`, `batch`, `eatby`, `sellby`, `status`, `datec`, `tms`) VALUES (1,1,NULL,85,0,5,67.8,4,1,'','',NULL,NULL,1,NULL,'2023-03-20 14:33:36'),(2,2,NULL,85,0,4,67.8,4,2,'','',NULL,NULL,1,NULL,'2023-03-27 14:30:48'),(3,3,NULL,85,0,4,67.8,4,2,'','',NULL,NULL,1,NULL,'2023-04-12 15:04:26'),(4,4,NULL,85,0,8,67.8,4,2,'','',NULL,NULL,1,NULL,'2023-04-27 10:56:46'),(5,5,NULL,85,0,1,67.8,4,2,'','',NULL,NULL,1,NULL,'2023-05-12 08:09:31'),(6,6,NULL,85,0,1,67.8,4,2,'','',NULL,NULL,1,NULL,'2023-05-12 08:11:08'),(7,6,NULL,85,0,1,67.8,4,2,'','',NULL,NULL,1,NULL,'2023-05-12 08:12:06'),(8,7,NULL,85,0,4,67.8,4,2,'','',NULL,NULL,1,NULL,'2023-05-12 08:13:07'),(9,8,NULL,19,0,24,1.63,1,2,'','',NULL,NULL,1,NULL,'2023-05-30 08:56:38'),(10,9,NULL,3,0,1,117.081,1,2,'','',NULL,NULL,1,NULL,'2023-06-12 13:17:41'),(11,10,NULL,3,0,4,117.081,1,2,'','',NULL,NULL,1,NULL,'2023-06-12 13:21:31'),(12,11,NULL,85,0,1,67.8,4,2,'','',NULL,NULL,1,NULL,'2023-06-21 16:44:23'),(13,12,NULL,85,0,1,67.8,1,2,'','',NULL,NULL,1,NULL,'2023-06-29 10:20:59'),(14,14,NULL,85,0,3,67.8,4,2,'','',NULL,NULL,1,NULL,'2023-07-03 15:02:15'),(15,15,NULL,85,0,3,67.8,4,2,'','',NULL,NULL,1,NULL,'2023-07-03 15:03:38'),(16,16,NULL,85,0,2,67.8,4,2,'','',NULL,NULL,1,NULL,'2023-07-03 15:04:39'),(17,17,NULL,85,0,3,67.8,4,2,'','',NULL,NULL,1,NULL,'2023-07-03 15:05:32'),(18,18,NULL,85,0,2,67.8,4,2,'','',NULL,NULL,1,NULL,'2023-07-18 10:36:34'),(19,19,NULL,85,0,5,67.8,4,2,'','',NULL,NULL,1,NULL,'2023-07-19 14:18:30'),(20,20,NULL,85,0,6,67.8,4,2,'','',NULL,NULL,1,NULL,'2023-07-19 14:19:20'),(21,21,NULL,85,0,1,67.8,4,2,'','',NULL,NULL,1,NULL,'2023-07-30 12:24:55'),(22,22,NULL,85,0,2,67.8,4,2,'','',NULL,NULL,1,NULL,'2023-08-01 15:18:43'),(23,23,NULL,85,0,5,67.8,3,2,'','',NULL,NULL,1,NULL,'2023-09-12 12:59:22'),(24,24,NULL,85,0,2,67.8,4,2,'','',NULL,NULL,1,NULL,'2023-09-21 15:31:52'),(25,25,NULL,85,0,5,67.8,4,2,'','',NULL,NULL,1,NULL,'2023-09-26 13:23:15'),(26,26,NULL,85,0,4,67.8,4,2,'','',NULL,NULL,1,NULL,'2023-10-09 15:44:40'),(27,27,NULL,85,0,8,67.8,4,2,'','',NULL,NULL,1,NULL,'2023-10-09 15:45:47'),(28,28,NULL,85,0,2,67.8,4,2,'','',NULL,NULL,1,NULL,'2023-10-09 15:46:38'),(29,29,NULL,85,0,3,67.8,4,2,'','',NULL,NULL,1,NULL,'2023-10-09 15:49:31'),(30,30,NULL,85,0,1,67.8,4,2,'','',NULL,NULL,1,NULL,'2023-10-09 15:50:28'),(31,32,NULL,85,0,2,67.8,4,2,'','',NULL,NULL,1,NULL,'2023-10-13 14:44:44'),(32,33,NULL,85,0,5,67.8,4,2,'','',NULL,NULL,1,NULL,'2023-11-08 17:23:34'),(33,34,NULL,85,0,4,67.8,4,2,'','',NULL,NULL,1,NULL,'2023-11-15 15:14:23'),(34,35,NULL,85,0,1,67.8,4,2,'','',NULL,NULL,1,NULL,'2024-01-24 17:24:35'),(35,36,NULL,85,0,5,67.8,4,2,'','',NULL,NULL,1,NULL,'2024-01-26 14:20:48');

--
-- Table structure for table `llx_bonderetourdet_batch`
--

CREATE TABLE `llx_bonderetourdet_batch` (
  `rowid` int(11) NOT NULL AUTO_INCREMENT,
  `fk_bonderetourdet` int(11) NOT NULL,
  `eatby` date DEFAULT NULL,
  `sellby` date DEFAULT NULL,
  `batch` varchar(30) DEFAULT NULL,
  `qty` double NOT NULL DEFAULT 0,
  `fk_origin_stock` int(11) NOT NULL,
  PRIMARY KEY (`rowid`),
  KEY `idx_fk_bonderetourdet` (`fk_bonderetourdet`),
  CONSTRAINT `fk_bonderetourdet_batch_fk_bonderetourdet` FOREIGN KEY (`fk_bonderetourdet`) REFERENCES `llx_bonderetourdet` (`rowid`)
) ENGINE=InnoDB DEFAULT CHARSET=utf8 COLLATE=utf8_unicode_ci;

--
-- Dumping data for table `llx_bonderetourdet_batch`
--


--
-- Table structure for table `llx_bonderetourdet_extrafields`
--

CREATE TABLE `llx_bonderetourdet_extrafields` (
  `rowid` int(11) NOT NULL AUTO_INCREMENT,
  `tms` timestamp NOT NULL DEFAULT current_timestamp() ON UPDATE current_timestamp(),
  `fk_object` int(11) NOT NULL,
  `import_key` varchar(14) DEFAULT NULL,
  PRIMARY KEY (`rowid`),
  KEY `idx_bonderetourdet_extrafields` (`fk_object`)
) ENGINE=InnoDB DEFAULT CHARSET=utf8 COLLATE=utf8_unicode_ci;

--
-- Dumping data for table `llx_bonderetourdet_extrafields`
--


--
-- Table structure for table `llx_bookmark`
--

CREATE TABLE `llx_bookmark` (
  `rowid` int(11) NOT NULL AUTO_INCREMENT,
  `fk_user` int(11) NOT NULL,
  `dateb` datetime DEFAULT NULL,
  `url` text DEFAULT NULL,
  `target` varchar(16) DEFAULT NULL,
  `title` varchar(64) DEFAULT NULL,
  `favicon` varchar(24) DEFAULT NULL,
  `position` int(11) DEFAULT 0,
  `entity` int(11) NOT NULL DEFAULT 1,
  PRIMARY KEY (`rowid`),
  UNIQUE KEY `uk_bookmark_title` (`fk_user`,`entity`,`title`)
) ENGINE=InnoDB AUTO_INCREMENT=4 DEFAULT CHARSET=utf8 COLLATE=utf8_unicode_ci;

--
-- Dumping data for table `llx_bookmark`
--

INSERT INTO `llx_bookmark` (`rowid`, `fk_user`, `dateb`, `url`, `target`, `title`, `favicon`, `position`, `entity`) VALUES (1,0,'2023-01-20 16:00:11','/compta/stats/casoc.php?sortfield=nom&sortorder=asc&leftmenu=accountancy_report&modecompta=BOOKKEEPING','0','CA MENSUEL','none',1,1),(2,1,'2023-03-15 09:11:32','http://135.125.36.38/phpmyadmin/index.php?route=/database/structure&db=lagrange','1','PHPMYADMIN','none',0,1),(3,1,'2023-03-15 09:11:52','https://135.125.36.38:10000/filemin//index.cgi?path=%2Fvar%2Fwww%2Ftdelec.pragma%2Dtech.fr%2Fhtdocs%2Fconf&xnavigation=1','1','WEBMIN','none',0,1);

--
-- Table structure for table `llx_bordereau_cheque`
--

CREATE TABLE `llx_bordereau_cheque` (
  `rowid` int(11) NOT NULL AUTO_INCREMENT,
  `ref` varchar(30) NOT NULL,
  `label` varchar(255) DEFAULT NULL,
  `ref_ext` varchar(255) DEFAULT NULL,
  `datec` datetime NOT NULL,
  `date_bordereau` date DEFAULT NULL,
  `amount` double(24,8) NOT NULL,
  `nbcheque` smallint(6) NOT NULL,
  `fk_bank_account` int(11) DEFAULT NULL,
  `fk_user_author` int(11) DEFAULT NULL,
  `statut` smallint(6) NOT NULL DEFAULT 0,
  `tms` timestamp NOT NULL DEFAULT current_timestamp() ON UPDATE current_timestamp(),
  `note` text DEFAULT NULL,
  `entity` int(11) NOT NULL DEFAULT 1,
  `type` varchar(6) DEFAULT 'CHQ',
  PRIMARY KEY (`rowid`),
  UNIQUE KEY `uk_bordereau_cheque` (`ref`,`entity`)
) ENGINE=InnoDB AUTO_INCREMENT=93 DEFAULT CHARSET=utf8 COLLATE=utf8_unicode_ci;

--
-- Dumping data for table `llx_bordereau_cheque`
--

INSERT INTO `llx_bordereau_cheque` (`rowid`, `ref`, `label`, `ref_ext`, `datec`, `date_bordereau`, `amount`, `nbcheque`, `fk_bank_account`, `fk_user_author`, `statut`, `tms`, `note`, `entity`, `type`) VALUES (2,'CHK2301-0001',NULL,'','2023-01-27 15:11:08','2023-01-25',837.16000000,2,1,2,1,'2023-01-27 14:11:44',NULL,1,'CHQ'),(3,'CHK2301-0002',NULL,'','2023-01-30 13:36:13','2023-01-18',549.84000000,5,1,2,1,'2023-01-30 12:36:53',NULL,1,'CHQ'),(4,'CHK2301-0003',NULL,'','2023-01-30 13:40:47','2023-01-03',80.00000000,1,1,2,1,'2023-01-30 12:41:17',NULL,1,'CHQ'),(5,'CHK2301-0004',NULL,'','2023-01-30 13:44:17','2023-01-11',201.60000000,2,1,2,1,'2023-01-30 12:44:39',NULL,1,'CHQ'),(6,'CHK2302-0005',NULL,'','2023-02-03 15:14:40','2023-02-03',1493.70000000,3,1,1,1,'2023-02-03 14:14:46',NULL,1,'CHQ'),(7,'CHK2302-0006',NULL,'','2023-02-13 16:03:45','2023-02-03',640.08000000,3,1,2,1,'2023-02-13 15:04:22',NULL,1,'CHQ'),(8,'CHK2302-0007',NULL,'','2023-02-15 17:54:14','2023-02-15',2365.92000000,4,1,2,1,'2023-02-15 16:54:26',NULL,1,'CHQ'),(9,'CHK2302-0008',NULL,'','2023-02-20 17:47:26','2023-02-20',155.52000000,2,1,2,1,'2023-02-20 16:48:27',NULL,1,'CHQ'),(10,'CHK2302-0009',NULL,'','2023-02-23 10:27:15','2022-12-07',246.24000000,1,1,2,1,'2023-02-23 09:29:13',NULL,1,'CHQ'),(11,'CHK2302-0010',NULL,'','2023-02-28 16:54:20','2023-02-28',717.12000000,1,1,2,1,'2023-02-28 15:54:36',NULL,1,'CHQ'),(12,'CHK2303-0011',NULL,'','2023-03-13 15:33:57','2023-03-13',262.08000000,1,1,2,1,'2023-03-13 14:34:06',NULL,1,'CHQ'),(13,'CHK2303-0012',NULL,'','2023-03-13 15:36:07','2023-03-13',236.16000000,1,1,2,1,'2023-03-13 14:36:11',NULL,1,'CHQ'),(14,'CHK2303-0013',NULL,'','2023-03-13 15:37:17','2023-03-13',648.00000000,1,1,2,1,'2023-03-13 14:37:28',NULL,1,'CHQ'),(15,'CHK2303-0014',NULL,'','2023-03-17 18:36:18','2023-03-16',1195.14000000,4,1,2,1,'2023-03-17 17:36:33',NULL,1,'CHQ'),(16,'CHK2304-0015',NULL,'','2023-04-04 18:49:21','2023-04-04',207.36000000,1,1,2,1,'2023-04-04 16:49:28',NULL,1,'CHQ'),(17,'CHK2304-0016',NULL,'','2023-04-05 16:44:07','2023-04-05',866.40000000,4,1,2,1,'2023-04-05 14:44:14',NULL,1,'CHQ'),(19,'CHK2304-0018',NULL,'','2023-04-25 12:03:31','2023-04-25',2331.04000000,5,1,2,1,'2023-04-25 10:03:42',NULL,1,'CHQ'),(20,'CHK2305-0019',NULL,'','2023-05-04 10:05:54','2023-05-04',383.76000000,1,1,2,1,'2023-05-04 08:06:01',NULL,1,'CHQ'),(21,'CHK2305-0020',NULL,'','2023-05-04 10:09:32','2023-05-04',304.56000000,1,1,2,1,'2023-05-04 08:09:39',NULL,1,'CHQ'),(26,'CHK2305-0021',NULL,'','2023-05-05 12:26:39','2023-04-06',120.00000000,1,1,2,1,'2023-05-05 10:26:57',NULL,1,'CHQ'),(27,'CHK2305-0022',NULL,'','2023-05-05 16:50:24','2023-05-04',315.36000000,1,1,2,1,'2023-05-05 14:51:18',NULL,1,'CHQ'),(28,'CHK2305-0023',NULL,'','2023-05-09 15:27:01','2023-05-09',207.36000000,1,1,2,1,'2023-05-09 13:27:09',NULL,1,'CHQ'),(29,'CHK2305-0024',NULL,'','2023-05-12 10:24:16','2023-05-11',629.60000000,2,1,2,1,'2023-05-12 08:24:34',NULL,1,'CHQ'),(30,'CHK2305-0025',NULL,'','2023-05-16 19:06:18','2023-05-15',210.24000000,1,1,2,1,'2023-05-16 17:06:40',NULL,1,'CHQ'),(31,'CHK2305-0026',NULL,'','2023-05-16 19:06:55','2023-05-16',1894.32000000,2,1,2,1,'2023-05-16 17:07:06',NULL,1,'CHQ'),(32,'CHK2305-0027',NULL,'','2023-05-25 10:31:58','2023-05-25',576.00000000,1,1,2,1,'2023-05-25 08:32:05',NULL,1,'CHQ'),(33,'CHK2305-0028',NULL,'','2023-05-31 10:08:51','2023-05-30',1228.32000000,4,1,2,1,'2023-05-31 08:09:29',NULL,1,'CHQ'),(34,'CHK2306-0029',NULL,'','2023-06-15 18:24:40','2023-06-15',858.60000000,3,1,2,1,'2023-06-15 16:24:46',NULL,1,'CHQ'),(35,'CHK2306-0030',NULL,'','2023-06-15 18:33:05','2023-06-15',70.00000000,1,1,2,1,'2023-06-15 16:33:21',NULL,1,'CHQ'),(36,'CHK2306-0031',NULL,'','2023-06-21 18:22:51','2023-06-18',308.16000000,4,1,2,1,'2023-06-21 16:23:24',NULL,1,'CHQ'),(37,'CHK2307-0032',NULL,'','2023-07-01 18:10:04','2023-07-01',365.28000000,2,1,2,1,'2023-07-01 16:10:16',NULL,1,'CHQ'),(38,'CHK2307-0033',NULL,'','2023-07-01 18:13:46','2023-07-01',783.90000000,4,1,2,1,'2023-07-01 16:13:53',NULL,1,'CHQ'),(39,'CHK2307-0034',NULL,'','2023-07-10 12:12:14','2023-07-10',1090.08000000,6,1,2,1,'2023-07-10 10:12:21',NULL,1,'CHQ'),(40,'CHK2307-0035',NULL,'','2023-07-10 12:12:50','2023-07-01',361.44000000,1,1,2,1,'2023-07-10 10:13:07',NULL,1,'CHQ'),(41,'CHK2307-0036',NULL,'','2023-07-17 15:01:14','2023-07-17',851.76000000,4,1,2,1,'2023-07-17 13:01:25',NULL,1,'CHQ'),(42,'CHK2307-0037',NULL,'','2023-07-17 15:02:21','2023-07-12',255.60000000,1,1,2,1,'2023-07-17 13:02:44',NULL,1,'CHQ'),(43,'CHK2307-0038',NULL,'','2023-07-20 18:35:17','2023-07-19',780.00000000,2,1,2,1,'2023-07-20 16:35:29',NULL,1,'CHQ'),(44,'CHK2307-0039',NULL,'','2023-07-31 14:49:34','2023-07-31',506.88000000,1,1,2,1,'2023-07-31 12:49:38',NULL,1,'CHQ'),(45,'CHK2307-0040',NULL,'','2023-07-31 14:50:23','2023-07-31',547.65000000,3,1,2,1,'2023-07-31 12:50:40',NULL,1,'CHQ'),(46,'CHK2307-0041',NULL,'','2023-07-31 14:51:14','2023-07-31',120.00000000,2,1,2,1,'2023-07-31 12:51:18',NULL,1,'CHQ'),(47,'CHK2308-0042',NULL,'','2023-08-04 19:06:28','2023-08-04',1536.87000000,6,1,2,1,'2023-08-04 17:06:35',NULL,1,'CHQ'),(48,'CHK2308-0043',NULL,'','2023-08-20 16:27:21','2023-08-05',622.08000000,2,1,2,1,'2023-08-20 14:32:22',NULL,1,'CHQ'),(49,'CHK2308-0044',NULL,'','2023-08-20 16:31:41','2023-08-10',798.48000000,2,1,2,1,'2023-08-20 14:32:02',NULL,1,'CHQ'),(50,'CHK2308-0045',NULL,'','2023-08-20 16:34:24','2023-08-10',234.00000000,1,1,2,1,'2023-08-20 14:34:33',NULL,1,'CHQ'),(51,'CHK2308-0046',NULL,'','2023-08-20 16:43:37','2023-08-16',207.72000000,1,1,2,1,'2023-08-20 14:43:49',NULL,1,'CHQ'),(52,'CHK2308-0047',NULL,'','2023-08-25 17:10:07','2023-08-24',1619.28000000,2,1,2,1,'2023-08-29 11:55:08',NULL,1,'CHQ'),(53,'CHK2308-0048',NULL,'','2023-08-27 11:02:20','2023-08-26',365.04000000,1,1,2,1,'2023-08-29 11:56:48',NULL,1,'CHQ'),(54,'CHK2309-0049',NULL,'','2023-09-01 10:15:41','2023-09-01',506.88000000,1,1,2,1,'2023-09-01 08:15:46',NULL,1,'CHQ'),(55,'CHK2309-0050',NULL,'','2023-09-08 17:27:45','2023-09-08',1128.96000000,2,1,2,1,'2023-09-08 15:27:52',NULL,1,'CHQ'),(56,'CHK2309-0051',NULL,'','2023-09-19 16:49:05','2023-09-15',2074.32000000,3,1,2,1,'2023-09-19 14:49:25',NULL,1,'CHQ'),(57,'CHK2309-0052',NULL,'','2023-09-19 16:51:20','2023-09-08',466.56000000,2,1,2,1,'2023-09-19 14:51:41',NULL,1,'CHQ'),(58,'CHK2309-0053',NULL,'','2023-09-21 17:10:57','2023-09-20',259.20000000,1,1,2,1,'2023-09-21 15:11:08',NULL,1,'CHQ'),(59,'CHK2309-0054',NULL,'','2023-09-25 12:23:50','2023-09-22',600.00000000,1,1,2,1,'2023-09-25 10:23:59',NULL,1,'CHQ'),(60,'CHK2309-0055',NULL,'','2023-09-28 17:31:44','2023-09-28',797.04000000,2,1,2,1,'2023-09-28 15:31:57',NULL,1,'CHQ'),(61,'CHK2310-0056',NULL,'','2023-10-11 18:23:28','2023-10-04',964.08000000,6,1,2,1,'2023-10-11 16:23:45',NULL,1,'CHQ'),(62,'CHK2310-0057',NULL,'','2023-10-11 18:37:16','2023-10-11',1229.76000000,3,1,2,1,'2023-10-11 16:37:25',NULL,1,'CHQ'),(63,'CHK2310-0058',NULL,'','2023-10-19 11:40:04','2023-10-19',259.92000000,2,1,2,1,'2023-10-19 09:40:11',NULL,1,'CHQ'),(64,'CHK2310-0059',NULL,'','2023-10-25 19:10:42','2023-10-25',324.48000000,2,1,2,1,'2023-10-25 17:11:23',NULL,1,'CHQ'),(65,'CHK2310-0060',NULL,'','2023-10-26 09:16:36','2023-10-24',2839.68000000,6,1,2,1,'2023-10-26 07:16:52',NULL,1,'CHQ'),(66,'CHK2311-0061',NULL,'','2023-11-15 09:36:03','2023-11-02',253.44000000,1,1,2,1,'2023-11-15 08:36:14',NULL,1,'CHQ'),(67,'CHK2311-0062',NULL,'','2023-11-15 09:40:03','2023-11-06',543.60000000,3,1,2,1,'2023-11-15 08:40:22',NULL,1,'CHQ'),(68,'CHK2311-0063',NULL,'','2023-11-15 09:46:49','2023-11-11',395.10000000,1,1,2,1,'2023-11-15 08:47:03',NULL,1,'CHQ'),(69,'CHK2311-0064',NULL,'','2023-11-15 09:47:41','2023-11-14',155.52000000,1,1,2,1,'2023-11-15 08:47:52',NULL,1,'CHQ'),(71,'CHK2311-0065',NULL,'','2023-11-30 09:49:03','2023-11-22',815.36000000,2,1,2,1,'2023-11-30 08:49:19',NULL,1,'CHQ'),(72,'CHK2311-0066',NULL,'','2023-11-30 19:08:05','2023-11-29',920.88000000,2,1,2,1,'2023-11-30 18:13:18',NULL,1,'CHQ'),(73,'CHK2312-0067',NULL,'','2023-12-08 17:23:35','2023-12-05',263.68000000,2,1,2,1,'2023-12-08 16:23:50',NULL,1,'CHQ'),(74,'CHK2312-0068',NULL,'','2023-12-18 16:11:46','2023-12-15',2512.84000000,8,1,2,1,'2023-12-18 15:11:58',NULL,1,'CHQ'),(75,'CHK2312-0069',NULL,'','2023-12-21 15:48:03','2023-12-20',275.52000000,3,1,2,1,'2023-12-21 14:48:20',NULL,1,'CHQ'),(77,'CHK2312-0070',NULL,'','2023-12-22 17:05:39','2023-12-22',867.60000000,4,1,2,1,'2023-12-22 16:05:45',NULL,1,'CHQ'),(78,'CHK2312-0071',NULL,'','2023-12-30 11:38:45','2023-12-30',405.24000000,2,1,2,1,'2023-12-30 10:38:52',NULL,1,'CHQ'),(79,'CHK2401-0072',NULL,'','2024-01-15 16:02:46','2024-01-04',738.00000000,2,1,2,1,'2024-01-15 15:02:59',NULL,1,'CHQ'),(80,'CHK2401-0073',NULL,'','2024-01-15 16:20:51','2024-01-05',361.68000000,2,1,2,1,'2024-01-15 15:21:05',NULL,1,'CHQ'),(81,'CHK2401-0074',NULL,'','2024-01-15 16:43:21','2024-01-11',363.84000000,2,1,2,1,'2024-01-15 15:43:33',NULL,1,'CHQ'),(82,'CHK2401-0075',NULL,'','2024-01-15 16:43:44','2024-01-12',120.00000000,1,1,2,1,'2024-01-15 15:43:54',NULL,1,'CHQ'),(83,'CHK2401-0076',NULL,'','2024-01-18 11:24:41','2024-01-17',1355.52000000,2,1,2,1,'2024-01-18 10:24:52',NULL,1,'CHQ'),(84,'CHK2401-0077',NULL,'','2024-01-26 15:27:56','2024-01-24',516.96000000,2,1,2,1,'2024-01-26 14:28:10',NULL,1,'CHQ'),(85,'CHK2401-0078',NULL,'','2024-01-31 18:42:37','2024-01-30',259.20000000,1,1,2,1,'2024-01-31 17:42:49',NULL,1,'CHQ'),(86,'CHK2402-0079',NULL,'','2024-02-12 16:07:37','2024-02-09',448.56000000,4,1,2,1,'2024-02-12 15:07:52',NULL,1,'CHQ'),(87,'CHK2402-0080',NULL,'','2024-02-19 11:53:14','2024-02-15',894.00000000,1,1,2,1,'2024-02-19 10:53:23',NULL,1,'CHQ'),(88,'CHK2402-0081',NULL,'','2024-02-23 18:09:27','2024-02-21',811.24000000,2,1,2,1,'2024-02-23 17:09:38',NULL,1,'CHQ'),(89,'CHK2403-0082',NULL,'','2024-03-06 16:51:24','2024-03-01',537.84000000,1,1,2,1,'2024-03-06 15:51:45',NULL,1,'CHQ'),(90,'CHK2403-0083',NULL,'','2024-03-22 16:46:55','2024-03-19',2122.44000000,4,1,2,1,'2024-03-22 15:47:10',NULL,1,'CHQ'),(91,'CHK2403-0084',NULL,'','2024-04-02 16:40:19','2024-03-27',357.12000000,1,1,2,1,'2024-04-02 14:40:29',NULL,1,'CHQ'),(92,'CHK2403-0085',NULL,'','2024-04-02 16:40:47','2024-03-29',210.24000000,1,1,2,1,'2024-04-02 14:58:55',NULL,1,'CHQ');

--
-- Table structure for table `llx_boxes`
--

CREATE TABLE `llx_boxes` (
  `rowid` int(11) NOT NULL AUTO_INCREMENT,
  `entity` int(11) NOT NULL DEFAULT 1,
  `box_id` int(11) NOT NULL,
  `position` smallint(6) NOT NULL,
  `box_order` varchar(3) NOT NULL,
  `fk_user` int(11) NOT NULL DEFAULT 0,
  `maxline` int(11) DEFAULT NULL,
  `params` varchar(255) DEFAULT NULL,
  PRIMARY KEY (`rowid`),
  UNIQUE KEY `uk_boxes` (`entity`,`box_id`,`position`,`fk_user`),
  KEY `idx_boxes_boxid` (`box_id`),
  KEY `idx_boxes_fk_user` (`fk_user`),
  CONSTRAINT `fk_boxes_box_id` FOREIGN KEY (`box_id`) REFERENCES `llx_boxes_def` (`rowid`)
) ENGINE=InnoDB AUTO_INCREMENT=916 DEFAULT CHARSET=utf8 COLLATE=utf8_unicode_ci;

--
-- Dumping data for table `llx_boxes`
--

INSERT INTO `llx_boxes` (`rowid`, `entity`, `box_id`, `position`, `box_order`, `fk_user`, `maxline`, `params`) VALUES (1,1,1,0,'A05',0,NULL,NULL),(2,1,2,0,'A13',0,NULL,NULL),(3,1,3,0,'B28',0,NULL,NULL),(4,1,4,0,'B14',0,NULL,NULL),(5,1,5,0,'A29',0,NULL,NULL),(6,1,6,0,'A15',0,NULL,NULL),(7,1,7,0,'B30',0,NULL,NULL),(8,1,8,0,'B16',0,NULL,NULL),(9,1,9,0,'A31',0,NULL,NULL),(10,1,10,0,'B34',0,NULL,NULL),(11,1,11,0,'A19',0,NULL,NULL),(12,1,12,0,'A33',0,NULL,NULL),(13,1,13,0,'B32',0,NULL,NULL),(14,1,14,0,'A17',0,NULL,NULL),(15,1,15,0,'A27',0,NULL,NULL),(16,1,16,0,'B12',0,NULL,NULL),(17,1,17,0,'B20',0,NULL,NULL),(18,1,18,0,'B06',0,NULL,NULL),(19,1,19,0,'A21',0,NULL,NULL),(20,1,20,0,'A07',0,NULL,NULL),(21,1,21,0,'B22',0,NULL,NULL),(22,1,22,0,'B08',0,NULL,NULL),(23,1,23,0,'A23',0,NULL,NULL),(24,1,24,0,'A09',0,NULL,NULL),(26,1,28,0,'B10',0,NULL,NULL),(27,1,29,0,'A25',0,NULL,NULL),(28,1,29,1,'A35',0,NULL,NULL),(29,1,29,2,'B36',0,NULL,NULL),(30,1,29,3,'A37',0,NULL,NULL),(31,1,29,11,'B38',0,NULL,NULL),(32,1,29,27,'A39',0,NULL,NULL),(33,1,30,0,'A11',0,NULL,NULL),(34,1,31,0,'B26',0,NULL,NULL),(35,1,32,0,'B18',0,NULL,NULL),(419,1,34,0,'A03',0,NULL,NULL),(901,1,42,0,'A01',0,NULL,NULL),(902,1,21,0,'A01',1,NULL,NULL),(903,1,43,0,'0',0,NULL,NULL),(913,1,54,0,'0',0,NULL,NULL),(914,1,55,0,'0',0,NULL,NULL),(915,1,56,0,'0',0,NULL,NULL);

--
-- Table structure for table `llx_boxes_def`
--

CREATE TABLE `llx_boxes_def` (
  `rowid` int(11) NOT NULL AUTO_INCREMENT,
  `file` varchar(200) NOT NULL,
  `entity` int(11) NOT NULL DEFAULT 1,
  `fk_user` int(11) NOT NULL DEFAULT 0,
  `tms` timestamp NOT NULL DEFAULT current_timestamp() ON UPDATE current_timestamp(),
  `note` varchar(130) DEFAULT NULL,
  PRIMARY KEY (`rowid`),
  UNIQUE KEY `uk_boxes_def` (`file`,`entity`,`note`)
) ENGINE=InnoDB AUTO_INCREMENT=57 DEFAULT CHARSET=utf8 COLLATE=utf8_unicode_ci;

--
-- Dumping data for table `llx_boxes_def`
--

INSERT INTO `llx_boxes_def` (`rowid`, `file`, `entity`, `fk_user`, `tms`, `note`) VALUES (1,'box_lastlogin.php',1,0,'2023-01-03 09:42:22',NULL),(2,'box_birthdays.php',1,0,'2023-01-03 09:42:22',NULL),(3,'box_dolibarr_state_board.php',1,0,'2023-01-03 09:42:22',NULL),(4,'box_clients.php',1,0,'2023-01-03 10:47:24',NULL),(5,'box_prospect.php',1,0,'2023-01-03 10:47:24',NULL),(6,'box_contacts.php',1,0,'2023-01-03 10:47:24',NULL),(7,'box_activity.php',1,0,'2023-01-03 10:47:24','(WarningUsingThisBoxSlowDown)'),(8,'box_goodcustomers.php',1,0,'2023-01-03 10:47:24','(WarningUsingThisBoxSlowDown)'),(9,'box_graph_propales_permonth.php',1,0,'2023-01-03 10:47:25',NULL),(10,'box_propales.php',1,0,'2023-01-03 10:47:25',NULL),(11,'box_commandes.php',1,0,'2023-01-03 10:47:27',NULL),(12,'box_graph_orders_permonth.php',1,0,'2023-01-03 10:47:27',NULL),(13,'box_shipments.php',1,0,'2023-01-03 10:47:28',NULL),(14,'box_graph_invoices_supplier_permonth.php',1,0,'2023-01-03 10:47:35',NULL),(15,'box_graph_orders_supplier_permonth.php',1,0,'2023-01-03 10:47:35',NULL),(16,'box_fournisseurs.php',1,0,'2023-01-03 10:47:35',NULL),(17,'box_factures_fourn_imp.php',1,0,'2023-01-03 10:47:35',NULL),(18,'box_factures_fourn.php',1,0,'2023-01-03 10:47:35',NULL),(19,'box_supplier_orders.php',1,0,'2023-01-03 10:47:35',NULL),(20,'box_supplier_orders_awaiting_reception.php',1,0,'2023-01-03 10:47:35',NULL),(21,'box_factures_imp.php',1,0,'2023-01-03 10:47:40',NULL),(22,'box_factures.php',1,0,'2023-01-03 10:47:40',NULL),(23,'box_graph_invoices_permonth.php',1,0,'2023-01-03 10:47:40',NULL),(24,'box_customers_outstanding_bill_reached.php',1,0,'2023-01-03 10:47:40',NULL),(26,'box_accountancy_last_manual_entries.php',1,0,'2023-01-03 10:47:58',NULL),(27,'box_accountancy_suspense_account.php',1,0,'2023-01-03 10:47:58',NULL),(28,'box_produits.php',1,0,'2023-01-03 10:48:01',NULL),(29,'box_produits_alerte_stock.php',1,0,'2023-01-03 10:48:01',NULL),(30,'box_graph_product_distribution.php',1,0,'2023-01-03 10:48:01',NULL),(31,'box_services_contracts.php',1,0,'2023-01-03 10:48:03',NULL),(32,'box_bookmarks.php',1,0,'2023-01-03 10:48:20',NULL),(34,'box_actions.php',1,0,'2023-01-06 15:02:43',NULL),(42,'box_scheduled_jobs.php',1,0,'2023-02-07 10:28:09',NULL),(43,'box_stocktransfers.php@stocktransfers',1,0,'2023-03-20 14:09:43',NULL),(50,'box_actions_future.php',1,0,'2024-01-18 13:19:39',NULL),(54,'box_boms.php',1,0,'2024-03-28 11:13:18',NULL),(55,'box_comptes.php',1,0,'2024-03-28 11:13:18',NULL),(56,'box_mos.php',1,0,'2024-03-28 11:13:18',NULL);

--
-- Table structure for table `llx_budget`
--

CREATE TABLE `llx_budget` (
  `rowid` int(11) NOT NULL AUTO_INCREMENT,
  `entity` int(11) NOT NULL DEFAULT 1,
  `label` varchar(255) NOT NULL,
  `status` int(11) DEFAULT NULL,
  `note` text DEFAULT NULL,
  `date_start` date DEFAULT NULL,
  `date_end` date DEFAULT NULL,
  `datec` datetime DEFAULT NULL,
  `tms` timestamp NOT NULL DEFAULT current_timestamp() ON UPDATE current_timestamp(),
  `fk_user_creat` int(11) DEFAULT NULL,
  `fk_user_modif` int(11) DEFAULT NULL,
  `import_key` int(11) DEFAULT NULL,
  PRIMARY KEY (`rowid`)
) ENGINE=InnoDB DEFAULT CHARSET=utf8 COLLATE=utf8_unicode_ci;

--
-- Dumping data for table `llx_budget`
--


--
-- Table structure for table `llx_budget_lines`
--

CREATE TABLE `llx_budget_lines` (
  `rowid` int(11) NOT NULL AUTO_INCREMENT,
  `fk_budget` int(11) NOT NULL,
  `fk_project_ids` varchar(180) NOT NULL,
  `amount` double(24,8) NOT NULL,
  `datec` datetime DEFAULT NULL,
  `tms` timestamp NOT NULL DEFAULT current_timestamp() ON UPDATE current_timestamp(),
  `fk_user_creat` int(11) DEFAULT NULL,
  `fk_user_modif` int(11) DEFAULT NULL,
  `import_key` int(11) DEFAULT NULL,
  PRIMARY KEY (`rowid`),
  UNIQUE KEY `uk_budget_lines` (`fk_budget`,`fk_project_ids`),
  CONSTRAINT `fk_budget_lines_budget` FOREIGN KEY (`fk_budget`) REFERENCES `llx_budget` (`rowid`)
) ENGINE=InnoDB DEFAULT CHARSET=utf8 COLLATE=utf8_unicode_ci;

--
-- Dumping data for table `llx_budget_lines`
--


--
-- Table structure for table `llx_c_accounting_category`
--

CREATE TABLE `llx_c_accounting_category` (
  `rowid` int(11) NOT NULL AUTO_INCREMENT,
  `entity` int(11) NOT NULL DEFAULT 1,
  `code` varchar(16) NOT NULL,
  `label` varchar(255) NOT NULL,
  `range_account` varchar(255) NOT NULL,
  `sens` tinyint(4) NOT NULL DEFAULT 0,
  `category_type` tinyint(4) NOT NULL DEFAULT 0,
  `formula` varchar(255) NOT NULL,
  `position` int(11) DEFAULT 0,
  `fk_country` int(11) DEFAULT NULL,
  `active` int(11) DEFAULT 1,
  PRIMARY KEY (`rowid`),
  UNIQUE KEY `uk_c_accounting_category` (`code`,`entity`)
) ENGINE=InnoDB AUTO_INCREMENT=4 DEFAULT CHARSET=utf8 COLLATE=utf8_unicode_ci;

--
-- Dumping data for table `llx_c_accounting_category`
--

INSERT INTO `llx_c_accounting_category` (`rowid`, `entity`, `code`, `label`, `range_account`, `sens`, `category_type`, `formula`, `position`, `fk_country`, `active`) VALUES (1,1,'INCOMES','Income of products/services','Example: 7xxxxx',0,0,'',10,0,1),(2,1,'EXPENSES','Expenses of products/services','Example: 6xxxxx',0,0,'',20,0,1),(3,1,'PROFIT','Balance','',0,1,'INCOMES+EXPENSES',30,0,1);

--
-- Table structure for table `llx_c_action_trigger`
--

CREATE TABLE `llx_c_action_trigger` (
  `rowid` int(11) NOT NULL AUTO_INCREMENT,
  `elementtype` varchar(64) DEFAULT NULL,
  `code` varchar(128) DEFAULT NULL,
  `label` varchar(128) NOT NULL,
  `description` varchar(255) DEFAULT NULL,
  `rang` int(11) DEFAULT 0,
  `contexts` varchar(255) DEFAULT NULL,
  PRIMARY KEY (`rowid`),
  UNIQUE KEY `uk_action_trigger_code` (`code`),
  KEY `idx_action_trigger_rang` (`rang`)
) ENGINE=InnoDB AUTO_INCREMENT=328 DEFAULT CHARSET=utf8 COLLATE=utf8_unicode_ci;

--
-- Dumping data for table `llx_c_action_trigger`
--

INSERT INTO `llx_c_action_trigger` (`rowid`, `elementtype`, `code`, `label`, `description`, `rang`, `contexts`) VALUES (1,'societe','COMPANY_CREATE','Third party created','Executed when a third party is created',1,NULL),(2,'societe','COMPANY_MODIFY','Third party update','Executed when you update third party',1,NULL),(3,'societe','COMPANY_SENTBYMAIL','Mails sent from third party card','Executed when you send email from third party card',1,NULL),(4,'societe','COMPANY_DELETE','Third party deleted','Executed when you delete third party',1,NULL),(5,'propal','PROPAL_VALIDATE','Customer proposal validated','Executed when a commercial proposal is validated',2,NULL),(6,'propal','PROPAL_MODIFY','Customer proposal modified','Executed when a customer proposal is modified',2,NULL),(7,'propal','PROPAL_SENTBYMAIL','Commercial proposal sent by mail','Executed when a commercial proposal is sent by mail',3,NULL),(8,'propal','PROPAL_CLOSE_SIGNED','Customer proposal closed signed','Executed when a customer proposal is closed signed',2,NULL),(9,'propal','PROPAL_CLOSE_REFUSED','Customer proposal closed refused','Executed when a customer proposal is closed refused',2,NULL),(10,'propal','PROPAL_CLASSIFY_BILLED','Customer proposal set billed','Executed when a customer proposal is set to billed',2,NULL),(11,'propal','PROPAL_DELETE','Customer proposal deleted','Executed when a customer proposal is deleted',2,NULL),(12,'commande','ORDER_VALIDATE','Customer order validate','Executed when a customer order is validated',4,NULL),(13,'commande','ORDER_CLOSE','Customer order classify delivered','Executed when a customer order is set delivered',5,NULL),(14,'commande','ORDER_MODIFY','Customer order modified','Executed when a customer order is set modified',5,NULL),(15,'commande','ORDER_CLASSIFY_BILLED','Customer order classify billed','Executed when a customer order is set to billed',5,NULL),(16,'commande','ORDER_CANCEL','Customer order canceled','Executed when a customer order is canceled',5,NULL),(17,'commande','ORDER_SENTBYMAIL','Customer order sent by mail','Executed when a customer order is sent by mail ',5,NULL),(18,'commande','ORDER_DELETE','Customer order deleted','Executed when a customer order is deleted',5,NULL),(19,'facture','BILL_VALIDATE','Customer invoice validated','Executed when a customer invoice is approved',6,NULL),(20,'facture','BILL_MODIFY','Customer invoice modified','Executed when a customer invoice is modified',7,NULL),(21,'facture','BILL_PAYED','Customer invoice payed','Executed when a customer invoice is payed',7,NULL),(22,'facture','BILL_CANCEL','Customer invoice canceled','Executed when a customer invoice is conceled',8,NULL),(23,'facture','BILL_SENTBYMAIL','Customer invoice sent by mail','Executed when a customer invoice is sent by mail',9,NULL),(24,'facture','BILL_UNVALIDATE','Customer invoice unvalidated','Executed when a customer invoice status set back to draft',9,NULL),(25,'facture','BILL_DELETE','Customer invoice deleted','Executed when a customer invoice is deleted',9,NULL),(26,'proposal_supplier','PROPOSAL_SUPPLIER_VALIDATE','Price request validated','Executed when a commercial proposal is validated',10,NULL),(27,'proposal_supplier','PROPOSAL_SUPPLIER_MODIFY','Price request modified','Executed when a commercial proposal is modified',10,NULL),(28,'proposal_supplier','PROPOSAL_SUPPLIER_SENTBYMAIL','Price request sent by mail','Executed when a commercial proposal is sent by mail',10,NULL),(29,'proposal_supplier','PROPOSAL_SUPPLIER_CLOSE_SIGNED','Price request closed signed','Executed when a customer proposal is closed signed',10,NULL),(30,'proposal_supplier','PROPOSAL_SUPPLIER_CLOSE_REFUSED','Price request closed refused','Executed when a customer proposal is closed refused',10,NULL),(31,'proposal_supplier','PROPOSAL_SUPPLIER_DELETE','Price request deleted','Executed when a customer proposal delete',10,NULL),(32,'order_supplier','ORDER_SUPPLIER_VALIDATE','Supplier order validated','Executed when a supplier order is validated',12,NULL),(33,'order_supplier','ORDER_SUPPLIER_APPROVE','Supplier order request approved','Executed when a supplier order is approved',13,NULL),(34,'order_supplier','ORDER_SUPPLIER_MODIFY','Supplier order request modified','Executed when a supplier order is modified',13,NULL),(35,'order_supplier','ORDER_SUPPLIER_SUBMIT','Supplier order request submited','Executed when a supplier order is approved',13,NULL),(36,'order_supplier','ORDER_SUPPLIER_RECEIVE','Supplier order request received','Executed when a supplier order is received',13,NULL),(37,'order_supplier','ORDER_SUPPLIER_REFUSE','Supplier order request refused','Executed when a supplier order is refused',13,NULL),(38,'order_supplier','ORDER_SUPPLIER_CANCEL','Supplier order request canceled','Executed when a supplier order is canceled',13,NULL),(39,'order_supplier','ORDER_SUPPLIER_SENTBYMAIL','Supplier order sent by mail','Executed when a supplier order is sent by mail',14,NULL),(40,'order_supplier','ORDER_SUPPLIER_CLASSIFY_BILLED','Supplier order set billed','Executed when a supplier order is set as billed',14,NULL),(41,'order_supplier','ORDER_SUPPLIER_DELETE','Supplier order deleted','Executed when a supplier order is deleted',14,NULL),(42,'invoice_supplier','BILL_SUPPLIER_VALIDATE','Supplier invoice validated','Executed when a supplier invoice is validated',15,NULL),(43,'invoice_supplier','BILL_SUPPLIER_MODIFY','Supplier invoice modified','Executed when a supplier invoice is modified',15,NULL),(44,'invoice_supplier','BILL_SUPPLIER_UNVALIDATE','Supplier invoice unvalidated','Executed when a supplier invoice status is set back to draft',15,NULL),(45,'invoice_supplier','BILL_SUPPLIER_PAYED','Supplier invoice payed','Executed when a supplier invoice is payed',16,NULL),(46,'invoice_supplier','BILL_SUPPLIER_SENTBYMAIL','Supplier invoice sent by mail','Executed when a supplier invoice is sent by mail',17,NULL),(47,'invoice_supplier','BILL_SUPPLIER_CANCELED','Supplier invoice cancelled','Executed when a supplier invoice is cancelled',17,NULL),(48,'invoice_supplier','BILL_SUPPLIER_DELETE','Supplier invoice deleted','Executed when a supplier invoice is deleted',17,NULL),(49,'contrat','CONTRACT_VALIDATE','Contract validated','Executed when a contract is validated',18,NULL),(50,'contrat','CONTRACT_MODIFY','Contract modified','Executed when a contract is modified',18,NULL),(51,'contrat','CONTRACT_SENTBYMAIL','Contract sent by mail','Executed when a contract is sent by mail',18,NULL),(52,'contrat','CONTRACT_DELETE','Contract deleted','Executed when a contract is deleted',18,NULL),(53,'shipping','SHIPPING_VALIDATE','Shipping validated','Executed when a shipping is validated',20,NULL),(54,'shipping','SHIPPING_MODIFY','Shipping modified','Executed when a shipping is modified',20,NULL),(55,'shipping','SHIPPING_SENTBYMAIL','Shipping sent by mail','Executed when a shipping is sent by mail',21,NULL),(56,'shipping','SHIPPING_DELETE','Shipping sent is deleted','Executed when a shipping is deleted',21,NULL),(57,'reception','RECEPTION_VALIDATE','Reception validated','Executed when a reception is validated',22,NULL),(58,'reception','RECEPTION_SENTBYMAIL','Reception sent by mail','Executed when a reception is sent by mail',22,NULL),(59,'member','MEMBER_VALIDATE','Member validated','Executed when a member is validated',22,NULL),(60,'member','MEMBER_MODIFY','Member modified','Executed when a member is modified',23,NULL),(61,'member','MEMBER_SENTBYMAIL','Mails sent from member card','Executed when you send email from member card',23,NULL),(62,'member','MEMBER_SUBSCRIPTION_CREATE','Member subscribtion recorded','Executed when a member subscribtion is deleted',24,NULL),(63,'member','MEMBER_SUBSCRIPTION_MODIFY','Member subscribtion modified','Executed when a member subscribtion is modified',24,NULL),(64,'member','MEMBER_SUBSCRIPTION_DELETE','Member subscribtion deleted','Executed when a member subscribtion is deleted',24,NULL),(65,'member','MEMBER_RESILIATE','Member resiliated','Executed when a member is resiliated',25,NULL),(66,'member','MEMBER_DELETE','Member deleted','Executed when a member is deleted',26,NULL),(67,'member','MEMBER_EXCLUDE','Member excluded','Executed when a member is excluded',27,NULL),(68,'ficheinter','FICHINTER_VALIDATE','Intervention validated','Executed when a intervention is validated',30,NULL),(69,'ficheinter','FICHINTER_MODIFY','Intervention modify','Executed when a intervention is modify',30,NULL),(70,'ficheinter','FICHINTER_CLASSIFY_BILLED','Intervention set billed','Executed when a intervention is set to billed (when option FICHINTER_CLASSIFY_BILLED is set)',32,NULL),(71,'ficheinter','FICHINTER_CLASSIFY_UNBILLED','Intervention set unbilled','Executed when a intervention is set to unbilled (when option FICHINTER_CLASSIFY_BILLED is set)',33,NULL),(72,'ficheinter','FICHINTER_REOPEN','Intervention opened','Executed when a intervention is re-opened',34,NULL),(73,'ficheinter','FICHINTER_SENTBYMAIL','Intervention sent by mail','Executed when a intervention is sent by mail',35,NULL),(74,'ficheinter','FICHINTER_DELETE','Intervention is deleted','Executed when a intervention is deleted',35,NULL),(75,'product','PRODUCT_CREATE','Product or service created','Executed when a product or sevice is created',40,NULL),(76,'product','PRODUCT_MODIFY','Product or service modified','Executed when a product or sevice is modified',41,NULL),(77,'product','PRODUCT_DELETE','Product or service deleted','Executed when a product or sevice is deleted',42,NULL),(78,'expensereport','EXPENSE_REPORT_CREATE','Expense report created','Executed when an expense report is created',201,NULL),(79,'expensereport','EXPENSE_REPORT_VALIDATE','Expense report validated','Executed when an expense report is validated',202,NULL),(80,'expensereport','EXPENSE_REPORT_MODIFY','Expense report modified','Executed when an expense report is modified',202,NULL),(81,'expensereport','EXPENSE_REPORT_APPROVE','Expense report approved','Executed when an expense report is approved',203,NULL),(82,'expensereport','EXPENSE_REPORT_PAID','Expense report billed','Executed when an expense report is set as billed',204,NULL),(83,'expensereport','EXPENSE_REPORT_DELETE','Expense report deleted','Executed when an expense report is deleted',205,NULL),(84,'project','PROJECT_CREATE','Project creation','Executed when a project is created',140,NULL),(85,'project','PROJECT_VALIDATE','Project validation','Executed when a project is validated',141,NULL),(86,'project','PROJECT_MODIFY','Project modified','Executed when a project is modified',142,NULL),(87,'project','PROJECT_DELETE','Project deleted','Executed when a project is deleted',143,NULL),(88,'ticket','TICKET_CREATE','Ticket created','Executed when a ticket is created',161,NULL),(89,'ticket','TICKET_MODIFY','Ticket modified','Executed when a ticket is modified',163,NULL),(90,'ticket','TICKET_ASSIGNED','Ticket assigned','Executed when a ticket is modified',164,NULL),(91,'ticket','TICKET_CLOSE','Ticket closed','Executed when a ticket is closed',165,NULL),(92,'ticket','TICKET_SENTBYMAIL','Ticket message sent by email','Executed when a message is sent from the ticket record',166,NULL),(93,'ticket','TICKET_DELETE','Ticket deleted','Executed when a ticket is deleted',167,NULL),(94,'user','USER_SENTBYMAIL','Email sent','Executed when an email is sent from user card',300,NULL),(95,'user','USER_CREATE','User created','Executed when a user is created',301,NULL),(96,'user','USER_MODIFY','User update','Executed when a user is updated',302,NULL),(97,'user','USER_DELETE','User update','Executed when a user is deleted',303,NULL),(98,'user','USER_NEW_PASSWORD','User update','Executed when a user is change password',304,NULL),(99,'user','USER_ENABLEDISABLE','User update','Executed when a user is enable or disable',305,NULL),(101,'bom','BOM_VALIDATE','BOM validated','Executed when a BOM is validated',650,NULL),(102,'bom','BOM_UNVALIDATE','BOM unvalidated','Executed when a BOM is unvalidated',651,NULL),(103,'bom','BOM_CLOSE','BOM disabled','Executed when a BOM is disabled',652,NULL),(104,'bom','BOM_REOPEN','BOM reopen','Executed when a BOM is re-open',653,NULL),(105,'bom','BOM_DELETE','BOM deleted','Executed when a BOM deleted',654,NULL),(106,'mrp','MRP_MO_VALIDATE','MO validated','Executed when a MO is validated',660,NULL),(107,'mrp','MRP_MO_PRODUCED','MO produced','Executed when a MO is produced',661,NULL),(108,'mrp','MRP_MO_DELETE','MO deleted','Executed when a MO is deleted',662,NULL),(109,'mrp','MRP_MO_CANCEL','MO canceled','Executed when a MO is canceled',663,NULL),(110,'contact','CONTACT_CREATE','Contact address created','Executed when a contact is created',50,NULL),(111,'contact','CONTACT_MODIFY','Contact address update','Executed when a contact is updated',51,NULL),(112,'contact','CONTACT_SENTBYMAIL','Mails sent from third party card','Executed when you send email from contact address record',52,NULL),(113,'contact','CONTACT_DELETE','Contact address deleted','Executed when a contact is deleted',53,NULL),(114,'recruitment','RECRUITMENTJOBPOSITION_CREATE','Job created','Executed when a job is created',7500,NULL),(115,'recruitment','RECRUITMENTJOBPOSITION_MODIFY','Job modified','Executed when a job is modified',7502,NULL),(116,'recruitment','RECRUITMENTJOBPOSITION_SENTBYMAIL','Mails sent from job record','Executed when you send email from job record',7504,NULL),(117,'recruitment','RECRUITMENTJOBPOSITION_DELETE','Job deleted','Executed when a job is deleted',7506,NULL),(118,'recruitment','RECRUITMENTCANDIDATURE_CREATE','Candidature created','Executed when a candidature is created',7510,NULL),(119,'recruitment','RECRUITMENTCANDIDATURE_MODIFY','Candidature modified','Executed when a candidature is modified',7512,NULL),(120,'recruitment','RECRUITMENTCANDIDATURE_SENTBYMAIL','Mails sent from candidature record','Executed when you send email from candidature record',7514,NULL),(121,'recruitment','RECRUITMENTCANDIDATURE_DELETE','Candidature deleted','Executed when a candidature is deleted',7516,NULL),(122,'project','TASK_CREATE','Task created','Executed when a project task is created',150,NULL),(123,'project','TASK_MODIFY','Task modified','Executed when a project task is modified',151,NULL),(124,'project','TASK_DELETE','Task deleted','Executed when a project task is deleted',152,NULL),(125,'agenda','ACTION_CREATE','Action added','Executed when an action is added to the agenda',700,NULL),(126,'holiday','HOLIDAY_CREATE','Holiday created','Executed when a holiday is created',800,NULL),(127,'holiday','HOLIDAY_MODIFY','Holiday modified','Executed when a holiday is modified',801,NULL),(128,'holiday','HOLIDAY_VALIDATE','Holiday validated','Executed when a holiday is validated',802,NULL),(129,'holiday','HOLIDAY_APPROVE','Holiday approved','Executed when a holiday is aprouved',803,NULL),(130,'holiday','HOLIDAY_CANCEL','Holiday canceled','Executed when a holiday is canceled',802,NULL),(131,'holiday','HOLIDAY_DELETE','Holiday deleted','Executed when a holiday is deleted',804,NULL),(132,'facturerec','BILLREC_CREATE','Template invoices created','Executed when a Template invoices is created',900,NULL),(133,'facturerec','BILLREC_MODIFY','Template invoices update','Executed when a Template invoices is updated',901,NULL),(134,'facturerec','BILLREC_DELETE','Template invoices deleted','Executed when a Template invoices is deleted',902,NULL),(135,'facturerec','BILLREC_AUTOCREATEBILL','Template invoices use to create invoices with auto batch','Executed when a Template invoices is use to create invoice with auto batch',903,NULL),(160,'project','PROJECT_SENTBYMAIL','Project sent by mail','Executed when a project is sent by email',144,NULL),(300,'project','PROJECT_CLOSE','Project closed','Executed when a project is closed',145,NULL),(305,'partnership','PARTNERSHIP_CREATE','Partnership created','Executed when a partnership is created',58000,NULL),(306,'partnership','PARTNERSHIP_MODIFY','Partnership modified','Executed when a partnership is modified',58002,NULL),(307,'partnership','PARTNERSHIP_SENTBYMAIL','Mails sent from partnership file','Executed when you send email from partnership file',58004,NULL),(308,'partnership','PARTNERSHIP_DELETE','Partnership deleted','Executed when a partnership is deleted',58006,NULL),(309,'hrm','HRM_EVALUATION_CREATE','HR Evaluation created','Executed when an evaluation is created',4000,NULL),(310,'hrm','HRM_EVALUATION_MODIFY','HR Evaluation modified','Executed when an evaluation is modified',4001,NULL),(311,'hrm','HRM_EVALUATION_VALIDATE','HR Evaluation validated','Executed when an evaluation is validated',4002,NULL),(312,'hrm','HRM_EVALUATION_UNVALIDATE','HR Evaluation back to draft','Executed when an evaluation is back to draft',4003,NULL),(313,'hrm','HRM_EVALUATION_DELETE','HR Evaluation deleted','Executed when an evaluation is dleted',4005,NULL);

--
-- Table structure for table `llx_c_actioncomm`
--

CREATE TABLE `llx_c_actioncomm` (
  `id` int(11) NOT NULL,
  `code` varchar(50) NOT NULL,
  `type` varchar(50) NOT NULL DEFAULT 'system',
  `libelle` varchar(128) DEFAULT NULL,
  `module` varchar(50) DEFAULT NULL,
  `active` tinyint(4) NOT NULL DEFAULT 1,
  `todo` tinyint(4) DEFAULT NULL,
  `color` varchar(9) DEFAULT NULL,
  `picto` varchar(48) DEFAULT NULL,
  `position` int(11) NOT NULL DEFAULT 0,
  PRIMARY KEY (`id`),
  UNIQUE KEY `uk_c_actioncomm` (`code`)
) ENGINE=InnoDB DEFAULT CHARSET=utf8 COLLATE=utf8_unicode_ci;

--
-- Dumping data for table `llx_c_actioncomm`
--

INSERT INTO `llx_c_actioncomm` (`id`, `code`, `type`, `libelle`, `module`, `active`, `todo`, `color`, `picto`, `position`) VALUES (1,'AC_TEL','system','Phone call',NULL,1,NULL,NULL,NULL,2),(2,'AC_FAX','system','Send Fax',NULL,1,NULL,NULL,NULL,3),(4,'AC_EMAIL','system','Send Email',NULL,1,NULL,NULL,NULL,4),(5,'AC_RDV','system','Rendez-vous',NULL,1,NULL,NULL,NULL,1),(6,'AC_EMAIL_IN','system','reception Email',NULL,1,NULL,NULL,NULL,4),(11,'AC_INT','system','Intervention on site',NULL,1,NULL,NULL,NULL,4),(40,'AC_OTH_AUTO','systemauto','Other (automatically inserted events)',NULL,1,NULL,NULL,NULL,20),(50,'AC_OTH','system','Other (manually inserted events)',NULL,1,NULL,NULL,NULL,5),(60,'AC_EO_ONLINECONF','module','Online/Virtual conference','conference@eventorganization',1,NULL,NULL,NULL,60),(61,'AC_EO_INDOORCONF','module','Indoor conference','conference@eventorganization',1,NULL,NULL,NULL,61),(62,'AC_EO_ONLINEBOOTH','module','Online/Virtual booth','booth@eventorganization',1,NULL,NULL,NULL,62),(63,'AC_EO_INDOORBOOTH','module','Indoor booth','booth@eventorganization',1,NULL,NULL,NULL,63);

--
-- Table structure for table `llx_c_asset_disposal_type`
--

CREATE TABLE `llx_c_asset_disposal_type` (
  `rowid` int(11) NOT NULL AUTO_INCREMENT,
  `entity` int(11) NOT NULL DEFAULT 1,
  `code` varchar(16) NOT NULL,
  `label` varchar(50) NOT NULL,
  `active` int(11) NOT NULL DEFAULT 1,
  PRIMARY KEY (`rowid`),
  UNIQUE KEY `uk_c_asset_disposal_type` (`code`,`entity`)
) ENGINE=InnoDB DEFAULT CHARSET=utf8 COLLATE=utf8_unicode_ci;

--
-- Dumping data for table `llx_c_asset_disposal_type`
--


--
-- Table structure for table `llx_c_availability`
--

CREATE TABLE `llx_c_availability` (
  `rowid` int(11) NOT NULL AUTO_INCREMENT,
  `code` varchar(30) NOT NULL,
  `label` varchar(128) DEFAULT NULL,
  `type_duration` varchar(1) DEFAULT NULL,
  `qty` double DEFAULT NULL,
  `active` tinyint(4) NOT NULL DEFAULT 1,
  `position` int(11) NOT NULL DEFAULT 0,
  PRIMARY KEY (`rowid`),
  UNIQUE KEY `uk_c_availability` (`code`)
) ENGINE=InnoDB AUTO_INCREMENT=13 DEFAULT CHARSET=utf8 COLLATE=utf8_unicode_ci;

--
-- Dumping data for table `llx_c_availability`
--

INSERT INTO `llx_c_availability` (`rowid`, `code`, `label`, `type_duration`, `qty`, `active`, `position`) VALUES (1,'AV_NOW','Immediate',NULL,0,1,10),(2,'AV_1W','1 week','w',1,1,20),(3,'AV_2W','2 weeks','w',2,1,30),(4,'AV_3W','3 weeks','w',3,1,40),(5,'AV_4W','4 weeks','w',4,1,50),(6,'AV_5W','5 weeks','w',5,1,60),(7,'AV_6W','6 weeks','w',6,1,70),(8,'AV_8W','8 weeks','w',8,1,80),(9,'AV_10W','10 weeks','w',10,1,90),(10,'AV_12W','12 weeks','w',12,1,100),(11,'AV_14W','14 weeks','w',14,1,110),(12,'AV_16W','16 weeks','w',16,1,120);

--
-- Table structure for table `llx_c_barcode_type`
--

CREATE TABLE `llx_c_barcode_type` (
  `rowid` int(11) NOT NULL AUTO_INCREMENT,
  `code` varchar(16) NOT NULL,
  `entity` int(11) NOT NULL DEFAULT 1,
  `libelle` varchar(128) DEFAULT NULL,
  `coder` varchar(16) NOT NULL,
  `example` varchar(16) NOT NULL,
  PRIMARY KEY (`rowid`),
  UNIQUE KEY `uk_c_barcode_type` (`code`,`entity`)
) ENGINE=InnoDB AUTO_INCREMENT=49 DEFAULT CHARSET=utf8 COLLATE=utf8_unicode_ci;

--
-- Dumping data for table `llx_c_barcode_type`
--

INSERT INTO `llx_c_barcode_type` (`rowid`, `code`, `entity`, `libelle`, `coder`, `example`) VALUES (1,'EAN8',1,'EAN8','0','1234567'),(2,'EAN13',1,'EAN13','tcpdfbarcode','123456789012'),(3,'UPC',1,'UPC','0','123456789012'),(4,'ISBN',1,'ISBN','0','123456789'),(5,'C39',1,'Code 39','0','1234567890'),(6,'C128',1,'Code 128','0','ABCD1234567890'),(7,'DATAMATRIX',1,'Datamatrix','0','1234567xyz'),(8,'QRCODE',1,'Qr Code','0','www.dolibarr.org');

--
-- Table structure for table `llx_c_chargesociales`
--

CREATE TABLE `llx_c_chargesociales` (
  `id` int(11) NOT NULL AUTO_INCREMENT,
  `libelle` varchar(128) DEFAULT NULL,
  `deductible` smallint(6) NOT NULL DEFAULT 0,
  `active` tinyint(4) NOT NULL DEFAULT 1,
  `code` varchar(12) NOT NULL,
  `accountancy_code` varchar(32) DEFAULT NULL,
  `fk_pays` int(11) NOT NULL DEFAULT 1,
  `module` varchar(32) DEFAULT NULL,
  PRIMARY KEY (`id`)
) ENGINE=InnoDB AUTO_INCREMENT=10214 DEFAULT CHARSET=utf8 COLLATE=utf8_unicode_ci;

--
-- Dumping data for table `llx_c_chargesociales`
--

INSERT INTO `llx_c_chargesociales` (`id`, `libelle`, `deductible`, `active`, `code`, `accountancy_code`, `fk_pays`, `module`) VALUES (1,'URSSAF salariés',1,1,'TAXSECU','431',1,NULL),(2,'URSSAF Laurence',1,1,'TAXSSI','43861',1,NULL),(10,'Taxe apprentissage',1,1,'TAXAPP','6335',1,NULL),(11,'Formation professionnelle continue',1,1,'TAXFPC','6333',1,NULL),(12,'Cotisation fonciere des entreprises (CFE)',1,1,'TAXCFE','63511',1,NULL),(13,'Cotisation sur la valeur ajoutee des entreprises (CVAE)',1,1,'TAXCVAE',NULL,1,NULL),(20,'Taxe fonciere',1,1,'TAXFON',NULL,1,NULL),(25,'Prelevement à la source (PAS)',0,1,'TAXPAS','4421',1,NULL),(30,'Prevoyance salariés AG2R',1,1,'TAXPREV','4374',1,NULL),(40,'Mutuelle salariés MALAKOFF',1,1,'TAXMUT','4378',1,NULL),(50,'Retraite salariés',1,1,'TAXRET','4372',1,NULL),(60,'Taxe sur vehicule societe (TVS)',0,1,'TAXTVS','63514',1,NULL),(70,'impôts sur les sociétés (IS)',0,1,'TAXIS','444',1,NULL),(201,'ONSS',1,1,'TAXBEONSS',NULL,2,NULL),(210,'Precompte professionnel',1,1,'TAXBEPREPRO',NULL,2,NULL),(220,'Prime existence',1,1,'TAXBEPRIEXI',NULL,2,NULL),(230,'Precompte immobilier',1,1,'TAXBEPREIMMO',NULL,2,NULL),(4101,'Krankenversicherung',1,1,'TAXATKV',NULL,41,NULL),(4102,'Unfallversicherung',1,1,'TAXATUV',NULL,41,NULL),(4103,'Pensionsversicherung',1,1,'TAXATPV',NULL,41,NULL),(4104,'Arbeitslosenversicherung',1,1,'TAXATAV',NULL,41,NULL),(4105,'Insolvenzentgeltsicherungsfond',1,1,'TAXATIESG',NULL,41,NULL),(4106,'Wohnbauförderung',1,1,'TAXATWF',NULL,41,NULL),(4107,'Arbeiterkammerumlage',1,1,'TAXATAK',NULL,41,NULL),(4108,'Mitarbeitervorsorgekasse',1,1,'TAXATMVK',NULL,41,NULL),(4109,'Familienlastenausgleichsfond',1,1,'TAXATFLAF',NULL,41,NULL),(4110,'Mutuelle exploitant',0,1,'MUTEXPL','6465',1,NULL),(4111,'URSSAF Stéphane',0,1,'TAXURS','43862',1,NULL),(10201,'Αναλυτική Περιοδική Δήλωση (ΑΠΔ)',1,1,'ΑΠΔ',NULL,102,NULL),(10202,'Φόρος Μισθωτών Υπηρεσιών (ΦΜΥ)',1,1,'ΦΜΥ',NULL,102,NULL),(10203,'Ασφαλιστικές εισφορές (ΕΦΚΑ)',1,1,'ΕΦΚΑ',NULL,102,NULL),(10204,'Προκαταβολή Φόρου Εισοδήματος',0,1,'ΕΦΟΡΙΑ',NULL,102,NULL),(10205,'Ενιαίος Φόρος Ιδιοκτησίας Ακινήτων (ΕΝ.Φ.Ι.Α) ',0,1,'ΕΝΦΙΑ',NULL,102,NULL),(10206,'Ετήσιο τέλος διατήρησης Μερίδας στο Γ.Ε.ΜΗ.',1,1,'ΓΕΜΗ',NULL,102,NULL),(10207,'Επαγγελματικό Επιμελητήριο',1,1,'ΕΕ',NULL,102,NULL),(10208,'Εμπορικό και Βιομηχανικό Επιμελητηρίο',1,1,'ΕΒΕ',NULL,102,NULL),(10209,'Τέλη Κυκλοφορίας',1,1,'ΤΕΛΗ',NULL,102,NULL),(10210,'Ασφάλιση οχήματος',1,1,'ΑΣΦΑΛΕΙΑ',NULL,102,NULL),(10211,'Ενοίκιο',1,1,'ΕΝΟΙΚΙΟ',NULL,102,NULL),(10212,'Κοινόχρηστα',1,1,'ΚΟΙΝΟ',NULL,102,NULL),(10213,'Ηλεκτροδότηση',1,1,'ΡΕΥΜΑ',NULL,102,NULL);

--
-- Table structure for table `llx_c_civility`
--

CREATE TABLE `llx_c_civility` (
  `rowid` int(11) NOT NULL AUTO_INCREMENT,
  `code` varchar(6) NOT NULL,
  `label` varchar(128) DEFAULT NULL,
  `active` tinyint(4) NOT NULL DEFAULT 1,
  `module` varchar(32) DEFAULT NULL,
  PRIMARY KEY (`rowid`),
  UNIQUE KEY `uk_c_civility` (`code`)
) ENGINE=InnoDB AUTO_INCREMENT=6 DEFAULT CHARSET=utf8 COLLATE=utf8_unicode_ci;

--
-- Dumping data for table `llx_c_civility`
--

INSERT INTO `llx_c_civility` (`rowid`, `code`, `label`, `active`, `module`) VALUES (1,'MME','Madame',1,NULL),(2,'MR','Monsieur',1,NULL),(3,'MLE','Mademoiselle',1,NULL),(4,'MTRE','Maître',1,NULL),(5,'DR','Docteur',1,NULL);

--
-- Table structure for table `llx_c_country`
--

CREATE TABLE `llx_c_country` (
  `rowid` int(11) NOT NULL,
  `code` varchar(2) NOT NULL,
  `code_iso` varchar(3) DEFAULT NULL,
  `label` varchar(128) DEFAULT NULL,
  `eec` tinyint(4) NOT NULL DEFAULT 0,
  `active` tinyint(4) NOT NULL DEFAULT 1,
  `favorite` tinyint(4) NOT NULL DEFAULT 0,
  `numeric_code` varchar(3) DEFAULT NULL,
  PRIMARY KEY (`rowid`),
  UNIQUE KEY `idx_c_country_code` (`code`),
  UNIQUE KEY `idx_c_country_label` (`label`),
  UNIQUE KEY `idx_c_country_code_iso` (`code_iso`)
) ENGINE=InnoDB DEFAULT CHARSET=utf8 COLLATE=utf8_unicode_ci;

--
-- Dumping data for table `llx_c_country`
--

INSERT INTO `llx_c_country` (`rowid`, `code`, `code_iso`, `label`, `eec`, `active`, `favorite`, `numeric_code`) VALUES (0,'',NULL,'-',0,1,1,NULL),(1,'FR','FRA','France',1,1,0,'250'),(2,'BE','BEL','Belgium',1,1,0,'056'),(3,'IT','ITA','Italy',1,1,0,'380'),(4,'ES','ESP','Spain',1,1,0,'724'),(5,'DE','DEU','Germany',1,1,0,'276'),(6,'CH','CHE','Switzerland',0,1,0,'756'),(7,'GB','GBR','United Kingdom',0,1,0,'826'),(8,'IE','IRL','Ireland',1,1,0,'372'),(9,'CN','CHN','China',0,1,0,'156'),(10,'TN','TUN','Tunisia',0,1,0,'788'),(11,'US','USA','United States',0,1,0,'840'),(12,'MA','MAR','Morocco',0,1,0,'504'),(13,'DZ','DZA','Algeria',0,1,0,'012'),(14,'CA','CAN','Canada',0,1,0,'124'),(15,'TG','TGO','Togo',0,1,0,'768'),(16,'GA','GAB','Gabon',0,1,0,'266'),(17,'NL','NLD','Netherlands',1,1,0,'528'),(18,'HU','HUN','Hungary',1,1,0,'348'),(19,'RU','RUS','Russia',0,1,0,'643'),(20,'SE','SWE','Sweden',1,1,0,'752'),(21,'CI','CIV','Côte d\'Ivoire',0,1,0,'384'),(22,'SN','SEN','Senegal',0,1,0,'686'),(23,'AR','ARG','Argentina',0,1,0,'032'),(24,'CM','CMR','Cameroun',0,1,0,'120'),(25,'PT','PRT','Portugal',1,1,0,'620'),(26,'SA','SAU','Saudi Arabia',0,1,0,'682'),(27,'MC','MCO','Monaco',1,1,0,'492'),(28,'AU','AUS','Australia',0,1,0,'036'),(29,'SG','SGP','Singapore',0,1,0,'702'),(30,'AF','AFG','Afghanistan',0,1,0,'004'),(31,'AX','ALA','Åland Island',0,1,0,'248'),(32,'AL','ALB','Albania',0,1,0,'008'),(33,'AS','ASM','American Samoa',0,1,0,'016'),(34,'AD','AND','Andorra',0,1,0,'020'),(35,'AO','AGO','Angola',0,1,0,'024'),(36,'AI','AIA','Anguilla',0,1,0,'660'),(37,'AQ','ATA','Antarctica',0,1,0,'010'),(38,'AG','ATG','Antigua and Barbuda',0,1,0,'028'),(39,'AM','ARM','Armenia',0,1,0,'051'),(40,'AW','ABW','Aruba',0,1,0,'533'),(41,'AT','AUT','Austria',1,1,0,'040'),(42,'AZ','AZE','Azerbaijan',0,1,0,'031'),(43,'BS','BHS','Bahamas',0,1,0,'044'),(44,'BH','BHR','Bahrain',0,1,0,'048'),(45,'BD','BGD','Bangladesh',0,1,0,'050'),(46,'BB','BRB','Barbados',0,1,0,'052'),(47,'BY','BLR','Belarus',0,1,0,'112'),(48,'BZ','BLZ','Belize',0,1,0,'084'),(49,'BJ','BEN','Benin',0,1,0,'204'),(50,'BM','BMU','Bermuda',0,1,0,'060'),(51,'BT','BTN','Bhutan',0,1,0,'064'),(52,'BO','BOL','Bolivia',0,1,0,'068'),(53,'BA','BIH','Bosnia and Herzegovina',0,1,0,'070'),(54,'BW','BWA','Botswana',0,1,0,'072'),(55,'BV','BVT','Bouvet Island',0,0,0,'074'),(56,'BR','BRA','Brazil',0,1,0,'076'),(57,'IO','IOT','British Indian Ocean Territory',0,1,0,'086'),(58,'BN','BRN','Brunei',0,1,0,'096'),(59,'BG','BGR','Bulgaria',1,1,0,'100'),(60,'BF','BFA','Burkina Faso',0,1,0,'854'),(61,'BI','BDI','Burundi',0,1,0,'108'),(62,'KH','KHM','Cambodge',0,1,0,'116'),(63,'CV','CPV','Cap-Vert',0,1,0,'132'),(64,'KY','CYM','Iles Cayman',0,1,0,'136'),(65,'CF','CAF','République centrafricaine',0,1,0,'140'),(66,'TD','TCD','Tchad',0,1,0,'148'),(67,'CL','CHL','Chili',0,1,0,'152'),(68,'CX','CXR','Ile Christmas',0,1,0,'162'),(69,'CC','CCK','Iles des Cocos (Keeling)',0,1,0,'166'),(70,'CO','COL','Colombie',0,1,0,'170'),(71,'KM','COM','Comores',0,1,0,'174'),(72,'CG','COG','Congo',0,1,0,'178'),(73,'CD','COD','République démocratique du Congo',0,1,0,'180'),(74,'CK','COK','Iles Cook',0,1,0,'184'),(75,'CR','CRI','Costa Rica',0,1,0,'188'),(76,'HR','HRV','Croatie',1,1,0,'191'),(77,'CU','CUB','Cuba',0,1,0,'192'),(78,'CY','CYP','Cyprus',1,1,0,'196'),(79,'CZ','CZE','Czech Republic',1,1,0,'203'),(80,'DK','DNK','Denmark',1,1,0,'208'),(81,'DJ','DJI','Djibouti',0,1,0,'262'),(82,'DM','DMA','Dominica',0,1,0,'212'),(83,'DO','DOM','Dominican Republic',0,1,0,'214'),(84,'EC','ECU','Republic of Ecuador',0,1,0,'218'),(85,'EG','EGY','Egypt',0,1,0,'818'),(86,'SV','SLV','El Salvador',0,1,0,'222'),(87,'GQ','GNQ','Equatorial Guinea',0,1,0,'226'),(88,'ER','ERI','Eritrea',0,1,0,'232'),(89,'EE','EST','Estonia',1,1,0,'233'),(90,'ET','ETH','Ethiopia',0,1,0,'231'),(91,'FK','FLK','Falkland Islands',0,1,0,'238'),(92,'FO','FRO','Faroe Islands',0,1,0,'234'),(93,'FJ','FJI','Fidji Islands',0,1,0,'242'),(94,'FI','FIN','Finland',1,1,0,'246'),(95,'GF','GUF','French Guiana',0,1,0,'254'),(96,'PF','PYF','French Polynesia',0,1,0,'258'),(97,'TF','ATF','Terres australes françaises',0,1,0,'260'),(98,'GM','GMB','Gambie',0,1,0,'270'),(99,'GE','GEO','Georgia',0,1,0,'268'),(100,'GH','GHA','Ghana',0,1,0,'288'),(101,'GI','GIB','Gibraltar',0,1,0,'292'),(102,'GR','GRC','Greece',1,1,0,'300'),(103,'GL','GRL','Groenland',0,1,0,'304'),(104,'GD','GRD','Grenade',0,1,0,'308'),(106,'GU','GUM','Guam',0,1,0,'316'),(107,'GT','GTM','Guatemala',0,1,0,'320'),(108,'GN','GIN','Guinea',0,1,0,'324'),(109,'GW','GNB','Guinea-Bissao',0,1,0,'624'),(111,'HT','HTI','Haiti',0,1,0,'332'),(112,'HM','HMD','Iles Heard et McDonald',0,1,0,'334'),(113,'VA','VAT','Saint-Siège (Vatican)',0,1,0,'336'),(114,'HN','HND','Honduras',0,1,0,'340'),(115,'HK','HKG','Hong Kong',0,1,0,'344'),(116,'IS','ISL','Islande',0,1,0,'352'),(117,'IN','IND','India',0,1,0,'356'),(118,'ID','IDN','Indonésie',0,1,0,'360'),(119,'IR','IRN','Iran',0,1,0,'364'),(120,'IQ','IRQ','Iraq',0,1,0,'368'),(121,'IL','ISR','Israel',0,1,0,'376'),(122,'JM','JAM','Jamaïque',0,1,0,'388'),(123,'JP','JPN','Japon',0,1,0,'392'),(124,'JO','JOR','Jordanie',0,1,0,'400'),(125,'KZ','KAZ','Kazakhstan',0,1,0,'398'),(126,'KE','KEN','Kenya',0,1,0,'404'),(127,'KI','KIR','Kiribati',0,1,0,'296'),(128,'KP','PRK','North Corea',0,1,0,'408'),(129,'KR','KOR','South Corea',0,1,0,'410'),(130,'KW','KWT','Koweït',0,1,0,'414'),(131,'KG','KGZ','Kirghizistan',0,1,0,'417'),(132,'LA','LAO','Laos',0,1,0,'418'),(133,'LV','LVA','Lettonie',1,1,0,'428'),(134,'LB','LBN','Liban',0,1,0,'422'),(135,'LS','LSO','Lesotho',0,1,0,'426'),(136,'LR','LBR','Liberia',0,1,0,'430'),(137,'LY','LBY','Libye',0,1,0,'434'),(138,'LI','LIE','Liechtenstein',0,1,0,'438'),(139,'LT','LTU','Lituanie',1,1,0,'440'),(140,'LU','LUX','Luxembourg',1,1,0,'442'),(141,'MO','MAC','Macao',0,1,0,'446'),(142,'MK','MKD','ex-République yougoslave de Macédoine',0,1,0,'807'),(143,'MG','MDG','Madagascar',0,1,0,'450'),(144,'MW','MWI','Malawi',0,1,0,'454'),(145,'MY','MYS','Malaisie',0,1,0,'458'),(146,'MV','MDV','Maldives',0,1,0,'462'),(147,'ML','MLI','Mali',0,1,0,'466'),(148,'MT','MLT','Malte',1,1,0,'470'),(149,'MH','MHL','Iles Marshall',0,1,0,'584'),(151,'MR','MRT','Mauritanie',0,1,0,'478'),(152,'MU','MUS','Maurice',0,1,0,'480'),(153,'YT','MYT','Mayotte',0,1,0,'175'),(154,'MX','MEX','Mexique',0,1,0,'484'),(155,'FM','FSM','Micronésie',0,1,0,'583'),(156,'MD','MDA','Moldavie',0,1,0,'498'),(157,'MN','MNG','Mongolie',0,1,0,'496'),(158,'MS','MSR','Monserrat',0,1,0,'500'),(159,'MZ','MOZ','Mozambique',0,1,0,'508'),(160,'MM','MMR','Birmanie (Myanmar)',0,1,0,'104'),(161,'NA','NAM','Namibie',0,1,0,'516'),(162,'NR','NRU','Nauru',0,1,0,'520'),(163,'NP','NPL','Népal',0,1,0,'524'),(165,'NC','NCL','New Caledonia',0,1,0,'540'),(166,'NZ','NZL','New Zealand',0,1,0,'554'),(167,'NI','NIC','Nicaragua',0,1,0,'558'),(168,'NE','NER','Niger',0,1,0,'562'),(169,'NG','NGA','Nigeria',0,1,0,'566'),(170,'NU','NIU','Niue',0,1,0,'570'),(171,'NF','NFK','Norfolk Island',0,1,0,'574'),(172,'MP','MNP','Northern Mariana Islands',0,1,0,'580'),(173,'NO','NOR','Norway',0,1,0,'578'),(174,'OM','OMN','Oman',0,1,0,'512'),(175,'PK','PAK','Pakistan',0,1,0,'586'),(176,'PW','PLW','Palau',0,1,0,'585'),(177,'PS','PSE','Palestinian territories',0,1,0,'275'),(178,'PA','PAN','Panama',0,1,0,'591'),(179,'PG','PNG','Papua New Guinea',0,1,0,'598'),(180,'PY','PRY','Paraguay',0,1,0,'600'),(181,'PE','PER','Peru',0,1,0,'604'),(182,'PH','PHL','Philippines',0,1,0,'608'),(183,'PN','PCN','Pitcairn Islands',0,1,0,'612'),(184,'PL','POL','Pologne',1,1,0,'616'),(185,'PR','PRI','Puerto Rico',0,1,0,'630'),(186,'QA','QAT','Qatar',0,1,0,'634'),(188,'RO','ROU','Romania',1,1,0,'642'),(189,'RW','RWA','Rwanda',0,1,0,'646'),(190,'SH','SHN','Saint Helena',0,1,0,'654'),(191,'KN','KNA','Saint Kitts and Nevis',0,1,0,'659'),(192,'LC','LCA','Saint Lucia',0,1,0,'662'),(193,'PM','SPM','Saint Pierre and Miquelon',0,1,0,'666'),(194,'VC','VCT','Saint Vincent and the Grenadines',0,1,0,'670'),(195,'WS','WSM','Samoa',0,1,0,'882'),(196,'SM','SMR','San Marino ',0,1,0,'674'),(197,'ST','STP','Saint Thomas and Prince',0,1,0,'678'),(198,'RS','SRB','Serbia',0,1,0,'688'),(199,'SC','SYC','Seychelles',0,1,0,'690'),(200,'SL','SLE','Sierra Leone',0,1,0,'694'),(201,'SK','SVK','Slovakia',1,1,0,'703'),(202,'SI','SVN','Slovenia',1,1,0,'705'),(203,'SB','SLB','Solomon Islands',0,1,0,'090'),(204,'SO','SOM','Somalia',0,1,0,'706'),(205,'ZA','ZAF','South Africa',0,1,0,'710'),(206,'GS','SGS','South Georgia and the South Sandwich Islands ',0,1,0,'239'),(207,'LK','LKA','Sri Lanka',0,1,0,'144'),(208,'SD','SDN','Sudan',0,1,0,'729'),(209,'SR','SUR','Suriname',0,1,0,'740'),(210,'SJ','SJM','Svalbard and Jan Mayen',0,1,0,'744'),(211,'SZ','SWZ','Swaziland / Eswatini',0,1,0,'748'),(212,'SY','SYR','Syria',0,1,0,'760'),(213,'TW','TWN','Taiwan',0,1,0,'158'),(214,'TJ','TJK','Tajikistan',0,1,0,'762'),(215,'TZ','TZA','Tanzania',0,1,0,'834'),(216,'TH','THA','Thailand',0,1,0,'764'),(217,'TL','TLS','Timor-Leste',0,1,0,'626'),(218,'TK','TKL','Tokelau',0,1,0,'772'),(219,'TO','TON','Tonga',0,1,0,'776'),(220,'TT','TTO','Trinidad and Tobago',0,1,0,'780'),(221,'TR','TUR','Turkey',0,1,0,'792'),(222,'TM','TKM','Turkmenistan',0,1,0,'795'),(223,'TC','TCA','Turks and Caicos Islands',0,1,0,'796'),(224,'TV','TUV','Tuvalu',0,1,0,'798'),(225,'UG','UGA','Uganda',0,1,0,'800'),(226,'UA','UKR','Ukraine',0,1,0,'804'),(227,'AE','ARE','United Arab Emirates',0,1,0,'784'),(228,'UM','UMI','United States Minor Outlying Islands',0,1,0,'581'),(229,'UY','URY','Uruguay',0,1,0,'858'),(230,'UZ','UZB','Uzbekistan',0,1,0,'860'),(231,'VU','VUT','Vanuatu',0,1,0,'548'),(232,'VE','VEN','Venezuela',0,1,0,'862'),(233,'VN','VNM','Vietnam',0,1,0,'704'),(234,'VG','VGB','British Virgin Islands',0,1,0,'092'),(235,'VI','VIR','Virgin Islands of the United States',0,1,0,'850'),(236,'WF','WLF','Wallis and Futuna',0,1,0,'876'),(237,'EH','ESH','Western Sahara',0,1,0,'732'),(238,'YE','YEM','Yemen',0,1,0,'887'),(239,'ZM','ZMB','Zambia',0,1,0,'894'),(240,'ZW','ZWE','Zimbabwe',0,1,0,'716'),(241,'GG','GGY','Guernsey',0,1,0,'831'),(242,'IM','IMN','Isle of Man',0,1,0,'833'),(243,'JE','JEY','Jersey',0,1,0,'832'),(244,'ME','MNE','Montenegro',0,1,0,'499'),(245,'BL','BLM','Saint-Barthélemy',0,1,0,'652'),(246,'MF','MAF','Saint-Martin',0,1,0,'663'),(247,'XK','XKX','Kosovo',0,1,0,NULL),(300,'CW','CUW','Curaçao',0,1,0,'531'),(301,'SX','SXM','Sint Maarten',0,1,0,'534');

--
