-- Table structure for table `llx_blockedlog`
--

CREATE TABLE `llx_blockedlog` (
  `rowid` int(11) NOT NULL AUTO_INCREMENT,
  `entity` int(11) NOT NULL DEFAULT 1,
  `date_creation` datetime DEFAULT NULL,
  `tms` timestamp NOT NULL DEFAULT current_timestamp() ON UPDATE current_timestamp(),
  `action` varchar(50) DEFAULT NULL,
  `amounts` double(24,8) NOT NULL,
  `element` varchar(50) DEFAULT NULL,
  `fk_user` int(11) DEFAULT NULL,
  `user_fullname` varchar(255) DEFAULT NULL,
  `fk_object` int(11) DEFAULT NULL,
  `ref_object` varchar(255) DEFAULT NULL,
  `date_object` datetime DEFAULT NULL,
  `signature` varchar(100) NOT NULL,
  `signature_line` varchar(100) NOT NULL,
  `object_data` mediumtext DEFAULT NULL,
  `object_version` varchar(32) DEFAULT '',
  `certified` int(11) DEFAULT NULL,
  PRIMARY KEY (`rowid`),
  KEY `signature` (`signature`),
  KEY `fk_object_element` (`fk_object`,`element`),
  KEY `entity` (`entity`),
  KEY `fk_user` (`fk_user`),
  KEY `entity_action` (`entity`,`action`),
  KEY `entity_action_certified` (`entity`,`action`,`certified`)
) ENGINE=InnoDB AUTO_INCREMENT=55 DEFAULT CHARSET=utf8 COLLATE=utf8_unicode_ci;

--
-- Dumping data for table `llx_blockedlog`
--

INSERT INTO `llx_blockedlog` (`rowid`, `entity`, `date_creation`, `tms`, `action`, `amounts`, `element`, `fk_user`, `user_fullname`, `fk_object`, `ref_object`, `date_object`, `signature`, `signature_line`, `object_data`, `object_version`, `certified`) VALUES (1,1,'2024-04-08 14:33:04','2024-04-08 12:33:04','MODULE_SET',0.00000000,'module',1,'SuperAdmin',1,'systemevent','2024-04-08 14:33:04','bc0347d03ed985a9c0e50dbb0038207fde86343f801cf0815381539856b141a9','6d5f07a6eee80d206af1691e485482b21ff35c3aeb1d0e7f8434fdea74e890c1','{\"mycompany\":{\"name\":\"LA GRANGE\",\"phone\":\"0625542465\",\"email\":\"contact@bieres-lagrange.fr\",\"idprof1\":\"891403750\",\"idprof2\":\"89140375000013\",\"idprof3\":\"1105Z\",\"tva_intra\":\"FR26891403750\",\"localtax1_assuj\":0,\"localtax2_assuj\":0,\"managers\":\"Jouanchich Laurence\",\"forme_juridique_code\":\"0\",\"country_code\":\"FR\",\"address\":\"13 RUE DE L\'OUSSE\",\"zip\":\"64420\",\"town\":\"NOUSTY\"},\"id\":1,\"element\":\"module\",\"ref\":\"systemevent\",\"entity\":1,\"date\":1712579584}','18',0),(2,1,'2024-04-09 16:07:14','2024-04-09 14:07:14','BILL_VALIDATE',102.96000000,'facture',2,'Laurence Juanchich',1969,'FA2404-1021','2024-04-08 00:00:00','28d1458cdd08fa074f7a204b2153cf365442ea1f8f42c9c2d18dc72bdda28ffe','55042db3cc53388aa57c1a8656afe177d623f768f20d63c5f478084d169bd11d','{\"thirdparty\":{\"name\":\"CARREFOUR CONTACT GAN I CEDCAZ\",\"phone\":\"0668763377\",\"email\":\"cedric_cazenave_1@franchise.carrefour.com\",\"localtax1_value\":\"0.0000\",\"localtax2_value\":\"0.0000\",\"code_client\":\"CU2309-00504\",\"country_code\":\"FR\",\"state_code\":\"64\",\"address\":\"Av. Henri IV\",\"zip\":\"64290\",\"town\":\"GAN\"},\"mycompany\":{\"name\":\"LA GRANGE\",\"phone\":\"0625542465\",\"email\":\"contact@bieres-lagrange.fr\",\"idprof1\":\"891403750\",\"idprof2\":\"89140375000013\",\"idprof3\":\"1105Z\",\"tva_intra\":\"FR26891403750\",\"localtax1_assuj\":0,\"localtax2_assuj\":0,\"managers\":\"Jouanchich Laurence\",\"forme_juridique_code\":\"0\",\"country_code\":\"FR\",\"address\":\"13 RUE DE L\'OUSSE\",\"zip\":\"64420\",\"town\":\"NOUSTY\"},\"date\":1712527200,\"total_ht\":85.8,\"total_tva\":17.16,\"total_ttc\":102.96,\"revenuestamp\":\"0.00000000\",\"invoiceline\":{\"1\":{\"multicurrency_code\":\"EUR\",\"multicurrency_total_ht\":\"21.00000000\",\"multicurrency_total_tva\":\"4.20000000\",\"multicurrency_total_ttc\":\"25.20000000\",\"ref\":\"BLONDE_PALE_ALE-75\",\"product_type\":\"0\",\"qty\":\"6\",\"tva_tx\":\"20.0000\",\"localtax1_tx\":\"0.0000\",\"localtax2_tx\":\"0.0000\",\"total_ht\":\"21.00000000\",\"total_tva\":\"4.20000000\",\"total_localtax1\":\"0.00000000\",\"total_localtax2\":\"0.00000000\",\"total_ttc\":\"25.20000000\",\"info_bits\":\"0\"},\"2\":{\"multicurrency_code\":\"EUR\",\"multicurrency_total_ht\":\"21.60000000\",\"multicurrency_total_tva\":\"4.32000000\",\"multicurrency_total_ttc\":\"25.92000000\",\"ref\":\"IPA-75\",\"product_type\":\"0\",\"qty\":\"6\",\"tva_tx\":\"20.0000\",\"localtax1_tx\":\"0.0000\",\"localtax2_tx\":\"0.0000\",\"total_ht\":\"21.60000000\",\"total_tva\":\"4.32000000\",\"total_localtax1\":\"0.00000000\",\"total_localtax2\":\"0.00000000\",\"total_ttc\":\"25.92000000\",\"info_bits\":\"0\"},\"3\":{\"multicurrency_code\":\"EUR\",\"multicurrency_total_ht\":\"21.00000000\",\"multicurrency_total_tva\":\"4.20000000\",\"multicurrency_total_ttc\":\"25.20000000\",\"ref\":\"BLONDE_PILSEN-75\",\"product_type\":\"0\",\"qty\":\"6\",\"tva_tx\":\"20.0000\",\"localtax1_tx\":\"0.0000\",\"localtax2_tx\":\"0.0000\",\"total_ht\":\"21.00000000\",\"total_tva\":\"4.20000000\",\"total_localtax1\":\"0.00000000\",\"total_localtax2\":\"0.00000000\",\"total_ttc\":\"25.20000000\",\"info_bits\":\"0\"},\"4\":{\"multicurrency_code\":\"EUR\",\"multicurrency_total_ht\":\"22.20000000\",\"multicurrency_total_tva\":\"4.44000000\",\"multicurrency_total_ttc\":\"26.64000000\",\"ref\":\"BRUNE-75\",\"product_type\":\"0\",\"qty\":\"6\",\"tva_tx\":\"20.0000\",\"localtax1_tx\":\"0.0000\",\"localtax2_tx\":\"0.0000\",\"total_ht\":\"22.20000000\",\"total_tva\":\"4.44000000\",\"total_localtax1\":\"0.00000000\",\"total_localtax2\":\"0.00000000\",\"total_ttc\":\"26.64000000\",\"info_bits\":\"0\"}},\"type\":\"0\",\"ref\":\"FA2404-1021\"}','18',0),(3,1,'2024-04-09 16:07:16','2024-04-09 14:07:16','DOC_DOWNLOAD',102.96000000,'facture',2,'Laurence Juanchich',1969,'FA2404-1021','2024-04-08 00:00:00','9c0fc668f29cc1ef83092027bb1d5264dba964cfb84da85d2e208442e98137d1','3dd77b351c8c9db56f865bfc08c1200eb96794e88c3df81282278b581d199ff3','{\"thirdparty\":{\"name\":\"CARREFOUR CONTACT GAN I CEDCAZ\",\"phone\":\"0668763377\",\"email\":\"cedric_cazenave_1@franchise.carrefour.com\",\"localtax1_value\":\"0.0000\",\"localtax2_value\":\"0.0000\",\"code_client\":\"CU2309-00504\",\"country_code\":\"FR\",\"state_code\":\"64\",\"address\":\"Av. Henri IV\",\"zip\":\"64290\",\"town\":\"GAN\"},\"mycompany\":{\"name\":\"LA GRANGE\",\"phone\":\"0625542465\",\"email\":\"contact@bieres-lagrange.fr\",\"idprof1\":\"891403750\",\"idprof2\":\"89140375000013\",\"idprof3\":\"1105Z\",\"tva_intra\":\"FR26891403750\",\"localtax1_assuj\":0,\"localtax2_assuj\":0,\"managers\":\"Jouanchich Laurence\",\"forme_juridique_code\":\"0\",\"country_code\":\"FR\",\"address\":\"13 RUE DE L\'OUSSE\",\"zip\":\"64420\",\"town\":\"NOUSTY\"},\"date\":1712527200,\"total_ht\":\"85.80000000\",\"total_tva\":\"17.16000000\",\"total_ttc\":\"102.96000000\",\"revenuestamp\":\"0.00000000\",\"invoiceline\":{\"1\":{\"multicurrency_code\":\"EUR\",\"multicurrency_total_ht\":\"21.00000000\",\"multicurrency_total_tva\":\"4.20000000\",\"multicurrency_total_ttc\":\"25.20000000\",\"ref\":\"BLONDE_PALE_ALE-75\",\"product_type\":\"0\",\"qty\":\"6\",\"tva_tx\":\"20.0000\",\"localtax1_tx\":\"0.0000\",\"localtax2_tx\":\"0.0000\",\"total_ht\":\"21.00000000\",\"total_tva\":\"4.20000000\",\"total_localtax1\":\"0.00000000\",\"total_localtax2\":\"0.00000000\",\"total_ttc\":\"25.20000000\",\"info_bits\":\"0\"},\"2\":{\"multicurrency_code\":\"EUR\",\"multicurrency_total_ht\":\"21.60000000\",\"multicurrency_total_tva\":\"4.32000000\",\"multicurrency_total_ttc\":\"25.92000000\",\"ref\":\"IPA-75\",\"product_type\":\"0\",\"qty\":\"6\",\"tva_tx\":\"20.0000\",\"localtax1_tx\":\"0.0000\",\"localtax2_tx\":\"0.0000\",\"total_ht\":\"21.60000000\",\"total_tva\":\"4.32000000\",\"total_localtax1\":\"0.00000000\",\"total_localtax2\":\"0.00000000\",\"total_ttc\":\"25.92000000\",\"info_bits\":\"0\"},\"3\":{\"multicurrency_code\":\"EUR\",\"multicurrency_total_ht\":\"21.00000000\",\"multicurrency_total_tva\":\"4.20000000\",\"multicurrency_total_ttc\":\"25.20000000\",\"ref\":\"BLONDE_PILSEN-75\",\"product_type\":\"0\",\"qty\":\"6\",\"tva_tx\":\"20.0000\",\"localtax1_tx\":\"0.0000\",\"localtax2_tx\":\"0.0000\",\"total_ht\":\"21.00000000\",\"total_tva\":\"4.20000000\",\"total_localtax1\":\"0.00000000\",\"total_localtax2\":\"0.00000000\",\"total_ttc\":\"25.20000000\",\"info_bits\":\"0\"},\"4\":{\"multicurrency_code\":\"EUR\",\"multicurrency_total_ht\":\"22.20000000\",\"multicurrency_total_tva\":\"4.44000000\",\"multicurrency_total_ttc\":\"26.64000000\",\"ref\":\"BRUNE-75\",\"product_type\":\"0\",\"qty\":\"6\",\"tva_tx\":\"20.0000\",\"localtax1_tx\":\"0.0000\",\"localtax2_tx\":\"0.0000\",\"total_ht\":\"22.20000000\",\"total_tva\":\"4.44000000\",\"total_localtax1\":\"0.00000000\",\"total_localtax2\":\"0.00000000\",\"total_ttc\":\"26.64000000\",\"info_bits\":\"0\"}},\"type\":\"0\",\"ref\":\"FA2404-1021\"}','18',0),(4,1,'2024-04-09 16:08:22','2024-04-09 14:08:22','BILL_SENTBYMAIL',102.96000000,'facture',2,'Laurence Juanchich',1969,'FA2404-1021','2024-04-08 00:00:00','481d30f2acb499974bae1083aea0bbdb482a15c4897e0642be131800e5e42718','e75839ac4f7d4030234f69e9df932233eeef93d0829c9da417045fbba69d99e3','{\"thirdparty\":{\"name\":\"CARREFOUR CONTACT GAN I CEDCAZ\",\"phone\":\"0668763377\",\"email\":\"cedric_cazenave_1@franchise.carrefour.com\",\"localtax1_value\":\"0.0000\",\"localtax2_value\":\"0.0000\",\"code_client\":\"CU2309-00504\",\"country_code\":\"FR\",\"state_code\":\"64\",\"address\":\"Av. Henri IV\",\"zip\":\"64290\",\"town\":\"GAN\"},\"mycompany\":{\"name\":\"LA GRANGE\",\"phone\":\"0625542465\",\"email\":\"contact@bieres-lagrange.fr\",\"idprof1\":\"891403750\",\"idprof2\":\"89140375000013\",\"idprof3\":\"1105Z\",\"tva_intra\":\"FR26891403750\",\"localtax1_assuj\":0,\"localtax2_assuj\":0,\"managers\":\"Jouanchich Laurence\",\"forme_juridique_code\":\"0\",\"country_code\":\"FR\",\"address\":\"13 RUE DE L\'OUSSE\",\"zip\":\"64420\",\"town\":\"NOUSTY\"},\"date\":1712527200,\"total_ht\":\"85.80000000\",\"total_tva\":\"17.16000000\",\"total_ttc\":\"102.96000000\",\"revenuestamp\":\"0.00000000\",\"invoiceline\":{\"1\":{\"multicurrency_code\":\"EUR\",\"multicurrency_total_ht\":\"21.00000000\",\"multicurrency_total_tva\":\"4.20000000\",\"multicurrency_total_ttc\":\"25.20000000\",\"ref\":\"BLONDE_PALE_ALE-75\",\"product_type\":\"0\",\"qty\":\"6\",\"tva_tx\":\"20.0000\",\"localtax1_tx\":\"0.0000\",\"localtax2_tx\":\"0.0000\",\"total_ht\":\"21.00000000\",\"total_tva\":\"4.20000000\",\"total_localtax1\":\"0.00000000\",\"total_localtax2\":\"0.00000000\",\"total_ttc\":\"25.20000000\",\"info_bits\":\"0\"},\"2\":{\"multicurrency_code\":\"EUR\",\"multicurrency_total_ht\":\"21.60000000\",\"multicurrency_total_tva\":\"4.32000000\",\"multicurrency_total_ttc\":\"25.92000000\",\"ref\":\"IPA-75\",\"product_type\":\"0\",\"qty\":\"6\",\"tva_tx\":\"20.0000\",\"localtax1_tx\":\"0.0000\",\"localtax2_tx\":\"0.0000\",\"total_ht\":\"21.60000000\",\"total_tva\":\"4.32000000\",\"total_localtax1\":\"0.00000000\",\"total_localtax2\":\"0.00000000\",\"total_ttc\":\"25.92000000\",\"info_bits\":\"0\"},\"3\":{\"multicurrency_code\":\"EUR\",\"multicurrency_total_ht\":\"21.00000000\",\"multicurrency_total_tva\":\"4.20000000\",\"multicurrency_total_ttc\":\"25.20000000\",\"ref\":\"BLONDE_PILSEN-75\",\"product_type\":\"0\",\"qty\":\"6\",\"tva_tx\":\"20.0000\",\"localtax1_tx\":\"0.0000\",\"localtax2_tx\":\"0.0000\",\"total_ht\":\"21.00000000\",\"total_tva\":\"4.20000000\",\"total_localtax1\":\"0.00000000\",\"total_localtax2\":\"0.00000000\",\"total_ttc\":\"25.20000000\",\"info_bits\":\"0\"},\"4\":{\"multicurrency_code\":\"EUR\",\"multicurrency_total_ht\":\"22.20000000\",\"multicurrency_total_tva\":\"4.44000000\",\"multicurrency_total_ttc\":\"26.64000000\",\"ref\":\"BRUNE-75\",\"product_type\":\"0\",\"qty\":\"6\",\"tva_tx\":\"20.0000\",\"localtax1_tx\":\"0.0000\",\"localtax2_tx\":\"0.0000\",\"total_ht\":\"22.20000000\",\"total_tva\":\"4.44000000\",\"total_localtax1\":\"0.00000000\",\"total_localtax2\":\"0.00000000\",\"total_ttc\":\"26.64000000\",\"info_bits\":\"0\"}},\"type\":\"0\",\"ref\":\"FA2404-1021\"}','18',0),(5,1,'2024-04-09 16:43:21','2024-04-09 14:43:21','PAYMENT_VARIOUS_CREATE',165.05000000,'payment_various',2,'Laurence Juanchich',738,'738','2024-03-15 00:00:00','96aa5c6b2469cf8ac73c16c894aa156463b05fd1a5b4e2ddb9af9bf8f2eebf52','fe583a92ffe2dace6da7dbe73ea0e11976cc60d01d788cfb6a575a7299d99175','{\"mycompany\":{\"name\":\"LA GRANGE\",\"phone\":\"0625542465\",\"email\":\"contact@bieres-lagrange.fr\",\"idprof1\":\"891403750\",\"idprof2\":\"89140375000013\",\"idprof3\":\"1105Z\",\"tva_intra\":\"FR26891403750\",\"localtax1_assuj\":0,\"localtax2_assuj\":0,\"managers\":\"Jouanchich Laurence\",\"forme_juridique_code\":\"0\",\"country_code\":\"FR\",\"address\":\"13 RUE DE L\'OUSSE\",\"zip\":\"64420\",\"town\":\"NOUSTY\"},\"ref\":738,\"date\":1710457200,\"type_code\":\"PRE\",\"amount\":\"165.05\"}','18',0),(6,1,'2024-04-09 16:54:01','2024-04-09 14:54:01','PAYMENT_VARIOUS_CREATE',0.35000000,'payment_various',2,'Laurence Juanchich',739,'739','2024-03-21 00:00:00','14577cef248838a219278c0fef0d8730b6da36130bc38f650f464f86fb9765f3','7107809d227ed38ba62038b0aa691d9767de012cc8ff86857ec8c9646c9e0d9a','{\"mycompany\":{\"name\":\"LA GRANGE\",\"phone\":\"0625542465\",\"email\":\"contact@bieres-lagrange.fr\",\"idprof1\":\"891403750\",\"idprof2\":\"89140375000013\",\"idprof3\":\"1105Z\",\"tva_intra\":\"FR26891403750\",\"localtax1_assuj\":0,\"localtax2_assuj\":0,\"managers\":\"Jouanchich Laurence\",\"forme_juridique_code\":\"0\",\"country_code\":\"FR\",\"address\":\"13 RUE DE L\'OUSSE\",\"zip\":\"64420\",\"town\":\"NOUSTY\"},\"ref\":739,\"date\":1710975600,\"type_code\":\"PRE\",\"amount\":\"0.35\"}','18',0),(7,1,'2024-04-09 17:03:02','2024-04-09 15:03:02','PAYMENT_VARIOUS_CREATE',7235.99000000,'payment_various',2,'Laurence Juanchich',740,'740','2024-03-22 00:00:00','e347653596bbff3c73e90a1b4fbf35fb3a8a593e9067d41a099c0f5c5d7cbae1','14f9cbb631f008f0c3f3edaa7cbe8550fe440c77a591bdc2bd08ca3498bf9c13','{\"mycompany\":{\"name\":\"LA GRANGE\",\"phone\":\"0625542465\",\"email\":\"contact@bieres-lagrange.fr\",\"idprof1\":\"891403750\",\"idprof2\":\"89140375000013\",\"idprof3\":\"1105Z\",\"tva_intra\":\"FR26891403750\",\"localtax1_assuj\":0,\"localtax2_assuj\":0,\"managers\":\"Jouanchich Laurence\",\"forme_juridique_code\":\"0\",\"country_code\":\"FR\",\"address\":\"13 RUE DE L\'OUSSE\",\"zip\":\"64420\",\"town\":\"NOUSTY\"},\"ref\":740,\"date\":1711062000,\"type_code\":\"VIR\",\"amount\":\"7235.99\"}','18',0),(8,1,'2024-04-09 17:06:15','2024-04-09 15:06:15','PAYMENT_VARIOUS_CREATE',5530.83000000,'payment_various',2,'Laurence Juanchich',741,'741','2024-03-25 00:00:00','a11ec5dc4ded7fd7c6dc3d9a17e72ca233abe56d3b9ec0b8e8436c44e4032954','c79d4a7f125500a8b690fc23402550b4c15cb26adc0445a5294d7caa7e91a535','{\"mycompany\":{\"name\":\"LA GRANGE\",\"phone\":\"0625542465\",\"email\":\"contact@bieres-lagrange.fr\",\"idprof1\":\"891403750\",\"idprof2\":\"89140375000013\",\"idprof3\":\"1105Z\",\"tva_intra\":\"FR26891403750\",\"localtax1_assuj\":0,\"localtax2_assuj\":0,\"managers\":\"Jouanchich Laurence\",\"forme_juridique_code\":\"0\",\"country_code\":\"FR\",\"address\":\"13 RUE DE L\'OUSSE\",\"zip\":\"64420\",\"town\":\"NOUSTY\"},\"ref\":741,\"date\":1711321200,\"type_code\":\"VIR\",\"amount\":\"5530.83\"}','18',0),(9,1,'2024-04-09 17:06:52','2024-04-09 15:06:52','PAYMENT_VARIOUS_CREATE',5530.00000000,'payment_various',2,'Laurence Juanchich',742,'742','2024-03-25 00:00:00','c343271231da9c553ab4763f1add3c000fc36f094f91bdafdef3f03f9b3663a7','4cead458a81271f077abf0c5d3d98f703532ea15631af2cfd0e7c3c95b137fe9','{\"mycompany\":{\"name\":\"LA GRANGE\",\"phone\":\"0625542465\",\"email\":\"contact@bieres-lagrange.fr\",\"idprof1\":\"891403750\",\"idprof2\":\"89140375000013\",\"idprof3\":\"1105Z\",\"tva_intra\":\"FR26891403750\",\"localtax1_assuj\":0,\"localtax2_assuj\":0,\"managers\":\"Jouanchich Laurence\",\"forme_juridique_code\":\"0\",\"country_code\":\"FR\",\"address\":\"13 RUE DE L\'OUSSE\",\"zip\":\"64420\",\"town\":\"NOUSTY\"},\"ref\":742,\"date\":1711321200,\"type_code\":\"VIR\",\"amount\":\"5530\"}','18',0),(10,1,'2024-04-09 17:07:07','2024-04-09 15:07:07','PAYMENT_VARIOUS_DELETE',5530.83000000,'payment_various',2,'Laurence Juanchich',741,'741','2024-03-25 00:00:00','ef43dd99e2fad1ec0739be6527f1c4559c5fae0f48b958ef967e33f07caefde4','27b58360c0b8dc674b3c940e93e9ee55be70beab6d643f77ba0c1fbd0821723b','{\"mycompany\":{\"name\":\"LA GRANGE\",\"phone\":\"0625542465\",\"email\":\"contact@bieres-lagrange.fr\",\"idprof1\":\"891403750\",\"idprof2\":\"89140375000013\",\"idprof3\":\"1105Z\",\"tva_intra\":\"FR26891403750\",\"localtax1_assuj\":0,\"localtax2_assuj\":0,\"managers\":\"Jouanchich Laurence\",\"forme_juridique_code\":\"0\",\"country_code\":\"FR\",\"address\":\"13 RUE DE L\'OUSSE\",\"zip\":\"64420\",\"town\":\"NOUSTY\"},\"ref\":\"741\",\"date\":1711321200,\"type_code\":\"VIR\",\"amount\":\"5530.83000000\"}','18',0),(11,1,'2024-04-09 17:07:55','2024-04-09 15:07:55','PAYMENT_VARIOUS_CREATE',5530.00000000,'payment_various',2,'Laurence Juanchich',743,'743','2024-03-25 00:00:00','c0fe9a113af24d240847087eaa7a9e5cca8b01aae5937e7a428a6a2c00dd00a3','d162fe6652a89e3c604e10aca0258c667f450c54ec694867e9335778c3e11a7b','{\"mycompany\":{\"name\":\"LA GRANGE\",\"phone\":\"0625542465\",\"email\":\"contact@bieres-lagrange.fr\",\"idprof1\":\"891403750\",\"idprof2\":\"89140375000013\",\"idprof3\":\"1105Z\",\"tva_intra\":\"FR26891403750\",\"localtax1_assuj\":0,\"localtax2_assuj\":0,\"managers\":\"Jouanchich Laurence\",\"forme_juridique_code\":\"0\",\"country_code\":\"FR\",\"address\":\"13 RUE DE L\'OUSSE\",\"zip\":\"64420\",\"town\":\"NOUSTY\"},\"ref\":743,\"date\":1711321200,\"type_code\":\"VIR\",\"amount\":\"5530\"}','18',0),(12,1,'2024-04-09 17:08:40','2024-04-09 15:08:40','PAYMENT_VARIOUS_DELETE',5530.00000000,'payment_various',2,'Laurence Juanchich',742,'742','2024-03-25 00:00:00','d535140c712420576a0e2c98c9fd22c6f95f174dc81a6c888047d4dbf92978c1','8665b56808fb14234c8b47ba5f0fadbb824b4f40e368e0289c5e4debf7643679','{\"mycompany\":{\"name\":\"LA GRANGE\",\"phone\":\"0625542465\",\"email\":\"contact@bieres-lagrange.fr\",\"idprof1\":\"891403750\",\"idprof2\":\"89140375000013\",\"idprof3\":\"1105Z\",\"tva_intra\":\"FR26891403750\",\"localtax1_assuj\":0,\"localtax2_assuj\":0,\"managers\":\"Jouanchich Laurence\",\"forme_juridique_code\":\"0\",\"country_code\":\"FR\",\"address\":\"13 RUE DE L\'OUSSE\",\"zip\":\"64420\",\"town\":\"NOUSTY\"},\"ref\":\"742\",\"date\":1711321200,\"type_code\":\"VIR\",\"amount\":\"5530.00000000\"}','18',0),(13,1,'2024-04-09 17:09:15','2024-04-09 15:09:15','PAYMENT_VARIOUS_CREATE',5530.00000000,'payment_various',2,'Laurence Juanchich',744,'744','2024-03-25 00:00:00','ed1ae1c6e3b9aabaf6af5ed4371d839218b7bf9fda07a7543677e81428f8042d','473996a1bdbf21d4fa65fd12b2923d0fca13a3ef325b835bf3f36e590fb7ba01','{\"mycompany\":{\"name\":\"LA GRANGE\",\"phone\":\"0625542465\",\"email\":\"contact@bieres-lagrange.fr\",\"idprof1\":\"891403750\",\"idprof2\":\"89140375000013\",\"idprof3\":\"1105Z\",\"tva_intra\":\"FR26891403750\",\"localtax1_assuj\":0,\"localtax2_assuj\":0,\"managers\":\"Jouanchich Laurence\",\"forme_juridique_code\":\"0\",\"country_code\":\"FR\",\"address\":\"13 RUE DE L\'OUSSE\",\"zip\":\"64420\",\"town\":\"NOUSTY\"},\"ref\":744,\"date\":1711321200,\"type_code\":\"VIR\",\"amount\":\"5530\"}','18',0),(14,1,'2024-04-10 16:16:41','2024-04-10 14:16:41','PAYMENT_VARIOUS_CREATE',30.65000000,'payment_various',2,'Laurence Juanchich',745,'745','2024-03-01 12:00:00','0f89529e6cf2d29cd57169973999337ffe3d9c3ca02b3d5e75af7ab77d29c9f2','6c3b09bd0a121230a8f78317570ca0239950fb2d4629488889ce1b1d0c50fde8','{\"mycompany\":{\"name\":\"LA GRANGE\",\"phone\":\"0625542465\",\"email\":\"contact@bieres-lagrange.fr\",\"idprof1\":\"891403750\",\"idprof2\":\"89140375000013\",\"idprof3\":\"1105Z\",\"tva_intra\":\"FR26891403750\",\"localtax1_assuj\":0,\"localtax2_assuj\":0,\"managers\":\"Jouanchich Laurence\",\"forme_juridique_code\":\"0\",\"country_code\":\"FR\",\"address\":\"13 RUE DE L\'OUSSE\",\"zip\":\"64420\",\"town\":\"NOUSTY\"},\"ref\":745,\"date\":1709290800,\"type_code\":\"VIR\",\"amount\":\"30.65\"}','18',0),(15,1,'2024-04-10 16:27:14','2024-04-10 14:27:14','PAYMENT_VARIOUS_DELETE',5530.00000000,'payment_various',2,'Laurence Juanchich',744,'744','2024-03-25 00:00:00','0b8a5f347fb86f1f9d7a354e51e91cd76ba6185058ef2d5303de824332ddc76a','3755ddf0a6677ae8fdca94e1697782d93f56b02df34f50f534c6f462cb9f3240','{\"mycompany\":{\"name\":\"LA GRANGE\",\"phone\":\"0625542465\",\"email\":\"contact@bieres-lagrange.fr\",\"idprof1\":\"891403750\",\"idprof2\":\"89140375000013\",\"idprof3\":\"1105Z\",\"tva_intra\":\"FR26891403750\",\"localtax1_assuj\":0,\"localtax2_assuj\":0,\"managers\":\"Jouanchich Laurence\",\"forme_juridique_code\":\"0\",\"country_code\":\"FR\",\"address\":\"13 RUE DE L\'OUSSE\",\"zip\":\"64420\",\"town\":\"NOUSTY\"},\"ref\":\"744\",\"date\":1711321200,\"type_code\":\"VIR\",\"amount\":\"5530.00000000\"}','18',0),(16,1,'2024-04-10 18:22:06','2024-04-10 16:22:06','PAYMENT_VARIOUS_CREATE',5530.00000000,'payment_various',2,'Laurence Juanchich',746,'746','2024-03-25 12:00:00','1451606a7e2840f39047554dc63a8168a3998bbb756593b7f9d1883e5a8d84a4','3429e90e6afaac433a44db96a65e11320f063f9b46fa13697f9f12a8847d48b4','{\"mycompany\":{\"name\":\"LA GRANGE\",\"phone\":\"0625542465\",\"email\":\"contact@bieres-lagrange.fr\",\"idprof1\":\"891403750\",\"idprof2\":\"89140375000013\",\"idprof3\":\"1105Z\",\"tva_intra\":\"FR26891403750\",\"localtax1_assuj\":0,\"localtax2_assuj\":0,\"managers\":\"Jouanchich Laurence\",\"forme_juridique_code\":\"0\",\"country_code\":\"FR\",\"address\":\"13 RUE DE L\'OUSSE\",\"zip\":\"64420\",\"town\":\"NOUSTY\"},\"ref\":746,\"date\":1711364400,\"type_code\":\"VIR\",\"amount\":\"5530\"}','18',0),(17,1,'2024-04-10 18:34:53','2024-04-10 16:34:53','PAYMENT_VARIOUS_CREATE',13.79000000,'payment_various',2,'Laurence Juanchich',747,'747','2024-03-06 00:00:00','6e07d292f8838b9e6cbc0ef387853d92dd4a6badf80497a740ada520745efe2a','3f32c3c3fdba0bee0bdb1d6faf0800528476cdcf75b48c1e0b71e2e0f126b89a','{\"mycompany\":{\"name\":\"LA GRANGE\",\"phone\":\"0625542465\",\"email\":\"contact@bieres-lagrange.fr\",\"idprof1\":\"891403750\",\"idprof2\":\"89140375000013\",\"idprof3\":\"1105Z\",\"tva_intra\":\"FR26891403750\",\"localtax1_assuj\":0,\"localtax2_assuj\":0,\"managers\":\"Jouanchich Laurence\",\"forme_juridique_code\":\"0\",\"country_code\":\"FR\",\"address\":\"13 RUE DE L\'OUSSE\",\"zip\":\"64420\",\"town\":\"NOUSTY\"},\"ref\":747,\"date\":1709679600,\"type_code\":\"VIR\",\"amount\":\"13.79\"}','18',0),(18,1,'2024-04-10 18:57:32','2024-04-10 16:57:32','PAYMENT_VARIOUS_DELETE',179.51000000,'payment_various',2,'Laurence Juanchich',707,'707','2024-02-13 00:00:00','0b2f9afabd01e2b72f17a54b10cf2f154aae606fd317aa32a6cb74ad89fb8c3a','c29bbc4082da6ff6174c3ee5157d8fe1f97088adcb9c9a3fa234b2b57a10caa5','{\"mycompany\":{\"name\":\"LA GRANGE\",\"phone\":\"0625542465\",\"email\":\"contact@bieres-lagrange.fr\",\"idprof1\":\"891403750\",\"idprof2\":\"89140375000013\",\"idprof3\":\"1105Z\",\"tva_intra\":\"FR26891403750\",\"localtax1_assuj\":0,\"localtax2_assuj\":0,\"managers\":\"Jouanchich Laurence\",\"forme_juridique_code\":\"0\",\"country_code\":\"FR\",\"address\":\"13 RUE DE L\'OUSSE\",\"zip\":\"64420\",\"town\":\"NOUSTY\"},\"ref\":\"707\",\"date\":1707778800,\"type_code\":\"PRE\",\"amount\":\"179.51000000\"}','18',0),(19,1,'2024-04-11 10:00:57','2024-04-11 08:00:57','BILL_VALIDATE',206.64000000,'facture',2,'Laurence Juanchich',1965,'FA2404-1022','2024-04-04 00:00:00','5ad8d8dc33580a9ec1fd9d007b29b7a7fe51159cc7fc3f75109f11ac9493527f','c3743bd9db0ffab8a819ee91200cc66a5d1c7f57c908427d3bc223fd5a037ec8','{\"thirdparty\":{\"name\":\"LES BOUTIQUES D\'OSSAU\",\"name_alias\":\"LES ETABLISSEMENTS CASTET REUNIS\",\"phone\":\"0559826005\",\"email\":\"lesboutiquesdossau@gmail.com\",\"localtax1_value\":\"0.0000\",\"localtax2_value\":\"0.0000\",\"code_client\":\"CU2301-00298\",\"country_code\":\"FR\",\"state_code\":\"64\",\"address\":\"4 Quartier l\'Ayguelade\",\"zip\":\"64260\",\"town\":\"BIELLE\"},\"mycompany\":{\"name\":\"LA GRANGE\",\"phone\":\"0625542465\",\"email\":\"contact@bieres-lagrange.fr\",\"idprof1\":\"891403750\",\"idprof2\":\"89140375000013\",\"idprof3\":\"1105Z\",\"tva_intra\":\"FR26891403750\",\"localtax1_assuj\":0,\"localtax2_assuj\":0,\"managers\":\"Jouanchich Laurence\",\"forme_juridique_code\":\"0\",\"country_code\":\"FR\",\"address\":\"13 RUE DE L\'OUSSE\",\"zip\":\"64420\",\"town\":\"NOUSTY\"},\"date\":1712181600,\"total_ht\":172.2,\"total_tva\":34.44,\"total_ttc\":206.64,\"revenuestamp\":\"0.00000000\",\"invoiceline\":{\"1\":{\"multicurrency_code\":\"EUR\",\"multicurrency_total_ht\":\"44.40000000\",\"multicurrency_total_tva\":\"8.88000000\",\"multicurrency_total_ttc\":\"53.28000000\",\"ref\":\"LA_GRANGE_IPA-33\",\"product_type\":\"0\",\"qty\":\"24\",\"tva_tx\":\"20.0000\",\"localtax1_tx\":\"0.0000\",\"localtax2_tx\":\"0.0000\",\"total_ht\":\"44.40000000\",\"total_tva\":\"8.88000000\",\"total_localtax1\":\"0.00000000\",\"total_localtax2\":\"0.00000000\",\"total_ttc\":\"53.28000000\",\"info_bits\":\"0\"},\"2\":{\"multicurrency_code\":\"EUR\",\"multicurrency_total_ht\":\"43.20000000\",\"multicurrency_total_tva\":\"8.64000000\",\"multicurrency_total_ttc\":\"51.84000000\",\"ref\":\"LA_GRANGE_PILS_33\",\"product_type\":\"0\",\"qty\":\"24\",\"tva_tx\":\"20.0000\",\"localtax1_tx\":\"0.0000\",\"localtax2_tx\":\"0.0000\",\"total_ht\":\"43.20000000\",\"total_tva\":\"8.64000000\",\"total_localtax1\":\"0.00000000\",\"total_localtax2\":\"0.00000000\",\"total_ttc\":\"51.84000000\",\"info_bits\":\"0\"},\"3\":{\"multicurrency_code\":\"EUR\",\"multicurrency_total_ht\":\"42.00000000\",\"multicurrency_total_tva\":\"8.40000000\",\"multicurrency_total_ttc\":\"50.40000000\",\"ref\":\"LA_GRANGE_PILS_75\",\"product_type\":\"0\",\"qty\":\"12\",\"tva_tx\":\"20.0000\",\"localtax1_tx\":\"0.0000\",\"localtax2_tx\":\"0.0000\",\"total_ht\":\"42.00000000\",\"total_tva\":\"8.40000000\",\"total_localtax1\":\"0.00000000\",\"total_localtax2\":\"0.00000000\",\"total_ttc\":\"50.40000000\",\"info_bits\":\"0\"},\"4\":{\"multicurrency_code\":\"EUR\",\"multicurrency_total_ht\":\"21.60000000\",\"multicurrency_total_tva\":\"4.32000000\",\"multicurrency_total_ttc\":\"25.92000000\",\"ref\":\"LA_GRANGE_IPA_75\",\"product_type\":\"0\",\"qty\":\"6\",\"tva_tx\":\"20.0000\",\"localtax1_tx\":\"0.0000\",\"localtax2_tx\":\"0.0000\",\"total_ht\":\"21.60000000\",\"total_tva\":\"4.32000000\",\"total_localtax1\":\"0.00000000\",\"total_localtax2\":\"0.00000000\",\"total_ttc\":\"25.92000000\",\"info_bits\":\"0\"},\"5\":{\"multicurrency_code\":\"EUR\",\"multicurrency_total_ht\":\"21.00000000\",\"multicurrency_total_tva\":\"4.20000000\",\"multicurrency_total_ttc\":\"25.20000000\",\"ref\":\"LA_GRANGE_AMBREE_75\",\"product_type\":\"0\",\"qty\":\"6\",\"tva_tx\":\"20.0000\",\"localtax1_tx\":\"0.0000\",\"localtax2_tx\":\"0.0000\",\"total_ht\":\"21.00000000\",\"total_tva\":\"4.20000000\",\"total_localtax1\":\"0.00000000\",\"total_localtax2\":\"0.00000000\",\"total_ttc\":\"25.20000000\",\"info_bits\":\"0\"}},\"type\":\"0\",\"ref\":\"FA2404-1022\"}','18',0),(20,1,'2024-04-11 10:00:59','2024-04-11 08:00:59','DOC_DOWNLOAD',206.64000000,'facture',2,'Laurence Juanchich',1965,'FA2404-1022','2024-04-04 00:00:00','7eb9fab3a275941810136abcedae40ad894db278e11a9a18f21e1e0791da4ca8','a5bd07a74a0edaaa89c26913d3b327cfb0cffe3abff191be725f193a6491fe71','{\"thirdparty\":{\"name\":\"LES BOUTIQUES D\'OSSAU\",\"name_alias\":\"LES ETABLISSEMENTS CASTET REUNIS\",\"phone\":\"0559826005\",\"email\":\"lesboutiquesdossau@gmail.com\",\"localtax1_value\":\"0.0000\",\"localtax2_value\":\"0.0000\",\"code_client\":\"CU2301-00298\",\"country_code\":\"FR\",\"state_code\":\"64\",\"address\":\"4 Quartier l\'Ayguelade\",\"zip\":\"64260\",\"town\":\"BIELLE\"},\"mycompany\":{\"name\":\"LA GRANGE\",\"phone\":\"0625542465\",\"email\":\"contact@bieres-lagrange.fr\",\"idprof1\":\"891403750\",\"idprof2\":\"89140375000013\",\"idprof3\":\"1105Z\",\"tva_intra\":\"FR26891403750\",\"localtax1_assuj\":0,\"localtax2_assuj\":0,\"managers\":\"Jouanchich Laurence\",\"forme_juridique_code\":\"0\",\"country_code\":\"FR\",\"address\":\"13 RUE DE L\'OUSSE\",\"zip\":\"64420\",\"town\":\"NOUSTY\"},\"date\":1712181600,\"total_ht\":\"172.20000000\",\"total_tva\":\"34.44000000\",\"total_ttc\":\"206.64000000\",\"revenuestamp\":\"0.00000000\",\"invoiceline\":{\"1\":{\"multicurrency_code\":\"EUR\",\"multicurrency_total_ht\":\"44.40000000\",\"multicurrency_total_tva\":\"8.88000000\",\"multicurrency_total_ttc\":\"53.28000000\",\"ref\":\"LA_GRANGE_IPA-33\",\"product_type\":\"0\",\"qty\":\"24\",\"tva_tx\":\"20.0000\",\"localtax1_tx\":\"0.0000\",\"localtax2_tx\":\"0.0000\",\"total_ht\":\"44.40000000\",\"total_tva\":\"8.88000000\",\"total_localtax1\":\"0.00000000\",\"total_localtax2\":\"0.00000000\",\"total_ttc\":\"53.28000000\",\"info_bits\":\"0\"},\"2\":{\"multicurrency_code\":\"EUR\",\"multicurrency_total_ht\":\"43.20000000\",\"multicurrency_total_tva\":\"8.64000000\",\"multicurrency_total_ttc\":\"51.84000000\",\"ref\":\"LA_GRANGE_PILS_33\",\"product_type\":\"0\",\"qty\":\"24\",\"tva_tx\":\"20.0000\",\"localtax1_tx\":\"0.0000\",\"localtax2_tx\":\"0.0000\",\"total_ht\":\"43.20000000\",\"total_tva\":\"8.64000000\",\"total_localtax1\":\"0.00000000\",\"total_localtax2\":\"0.00000000\",\"total_ttc\":\"51.84000000\",\"info_bits\":\"0\"},\"3\":{\"multicurrency_code\":\"EUR\",\"multicurrency_total_ht\":\"42.00000000\",\"multicurrency_total_tva\":\"8.40000000\",\"multicurrency_total_ttc\":\"50.40000000\",\"ref\":\"LA_GRANGE_PILS_75\",\"product_type\":\"0\",\"qty\":\"12\",\"tva_tx\":\"20.0000\",\"localtax1_tx\":\"0.0000\",\"localtax2_tx\":\"0.0000\",\"total_ht\":\"42.00000000\",\"total_tva\":\"8.40000000\",\"total_localtax1\":\"0.00000000\",\"total_localtax2\":\"0.00000000\",\"total_ttc\":\"50.40000000\",\"info_bits\":\"0\"},\"4\":{\"multicurrency_code\":\"EUR\",\"multicurrency_total_ht\":\"21.60000000\",\"multicurrency_total_tva\":\"4.32000000\",\"multicurrency_total_ttc\":\"25.92000000\",\"ref\":\"LA_GRANGE_IPA_75\",\"product_type\":\"0\",\"qty\":\"6\",\"tva_tx\":\"20.0000\",\"localtax1_tx\":\"0.0000\",\"localtax2_tx\":\"0.0000\",\"total_ht\":\"21.60000000\",\"total_tva\":\"4.32000000\",\"total_localtax1\":\"0.00000000\",\"total_localtax2\":\"0.00000000\",\"total_ttc\":\"25.92000000\",\"info_bits\":\"0\"},\"5\":{\"multicurrency_code\":\"EUR\",\"multicurrency_total_ht\":\"21.00000000\",\"multicurrency_total_tva\":\"4.20000000\",\"multicurrency_total_ttc\":\"25.20000000\",\"ref\":\"LA_GRANGE_AMBREE_75\",\"product_type\":\"0\",\"qty\":\"6\",\"tva_tx\":\"20.0000\",\"localtax1_tx\":\"0.0000\",\"localtax2_tx\":\"0.0000\",\"total_ht\":\"21.00000000\",\"total_tva\":\"4.20000000\",\"total_localtax1\":\"0.00000000\",\"total_localtax2\":\"0.00000000\",\"total_ttc\":\"25.20000000\",\"info_bits\":\"0\"}},\"type\":\"0\",\"ref\":\"FA2404-1022\"}','18',0),(21,1,'2024-04-11 10:02:24','2024-04-11 08:02:24','BILL_SENTBYMAIL',206.64000000,'facture',2,'Laurence Juanchich',1965,'FA2404-1022','2024-04-04 00:00:00','5e8ad98b72250cf4b569ce7a92bc8ee2cfff0c30b47a3335f991e1d4210958e8','4fd373d9bb7fdc8566ec557010bc4a51f32311e273b1ab2bac305809de971ba2','{\"thirdparty\":{\"name\":\"LES BOUTIQUES D\'OSSAU\",\"name_alias\":\"LES ETABLISSEMENTS CASTET REUNIS\",\"phone\":\"0559826005\",\"email\":\"lesboutiquesdossau@gmail.com\",\"localtax1_value\":\"0.0000\",\"localtax2_value\":\"0.0000\",\"code_client\":\"CU2301-00298\",\"country_code\":\"FR\",\"state_code\":\"64\",\"address\":\"4 Quartier l\'Ayguelade\",\"zip\":\"64260\",\"town\":\"BIELLE\"},\"mycompany\":{\"name\":\"LA GRANGE\",\"phone\":\"0625542465\",\"email\":\"contact@bieres-lagrange.fr\",\"idprof1\":\"891403750\",\"idprof2\":\"89140375000013\",\"idprof3\":\"1105Z\",\"tva_intra\":\"FR26891403750\",\"localtax1_assuj\":0,\"localtax2_assuj\":0,\"managers\":\"Jouanchich Laurence\",\"forme_juridique_code\":\"0\",\"country_code\":\"FR\",\"address\":\"13 RUE DE L\'OUSSE\",\"zip\":\"64420\",\"town\":\"NOUSTY\"},\"date\":1712181600,\"total_ht\":\"172.20000000\",\"total_tva\":\"34.44000000\",\"total_ttc\":\"206.64000000\",\"revenuestamp\":\"0.00000000\",\"invoiceline\":{\"1\":{\"multicurrency_code\":\"EUR\",\"multicurrency_total_ht\":\"44.40000000\",\"multicurrency_total_tva\":\"8.88000000\",\"multicurrency_total_ttc\":\"53.28000000\",\"ref\":\"LA_GRANGE_IPA-33\",\"product_type\":\"0\",\"qty\":\"24\",\"tva_tx\":\"20.0000\",\"localtax1_tx\":\"0.0000\",\"localtax2_tx\":\"0.0000\",\"total_ht\":\"44.40000000\",\"total_tva\":\"8.88000000\",\"total_localtax1\":\"0.00000000\",\"total_localtax2\":\"0.00000000\",\"total_ttc\":\"53.28000000\",\"info_bits\":\"0\"},\"2\":{\"multicurrency_code\":\"EUR\",\"multicurrency_total_ht\":\"43.20000000\",\"multicurrency_total_tva\":\"8.64000000\",\"multicurrency_total_ttc\":\"51.84000000\",\"ref\":\"LA_GRANGE_PILS_33\",\"product_type\":\"0\",\"qty\":\"24\",\"tva_tx\":\"20.0000\",\"localtax1_tx\":\"0.0000\",\"localtax2_tx\":\"0.0000\",\"total_ht\":\"43.20000000\",\"total_tva\":\"8.64000000\",\"total_localtax1\":\"0.00000000\",\"total_localtax2\":\"0.00000000\",\"total_ttc\":\"51.84000000\",\"info_bits\":\"0\"},\"3\":{\"multicurrency_code\":\"EUR\",\"multicurrency_total_ht\":\"42.00000000\",\"multicurrency_total_tva\":\"8.40000000\",\"multicurrency_total_ttc\":\"50.40000000\",\"ref\":\"LA_GRANGE_PILS_75\",\"product_type\":\"0\",\"qty\":\"12\",\"tva_tx\":\"20.0000\",\"localtax1_tx\":\"0.0000\",\"localtax2_tx\":\"0.0000\",\"total_ht\":\"42.00000000\",\"total_tva\":\"8.40000000\",\"total_localtax1\":\"0.00000000\",\"total_localtax2\":\"0.00000000\",\"total_ttc\":\"50.40000000\",\"info_bits\":\"0\"},\"4\":{\"multicurrency_code\":\"EUR\",\"multicurrency_total_ht\":\"21.60000000\",\"multicurrency_total_tva\":\"4.32000000\",\"multicurrency_total_ttc\":\"25.92000000\",\"ref\":\"LA_GRANGE_IPA_75\",\"product_type\":\"0\",\"qty\":\"6\",\"tva_tx\":\"20.0000\",\"localtax1_tx\":\"0.0000\",\"localtax2_tx\":\"0.0000\",\"total_ht\":\"21.60000000\",\"total_tva\":\"4.32000000\",\"total_localtax1\":\"0.00000000\",\"total_localtax2\":\"0.00000000\",\"total_ttc\":\"25.92000000\",\"info_bits\":\"0\"},\"5\":{\"multicurrency_code\":\"EUR\",\"multicurrency_total_ht\":\"21.00000000\",\"multicurrency_total_tva\":\"4.20000000\",\"multicurrency_total_ttc\":\"25.20000000\",\"ref\":\"LA_GRANGE_AMBREE_75\",\"product_type\":\"0\",\"qty\":\"6\",\"tva_tx\":\"20.0000\",\"localtax1_tx\":\"0.0000\",\"localtax2_tx\":\"0.0000\",\"total_ht\":\"21.00000000\",\"total_tva\":\"4.20000000\",\"total_localtax1\":\"0.00000000\",\"total_localtax2\":\"0.00000000\",\"total_ttc\":\"25.20000000\",\"info_bits\":\"0\"}},\"type\":\"0\",\"ref\":\"FA2404-1022\"}','18',0),(22,1,'2024-04-11 10:02:43','2024-04-11 08:02:43','BILL_VALIDATE',207.36000000,'facture',2,'Laurence Juanchich',1968,'FA2404-1023','2024-04-05 00:00:00','03864166013e7c584fea2b98593f0cf62ecb7059c98ae90ed5638fcf1395b56c','68c49b9acc27cfaa633bc2334686352d21a811983c8624cab75312eaabf1969e','{\"thirdparty\":{\"name\":\"INTERMARCHE LOUVIE-JUZON I LOVIER\",\"name_alias\":\"Maxime TUQUET\",\"phone\":\"0695885226\",\"email\":\"maximee.tuquet@gmail.com\",\"localtax1_value\":\"0.0000\",\"localtax2_value\":\"0.0000\",\"code_client\":\"CU2309-00499\",\"country_code\":\"FR\",\"address\":\"Av. Aristide Briand\",\"zip\":\"64260\",\"town\":\"Louvie-Juzon\"},\"mycompany\":{\"name\":\"LA GRANGE\",\"phone\":\"0625542465\",\"email\":\"contact@bieres-lagrange.fr\",\"idprof1\":\"891403750\",\"idprof2\":\"89140375000013\",\"idprof3\":\"1105Z\",\"tva_intra\":\"FR26891403750\",\"localtax1_assuj\":0,\"localtax2_assuj\":0,\"managers\":\"Jouanchich Laurence\",\"forme_juridique_code\":\"0\",\"country_code\":\"FR\",\"address\":\"13 RUE DE L\'OUSSE\",\"zip\":\"64420\",\"town\":\"NOUSTY\"},\"date\":1712268000,\"total_ht\":172.8,\"total_tva\":34.56,\"total_ttc\":207.36,\"revenuestamp\":\"0.00000000\",\"invoiceline\":{\"1\":{\"multicurrency_code\":\"EUR\",\"multicurrency_total_ht\":\"43.20000000\",\"multicurrency_total_tva\":\"8.64000000\",\"multicurrency_total_ttc\":\"51.84000000\",\"ref\":\"BLONDE_PILSEN-33\",\"product_type\":\"0\",\"qty\":\"24\",\"tva_tx\":\"20.0000\",\"localtax1_tx\":\"0.0000\",\"localtax2_tx\":\"0.0000\",\"total_ht\":\"43.20000000\",\"total_tva\":\"8.64000000\",\"total_localtax1\":\"0.00000000\",\"total_localtax2\":\"0.00000000\",\"total_ttc\":\"51.84000000\",\"info_bits\":\"0\"},\"2\":{\"multicurrency_code\":\"EUR\",\"multicurrency_total_ht\":\"21.00000000\",\"multicurrency_total_tva\":\"4.20000000\",\"multicurrency_total_ttc\":\"25.20000000\",\"ref\":\"BLONDE_PALE_ALE-75\",\"product_type\":\"0\",\"qty\":\"6\",\"tva_tx\":\"20.0000\",\"localtax1_tx\":\"0.0000\",\"localtax2_tx\":\"0.0000\",\"total_ht\":\"21.00000000\",\"total_tva\":\"4.20000000\",\"total_localtax1\":\"0.00000000\",\"total_localtax2\":\"0.00000000\",\"total_ttc\":\"25.20000000\",\"info_bits\":\"0\"},\"3\":{\"multicurrency_code\":\"EUR\",\"multicurrency_total_ht\":\"21.00000000\",\"multicurrency_total_tva\":\"4.20000000\",\"multicurrency_total_ttc\":\"25.20000000\",\"ref\":\"AMBREE-75\",\"product_type\":\"0\",\"qty\":\"6\",\"tva_tx\":\"20.0000\",\"localtax1_tx\":\"0.0000\",\"localtax2_tx\":\"0.0000\",\"total_ht\":\"21.00000000\",\"total_tva\":\"4.20000000\",\"total_localtax1\":\"0.00000000\",\"total_localtax2\":\"0.00000000\",\"total_ttc\":\"25.20000000\",\"info_bits\":\"0\"},\"4\":{\"multicurrency_code\":\"EUR\",\"multicurrency_total_ht\":\"43.20000000\",\"multicurrency_total_tva\":\"8.64000000\",\"multicurrency_total_ttc\":\"51.84000000\",\"ref\":\"IPA-75\",\"product_type\":\"0\",\"qty\":\"12\",\"tva_tx\":\"20.0000\",\"localtax1_tx\":\"0.0000\",\"localtax2_tx\":\"0.0000\",\"total_ht\":\"43.20000000\",\"total_tva\":\"8.64000000\",\"total_localtax1\":\"0.00000000\",\"total_localtax2\":\"0.00000000\",\"total_ttc\":\"51.84000000\",\"info_bits\":\"0\"},\"5\":{\"multicurrency_code\":\"EUR\",\"multicurrency_total_ht\":\"44.40000000\",\"multicurrency_total_tva\":\"8.88000000\",\"multicurrency_total_ttc\":\"53.28000000\",\"ref\":\"BRUNE-75\",\"product_type\":\"0\",\"qty\":\"12\",\"tva_tx\":\"20.0000\",\"localtax1_tx\":\"0.0000\",\"localtax2_tx\":\"0.0000\",\"total_ht\":\"44.40000000\",\"total_tva\":\"8.88000000\",\"total_localtax1\":\"0.00000000\",\"total_localtax2\":\"0.00000000\",\"total_ttc\":\"53.28000000\",\"info_bits\":\"0\"}},\"type\":\"0\",\"ref\":\"FA2404-1023\"}','18',0),(23,1,'2024-04-11 10:02:46','2024-04-11 08:02:46','DOC_DOWNLOAD',207.36000000,'facture',2,'Laurence Juanchich',1968,'FA2404-1023','2024-04-05 00:00:00','94cb623a334dbb4d13597b1028aba96562f73c5530d415c998f1a55fbf2a6aec','69ff2fe1e0d6c7cff6cbced1d1c3afc13345044b5719f694b48b8ad3690a989f','{\"thirdparty\":{\"name\":\"INTERMARCHE LOUVIE-JUZON I LOVIER\",\"name_alias\":\"Maxime TUQUET\",\"phone\":\"0695885226\",\"email\":\"maximee.tuquet@gmail.com\",\"localtax1_value\":\"0.0000\",\"localtax2_value\":\"0.0000\",\"code_client\":\"CU2309-00499\",\"country_code\":\"FR\",\"address\":\"Av. Aristide Briand\",\"zip\":\"64260\",\"town\":\"Louvie-Juzon\"},\"mycompany\":{\"name\":\"LA GRANGE\",\"phone\":\"0625542465\",\"email\":\"contact@bieres-lagrange.fr\",\"idprof1\":\"891403750\",\"idprof2\":\"89140375000013\",\"idprof3\":\"1105Z\",\"tva_intra\":\"FR26891403750\",\"localtax1_assuj\":0,\"localtax2_assuj\":0,\"managers\":\"Jouanchich Laurence\",\"forme_juridique_code\":\"0\",\"country_code\":\"FR\",\"address\":\"13 RUE DE L\'OUSSE\",\"zip\":\"64420\",\"town\":\"NOUSTY\"},\"date\":1712268000,\"total_ht\":\"172.80000000\",\"total_tva\":\"34.56000000\",\"total_ttc\":\"207.36000000\",\"revenuestamp\":\"0.00000000\",\"invoiceline\":{\"1\":{\"multicurrency_code\":\"EUR\",\"multicurrency_total_ht\":\"43.20000000\",\"multicurrency_total_tva\":\"8.64000000\",\"multicurrency_total_ttc\":\"51.84000000\",\"ref\":\"BLONDE_PILSEN-33\",\"product_type\":\"0\",\"qty\":\"24\",\"tva_tx\":\"20.0000\",\"localtax1_tx\":\"0.0000\",\"localtax2_tx\":\"0.0000\",\"total_ht\":\"43.20000000\",\"total_tva\":\"8.64000000\",\"total_localtax1\":\"0.00000000\",\"total_localtax2\":\"0.00000000\",\"total_ttc\":\"51.84000000\",\"info_bits\":\"0\"},\"2\":{\"multicurrency_code\":\"EUR\",\"multicurrency_total_ht\":\"21.00000000\",\"multicurrency_total_tva\":\"4.20000000\",\"multicurrency_total_ttc\":\"25.20000000\",\"ref\":\"BLONDE_PALE_ALE-75\",\"product_type\":\"0\",\"qty\":\"6\",\"tva_tx\":\"20.0000\",\"localtax1_tx\":\"0.0000\",\"localtax2_tx\":\"0.0000\",\"total_ht\":\"21.00000000\",\"total_tva\":\"4.20000000\",\"total_localtax1\":\"0.00000000\",\"total_localtax2\":\"0.00000000\",\"total_ttc\":\"25.20000000\",\"info_bits\":\"0\"},\"3\":{\"multicurrency_code\":\"EUR\",\"multicurrency_total_ht\":\"21.00000000\",\"multicurrency_total_tva\":\"4.20000000\",\"multicurrency_total_ttc\":\"25.20000000\",\"ref\":\"AMBREE-75\",\"product_type\":\"0\",\"qty\":\"6\",\"tva_tx\":\"20.0000\",\"localtax1_tx\":\"0.0000\",\"localtax2_tx\":\"0.0000\",\"total_ht\":\"21.00000000\",\"total_tva\":\"4.20000000\",\"total_localtax1\":\"0.00000000\",\"total_localtax2\":\"0.00000000\",\"total_ttc\":\"25.20000000\",\"info_bits\":\"0\"},\"4\":{\"multicurrency_code\":\"EUR\",\"multicurrency_total_ht\":\"43.20000000\",\"multicurrency_total_tva\":\"8.64000000\",\"multicurrency_total_ttc\":\"51.84000000\",\"ref\":\"IPA-75\",\"product_type\":\"0\",\"qty\":\"12\",\"tva_tx\":\"20.0000\",\"localtax1_tx\":\"0.0000\",\"localtax2_tx\":\"0.0000\",\"total_ht\":\"43.20000000\",\"total_tva\":\"8.64000000\",\"total_localtax1\":\"0.00000000\",\"total_localtax2\":\"0.00000000\",\"total_ttc\":\"51.84000000\",\"info_bits\":\"0\"},\"5\":{\"multicurrency_code\":\"EUR\",\"multicurrency_total_ht\":\"44.40000000\",\"multicurrency_total_tva\":\"8.88000000\",\"multicurrency_total_ttc\":\"53.28000000\",\"ref\":\"BRUNE-75\",\"product_type\":\"0\",\"qty\":\"12\",\"tva_tx\":\"20.0000\",\"localtax1_tx\":\"0.0000\",\"localtax2_tx\":\"0.0000\",\"total_ht\":\"44.40000000\",\"total_tva\":\"8.88000000\",\"total_localtax1\":\"0.00000000\",\"total_localtax2\":\"0.00000000\",\"total_ttc\":\"53.28000000\",\"info_bits\":\"0\"}},\"type\":\"0\",\"ref\":\"FA2404-1023\"}','18',0),(24,1,'2024-04-11 10:03:32','2024-04-11 08:03:32','BILL_SENTBYMAIL',207.36000000,'facture',2,'Laurence Juanchich',1968,'FA2404-1023','2024-04-05 00:00:00','4f8b761228f6b138ba8ddb63b2a8f00858cab92211899a6a97934de5678b0d77','c542393ee2d1addac692490476b28db031959729f34531b0b89530a286e7769d','{\"thirdparty\":{\"name\":\"INTERMARCHE LOUVIE-JUZON I LOVIER\",\"name_alias\":\"Maxime TUQUET\",\"phone\":\"0695885226\",\"email\":\"maximee.tuquet@gmail.com\",\"localtax1_value\":\"0.0000\",\"localtax2_value\":\"0.0000\",\"code_client\":\"CU2309-00499\",\"country_code\":\"FR\",\"address\":\"Av. Aristide Briand\",\"zip\":\"64260\",\"town\":\"Louvie-Juzon\"},\"mycompany\":{\"name\":\"LA GRANGE\",\"phone\":\"0625542465\",\"email\":\"contact@bieres-lagrange.fr\",\"idprof1\":\"891403750\",\"idprof2\":\"89140375000013\",\"idprof3\":\"1105Z\",\"tva_intra\":\"FR26891403750\",\"localtax1_assuj\":0,\"localtax2_assuj\":0,\"managers\":\"Jouanchich Laurence\",\"forme_juridique_code\":\"0\",\"country_code\":\"FR\",\"address\":\"13 RUE DE L\'OUSSE\",\"zip\":\"64420\",\"town\":\"NOUSTY\"},\"date\":1712268000,\"total_ht\":\"172.80000000\",\"total_tva\":\"34.56000000\",\"total_ttc\":\"207.36000000\",\"revenuestamp\":\"0.00000000\",\"invoiceline\":{\"1\":{\"multicurrency_code\":\"EUR\",\"multicurrency_total_ht\":\"43.20000000\",\"multicurrency_total_tva\":\"8.64000000\",\"multicurrency_total_ttc\":\"51.84000000\",\"ref\":\"BLONDE_PILSEN-33\",\"product_type\":\"0\",\"qty\":\"24\",\"tva_tx\":\"20.0000\",\"localtax1_tx\":\"0.0000\",\"localtax2_tx\":\"0.0000\",\"total_ht\":\"43.20000000\",\"total_tva\":\"8.64000000\",\"total_localtax1\":\"0.00000000\",\"total_localtax2\":\"0.00000000\",\"total_ttc\":\"51.84000000\",\"info_bits\":\"0\"},\"2\":{\"multicurrency_code\":\"EUR\",\"multicurrency_total_ht\":\"21.00000000\",\"multicurrency_total_tva\":\"4.20000000\",\"multicurrency_total_ttc\":\"25.20000000\",\"ref\":\"BLONDE_PALE_ALE-75\",\"product_type\":\"0\",\"qty\":\"6\",\"tva_tx\":\"20.0000\",\"localtax1_tx\":\"0.0000\",\"localtax2_tx\":\"0.0000\",\"total_ht\":\"21.00000000\",\"total_tva\":\"4.20000000\",\"total_localtax1\":\"0.00000000\",\"total_localtax2\":\"0.00000000\",\"total_ttc\":\"25.20000000\",\"info_bits\":\"0\"},\"3\":{\"multicurrency_code\":\"EUR\",\"multicurrency_total_ht\":\"21.00000000\",\"multicurrency_total_tva\":\"4.20000000\",\"multicurrency_total_ttc\":\"25.20000000\",\"ref\":\"AMBREE-75\",\"product_type\":\"0\",\"qty\":\"6\",\"tva_tx\":\"20.0000\",\"localtax1_tx\":\"0.0000\",\"localtax2_tx\":\"0.0000\",\"total_ht\":\"21.00000000\",\"total_tva\":\"4.20000000\",\"total_localtax1\":\"0.00000000\",\"total_localtax2\":\"0.00000000\",\"total_ttc\":\"25.20000000\",\"info_bits\":\"0\"},\"4\":{\"multicurrency_code\":\"EUR\",\"multicurrency_total_ht\":\"43.20000000\",\"multicurrency_total_tva\":\"8.64000000\",\"multicurrency_total_ttc\":\"51.84000000\",\"ref\":\"IPA-75\",\"product_type\":\"0\",\"qty\":\"12\",\"tva_tx\":\"20.0000\",\"localtax1_tx\":\"0.0000\",\"localtax2_tx\":\"0.0000\",\"total_ht\":\"43.20000000\",\"total_tva\":\"8.64000000\",\"total_localtax1\":\"0.00000000\",\"total_localtax2\":\"0.00000000\",\"total_ttc\":\"51.84000000\",\"info_bits\":\"0\"},\"5\":{\"multicurrency_code\":\"EUR\",\"multicurrency_total_ht\":\"44.40000000\",\"multicurrency_total_tva\":\"8.88000000\",\"multicurrency_total_ttc\":\"53.28000000\",\"ref\":\"BRUNE-75\",\"product_type\":\"0\",\"qty\":\"12\",\"tva_tx\":\"20.0000\",\"localtax1_tx\":\"0.0000\",\"localtax2_tx\":\"0.0000\",\"total_ht\":\"44.40000000\",\"total_tva\":\"8.88000000\",\"total_localtax1\":\"0.00000000\",\"total_localtax2\":\"0.00000000\",\"total_ttc\":\"53.28000000\",\"info_bits\":\"0\"}},\"type\":\"0\",\"ref\":\"FA2404-1023\"}','18',0),(25,1,'2024-04-11 10:04:00','2024-04-11 08:04:00','BILL_VALIDATE',2566.80000000,'facture',2,'Laurence Juanchich',1967,'FA2404-1024','2024-04-05 00:00:00','3f470e61deadd1ed292cab0e3a85d2c0343fd702a9da6d0dfc83d817df72928c','e576b03e9437800e6e4e36f776eb5c97abaa2be25678cd582d815ca841bf19be','{\"thirdparty\":{\"name\":\"ECP France \\u2013 Domaine des Landes de Gascogne\",\"name_alias\":\"CARREFOUR EXPRESS\",\"email\":\"marie.verlinden@areas.com\",\"localtax1_value\":\"0.0000\",\"localtax2_value\":\"0.0000\",\"code_client\":\"CU2301-00287\",\"country_code\":\"FR\",\"state_code\":\"17\",\"address\":\"Carrefour Express \\u2013 CDPF 013607\\r\\nRoute de Saint Michel de Castelnau\",\"zip\":\"47700\",\"town\":\"BEAUZIAC\"},\"mycompany\":{\"name\":\"LA GRANGE\",\"phone\":\"0625542465\",\"email\":\"contact@bieres-lagrange.fr\",\"idprof1\":\"891403750\",\"idprof2\":\"89140375000013\",\"idprof3\":\"1105Z\",\"tva_intra\":\"FR26891403750\",\"localtax1_assuj\":0,\"localtax2_assuj\":0,\"managers\":\"Jouanchich Laurence\",\"forme_juridique_code\":\"0\",\"country_code\":\"FR\",\"address\":\"13 RUE DE L\'OUSSE\",\"zip\":\"64420\",\"town\":\"NOUSTY\"},\"date\":1712268000,\"total_ht\":2139,\"total_tva\":427.8,\"total_ttc\":2566.8,\"revenuestamp\":\"0.00000000\",\"invoiceline\":{\"1\":{\"multicurrency_code\":\"EUR\",\"multicurrency_total_ht\":\"216.00000000\",\"multicurrency_total_tva\":\"43.20000000\",\"multicurrency_total_ttc\":\"259.20000000\",\"ref\":\"BLONDE_PALE_ALE-33\",\"product_type\":\"0\",\"qty\":\"120\",\"tva_tx\":\"20.0000\",\"localtax1_tx\":\"0.0000\",\"localtax2_tx\":\"0.0000\",\"total_ht\":\"216.00000000\",\"total_tva\":\"43.20000000\",\"total_localtax1\":\"0.00000000\",\"total_localtax2\":\"0.00000000\",\"total_ttc\":\"259.20000000\",\"info_bits\":\"0\"},\"2\":{\"multicurrency_code\":\"EUR\",\"multicurrency_total_ht\":\"216.00000000\",\"multicurrency_total_tva\":\"43.20000000\",\"multicurrency_total_ttc\":\"259.20000000\",\"ref\":\"AMBREE-33\",\"product_type\":\"0\",\"qty\":\"120\",\"tva_tx\":\"20.0000\",\"localtax1_tx\":\"0.0000\",\"localtax2_tx\":\"0.0000\",\"total_ht\":\"216.00000000\",\"total_tva\":\"43.20000000\",\"total_localtax1\":\"0.00000000\",\"total_localtax2\":\"0.00000000\",\"total_ttc\":\"259.20000000\",\"info_bits\":\"0\"},\"3\":{\"multicurrency_code\":\"EUR\",\"multicurrency_total_ht\":\"216.00000000\",\"multicurrency_total_tva\":\"43.20000000\",\"multicurrency_total_ttc\":\"259.20000000\",\"ref\":\"BLONDE_PILSEN-33\",\"product_type\":\"0\",\"qty\":\"120\",\"tva_tx\":\"20.0000\",\"localtax1_tx\":\"0.0000\",\"localtax2_tx\":\"0.0000\",\"total_ht\":\"216.00000000\",\"total_tva\":\"43.20000000\",\"total_localtax1\":\"0.00000000\",\"total_localtax2\":\"0.00000000\",\"total_ttc\":\"259.20000000\",\"info_bits\":\"0\"},\"4\":{\"multicurrency_code\":\"EUR\",\"multicurrency_total_ht\":\"310.80000000\",\"multicurrency_total_tva\":\"62.16000000\",\"multicurrency_total_ttc\":\"372.96000000\",\"ref\":\"IPA-33\",\"product_type\":\"0\",\"qty\":\"168\",\"tva_tx\":\"20.0000\",\"localtax1_tx\":\"0.0000\",\"localtax2_tx\":\"0.0000\",\"total_ht\":\"310.80000000\",\"total_tva\":\"62.16000000\",\"total_localtax1\":\"0.00000000\",\"total_localtax2\":\"0.00000000\",\"total_ttc\":\"372.96000000\",\"info_bits\":\"0\"},\"5\":{\"multicurrency_code\":\"EUR\",\"multicurrency_total_ht\":\"91.20000000\",\"multicurrency_total_tva\":\"18.24000000\",\"multicurrency_total_ttc\":\"109.44000000\",\"ref\":\"BRUNE-33\",\"product_type\":\"0\",\"qty\":\"48\",\"tva_tx\":\"20.0000\",\"localtax1_tx\":\"0.0000\",\"localtax2_tx\":\"0.0000\",\"total_ht\":\"91.20000000\",\"total_tva\":\"18.24000000\",\"total_localtax1\":\"0.00000000\",\"total_localtax2\":\"0.00000000\",\"total_ttc\":\"109.44000000\",\"info_bits\":\"0\"},\"6\":{\"multicurrency_code\":\"EUR\",\"multicurrency_total_ht\":\"210.00000000\",\"multicurrency_total_tva\":\"42.00000000\",\"multicurrency_total_ttc\":\"252.00000000\",\"ref\":\"BLONDE_PALE_ALE-75\",\"product_type\":\"0\",\"qty\":\"60\",\"tva_tx\":\"20.0000\",\"localtax1_tx\":\"0.0000\",\"localtax2_tx\":\"0.0000\",\"total_ht\":\"210.00000000\",\"total_tva\":\"42.00000000\",\"total_localtax1\":\"0.00000000\",\"total_localtax2\":\"0.00000000\",\"total_ttc\":\"252.00000000\",\"info_bits\":\"0\"},\"7\":{\"multicurrency_code\":\"EUR\",\"multicurrency_total_ht\":\"210.00000000\",\"multicurrency_total_tva\":\"42.00000000\",\"multicurrency_total_ttc\":\"252.00000000\",\"ref\":\"AMBREE-75\",\"product_type\":\"0\",\"qty\":\"60\",\"tva_tx\":\"20.0000\",\"localtax1_tx\":\"0.0000\",\"localtax2_tx\":\"0.0000\",\"total_ht\":\"210.00000000\",\"total_tva\":\"42.00000000\",\"total_localtax1\":\"0.00000000\",\"total_localtax2\":\"0.00000000\",\"total_ttc\":\"252.00000000\",\"info_bits\":\"0\"},\"8\":{\"multicurrency_code\":\"EUR\",\"multicurrency_total_ht\":\"210.00000000\",\"multicurrency_total_tva\":\"42.00000000\",\"multicurrency_total_ttc\":\"252.00000000\",\"ref\":\"BLONDE_PILSEN-75\",\"product_type\":\"0\",\"qty\":\"60\",\"tva_tx\":\"20.0000\",\"localtax1_tx\":\"0.0000\",\"localtax2_tx\":\"0.0000\",\"total_ht\":\"210.00000000\",\"total_tva\":\"42.00000000\",\"total_localtax1\":\"0.00000000\",\"total_localtax2\":\"0.00000000\",\"total_ttc\":\"252.00000000\",\"info_bits\":\"0\"},\"9\":{\"multicurrency_code\":\"EUR\",\"multicurrency_total_ht\":\"259.20000000\",\"multicurrency_total_tva\":\"51.84000000\",\"multicurrency_total_ttc\":\"311.04000000\",\"ref\":\"IPA-75\",\"product_type\":\"0\",\"qty\":\"72\",\"tva_tx\":\"20.0000\",\"localtax1_tx\":\"0.0000\",\"localtax2_tx\":\"0.0000\",\"total_ht\":\"259.20000000\",\"total_tva\":\"51.84000000\",\"total_localtax1\":\"0.00000000\",\"total_localtax2\":\"0.00000000\",\"total_ttc\":\"311.04000000\",\"info_bits\":\"0\"},\"10\":{\"multicurrency_code\":\"EUR\",\"multicurrency_total_ht\":\"133.20000000\",\"multicurrency_total_tva\":\"26.64000000\",\"multicurrency_total_ttc\":\"159.84000000\",\"ref\":\"BRUNE-75\",\"product_type\":\"0\",\"qty\":\"36\",\"tva_tx\":\"20.0000\",\"localtax1_tx\":\"0.0000\",\"localtax2_tx\":\"0.0000\",\"total_ht\":\"133.20000000\",\"total_tva\":\"26.64000000\",\"total_localtax1\":\"0.00000000\",\"total_localtax2\":\"0.00000000\",\"total_ttc\":\"159.84000000\",\"info_bits\":\"0\"},\"11\":{\"multicurrency_code\":\"EUR\",\"multicurrency_total_ht\":\"66.60000000\",\"multicurrency_total_tva\":\"13.32000000\",\"multicurrency_total_ttc\":\"79.92000000\",\"ref\":\"HIVER-75\",\"product_type\":\"0\",\"qty\":\"18\",\"tva_tx\":\"20.0000\",\"localtax1_tx\":\"0.0000\",\"localtax2_tx\":\"0.0000\",\"total_ht\":\"66.60000000\",\"total_tva\":\"13.32000000\",\"total_localtax1\":\"0.00000000\",\"total_localtax2\":\"0.00000000\",\"total_ttc\":\"79.92000000\",\"info_bits\":\"0\"}},\"type\":\"0\",\"ref\":\"FA2404-1024\"}','18',0),(26,1,'2024-04-11 10:04:03','2024-04-11 08:04:03','DOC_DOWNLOAD',2566.80000000,'facture',2,'Laurence Juanchich',1967,'FA2404-1024','2024-04-05 00:00:00','2c51b829c6ac0f754a9ae1a87dbb2a85954280e25ad2d1c316c2d79beab9354b','03c4cbda9419a6d23edb0a8ac6004c4ebddc9ad533003fc3a44dc7737cb922c9','{\"thirdparty\":{\"name\":\"ECP France \\u2013 Domaine des Landes de Gascogne\",\"name_alias\":\"CARREFOUR EXPRESS\",\"email\":\"marie.verlinden@areas.com\",\"localtax1_value\":\"0.0000\",\"localtax2_value\":\"0.0000\",\"code_client\":\"CU2301-00287\",\"country_code\":\"FR\",\"state_code\":\"17\",\"address\":\"Carrefour Express \\u2013 CDPF 013607\\r\\nRoute de Saint Michel de Castelnau\",\"zip\":\"47700\",\"town\":\"BEAUZIAC\"},\"mycompany\":{\"name\":\"LA GRANGE\",\"phone\":\"0625542465\",\"email\":\"contact@bieres-lagrange.fr\",\"idprof1\":\"891403750\",\"idprof2\":\"89140375000013\",\"idprof3\":\"1105Z\",\"tva_intra\":\"FR26891403750\",\"localtax1_assuj\":0,\"localtax2_assuj\":0,\"managers\":\"Jouanchich Laurence\",\"forme_juridique_code\":\"0\",\"country_code\":\"FR\",\"address\":\"13 RUE DE L\'OUSSE\",\"zip\":\"64420\",\"town\":\"NOUSTY\"},\"date\":1712268000,\"total_ht\":\"2139.00000000\",\"total_tva\":\"427.80000000\",\"total_ttc\":\"2566.80000000\",\"revenuestamp\":\"0.00000000\",\"invoiceline\":{\"1\":{\"multicurrency_code\":\"EUR\",\"multicurrency_total_ht\":\"216.00000000\",\"multicurrency_total_tva\":\"43.20000000\",\"multicurrency_total_ttc\":\"259.20000000\",\"ref\":\"BLONDE_PALE_ALE-33\",\"product_type\":\"0\",\"qty\":\"120\",\"tva_tx\":\"20.0000\",\"localtax1_tx\":\"0.0000\",\"localtax2_tx\":\"0.0000\",\"total_ht\":\"216.00000000\",\"total_tva\":\"43.20000000\",\"total_localtax1\":\"0.00000000\",\"total_localtax2\":\"0.00000000\",\"total_ttc\":\"259.20000000\",\"info_bits\":\"0\"},\"2\":{\"multicurrency_code\":\"EUR\",\"multicurrency_total_ht\":\"216.00000000\",\"multicurrency_total_tva\":\"43.20000000\",\"multicurrency_total_ttc\":\"259.20000000\",\"ref\":\"AMBREE-33\",\"product_type\":\"0\",\"qty\":\"120\",\"tva_tx\":\"20.0000\",\"localtax1_tx\":\"0.0000\",\"localtax2_tx\":\"0.0000\",\"total_ht\":\"216.00000000\",\"total_tva\":\"43.20000000\",\"total_localtax1\":\"0.00000000\",\"total_localtax2\":\"0.00000000\",\"total_ttc\":\"259.20000000\",\"info_bits\":\"0\"},\"3\":{\"multicurrency_code\":\"EUR\",\"multicurrency_total_ht\":\"216.00000000\",\"multicurrency_total_tva\":\"43.20000000\",\"multicurrency_total_ttc\":\"259.20000000\",\"ref\":\"BLONDE_PILSEN-33\",\"product_type\":\"0\",\"qty\":\"120\",\"tva_tx\":\"20.0000\",\"localtax1_tx\":\"0.0000\",\"localtax2_tx\":\"0.0000\",\"total_ht\":\"216.00000000\",\"total_tva\":\"43.20000000\",\"total_localtax1\":\"0.00000000\",\"total_localtax2\":\"0.00000000\",\"total_ttc\":\"259.20000000\",\"info_bits\":\"0\"},\"4\":{\"multicurrency_code\":\"EUR\",\"multicurrency_total_ht\":\"310.80000000\",\"multicurrency_total_tva\":\"62.16000000\",\"multicurrency_total_ttc\":\"372.96000000\",\"ref\":\"IPA-33\",\"product_type\":\"0\",\"qty\":\"168\",\"tva_tx\":\"20.0000\",\"localtax1_tx\":\"0.0000\",\"localtax2_tx\":\"0.0000\",\"total_ht\":\"310.80000000\",\"total_tva\":\"62.16000000\",\"total_localtax1\":\"0.00000000\",\"total_localtax2\":\"0.00000000\",\"total_ttc\":\"372.96000000\",\"info_bits\":\"0\"},\"5\":{\"multicurrency_code\":\"EUR\",\"multicurrency_total_ht\":\"91.20000000\",\"multicurrency_total_tva\":\"18.24000000\",\"multicurrency_total_ttc\":\"109.44000000\",\"ref\":\"BRUNE-33\",\"product_type\":\"0\",\"qty\":\"48\",\"tva_tx\":\"20.0000\",\"localtax1_tx\":\"0.0000\",\"localtax2_tx\":\"0.0000\",\"total_ht\":\"91.20000000\",\"total_tva\":\"18.24000000\",\"total_localtax1\":\"0.00000000\",\"total_localtax2\":\"0.00000000\",\"total_ttc\":\"109.44000000\",\"info_bits\":\"0\"},\"6\":{\"multicurrency_code\":\"EUR\",\"multicurrency_total_ht\":\"210.00000000\",\"multicurrency_total_tva\":\"42.00000000\",\"multicurrency_total_ttc\":\"252.00000000\",\"ref\":\"BLONDE_PALE_ALE-75\",\"product_type\":\"0\",\"qty\":\"60\",\"tva_tx\":\"20.0000\",\"localtax1_tx\":\"0.0000\",\"localtax2_tx\":\"0.0000\",\"total_ht\":\"210.00000000\",\"total_tva\":\"42.00000000\",\"total_localtax1\":\"0.00000000\",\"total_localtax2\":\"0.00000000\",\"total_ttc\":\"252.00000000\",\"info_bits\":\"0\"},\"7\":{\"multicurrency_code\":\"EUR\",\"multicurrency_total_ht\":\"210.00000000\",\"multicurrency_total_tva\":\"42.00000000\",\"multicurrency_total_ttc\":\"252.00000000\",\"ref\":\"AMBREE-75\",\"product_type\":\"0\",\"qty\":\"60\",\"tva_tx\":\"20.0000\",\"localtax1_tx\":\"0.0000\",\"localtax2_tx\":\"0.0000\",\"total_ht\":\"210.00000000\",\"total_tva\":\"42.00000000\",\"total_localtax1\":\"0.00000000\",\"total_localtax2\":\"0.00000000\",\"total_ttc\":\"252.00000000\",\"info_bits\":\"0\"},\"8\":{\"multicurrency_code\":\"EUR\",\"multicurrency_total_ht\":\"210.00000000\",\"multicurrency_total_tva\":\"42.00000000\",\"multicurrency_total_ttc\":\"252.00000000\",\"ref\":\"BLONDE_PILSEN-75\",\"product_type\":\"0\",\"qty\":\"60\",\"tva_tx\":\"20.0000\",\"localtax1_tx\":\"0.0000\",\"localtax2_tx\":\"0.0000\",\"total_ht\":\"210.00000000\",\"total_tva\":\"42.00000000\",\"total_localtax1\":\"0.00000000\",\"total_localtax2\":\"0.00000000\",\"total_ttc\":\"252.00000000\",\"info_bits\":\"0\"},\"9\":{\"multicurrency_code\":\"EUR\",\"multicurrency_total_ht\":\"259.20000000\",\"multicurrency_total_tva\":\"51.84000000\",\"multicurrency_total_ttc\":\"311.04000000\",\"ref\":\"IPA-75\",\"product_type\":\"0\",\"qty\":\"72\",\"tva_tx\":\"20.0000\",\"localtax1_tx\":\"0.0000\",\"localtax2_tx\":\"0.0000\",\"total_ht\":\"259.20000000\",\"total_tva\":\"51.84000000\",\"total_localtax1\":\"0.00000000\",\"total_localtax2\":\"0.00000000\",\"total_ttc\":\"311.04000000\",\"info_bits\":\"0\"},\"10\":{\"multicurrency_code\":\"EUR\",\"multicurrency_total_ht\":\"133.20000000\",\"multicurrency_total_tva\":\"26.64000000\",\"multicurrency_total_ttc\":\"159.84000000\",\"ref\":\"BRUNE-75\",\"product_type\":\"0\",\"qty\":\"36\",\"tva_tx\":\"20.0000\",\"localtax1_tx\":\"0.0000\",\"localtax2_tx\":\"0.0000\",\"total_ht\":\"133.20000000\",\"total_tva\":\"26.64000000\",\"total_localtax1\":\"0.00000000\",\"total_localtax2\":\"0.00000000\",\"total_ttc\":\"159.84000000\",\"info_bits\":\"0\"},\"11\":{\"multicurrency_code\":\"EUR\",\"multicurrency_total_ht\":\"66.60000000\",\"multicurrency_total_tva\":\"13.32000000\",\"multicurrency_total_ttc\":\"79.92000000\",\"ref\":\"HIVER-75\",\"product_type\":\"0\",\"qty\":\"18\",\"tva_tx\":\"20.0000\",\"localtax1_tx\":\"0.0000\",\"localtax2_tx\":\"0.0000\",\"total_ht\":\"66.60000000\",\"total_tva\":\"13.32000000\",\"total_localtax1\":\"0.00000000\",\"total_localtax2\":\"0.00000000\",\"total_ttc\":\"79.92000000\",\"info_bits\":\"0\"}},\"type\":\"0\",\"ref\":\"FA2404-1024\"}','18',0),(27,1,'2024-04-11 10:05:16','2024-04-11 08:05:16','BILL_SENTBYMAIL',2566.80000000,'facture',2,'Laurence Juanchich',1967,'FA2404-1024','2024-04-05 00:00:00','e1e9921d035911ae115a4e292a454f0c6cbb56aba3e3e7c26fa48398177a9b4e','a91332f269bc6e41f411a1a31c743ecebf6cc508eb75b5b33ed9b20ddd4cf377','{\"thirdparty\":{\"name\":\"ECP France \\u2013 Domaine des Landes de Gascogne\",\"name_alias\":\"CARREFOUR EXPRESS\",\"email\":\"marie.verlinden@areas.com\",\"localtax1_value\":\"0.0000\",\"localtax2_value\":\"0.0000\",\"code_client\":\"CU2301-00287\",\"country_code\":\"FR\",\"state_code\":\"17\",\"address\":\"Carrefour Express \\u2013 CDPF 013607\\r\\nRoute de Saint Michel de Castelnau\",\"zip\":\"47700\",\"town\":\"BEAUZIAC\"},\"mycompany\":{\"name\":\"LA GRANGE\",\"phone\":\"0625542465\",\"email\":\"contact@bieres-lagrange.fr\",\"idprof1\":\"891403750\",\"idprof2\":\"89140375000013\",\"idprof3\":\"1105Z\",\"tva_intra\":\"FR26891403750\",\"localtax1_assuj\":0,\"localtax2_assuj\":0,\"managers\":\"Jouanchich Laurence\",\"forme_juridique_code\":\"0\",\"country_code\":\"FR\",\"address\":\"13 RUE DE L\'OUSSE\",\"zip\":\"64420\",\"town\":\"NOUSTY\"},\"date\":1712268000,\"total_ht\":\"2139.00000000\",\"total_tva\":\"427.80000000\",\"total_ttc\":\"2566.80000000\",\"revenuestamp\":\"0.00000000\",\"invoiceline\":{\"1\":{\"multicurrency_code\":\"EUR\",\"multicurrency_total_ht\":\"216.00000000\",\"multicurrency_total_tva\":\"43.20000000\",\"multicurrency_total_ttc\":\"259.20000000\",\"ref\":\"BLONDE_PALE_ALE-33\",\"product_type\":\"0\",\"qty\":\"120\",\"tva_tx\":\"20.0000\",\"localtax1_tx\":\"0.0000\",\"localtax2_tx\":\"0.0000\",\"total_ht\":\"216.00000000\",\"total_tva\":\"43.20000000\",\"total_localtax1\":\"0.00000000\",\"total_localtax2\":\"0.00000000\",\"total_ttc\":\"259.20000000\",\"info_bits\":\"0\"},\"2\":{\"multicurrency_code\":\"EUR\",\"multicurrency_total_ht\":\"216.00000000\",\"multicurrency_total_tva\":\"43.20000000\",\"multicurrency_total_ttc\":\"259.20000000\",\"ref\":\"AMBREE-33\",\"product_type\":\"0\",\"qty\":\"120\",\"tva_tx\":\"20.0000\",\"localtax1_tx\":\"0.0000\",\"localtax2_tx\":\"0.0000\",\"total_ht\":\"216.00000000\",\"total_tva\":\"43.20000000\",\"total_localtax1\":\"0.00000000\",\"total_localtax2\":\"0.00000000\",\"total_ttc\":\"259.20000000\",\"info_bits\":\"0\"},\"3\":{\"multicurrency_code\":\"EUR\",\"multicurrency_total_ht\":\"216.00000000\",\"multicurrency_total_tva\":\"43.20000000\",\"multicurrency_total_ttc\":\"259.20000000\",\"ref\":\"BLONDE_PILSEN-33\",\"product_type\":\"0\",\"qty\":\"120\",\"tva_tx\":\"20.0000\",\"localtax1_tx\":\"0.0000\",\"localtax2_tx\":\"0.0000\",\"total_ht\":\"216.00000000\",\"total_tva\":\"43.20000000\",\"total_localtax1\":\"0.00000000\",\"total_localtax2\":\"0.00000000\",\"total_ttc\":\"259.20000000\",\"info_bits\":\"0\"},\"4\":{\"multicurrency_code\":\"EUR\",\"multicurrency_total_ht\":\"310.80000000\",\"multicurrency_total_tva\":\"62.16000000\",\"multicurrency_total_ttc\":\"372.96000000\",\"ref\":\"IPA-33\",\"product_type\":\"0\",\"qty\":\"168\",\"tva_tx\":\"20.0000\",\"localtax1_tx\":\"0.0000\",\"localtax2_tx\":\"0.0000\",\"total_ht\":\"310.80000000\",\"total_tva\":\"62.16000000\",\"total_localtax1\":\"0.00000000\",\"total_localtax2\":\"0.00000000\",\"total_ttc\":\"372.96000000\",\"info_bits\":\"0\"},\"5\":{\"multicurrency_code\":\"EUR\",\"multicurrency_total_ht\":\"91.20000000\",\"multicurrency_total_tva\":\"18.24000000\",\"multicurrency_total_ttc\":\"109.44000000\",\"ref\":\"BRUNE-33\",\"product_type\":\"0\",\"qty\":\"48\",\"tva_tx\":\"20.0000\",\"localtax1_tx\":\"0.0000\",\"localtax2_tx\":\"0.0000\",\"total_ht\":\"91.20000000\",\"total_tva\":\"18.24000000\",\"total_localtax1\":\"0.00000000\",\"total_localtax2\":\"0.00000000\",\"total_ttc\":\"109.44000000\",\"info_bits\":\"0\"},\"6\":{\"multicurrency_code\":\"EUR\",\"multicurrency_total_ht\":\"210.00000000\",\"multicurrency_total_tva\":\"42.00000000\",\"multicurrency_total_ttc\":\"252.00000000\",\"ref\":\"BLONDE_PALE_ALE-75\",\"product_type\":\"0\",\"qty\":\"60\",\"tva_tx\":\"20.0000\",\"localtax1_tx\":\"0.0000\",\"localtax2_tx\":\"0.0000\",\"total_ht\":\"210.00000000\",\"total_tva\":\"42.00000000\",\"total_localtax1\":\"0.00000000\",\"total_localtax2\":\"0.00000000\",\"total_ttc\":\"252.00000000\",\"info_bits\":\"0\"},\"7\":{\"multicurrency_code\":\"EUR\",\"multicurrency_total_ht\":\"210.00000000\",\"multicurrency_total_tva\":\"42.00000000\",\"multicurrency_total_ttc\":\"252.00000000\",\"ref\":\"AMBREE-75\",\"product_type\":\"0\",\"qty\":\"60\",\"tva_tx\":\"20.0000\",\"localtax1_tx\":\"0.0000\",\"localtax2_tx\":\"0.0000\",\"total_ht\":\"210.00000000\",\"total_tva\":\"42.00000000\",\"total_localtax1\":\"0.00000000\",\"total_localtax2\":\"0.00000000\",\"total_ttc\":\"252.00000000\",\"info_bits\":\"0\"},\"8\":{\"multicurrency_code\":\"EUR\",\"multicurrency_total_ht\":\"210.00000000\",\"multicurrency_total_tva\":\"42.00000000\",\"multicurrency_total_ttc\":\"252.00000000\",\"ref\":\"BLONDE_PILSEN-75\",\"product_type\":\"0\",\"qty\":\"60\",\"tva_tx\":\"20.0000\",\"localtax1_tx\":\"0.0000\",\"localtax2_tx\":\"0.0000\",\"total_ht\":\"210.00000000\",\"total_tva\":\"42.00000000\",\"total_localtax1\":\"0.00000000\",\"total_localtax2\":\"0.00000000\",\"total_ttc\":\"252.00000000\",\"info_bits\":\"0\"},\"9\":{\"multicurrency_code\":\"EUR\",\"multicurrency_total_ht\":\"259.20000000\",\"multicurrency_total_tva\":\"51.84000000\",\"multicurrency_total_ttc\":\"311.04000000\",\"ref\":\"IPA-75\",\"product_type\":\"0\",\"qty\":\"72\",\"tva_tx\":\"20.0000\",\"localtax1_tx\":\"0.0000\",\"localtax2_tx\":\"0.0000\",\"total_ht\":\"259.20000000\",\"total_tva\":\"51.84000000\",\"total_localtax1\":\"0.00000000\",\"total_localtax2\":\"0.00000000\",\"total_ttc\":\"311.04000000\",\"info_bits\":\"0\"},\"10\":{\"multicurrency_code\":\"EUR\",\"multicurrency_total_ht\":\"133.20000000\",\"multicurrency_total_tva\":\"26.64000000\",\"multicurrency_total_ttc\":\"159.84000000\",\"ref\":\"BRUNE-75\",\"product_type\":\"0\",\"qty\":\"36\",\"tva_tx\":\"20.0000\",\"localtax1_tx\":\"0.0000\",\"localtax2_tx\":\"0.0000\",\"total_ht\":\"133.20000000\",\"total_tva\":\"26.64000000\",\"total_localtax1\":\"0.00000000\",\"total_localtax2\":\"0.00000000\",\"total_ttc\":\"159.84000000\",\"info_bits\":\"0\"},\"11\":{\"multicurrency_code\":\"EUR\",\"multicurrency_total_ht\":\"66.60000000\",\"multicurrency_total_tva\":\"13.32000000\",\"multicurrency_total_ttc\":\"79.92000000\",\"ref\":\"HIVER-75\",\"product_type\":\"0\",\"qty\":\"18\",\"tva_tx\":\"20.0000\",\"localtax1_tx\":\"0.0000\",\"localtax2_tx\":\"0.0000\",\"total_ht\":\"66.60000000\",\"total_tva\":\"13.32000000\",\"total_localtax1\":\"0.00000000\",\"total_localtax2\":\"0.00000000\",\"total_ttc\":\"79.92000000\",\"info_bits\":\"0\"}},\"type\":\"0\",\"ref\":\"FA2404-1024\"}','18',0),(28,1,'2024-04-11 10:05:53','2024-04-11 08:05:53','BILL_VALIDATE',469.44000000,'facture',2,'Laurence Juanchich',1970,'FA2404-1025','2024-04-08 00:00:00','f53b0268dca9267c54f4f54cef0b4de24f6e0d7167ab5d1cd546a9c49deb23a7','d20a60f23ad9e57c24fe083facd0139cee6f4c03eccaa7378b2f324ed6e646b5','{\"thirdparty\":{\"name\":\"SUPER U GAN I SODIGAN\",\"phone\":\"0559216545\",\"email\":\"superu.gan.administratif@systeme-u.fr\",\"localtax1_value\":\"0.0000\",\"localtax2_value\":\"0.0000\",\"code_client\":\"CU2303-00433\",\"country_code\":\"FR\",\"state_code\":\"33\",\"address\":\"123 Rue d\'Ossau\",\"zip\":\"64290\",\"town\":\"GAN\"},\"mycompany\":{\"name\":\"LA GRANGE\",\"phone\":\"0625542465\",\"email\":\"contact@bieres-lagrange.fr\",\"idprof1\":\"891403750\",\"idprof2\":\"89140375000013\",\"idprof3\":\"1105Z\",\"tva_intra\":\"FR26891403750\",\"localtax1_assuj\":0,\"localtax2_assuj\":0,\"managers\":\"Jouanchich Laurence\",\"forme_juridique_code\":\"0\",\"country_code\":\"FR\",\"address\":\"13 RUE DE L\'OUSSE\",\"zip\":\"64420\",\"town\":\"NOUSTY\"},\"date\":1712527200,\"total_ht\":391.2,\"total_tva\":78.24,\"total_ttc\":469.44,\"revenuestamp\":\"0.00000000\",\"invoiceline\":{\"1\":{\"multicurrency_code\":\"EUR\",\"multicurrency_total_ht\":\"43.20000000\",\"multicurrency_total_tva\":\"8.64000000\",\"multicurrency_total_ttc\":\"51.84000000\",\"ref\":\"BLONDE_PALE_ALE-33\",\"product_type\":\"0\",\"qty\":\"24\",\"tva_tx\":\"20.0000\",\"localtax1_tx\":\"0.0000\",\"localtax2_tx\":\"0.0000\",\"total_ht\":\"43.20000000\",\"total_tva\":\"8.64000000\",\"total_localtax1\":\"0.00000000\",\"total_localtax2\":\"0.00000000\",\"total_ttc\":\"51.84000000\",\"info_bits\":\"0\"},\"2\":{\"multicurrency_code\":\"EUR\",\"multicurrency_total_ht\":\"43.20000000\",\"multicurrency_total_tva\":\"8.64000000\",\"multicurrency_total_ttc\":\"51.84000000\",\"ref\":\"AMBREE-33\",\"product_type\":\"0\",\"qty\":\"24\",\"tva_tx\":\"20.0000\",\"localtax1_tx\":\"0.0000\",\"localtax2_tx\":\"0.0000\",\"total_ht\":\"43.20000000\",\"total_tva\":\"8.64000000\",\"total_localtax1\":\"0.00000000\",\"total_localtax2\":\"0.00000000\",\"total_ttc\":\"51.84000000\",\"info_bits\":\"0\"},\"3\":{\"multicurrency_code\":\"EUR\",\"multicurrency_total_ht\":\"45.60000000\",\"multicurrency_total_tva\":\"9.12000000\",\"multicurrency_total_ttc\":\"54.72000000\",\"ref\":\"BRUNE-33\",\"product_type\":\"0\",\"qty\":\"24\",\"tva_tx\":\"20.0000\",\"localtax1_tx\":\"0.0000\",\"localtax2_tx\":\"0.0000\",\"total_ht\":\"45.60000000\",\"total_tva\":\"9.12000000\",\"total_localtax1\":\"0.00000000\",\"total_localtax2\":\"0.00000000\",\"total_ttc\":\"54.72000000\",\"info_bits\":\"0\"},\"4\":{\"multicurrency_code\":\"EUR\",\"multicurrency_total_ht\":\"43.20000000\",\"multicurrency_total_tva\":\"8.64000000\",\"multicurrency_total_ttc\":\"51.84000000\",\"ref\":\"BLONDE_PILSEN-33\",\"product_type\":\"0\",\"qty\":\"24\",\"tva_tx\":\"20.0000\",\"localtax1_tx\":\"0.0000\",\"localtax2_tx\":\"0.0000\",\"total_ht\":\"43.20000000\",\"total_tva\":\"8.64000000\",\"total_localtax1\":\"0.00000000\",\"total_localtax2\":\"0.00000000\",\"total_ttc\":\"51.84000000\",\"info_bits\":\"0\"},\"5\":{\"multicurrency_code\":\"EUR\",\"multicurrency_total_ht\":\"88.80000000\",\"multicurrency_total_tva\":\"17.76000000\",\"multicurrency_total_ttc\":\"106.56000000\",\"ref\":\"IPA-33\",\"product_type\":\"0\",\"qty\":\"48\",\"tva_tx\":\"20.0000\",\"localtax1_tx\":\"0.0000\",\"localtax2_tx\":\"0.0000\",\"total_ht\":\"88.80000000\",\"total_tva\":\"17.76000000\",\"total_localtax1\":\"0.00000000\",\"total_localtax2\":\"0.00000000\",\"total_ttc\":\"106.56000000\",\"info_bits\":\"0\"},\"6\":{\"multicurrency_code\":\"EUR\",\"multicurrency_total_ht\":\"42.00000000\",\"multicurrency_total_tva\":\"8.40000000\",\"multicurrency_total_ttc\":\"50.40000000\",\"ref\":\"BLONDE_PALE_ALE-75\",\"product_type\":\"0\",\"qty\":\"12\",\"tva_tx\":\"20.0000\",\"localtax1_tx\":\"0.0000\",\"localtax2_tx\":\"0.0000\",\"total_ht\":\"42.00000000\",\"total_tva\":\"8.40000000\",\"total_localtax1\":\"0.00000000\",\"total_localtax2\":\"0.00000000\",\"total_ttc\":\"50.40000000\",\"info_bits\":\"0\"},\"7\":{\"multicurrency_code\":\"EUR\",\"multicurrency_total_ht\":\"42.00000000\",\"multicurrency_total_tva\":\"8.40000000\",\"multicurrency_total_ttc\":\"50.40000000\",\"ref\":\"BLONDE_PILSEN-75\",\"product_type\":\"0\",\"qty\":\"12\",\"tva_tx\":\"20.0000\",\"localtax1_tx\":\"0.0000\",\"localtax2_tx\":\"0.0000\",\"total_ht\":\"42.00000000\",\"total_tva\":\"8.40000000\",\"total_localtax1\":\"0.00000000\",\"total_localtax2\":\"0.00000000\",\"total_ttc\":\"50.40000000\",\"info_bits\":\"0\"},\"8\":{\"multicurrency_code\":\"EUR\",\"multicurrency_total_ht\":\"43.20000000\",\"multicurrency_total_tva\":\"8.64000000\",\"multicurrency_total_ttc\":\"51.84000000\",\"ref\":\"IPA-75\",\"product_type\":\"0\",\"qty\":\"12\",\"tva_tx\":\"20.0000\",\"localtax1_tx\":\"0.0000\",\"localtax2_tx\":\"0.0000\",\"total_ht\":\"43.20000000\",\"total_tva\":\"8.64000000\",\"total_localtax1\":\"0.00000000\",\"total_localtax2\":\"0.00000000\",\"total_ttc\":\"51.84000000\",\"info_bits\":\"0\"}},\"type\":\"0\",\"ref\":\"FA2404-1025\"}','18',0),(29,1,'2024-04-11 10:05:55','2024-04-11 08:05:55','DOC_DOWNLOAD',469.44000000,'facture',2,'Laurence Juanchich',1970,'FA2404-1025','2024-04-08 00:00:00','0c7b1e8f2b73ddc8a5e99563fc3b7ec9750f567a00760efd98f1b8722e00a4f7','5a0c907949ae7d481f6aef034a2925d7cb6fda83d0509cda65d96f999660fb17','{\"thirdparty\":{\"name\":\"SUPER U GAN I SODIGAN\",\"phone\":\"0559216545\",\"email\":\"superu.gan.administratif@systeme-u.fr\",\"localtax1_value\":\"0.0000\",\"localtax2_value\":\"0.0000\",\"code_client\":\"CU2303-00433\",\"country_code\":\"FR\",\"state_code\":\"33\",\"address\":\"123 Rue d\'Ossau\",\"zip\":\"64290\",\"town\":\"GAN\"},\"mycompany\":{\"name\":\"LA GRANGE\",\"phone\":\"0625542465\",\"email\":\"contact@bieres-lagrange.fr\",\"idprof1\":\"891403750\",\"idprof2\":\"89140375000013\",\"idprof3\":\"1105Z\",\"tva_intra\":\"FR26891403750\",\"localtax1_assuj\":0,\"localtax2_assuj\":0,\"managers\":\"Jouanchich Laurence\",\"forme_juridique_code\":\"0\",\"country_code\":\"FR\",\"address\":\"13 RUE DE L\'OUSSE\",\"zip\":\"64420\",\"town\":\"NOUSTY\"},\"date\":1712527200,\"total_ht\":\"391.20000000\",\"total_tva\":\"78.24000000\",\"total_ttc\":\"469.44000000\",\"revenuestamp\":\"0.00000000\",\"invoiceline\":{\"1\":{\"multicurrency_code\":\"EUR\",\"multicurrency_total_ht\":\"43.20000000\",\"multicurrency_total_tva\":\"8.64000000\",\"multicurrency_total_ttc\":\"51.84000000\",\"ref\":\"BLONDE_PALE_ALE-33\",\"product_type\":\"0\",\"qty\":\"24\",\"tva_tx\":\"20.0000\",\"localtax1_tx\":\"0.0000\",\"localtax2_tx\":\"0.0000\",\"total_ht\":\"43.20000000\",\"total_tva\":\"8.64000000\",\"total_localtax1\":\"0.00000000\",\"total_localtax2\":\"0.00000000\",\"total_ttc\":\"51.84000000\",\"info_bits\":\"0\"},\"2\":{\"multicurrency_code\":\"EUR\",\"multicurrency_total_ht\":\"43.20000000\",\"multicurrency_total_tva\":\"8.64000000\",\"multicurrency_total_ttc\":\"51.84000000\",\"ref\":\"AMBREE-33\",\"product_type\":\"0\",\"qty\":\"24\",\"tva_tx\":\"20.0000\",\"localtax1_tx\":\"0.0000\",\"localtax2_tx\":\"0.0000\",\"total_ht\":\"43.20000000\",\"total_tva\":\"8.64000000\",\"total_localtax1\":\"0.00000000\",\"total_localtax2\":\"0.00000000\",\"total_ttc\":\"51.84000000\",\"info_bits\":\"0\"},\"3\":{\"multicurrency_code\":\"EUR\",\"multicurrency_total_ht\":\"45.60000000\",\"multicurrency_total_tva\":\"9.12000000\",\"multicurrency_total_ttc\":\"54.72000000\",\"ref\":\"BRUNE-33\",\"product_type\":\"0\",\"qty\":\"24\",\"tva_tx\":\"20.0000\",\"localtax1_tx\":\"0.0000\",\"localtax2_tx\":\"0.0000\",\"total_ht\":\"45.60000000\",\"total_tva\":\"9.12000000\",\"total_localtax1\":\"0.00000000\",\"total_localtax2\":\"0.00000000\",\"total_ttc\":\"54.72000000\",\"info_bits\":\"0\"},\"4\":{\"multicurrency_code\":\"EUR\",\"multicurrency_total_ht\":\"43.20000000\",\"multicurrency_total_tva\":\"8.64000000\",\"multicurrency_total_ttc\":\"51.84000000\",\"ref\":\"BLONDE_PILSEN-33\",\"product_type\":\"0\",\"qty\":\"24\",\"tva_tx\":\"20.0000\",\"localtax1_tx\":\"0.0000\",\"localtax2_tx\":\"0.0000\",\"total_ht\":\"43.20000000\",\"total_tva\":\"8.64000000\",\"total_localtax1\":\"0.00000000\",\"total_localtax2\":\"0.00000000\",\"total_ttc\":\"51.84000000\",\"info_bits\":\"0\"},\"5\":{\"multicurrency_code\":\"EUR\",\"multicurrency_total_ht\":\"88.80000000\",\"multicurrency_total_tva\":\"17.76000000\",\"multicurrency_total_ttc\":\"106.56000000\",\"ref\":\"IPA-33\",\"product_type\":\"0\",\"qty\":\"48\",\"tva_tx\":\"20.0000\",\"localtax1_tx\":\"0.0000\",\"localtax2_tx\":\"0.0000\",\"total_ht\":\"88.80000000\",\"total_tva\":\"17.76000000\",\"total_localtax1\":\"0.00000000\",\"total_localtax2\":\"0.00000000\",\"total_ttc\":\"106.56000000\",\"info_bits\":\"0\"},\"6\":{\"multicurrency_code\":\"EUR\",\"multicurrency_total_ht\":\"42.00000000\",\"multicurrency_total_tva\":\"8.40000000\",\"multicurrency_total_ttc\":\"50.40000000\",\"ref\":\"BLONDE_PALE_ALE-75\",\"product_type\":\"0\",\"qty\":\"12\",\"tva_tx\":\"20.0000\",\"localtax1_tx\":\"0.0000\",\"localtax2_tx\":\"0.0000\",\"total_ht\":\"42.00000000\",\"total_tva\":\"8.40000000\",\"total_localtax1\":\"0.00000000\",\"total_localtax2\":\"0.00000000\",\"total_ttc\":\"50.40000000\",\"info_bits\":\"0\"},\"7\":{\"multicurrency_code\":\"EUR\",\"multicurrency_total_ht\":\"42.00000000\",\"multicurrency_total_tva\":\"8.40000000\",\"multicurrency_total_ttc\":\"50.40000000\",\"ref\":\"BLONDE_PILSEN-75\",\"product_type\":\"0\",\"qty\":\"12\",\"tva_tx\":\"20.0000\",\"localtax1_tx\":\"0.0000\",\"localtax2_tx\":\"0.0000\",\"total_ht\":\"42.00000000\",\"total_tva\":\"8.40000000\",\"total_localtax1\":\"0.00000000\",\"total_localtax2\":\"0.00000000\",\"total_ttc\":\"50.40000000\",\"info_bits\":\"0\"},\"8\":{\"multicurrency_code\":\"EUR\",\"multicurrency_total_ht\":\"43.20000000\",\"multicurrency_total_tva\":\"8.64000000\",\"multicurrency_total_ttc\":\"51.84000000\",\"ref\":\"IPA-75\",\"product_type\":\"0\",\"qty\":\"12\",\"tva_tx\":\"20.0000\",\"localtax1_tx\":\"0.0000\",\"localtax2_tx\":\"0.0000\",\"total_ht\":\"43.20000000\",\"total_tva\":\"8.64000000\",\"total_localtax1\":\"0.00000000\",\"total_localtax2\":\"0.00000000\",\"total_ttc\":\"51.84000000\",\"info_bits\":\"0\"}},\"type\":\"0\",\"ref\":\"FA2404-1025\"}','18',0),(30,1,'2024-04-11 10:09:23','2024-04-11 08:09:23','BILL_SENTBYMAIL',469.44000000,'facture',2,'Laurence Juanchich',1970,'FA2404-1025','2024-04-08 00:00:00','5f1acb32570451503027fc0c8c41c87cce6cfc86db4707a47a019c926a1cfea0','287037f71effb5545734983ef654008f3457ee8716a5867c12440fc409f0c5f6','{\"thirdparty\":{\"name\":\"SUPER U GAN I SODIGAN\",\"phone\":\"0559216545\",\"email\":\"superu.gan.administratif@systeme-u.fr\",\"localtax1_value\":\"0.0000\",\"localtax2_value\":\"0.0000\",\"code_client\":\"CU2303-00433\",\"country_code\":\"FR\",\"state_code\":\"33\",\"address\":\"123 Rue d\'Ossau\",\"zip\":\"64290\",\"town\":\"GAN\"},\"mycompany\":{\"name\":\"LA GRANGE\",\"phone\":\"0625542465\",\"email\":\"contact@bieres-lagrange.fr\",\"idprof1\":\"891403750\",\"idprof2\":\"89140375000013\",\"idprof3\":\"1105Z\",\"tva_intra\":\"FR26891403750\",\"localtax1_assuj\":0,\"localtax2_assuj\":0,\"managers\":\"Jouanchich Laurence\",\"forme_juridique_code\":\"0\",\"country_code\":\"FR\",\"address\":\"13 RUE DE L\'OUSSE\",\"zip\":\"64420\",\"town\":\"NOUSTY\"},\"date\":1712527200,\"total_ht\":\"391.20000000\",\"total_tva\":\"78.24000000\",\"total_ttc\":\"469.44000000\",\"revenuestamp\":\"0.00000000\",\"invoiceline\":{\"1\":{\"multicurrency_code\":\"EUR\",\"multicurrency_total_ht\":\"43.20000000\",\"multicurrency_total_tva\":\"8.64000000\",\"multicurrency_total_ttc\":\"51.84000000\",\"ref\":\"BLONDE_PALE_ALE-33\",\"product_type\":\"0\",\"qty\":\"24\",\"tva_tx\":\"20.0000\",\"localtax1_tx\":\"0.0000\",\"localtax2_tx\":\"0.0000\",\"total_ht\":\"43.20000000\",\"total_tva\":\"8.64000000\",\"total_localtax1\":\"0.00000000\",\"total_localtax2\":\"0.00000000\",\"total_ttc\":\"51.84000000\",\"info_bits\":\"0\"},\"2\":{\"multicurrency_code\":\"EUR\",\"multicurrency_total_ht\":\"43.20000000\",\"multicurrency_total_tva\":\"8.64000000\",\"multicurrency_total_ttc\":\"51.84000000\",\"ref\":\"AMBREE-33\",\"product_type\":\"0\",\"qty\":\"24\",\"tva_tx\":\"20.0000\",\"localtax1_tx\":\"0.0000\",\"localtax2_tx\":\"0.0000\",\"total_ht\":\"43.20000000\",\"total_tva\":\"8.64000000\",\"total_localtax1\":\"0.00000000\",\"total_localtax2\":\"0.00000000\",\"total_ttc\":\"51.84000000\",\"info_bits\":\"0\"},\"3\":{\"multicurrency_code\":\"EUR\",\"multicurrency_total_ht\":\"45.60000000\",\"multicurrency_total_tva\":\"9.12000000\",\"multicurrency_total_ttc\":\"54.72000000\",\"ref\":\"BRUNE-33\",\"product_type\":\"0\",\"qty\":\"24\",\"tva_tx\":\"20.0000\",\"localtax1_tx\":\"0.0000\",\"localtax2_tx\":\"0.0000\",\"total_ht\":\"45.60000000\",\"total_tva\":\"9.12000000\",\"total_localtax1\":\"0.00000000\",\"total_localtax2\":\"0.00000000\",\"total_ttc\":\"54.72000000\",\"info_bits\":\"0\"},\"4\":{\"multicurrency_code\":\"EUR\",\"multicurrency_total_ht\":\"43.20000000\",\"multicurrency_total_tva\":\"8.64000000\",\"multicurrency_total_ttc\":\"51.84000000\",\"ref\":\"BLONDE_PILSEN-33\",\"product_type\":\"0\",\"qty\":\"24\",\"tva_tx\":\"20.0000\",\"localtax1_tx\":\"0.0000\",\"localtax2_tx\":\"0.0000\",\"total_ht\":\"43.20000000\",\"total_tva\":\"8.64000000\",\"total_localtax1\":\"0.00000000\",\"total_localtax2\":\"0.00000000\",\"total_ttc\":\"51.84000000\",\"info_bits\":\"0\"},\"5\":{\"multicurrency_code\":\"EUR\",\"multicurrency_total_ht\":\"88.80000000\",\"multicurrency_total_tva\":\"17.76000000\",\"multicurrency_total_ttc\":\"106.56000000\",\"ref\":\"IPA-33\",\"product_type\":\"0\",\"qty\":\"48\",\"tva_tx\":\"20.0000\",\"localtax1_tx\":\"0.0000\",\"localtax2_tx\":\"0.0000\",\"total_ht\":\"88.80000000\",\"total_tva\":\"17.76000000\",\"total_localtax1\":\"0.00000000\",\"total_localtax2\":\"0.00000000\",\"total_ttc\":\"106.56000000\",\"info_bits\":\"0\"},\"6\":{\"multicurrency_code\":\"EUR\",\"multicurrency_total_ht\":\"42.00000000\",\"multicurrency_total_tva\":\"8.40000000\",\"multicurrency_total_ttc\":\"50.40000000\",\"ref\":\"BLONDE_PALE_ALE-75\",\"product_type\":\"0\",\"qty\":\"12\",\"tva_tx\":\"20.0000\",\"localtax1_tx\":\"0.0000\",\"localtax2_tx\":\"0.0000\",\"total_ht\":\"42.00000000\",\"total_tva\":\"8.40000000\",\"total_localtax1\":\"0.00000000\",\"total_localtax2\":\"0.00000000\",\"total_ttc\":\"50.40000000\",\"info_bits\":\"0\"},\"7\":{\"multicurrency_code\":\"EUR\",\"multicurrency_total_ht\":\"42.00000000\",\"multicurrency_total_tva\":\"8.40000000\",\"multicurrency_total_ttc\":\"50.40000000\",\"ref\":\"BLONDE_PILSEN-75\",\"product_type\":\"0\",\"qty\":\"12\",\"tva_tx\":\"20.0000\",\"localtax1_tx\":\"0.0000\",\"localtax2_tx\":\"0.0000\",\"total_ht\":\"42.00000000\",\"total_tva\":\"8.40000000\",\"total_localtax1\":\"0.00000000\",\"total_localtax2\":\"0.00000000\",\"total_ttc\":\"50.40000000\",\"info_bits\":\"0\"},\"8\":{\"multicurrency_code\":\"EUR\",\"multicurrency_total_ht\":\"43.20000000\",\"multicurrency_total_tva\":\"8.64000000\",\"multicurrency_total_ttc\":\"51.84000000\",\"ref\":\"IPA-75\",\"product_type\":\"0\",\"qty\":\"12\",\"tva_tx\":\"20.0000\",\"localtax1_tx\":\"0.0000\",\"localtax2_tx\":\"0.0000\",\"total_ht\":\"43.20000000\",\"total_tva\":\"8.64000000\",\"total_localtax1\":\"0.00000000\",\"total_localtax2\":\"0.00000000\",\"total_ttc\":\"51.84000000\",\"info_bits\":\"0\"}},\"type\":\"0\",\"ref\":\"FA2404-1025\"}','18',0),(31,1,'2024-04-11 10:09:39','2024-04-11 08:09:39','BILL_VALIDATE',158.40000000,'facture',2,'Laurence Juanchich',1971,'FA2404-1026','2024-04-10 00:00:00','867ce8306ff93b560112583b6268f6e96b16a445290fe4a419606d8998cc6bea','d40896c1fafe2a1451cf46a0d28e1585c9af35ea821910dd6efca82fdc0363c3','{\"thirdparty\":{\"name\":\"LECLERC PAU UNIVERSITE I UNIVERDIS\",\"email\":\"celine.garces@pau.leclerc\",\"localtax1_value\":\"0.0000\",\"localtax2_value\":\"0.0000\",\"code_client\":\"CU2212-00145\",\"country_code\":\"FR\",\"state_code\":\"33\",\"address\":\"2 Avenue Louis Sallenave\",\"zip\":\"64000\",\"town\":\"PAU\"},\"mycompany\":{\"name\":\"LA GRANGE\",\"phone\":\"0625542465\",\"email\":\"contact@bieres-lagrange.fr\",\"idprof1\":\"891403750\",\"idprof2\":\"89140375000013\",\"idprof3\":\"1105Z\",\"tva_intra\":\"FR26891403750\",\"localtax1_assuj\":0,\"localtax2_assuj\":0,\"managers\":\"Jouanchich Laurence\",\"forme_juridique_code\":\"0\",\"country_code\":\"FR\",\"address\":\"13 RUE DE L\'OUSSE\",\"zip\":\"64420\",\"town\":\"NOUSTY\"},\"date\":1712700000,\"total_ht\":132,\"total_tva\":26.4,\"total_ttc\":158.4,\"revenuestamp\":\"0.00000000\",\"invoiceline\":{\"1\":{\"multicurrency_code\":\"EUR\",\"multicurrency_total_ht\":\"88.80000000\",\"multicurrency_total_tva\":\"17.76000000\",\"multicurrency_total_ttc\":\"106.56000000\",\"ref\":\"IPA-33\",\"product_type\":\"0\",\"qty\":\"48\",\"tva_tx\":\"20.0000\",\"localtax1_tx\":\"0.0000\",\"localtax2_tx\":\"0.0000\",\"total_ht\":\"88.80000000\",\"total_tva\":\"17.76000000\",\"total_localtax1\":\"0.00000000\",\"total_localtax2\":\"0.00000000\",\"total_ttc\":\"106.56000000\",\"info_bits\":\"0\"},\"2\":{\"multicurrency_code\":\"EUR\",\"multicurrency_total_ht\":\"43.20000000\",\"multicurrency_total_tva\":\"8.64000000\",\"multicurrency_total_ttc\":\"51.84000000\",\"ref\":\"IPA-75\",\"product_type\":\"0\",\"qty\":\"12\",\"tva_tx\":\"20.0000\",\"localtax1_tx\":\"0.0000\",\"localtax2_tx\":\"0.0000\",\"total_ht\":\"43.20000000\",\"total_tva\":\"8.64000000\",\"total_localtax1\":\"0.00000000\",\"total_localtax2\":\"0.00000000\",\"total_ttc\":\"51.84000000\",\"info_bits\":\"0\"}},\"type\":\"0\",\"ref\":\"FA2404-1026\"}','18',0),(32,1,'2024-04-11 10:09:42','2024-04-11 08:09:42','DOC_DOWNLOAD',158.40000000,'facture',2,'Laurence Juanchich',1971,'FA2404-1026','2024-04-10 00:00:00','d77dfc5276dc6248e6e5d5a3a3a2c20280c6cd668b9c0f3e4ec4db288455f4b9','3299df98d954634890ea18f55052b2dae9cff17a785ae6ece0d3ffa29efbe8f7','{\"thirdparty\":{\"name\":\"LECLERC PAU UNIVERSITE I UNIVERDIS\",\"email\":\"celine.garces@pau.leclerc\",\"localtax1_value\":\"0.0000\",\"localtax2_value\":\"0.0000\",\"code_client\":\"CU2212-00145\",\"country_code\":\"FR\",\"state_code\":\"33\",\"address\":\"2 Avenue Louis Sallenave\",\"zip\":\"64000\",\"town\":\"PAU\"},\"mycompany\":{\"name\":\"LA GRANGE\",\"phone\":\"0625542465\",\"email\":\"contact@bieres-lagrange.fr\",\"idprof1\":\"891403750\",\"idprof2\":\"89140375000013\",\"idprof3\":\"1105Z\",\"tva_intra\":\"FR26891403750\",\"localtax1_assuj\":0,\"localtax2_assuj\":0,\"managers\":\"Jouanchich Laurence\",\"forme_juridique_code\":\"0\",\"country_code\":\"FR\",\"address\":\"13 RUE DE L\'OUSSE\",\"zip\":\"64420\",\"town\":\"NOUSTY\"},\"date\":1712700000,\"total_ht\":\"132.00000000\",\"total_tva\":\"26.40000000\",\"total_ttc\":\"158.40000000\",\"revenuestamp\":\"0.00000000\",\"invoiceline\":{\"1\":{\"multicurrency_code\":\"EUR\",\"multicurrency_total_ht\":\"88.80000000\",\"multicurrency_total_tva\":\"17.76000000\",\"multicurrency_total_ttc\":\"106.56000000\",\"ref\":\"IPA-33\",\"product_type\":\"0\",\"qty\":\"48\",\"tva_tx\":\"20.0000\",\"localtax1_tx\":\"0.0000\",\"localtax2_tx\":\"0.0000\",\"total_ht\":\"88.80000000\",\"total_tva\":\"17.76000000\",\"total_localtax1\":\"0.00000000\",\"total_localtax2\":\"0.00000000\",\"total_ttc\":\"106.56000000\",\"info_bits\":\"0\"},\"2\":{\"multicurrency_code\":\"EUR\",\"multicurrency_total_ht\":\"43.20000000\",\"multicurrency_total_tva\":\"8.64000000\",\"multicurrency_total_ttc\":\"51.84000000\",\"ref\":\"IPA-75\",\"product_type\":\"0\",\"qty\":\"12\",\"tva_tx\":\"20.0000\",\"localtax1_tx\":\"0.0000\",\"localtax2_tx\":\"0.0000\",\"total_ht\":\"43.20000000\",\"total_tva\":\"8.64000000\",\"total_localtax1\":\"0.00000000\",\"total_localtax2\":\"0.00000000\",\"total_ttc\":\"51.84000000\",\"info_bits\":\"0\"}},\"type\":\"0\",\"ref\":\"FA2404-1026\"}','18',0),(33,1,'2024-04-11 10:12:02','2024-04-11 08:12:02','BILL_SENTBYMAIL',158.40000000,'facture',2,'Laurence Juanchich',1971,'FA2404-1026','2024-04-10 00:00:00','e4010030b580d952a36dee2d87ce998ff7aa2fca6eb6426ff708b28cdde4b008','0f2fa6e08cc99346bb3da923a137d8cb5bc26a93e34ac20ca150912582e9b35e','{\"thirdparty\":{\"name\":\"LECLERC PAU UNIVERSITE I UNIVERDIS\",\"email\":\"celine.garces@pau.leclerc\",\"localtax1_value\":\"0.0000\",\"localtax2_value\":\"0.0000\",\"code_client\":\"CU2212-00145\",\"country_code\":\"FR\",\"state_code\":\"33\",\"address\":\"2 Avenue Louis Sallenave\",\"zip\":\"64000\",\"town\":\"PAU\"},\"mycompany\":{\"name\":\"LA GRANGE\",\"phone\":\"0625542465\",\"email\":\"contact@bieres-lagrange.fr\",\"idprof1\":\"891403750\",\"idprof2\":\"89140375000013\",\"idprof3\":\"1105Z\",\"tva_intra\":\"FR26891403750\",\"localtax1_assuj\":0,\"localtax2_assuj\":0,\"managers\":\"Jouanchich Laurence\",\"forme_juridique_code\":\"0\",\"country_code\":\"FR\",\"address\":\"13 RUE DE L\'OUSSE\",\"zip\":\"64420\",\"town\":\"NOUSTY\"},\"date\":1712700000,\"total_ht\":\"132.00000000\",\"total_tva\":\"26.40000000\",\"total_ttc\":\"158.40000000\",\"revenuestamp\":\"0.00000000\",\"invoiceline\":{\"1\":{\"multicurrency_code\":\"EUR\",\"multicurrency_total_ht\":\"88.80000000\",\"multicurrency_total_tva\":\"17.76000000\",\"multicurrency_total_ttc\":\"106.56000000\",\"ref\":\"IPA-33\",\"product_type\":\"0\",\"qty\":\"48\",\"tva_tx\":\"20.0000\",\"localtax1_tx\":\"0.0000\",\"localtax2_tx\":\"0.0000\",\"total_ht\":\"88.80000000\",\"total_tva\":\"17.76000000\",\"total_localtax1\":\"0.00000000\",\"total_localtax2\":\"0.00000000\",\"total_ttc\":\"106.56000000\",\"info_bits\":\"0\"},\"2\":{\"multicurrency_code\":\"EUR\",\"multicurrency_total_ht\":\"43.20000000\",\"multicurrency_total_tva\":\"8.64000000\",\"multicurrency_total_ttc\":\"51.84000000\",\"ref\":\"IPA-75\",\"product_type\":\"0\",\"qty\":\"12\",\"tva_tx\":\"20.0000\",\"localtax1_tx\":\"0.0000\",\"localtax2_tx\":\"0.0000\",\"total_ht\":\"43.20000000\",\"total_tva\":\"8.64000000\",\"total_localtax1\":\"0.00000000\",\"total_localtax2\":\"0.00000000\",\"total_ttc\":\"51.84000000\",\"info_bits\":\"0\"}},\"type\":\"0\",\"ref\":\"FA2404-1026\"}','18',0),(34,1,'2024-04-11 15:45:37','2024-04-11 13:45:37','BILL_VALIDATE',331.78000000,'facture',2,'Laurence Juanchich',1974,'FA2404-1027','2024-04-11 00:00:00','7ae1299ce4aa5a36bc171d158b7b8c224cfbb4a018f0b72c86a43adeeb0cd25a','2ac8188d071cbcbbbdb7ae357ce6585640207e92b0b27f30eab7c5fa07eabc0c','{\"thirdparty\":{\"name\":\"Belharra food&wine\",\"name_alias\":\"William\",\"phone\":\"0670225897\",\"email\":\"dlh.foodwine@gmail.com\",\"localtax1_value\":\"0.0000\",\"localtax2_value\":\"0.0000\",\"code_client\":\"CU2404-00554\",\"country_code\":\"FR\",\"address\":\"252 route d\'herauritz\",\"zip\":\"64480\",\"town\":\"Ustaritz\"},\"mycompany\":{\"name\":\"LA GRANGE\",\"phone\":\"0625542465\",\"email\":\"contact@bieres-lagrange.fr\",\"idprof1\":\"891403750\",\"idprof2\":\"89140375000013\",\"idprof3\":\"1105Z\",\"tva_intra\":\"FR26891403750\",\"localtax1_assuj\":0,\"localtax2_assuj\":0,\"managers\":\"Jouanchich Laurence\",\"forme_juridique_code\":\"0\",\"country_code\":\"FR\",\"address\":\"13 RUE DE L\'OUSSE\",\"zip\":\"64420\",\"town\":\"NOUSTY\"},\"date\":1712786400,\"total_ht\":276.48,\"total_tva\":55.3,\"total_ttc\":331.78,\"revenuestamp\":\"0.00000000\",\"invoiceline\":{\"1\":{\"multicurrency_code\":\"EUR\",\"multicurrency_total_ht\":\"276.48000000\",\"multicurrency_total_tva\":\"55.30000000\",\"multicurrency_total_ttc\":\"331.78000000\",\"ref\":\"Lili_BLONDE_PALE_ALE-33\",\"product_type\":\"0\",\"qty\":\"144\",\"tva_tx\":\"20.0000\",\"localtax1_tx\":\"0.0000\",\"localtax2_tx\":\"0.0000\",\"total_ht\":\"276.48000000\",\"total_tva\":\"55.30000000\",\"total_localtax1\":\"0.00000000\",\"total_localtax2\":\"0.00000000\",\"total_ttc\":\"331.78000000\",\"info_bits\":\"0\"}},\"type\":\"0\",\"ref\":\"FA2404-1027\"}','18',0),(35,1,'2024-04-11 15:45:40','2024-04-11 13:45:40','DOC_DOWNLOAD',331.78000000,'facture',2,'Laurence Juanchich',1974,'FA2404-1027','2024-04-11 00:00:00','c5a80d2010b07473cc676d8cf5673be3302f144a907b7ac9331b691155267d99','992e417f13bd31b1c2ebb7151d44fbef21e6f082ef8e4e4288906757fe48191d','{\"thirdparty\":{\"name\":\"Belharra food&wine\",\"name_alias\":\"William\",\"phone\":\"0670225897\",\"email\":\"dlh.foodwine@gmail.com\",\"localtax1_value\":\"0.0000\",\"localtax2_value\":\"0.0000\",\"code_client\":\"CU2404-00554\",\"country_code\":\"FR\",\"address\":\"252 route d\'herauritz\",\"zip\":\"64480\",\"town\":\"Ustaritz\"},\"mycompany\":{\"name\":\"LA GRANGE\",\"phone\":\"0625542465\",\"email\":\"contact@bieres-lagrange.fr\",\"idprof1\":\"891403750\",\"idprof2\":\"89140375000013\",\"idprof3\":\"1105Z\",\"tva_intra\":\"FR26891403750\",\"localtax1_assuj\":0,\"localtax2_assuj\":0,\"managers\":\"Jouanchich Laurence\",\"forme_juridique_code\":\"0\",\"country_code\":\"FR\",\"address\":\"13 RUE DE L\'OUSSE\",\"zip\":\"64420\",\"town\":\"NOUSTY\"},\"date\":1712786400,\"total_ht\":\"276.48000000\",\"total_tva\":\"55.30000000\",\"total_ttc\":\"331.78000000\",\"revenuestamp\":\"0.00000000\",\"invoiceline\":{\"1\":{\"multicurrency_code\":\"EUR\",\"multicurrency_total_ht\":\"276.48000000\",\"multicurrency_total_tva\":\"55.30000000\",\"multicurrency_total_ttc\":\"331.78000000\",\"ref\":\"Lili_BLONDE_PALE_ALE-33\",\"product_type\":\"0\",\"qty\":\"144\",\"tva_tx\":\"20.0000\",\"localtax1_tx\":\"0.0000\",\"localtax2_tx\":\"0.0000\",\"total_ht\":\"276.48000000\",\"total_tva\":\"55.30000000\",\"total_localtax1\":\"0.00000000\",\"total_localtax2\":\"0.00000000\",\"total_ttc\":\"331.78000000\",\"info_bits\":\"0\"}},\"type\":\"0\",\"ref\":\"FA2404-1027\"}','18',0),(36,1,'2024-04-11 15:48:42','2024-04-11 13:48:42','BILL_SENTBYMAIL',331.78000000,'facture',2,'Laurence Juanchich',1974,'FA2404-1027','2024-04-11 00:00:00','98c211f7cc1b339f69e75aea6b3acd7a5bea7bea1f207104089d8b29b2506084','158c5b847e51c43e0a9c8629cb7336330c0f4ac2fca5bc2cf7f0dd69ba9dcce8','{\"thirdparty\":{\"name\":\"Belharra food&wine\",\"name_alias\":\"William\",\"phone\":\"0670225897\",\"email\":\"dlh.foodwine@gmail.com\",\"localtax1_value\":\"0.0000\",\"localtax2_value\":\"0.0000\",\"code_client\":\"CU2404-00554\",\"country_code\":\"FR\",\"address\":\"252 route d\'herauritz\",\"zip\":\"64480\",\"town\":\"Ustaritz\"},\"mycompany\":{\"name\":\"LA GRANGE\",\"phone\":\"0625542465\",\"email\":\"contact@bieres-lagrange.fr\",\"idprof1\":\"891403750\",\"idprof2\":\"89140375000013\",\"idprof3\":\"1105Z\",\"tva_intra\":\"FR26891403750\",\"localtax1_assuj\":0,\"localtax2_assuj\":0,\"managers\":\"Jouanchich Laurence\",\"forme_juridique_code\":\"0\",\"country_code\":\"FR\",\"address\":\"13 RUE DE L\'OUSSE\",\"zip\":\"64420\",\"town\":\"NOUSTY\"},\"date\":1712786400,\"total_ht\":\"276.48000000\",\"total_tva\":\"55.30000000\",\"total_ttc\":\"331.78000000\",\"revenuestamp\":\"0.00000000\",\"invoiceline\":{\"1\":{\"multicurrency_code\":\"EUR\",\"multicurrency_total_ht\":\"276.48000000\",\"multicurrency_total_tva\":\"55.30000000\",\"multicurrency_total_ttc\":\"331.78000000\",\"ref\":\"Lili_BLONDE_PALE_ALE-33\",\"product_type\":\"0\",\"qty\":\"144\",\"tva_tx\":\"20.0000\",\"localtax1_tx\":\"0.0000\",\"localtax2_tx\":\"0.0000\",\"total_ht\":\"276.48000000\",\"total_tva\":\"55.30000000\",\"total_localtax1\":\"0.00000000\",\"total_localtax2\":\"0.00000000\",\"total_ttc\":\"331.78000000\",\"info_bits\":\"0\"}},\"type\":\"0\",\"ref\":\"FA2404-1027\"}','18',0),(37,1,'2024-04-14 15:38:22','2024-04-14 13:38:22','BILL_VALIDATE',208.80000000,'facture',2,'Laurence Juanchich',1972,'FA2404-1028','2024-04-10 00:00:00','8e69ad0816259f52ddd7e5470b0d9f6388692af68ed4bd73815c489ef0e9c657','5ee7a505109b7e079868cf6784aaf1859c218a61a211d9ef9b242efd676ece89','{\"thirdparty\":{\"name\":\"Novotel Pau Pyr\\u00e9n\\u00e9es\",\"name_alias\":\"Florian DESCOURS\",\"phone\":\"0559130404\",\"email\":\"h0421-fb@accor.com\",\"localtax1_value\":\"0.0000\",\"localtax2_value\":\"0.0000\",\"code_client\":\"CU2305-00448\",\"country_code\":\"FR\",\"state_code\":\"64\",\"address\":\"Route de Bayonne\",\"zip\":\"64230\",\"town\":\"LESCAR\"},\"mycompany\":{\"name\":\"LA GRANGE\",\"phone\":\"0625542465\",\"email\":\"contact@bieres-lagrange.fr\",\"idprof1\":\"891403750\",\"idprof2\":\"89140375000013\",\"idprof3\":\"1105Z\",\"tva_intra\":\"FR26891403750\",\"localtax1_assuj\":0,\"localtax2_assuj\":0,\"managers\":\"Jouanchich Laurence\",\"forme_juridique_code\":\"0\",\"country_code\":\"FR\",\"address\":\"13 RUE DE L\'OUSSE\",\"zip\":\"64420\",\"town\":\"NOUSTY\"},\"date\":1712700000,\"total_ht\":174,\"total_tva\":34.8,\"total_ttc\":208.8,\"revenuestamp\":\"0.00000000\",\"invoiceline\":{\"1\":{\"multicurrency_code\":\"EUR\",\"multicurrency_total_ht\":\"86.40000000\",\"multicurrency_total_tva\":\"17.28000000\",\"multicurrency_total_ttc\":\"103.68000000\",\"ref\":\"BLONDE_PALE_ALE-33\",\"product_type\":\"0\",\"qty\":\"48\",\"tva_tx\":\"20.0000\",\"localtax1_tx\":\"0.0000\",\"localtax2_tx\":\"0.0000\",\"total_ht\":\"86.40000000\",\"total_tva\":\"17.28000000\",\"total_localtax1\":\"0.00000000\",\"total_localtax2\":\"0.00000000\",\"total_ttc\":\"103.68000000\",\"info_bits\":\"0\"},\"2\":{\"multicurrency_code\":\"EUR\",\"multicurrency_total_ht\":\"43.20000000\",\"multicurrency_total_tva\":\"8.64000000\",\"multicurrency_total_ttc\":\"51.84000000\",\"ref\":\"AMBREE-33\",\"product_type\":\"0\",\"qty\":\"24\",\"tva_tx\":\"20.0000\",\"localtax1_tx\":\"0.0000\",\"localtax2_tx\":\"0.0000\",\"total_ht\":\"43.20000000\",\"total_tva\":\"8.64000000\",\"total_localtax1\":\"0.00000000\",\"total_localtax2\":\"0.00000000\",\"total_ttc\":\"51.84000000\",\"info_bits\":\"0\"},\"3\":{\"multicurrency_code\":\"EUR\",\"multicurrency_total_ht\":\"44.40000000\",\"multicurrency_total_tva\":\"8.88000000\",\"multicurrency_total_ttc\":\"53.28000000\",\"ref\":\"IPA-33\",\"product_type\":\"0\",\"qty\":\"24\",\"tva_tx\":\"20.0000\",\"localtax1_tx\":\"0.0000\",\"localtax2_tx\":\"0.0000\",\"total_ht\":\"44.40000000\",\"total_tva\":\"8.88000000\",\"total_localtax1\":\"0.00000000\",\"total_localtax2\":\"0.00000000\",\"total_ttc\":\"53.28000000\",\"info_bits\":\"0\"}},\"type\":\"0\",\"ref\":\"FA2404-1028\"}','18',0),(38,1,'2024-04-14 15:38:25','2024-04-14 13:38:25','DOC_DOWNLOAD',208.80000000,'facture',2,'Laurence Juanchich',1972,'FA2404-1028','2024-04-10 00:00:00','e1647fc4d29443406f0c7e86d88d11b97fd0980127e3661985c28f2026eccfc7','60da396f24c2994d5bbe95a0adc89769096865a8a3d1ebc20d08368d6d4e0a66','{\"thirdparty\":{\"name\":\"Novotel Pau Pyr\\u00e9n\\u00e9es\",\"name_alias\":\"Florian DESCOURS\",\"phone\":\"0559130404\",\"email\":\"h0421-fb@accor.com\",\"localtax1_value\":\"0.0000\",\"localtax2_value\":\"0.0000\",\"code_client\":\"CU2305-00448\",\"country_code\":\"FR\",\"state_code\":\"64\",\"address\":\"Route de Bayonne\",\"zip\":\"64230\",\"town\":\"LESCAR\"},\"mycompany\":{\"name\":\"LA GRANGE\",\"phone\":\"0625542465\",\"email\":\"contact@bieres-lagrange.fr\",\"idprof1\":\"891403750\",\"idprof2\":\"89140375000013\",\"idprof3\":\"1105Z\",\"tva_intra\":\"FR26891403750\",\"localtax1_assuj\":0,\"localtax2_assuj\":0,\"managers\":\"Jouanchich Laurence\",\"forme_juridique_code\":\"0\",\"country_code\":\"FR\",\"address\":\"13 RUE DE L\'OUSSE\",\"zip\":\"64420\",\"town\":\"NOUSTY\"},\"date\":1712700000,\"total_ht\":\"174.00000000\",\"total_tva\":\"34.80000000\",\"total_ttc\":\"208.80000000\",\"revenuestamp\":\"0.00000000\",\"invoiceline\":{\"1\":{\"multicurrency_code\":\"EUR\",\"multicurrency_total_ht\":\"86.40000000\",\"multicurrency_total_tva\":\"17.28000000\",\"multicurrency_total_ttc\":\"103.68000000\",\"ref\":\"BLONDE_PALE_ALE-33\",\"product_type\":\"0\",\"qty\":\"48\",\"tva_tx\":\"20.0000\",\"localtax1_tx\":\"0.0000\",\"localtax2_tx\":\"0.0000\",\"total_ht\":\"86.40000000\",\"total_tva\":\"17.28000000\",\"total_localtax1\":\"0.00000000\",\"total_localtax2\":\"0.00000000\",\"total_ttc\":\"103.68000000\",\"info_bits\":\"0\"},\"2\":{\"multicurrency_code\":\"EUR\",\"multicurrency_total_ht\":\"43.20000000\",\"multicurrency_total_tva\":\"8.64000000\",\"multicurrency_total_ttc\":\"51.84000000\",\"ref\":\"AMBREE-33\",\"product_type\":\"0\",\"qty\":\"24\",\"tva_tx\":\"20.0000\",\"localtax1_tx\":\"0.0000\",\"localtax2_tx\":\"0.0000\",\"total_ht\":\"43.20000000\",\"total_tva\":\"8.64000000\",\"total_localtax1\":\"0.00000000\",\"total_localtax2\":\"0.00000000\",\"total_ttc\":\"51.84000000\",\"info_bits\":\"0\"},\"3\":{\"multicurrency_code\":\"EUR\",\"multicurrency_total_ht\":\"44.40000000\",\"multicurrency_total_tva\":\"8.88000000\",\"multicurrency_total_ttc\":\"53.28000000\",\"ref\":\"IPA-33\",\"product_type\":\"0\",\"qty\":\"24\",\"tva_tx\":\"20.0000\",\"localtax1_tx\":\"0.0000\",\"localtax2_tx\":\"0.0000\",\"total_ht\":\"44.40000000\",\"total_tva\":\"8.88000000\",\"total_localtax1\":\"0.00000000\",\"total_localtax2\":\"0.00000000\",\"total_ttc\":\"53.28000000\",\"info_bits\":\"0\"}},\"type\":\"0\",\"ref\":\"FA2404-1028\"}','18',0),(39,1,'2024-04-14 15:43:25','2024-04-14 13:43:25','BILL_SENTBYMAIL',208.80000000,'facture',2,'Laurence Juanchich',1972,'FA2404-1028','2024-04-10 00:00:00','2b43182cd79714aea7fe1b147272985be5bb43b1b35c885576c04326cf13a449','017421dd542deeaf3656fa0faa347404d3297f74ea3c492ac6afab1efb103ebb','{\"thirdparty\":{\"name\":\"Novotel Pau Pyr\\u00e9n\\u00e9es\",\"name_alias\":\"Florian DESCOURS\",\"phone\":\"0559130404\",\"email\":\"h0421-fb@accor.com\",\"localtax1_value\":\"0.0000\",\"localtax2_value\":\"0.0000\",\"code_client\":\"CU2305-00448\",\"country_code\":\"FR\",\"state_code\":\"64\",\"address\":\"Route de Bayonne\",\"zip\":\"64230\",\"town\":\"LESCAR\"},\"mycompany\":{\"name\":\"LA GRANGE\",\"phone\":\"0625542465\",\"email\":\"contact@bieres-lagrange.fr\",\"idprof1\":\"891403750\",\"idprof2\":\"89140375000013\",\"idprof3\":\"1105Z\",\"tva_intra\":\"FR26891403750\",\"localtax1_assuj\":0,\"localtax2_assuj\":0,\"managers\":\"Jouanchich Laurence\",\"forme_juridique_code\":\"0\",\"country_code\":\"FR\",\"address\":\"13 RUE DE L\'OUSSE\",\"zip\":\"64420\",\"town\":\"NOUSTY\"},\"date\":1712700000,\"total_ht\":\"174.00000000\",\"total_tva\":\"34.80000000\",\"total_ttc\":\"208.80000000\",\"revenuestamp\":\"0.00000000\",\"invoiceline\":{\"1\":{\"multicurrency_code\":\"EUR\",\"multicurrency_total_ht\":\"86.40000000\",\"multicurrency_total_tva\":\"17.28000000\",\"multicurrency_total_ttc\":\"103.68000000\",\"ref\":\"BLONDE_PALE_ALE-33\",\"product_type\":\"0\",\"qty\":\"48\",\"tva_tx\":\"20.0000\",\"localtax1_tx\":\"0.0000\",\"localtax2_tx\":\"0.0000\",\"total_ht\":\"86.40000000\",\"total_tva\":\"17.28000000\",\"total_localtax1\":\"0.00000000\",\"total_localtax2\":\"0.00000000\",\"total_ttc\":\"103.68000000\",\"info_bits\":\"0\"},\"2\":{\"multicurrency_code\":\"EUR\",\"multicurrency_total_ht\":\"43.20000000\",\"multicurrency_total_tva\":\"8.64000000\",\"multicurrency_total_ttc\":\"51.84000000\",\"ref\":\"AMBREE-33\",\"product_type\":\"0\",\"qty\":\"24\",\"tva_tx\":\"20.0000\",\"localtax1_tx\":\"0.0000\",\"localtax2_tx\":\"0.0000\",\"total_ht\":\"43.20000000\",\"total_tva\":\"8.64000000\",\"total_localtax1\":\"0.00000000\",\"total_localtax2\":\"0.00000000\",\"total_ttc\":\"51.84000000\",\"info_bits\":\"0\"},\"3\":{\"multicurrency_code\":\"EUR\",\"multicurrency_total_ht\":\"44.40000000\",\"multicurrency_total_tva\":\"8.88000000\",\"multicurrency_total_ttc\":\"53.28000000\",\"ref\":\"IPA-33\",\"product_type\":\"0\",\"qty\":\"24\",\"tva_tx\":\"20.0000\",\"localtax1_tx\":\"0.0000\",\"localtax2_tx\":\"0.0000\",\"total_ht\":\"44.40000000\",\"total_tva\":\"8.88000000\",\"total_localtax1\":\"0.00000000\",\"total_localtax2\":\"0.00000000\",\"total_ttc\":\"53.28000000\",\"info_bits\":\"0\"}},\"type\":\"0\",\"ref\":\"FA2404-1028\"}','18',0),(40,1,'2024-04-15 10:45:15','2024-04-15 08:45:15','BILL_VALIDATE',439.20000000,'facture',2,'Laurence Juanchich',1975,'FA2404-1029','2024-04-12 00:00:00','a624e3a605a46749fbc3d209dcb08101db927d5c7dc7aa9d97e1c1347330d1c3','ab9df88c69d87b87c445e16123a0a0785949df0236fe0fd749f9e9eac85f6eee','{\"thirdparty\":{\"name\":\"SUPER U BENEJACQ I SA SUNAY\",\"phone\":\"559777100\",\"email\":\"superu.benejacq.compta@systeme-u.fr\",\"localtax1_value\":\"0.0000\",\"localtax2_value\":\"0.0000\",\"code_client\":\"CU2301-00259\",\"country_code\":\"FR\",\"state_code\":\"33\",\"address\":\"132 rue des Pyrenees\",\"zip\":\"64800\",\"town\":\"BENEJACQ\"},\"mycompany\":{\"name\":\"LA GRANGE\",\"phone\":\"0625542465\",\"email\":\"contact@bieres-lagrange.fr\",\"idprof1\":\"891403750\",\"idprof2\":\"89140375000013\",\"idprof3\":\"1105Z\",\"tva_intra\":\"FR26891403750\",\"localtax1_assuj\":0,\"localtax2_assuj\":0,\"managers\":\"Jouanchich Laurence\",\"forme_juridique_code\":\"0\",\"country_code\":\"FR\",\"address\":\"13 RUE DE L\'OUSSE\",\"zip\":\"64420\",\"town\":\"NOUSTY\"},\"date\":1712872800,\"total_ht\":366,\"total_tva\":73.2,\"total_ttc\":439.2,\"revenuestamp\":\"0.00000000\",\"invoiceline\":{\"1\":{\"multicurrency_code\":\"EUR\",\"multicurrency_total_ht\":\"86.40000000\",\"multicurrency_total_tva\":\"17.28000000\",\"multicurrency_total_ttc\":\"103.68000000\",\"ref\":\"BLONDE_PALE_ALE-33\",\"product_type\":\"0\",\"qty\":\"48\",\"tva_tx\":\"20.0000\",\"localtax1_tx\":\"0.0000\",\"localtax2_tx\":\"0.0000\",\"total_ht\":\"86.40000000\",\"total_tva\":\"17.28000000\",\"total_localtax1\":\"0.00000000\",\"total_localtax2\":\"0.00000000\",\"total_ttc\":\"103.68000000\",\"info_bits\":\"0\"},\"2\":{\"multicurrency_code\":\"EUR\",\"multicurrency_total_ht\":\"43.20000000\",\"multicurrency_total_tva\":\"8.64000000\",\"multicurrency_total_ttc\":\"51.84000000\",\"ref\":\"AMBREE-33\",\"product_type\":\"0\",\"qty\":\"24\",\"tva_tx\":\"20.0000\",\"localtax1_tx\":\"0.0000\",\"localtax2_tx\":\"0.0000\",\"total_ht\":\"43.20000000\",\"total_tva\":\"8.64000000\",\"total_localtax1\":\"0.00000000\",\"total_localtax2\":\"0.00000000\",\"total_ttc\":\"51.84000000\",\"info_bits\":\"0\"},\"3\":{\"multicurrency_code\":\"EUR\",\"multicurrency_total_ht\":\"44.40000000\",\"multicurrency_total_tva\":\"8.88000000\",\"multicurrency_total_ttc\":\"53.28000000\",\"ref\":\"IPA-33\",\"product_type\":\"0\",\"qty\":\"24\",\"tva_tx\":\"20.0000\",\"localtax1_tx\":\"0.0000\",\"localtax2_tx\":\"0.0000\",\"total_ht\":\"44.40000000\",\"total_tva\":\"8.88000000\",\"total_localtax1\":\"0.00000000\",\"total_localtax2\":\"0.00000000\",\"total_ttc\":\"53.28000000\",\"info_bits\":\"0\"},\"4\":{\"multicurrency_code\":\"EUR\",\"multicurrency_total_ht\":\"43.20000000\",\"multicurrency_total_tva\":\"8.64000000\",\"multicurrency_total_ttc\":\"51.84000000\",\"ref\":\"BLONDE_PILSEN-33\",\"product_type\":\"0\",\"qty\":\"24\",\"tva_tx\":\"20.0000\",\"localtax1_tx\":\"0.0000\",\"localtax2_tx\":\"0.0000\",\"total_ht\":\"43.20000000\",\"total_tva\":\"8.64000000\",\"total_localtax1\":\"0.00000000\",\"total_localtax2\":\"0.00000000\",\"total_ttc\":\"51.84000000\",\"info_bits\":\"0\"},\"5\":{\"multicurrency_code\":\"EUR\",\"multicurrency_total_ht\":\"63.00000000\",\"multicurrency_total_tva\":\"12.60000000\",\"multicurrency_total_ttc\":\"75.60000000\",\"ref\":\"BLONDE_PALE_ALE-75\",\"product_type\":\"0\",\"qty\":\"18\",\"tva_tx\":\"20.0000\",\"localtax1_tx\":\"0.0000\",\"localtax2_tx\":\"0.0000\",\"total_ht\":\"63.00000000\",\"total_tva\":\"12.60000000\",\"total_localtax1\":\"0.00000000\",\"total_localtax2\":\"0.00000000\",\"total_ttc\":\"75.60000000\",\"info_bits\":\"0\"},\"6\":{\"multicurrency_code\":\"EUR\",\"multicurrency_total_ht\":\"21.00000000\",\"multicurrency_total_tva\":\"4.20000000\",\"multicurrency_total_ttc\":\"25.20000000\",\"ref\":\"AMBREE-75\",\"product_type\":\"0\",\"qty\":\"6\",\"tva_tx\":\"20.0000\",\"localtax1_tx\":\"0.0000\",\"localtax2_tx\":\"0.0000\",\"total_ht\":\"21.00000000\",\"total_tva\":\"4.20000000\",\"total_localtax1\":\"0.00000000\",\"total_localtax2\":\"0.00000000\",\"total_ttc\":\"25.20000000\",\"info_bits\":\"0\"},\"7\":{\"multicurrency_code\":\"EUR\",\"multicurrency_total_ht\":\"64.80000000\",\"multicurrency_total_tva\":\"12.96000000\",\"multicurrency_total_ttc\":\"77.76000000\",\"ref\":\"IPA-75\",\"product_type\":\"0\",\"qty\":\"18\",\"tva_tx\":\"20.0000\",\"localtax1_tx\":\"0.0000\",\"localtax2_tx\":\"0.0000\",\"total_ht\":\"64.80000000\",\"total_tva\":\"12.96000000\",\"total_localtax1\":\"0.00000000\",\"total_localtax2\":\"0.00000000\",\"total_ttc\":\"77.76000000\",\"info_bits\":\"0\"}},\"type\":\"0\",\"ref\":\"FA2404-1029\"}','18',0),(41,1,'2024-04-15 10:45:24','2024-04-15 08:45:24','DOC_DOWNLOAD',439.20000000,'facture',2,'Laurence Juanchich',1975,'FA2404-1029','2024-04-12 00:00:00','3cb1ee74e1185e1a709f6d7115fc98ac1ef6074c7b54a7d5a72026e9ca32e48e','3716330f6e7d19accf78bbe4d22a3223f32c853fae9b8d082ddc08a82ecef97f','{\"thirdparty\":{\"name\":\"SUPER U BENEJACQ I SA SUNAY\",\"phone\":\"559777100\",\"email\":\"superu.benejacq.compta@systeme-u.fr\",\"localtax1_value\":\"0.0000\",\"localtax2_value\":\"0.0000\",\"code_client\":\"CU2301-00259\",\"country_code\":\"FR\",\"state_code\":\"33\",\"address\":\"132 rue des Pyrenees\",\"zip\":\"64800\",\"town\":\"BENEJACQ\"},\"mycompany\":{\"name\":\"LA GRANGE\",\"phone\":\"0625542465\",\"email\":\"contact@bieres-lagrange.fr\",\"idprof1\":\"891403750\",\"idprof2\":\"89140375000013\",\"idprof3\":\"1105Z\",\"tva_intra\":\"FR26891403750\",\"localtax1_assuj\":0,\"localtax2_assuj\":0,\"managers\":\"Jouanchich Laurence\",\"forme_juridique_code\":\"0\",\"country_code\":\"FR\",\"address\":\"13 RUE DE L\'OUSSE\",\"zip\":\"64420\",\"town\":\"NOUSTY\"},\"date\":1712872800,\"total_ht\":\"366.00000000\",\"total_tva\":\"73.20000000\",\"total_ttc\":\"439.20000000\",\"revenuestamp\":\"0.00000000\",\"invoiceline\":{\"1\":{\"multicurrency_code\":\"EUR\",\"multicurrency_total_ht\":\"86.40000000\",\"multicurrency_total_tva\":\"17.28000000\",\"multicurrency_total_ttc\":\"103.68000000\",\"ref\":\"BLONDE_PALE_ALE-33\",\"product_type\":\"0\",\"qty\":\"48\",\"tva_tx\":\"20.0000\",\"localtax1_tx\":\"0.0000\",\"localtax2_tx\":\"0.0000\",\"total_ht\":\"86.40000000\",\"total_tva\":\"17.28000000\",\"total_localtax1\":\"0.00000000\",\"total_localtax2\":\"0.00000000\",\"total_ttc\":\"103.68000000\",\"info_bits\":\"0\"},\"2\":{\"multicurrency_code\":\"EUR\",\"multicurrency_total_ht\":\"43.20000000\",\"multicurrency_total_tva\":\"8.64000000\",\"multicurrency_total_ttc\":\"51.84000000\",\"ref\":\"AMBREE-33\",\"product_type\":\"0\",\"qty\":\"24\",\"tva_tx\":\"20.0000\",\"localtax1_tx\":\"0.0000\",\"localtax2_tx\":\"0.0000\",\"total_ht\":\"43.20000000\",\"total_tva\":\"8.64000000\",\"total_localtax1\":\"0.00000000\",\"total_localtax2\":\"0.00000000\",\"total_ttc\":\"51.84000000\",\"info_bits\":\"0\"},\"3\":{\"multicurrency_code\":\"EUR\",\"multicurrency_total_ht\":\"44.40000000\",\"multicurrency_total_tva\":\"8.88000000\",\"multicurrency_total_ttc\":\"53.28000000\",\"ref\":\"IPA-33\",\"product_type\":\"0\",\"qty\":\"24\",\"tva_tx\":\"20.0000\",\"localtax1_tx\":\"0.0000\",\"localtax2_tx\":\"0.0000\",\"total_ht\":\"44.40000000\",\"total_tva\":\"8.88000000\",\"total_localtax1\":\"0.00000000\",\"total_localtax2\":\"0.00000000\",\"total_ttc\":\"53.28000000\",\"info_bits\":\"0\"},\"4\":{\"multicurrency_code\":\"EUR\",\"multicurrency_total_ht\":\"43.20000000\",\"multicurrency_total_tva\":\"8.64000000\",\"multicurrency_total_ttc\":\"51.84000000\",\"ref\":\"BLONDE_PILSEN-33\",\"product_type\":\"0\",\"qty\":\"24\",\"tva_tx\":\"20.0000\",\"localtax1_tx\":\"0.0000\",\"localtax2_tx\":\"0.0000\",\"total_ht\":\"43.20000000\",\"total_tva\":\"8.64000000\",\"total_localtax1\":\"0.00000000\",\"total_localtax2\":\"0.00000000\",\"total_ttc\":\"51.84000000\",\"info_bits\":\"0\"},\"5\":{\"multicurrency_code\":\"EUR\",\"multicurrency_total_ht\":\"63.00000000\",\"multicurrency_total_tva\":\"12.60000000\",\"multicurrency_total_ttc\":\"75.60000000\",\"ref\":\"BLONDE_PALE_ALE-75\",\"product_type\":\"0\",\"qty\":\"18\",\"tva_tx\":\"20.0000\",\"localtax1_tx\":\"0.0000\",\"localtax2_tx\":\"0.0000\",\"total_ht\":\"63.00000000\",\"total_tva\":\"12.60000000\",\"total_localtax1\":\"0.00000000\",\"total_localtax2\":\"0.00000000\",\"total_ttc\":\"75.60000000\",\"info_bits\":\"0\"},\"6\":{\"multicurrency_code\":\"EUR\",\"multicurrency_total_ht\":\"21.00000000\",\"multicurrency_total_tva\":\"4.20000000\",\"multicurrency_total_ttc\":\"25.20000000\",\"ref\":\"AMBREE-75\",\"product_type\":\"0\",\"qty\":\"6\",\"tva_tx\":\"20.0000\",\"localtax1_tx\":\"0.0000\",\"localtax2_tx\":\"0.0000\",\"total_ht\":\"21.00000000\",\"total_tva\":\"4.20000000\",\"total_localtax1\":\"0.00000000\",\"total_localtax2\":\"0.00000000\",\"total_ttc\":\"25.20000000\",\"info_bits\":\"0\"},\"7\":{\"multicurrency_code\":\"EUR\",\"multicurrency_total_ht\":\"64.80000000\",\"multicurrency_total_tva\":\"12.96000000\",\"multicurrency_total_ttc\":\"77.76000000\",\"ref\":\"IPA-75\",\"product_type\":\"0\",\"qty\":\"18\",\"tva_tx\":\"20.0000\",\"localtax1_tx\":\"0.0000\",\"localtax2_tx\":\"0.0000\",\"total_ht\":\"64.80000000\",\"total_tva\":\"12.96000000\",\"total_localtax1\":\"0.00000000\",\"total_localtax2\":\"0.00000000\",\"total_ttc\":\"77.76000000\",\"info_bits\":\"0\"}},\"type\":\"0\",\"ref\":\"FA2404-1029\"}','18',0),(42,1,'2024-04-15 10:46:33','2024-04-15 08:46:33','BILL_SENTBYMAIL',439.20000000,'facture',2,'Laurence Juanchich',1975,'FA2404-1029','2024-04-12 00:00:00','e808d154516b841545cfdd09dcd55a641326a68a1e3246dff2fd18b4a3a8bcfc','fa416eacd491dd4da7ec70b9af26cc19221eaf52a78cb0d17071378d942e36a4','{\"thirdparty\":{\"name\":\"SUPER U BENEJACQ I SA SUNAY\",\"phone\":\"559777100\",\"email\":\"superu.benejacq.compta@systeme-u.fr\",\"localtax1_value\":\"0.0000\",\"localtax2_value\":\"0.0000\",\"code_client\":\"CU2301-00259\",\"country_code\":\"FR\",\"state_code\":\"33\",\"address\":\"132 rue des Pyrenees\",\"zip\":\"64800\",\"town\":\"BENEJACQ\"},\"mycompany\":{\"name\":\"LA GRANGE\",\"phone\":\"0625542465\",\"email\":\"contact@bieres-lagrange.fr\",\"idprof1\":\"891403750\",\"idprof2\":\"89140375000013\",\"idprof3\":\"1105Z\",\"tva_intra\":\"FR26891403750\",\"localtax1_assuj\":0,\"localtax2_assuj\":0,\"managers\":\"Jouanchich Laurence\",\"forme_juridique_code\":\"0\",\"country_code\":\"FR\",\"address\":\"13 RUE DE L\'OUSSE\",\"zip\":\"64420\",\"town\":\"NOUSTY\"},\"date\":1712872800,\"total_ht\":\"366.00000000\",\"total_tva\":\"73.20000000\",\"total_ttc\":\"439.20000000\",\"revenuestamp\":\"0.00000000\",\"invoiceline\":{\"1\":{\"multicurrency_code\":\"EUR\",\"multicurrency_total_ht\":\"86.40000000\",\"multicurrency_total_tva\":\"17.28000000\",\"multicurrency_total_ttc\":\"103.68000000\",\"ref\":\"BLONDE_PALE_ALE-33\",\"product_type\":\"0\",\"qty\":\"48\",\"tva_tx\":\"20.0000\",\"localtax1_tx\":\"0.0000\",\"localtax2_tx\":\"0.0000\",\"total_ht\":\"86.40000000\",\"total_tva\":\"17.28000000\",\"total_localtax1\":\"0.00000000\",\"total_localtax2\":\"0.00000000\",\"total_ttc\":\"103.68000000\",\"info_bits\":\"0\"},\"2\":{\"multicurrency_code\":\"EUR\",\"multicurrency_total_ht\":\"43.20000000\",\"multicurrency_total_tva\":\"8.64000000\",\"multicurrency_total_ttc\":\"51.84000000\",\"ref\":\"AMBREE-33\",\"product_type\":\"0\",\"qty\":\"24\",\"tva_tx\":\"20.0000\",\"localtax1_tx\":\"0.0000\",\"localtax2_tx\":\"0.0000\",\"total_ht\":\"43.20000000\",\"total_tva\":\"8.64000000\",\"total_localtax1\":\"0.00000000\",\"total_localtax2\":\"0.00000000\",\"total_ttc\":\"51.84000000\",\"info_bits\":\"0\"},\"3\":{\"multicurrency_code\":\"EUR\",\"multicurrency_total_ht\":\"44.40000000\",\"multicurrency_total_tva\":\"8.88000000\",\"multicurrency_total_ttc\":\"53.28000000\",\"ref\":\"IPA-33\",\"product_type\":\"0\",\"qty\":\"24\",\"tva_tx\":\"20.0000\",\"localtax1_tx\":\"0.0000\",\"localtax2_tx\":\"0.0000\",\"total_ht\":\"44.40000000\",\"total_tva\":\"8.88000000\",\"total_localtax1\":\"0.00000000\",\"total_localtax2\":\"0.00000000\",\"total_ttc\":\"53.28000000\",\"info_bits\":\"0\"},\"4\":{\"multicurrency_code\":\"EUR\",\"multicurrency_total_ht\":\"43.20000000\",\"multicurrency_total_tva\":\"8.64000000\",\"multicurrency_total_ttc\":\"51.84000000\",\"ref\":\"BLONDE_PILSEN-33\",\"product_type\":\"0\",\"qty\":\"24\",\"tva_tx\":\"20.0000\",\"localtax1_tx\":\"0.0000\",\"localtax2_tx\":\"0.0000\",\"total_ht\":\"43.20000000\",\"total_tva\":\"8.64000000\",\"total_localtax1\":\"0.00000000\",\"total_localtax2\":\"0.00000000\",\"total_ttc\":\"51.84000000\",\"info_bits\":\"0\"},\"5\":{\"multicurrency_code\":\"EUR\",\"multicurrency_total_ht\":\"63.00000000\",\"multicurrency_total_tva\":\"12.60000000\",\"multicurrency_total_ttc\":\"75.60000000\",\"ref\":\"BLONDE_PALE_ALE-75\",\"product_type\":\"0\",\"qty\":\"18\",\"tva_tx\":\"20.0000\",\"localtax1_tx\":\"0.0000\",\"localtax2_tx\":\"0.0000\",\"total_ht\":\"63.00000000\",\"total_tva\":\"12.60000000\",\"total_localtax1\":\"0.00000000\",\"total_localtax2\":\"0.00000000\",\"total_ttc\":\"75.60000000\",\"info_bits\":\"0\"},\"6\":{\"multicurrency_code\":\"EUR\",\"multicurrency_total_ht\":\"21.00000000\",\"multicurrency_total_tva\":\"4.20000000\",\"multicurrency_total_ttc\":\"25.20000000\",\"ref\":\"AMBREE-75\",\"product_type\":\"0\",\"qty\":\"6\",\"tva_tx\":\"20.0000\",\"localtax1_tx\":\"0.0000\",\"localtax2_tx\":\"0.0000\",\"total_ht\":\"21.00000000\",\"total_tva\":\"4.20000000\",\"total_localtax1\":\"0.00000000\",\"total_localtax2\":\"0.00000000\",\"total_ttc\":\"25.20000000\",\"info_bits\":\"0\"},\"7\":{\"multicurrency_code\":\"EUR\",\"multicurrency_total_ht\":\"64.80000000\",\"multicurrency_total_tva\":\"12.96000000\",\"multicurrency_total_ttc\":\"77.76000000\",\"ref\":\"IPA-75\",\"product_type\":\"0\",\"qty\":\"18\",\"tva_tx\":\"20.0000\",\"localtax1_tx\":\"0.0000\",\"localtax2_tx\":\"0.0000\",\"total_ht\":\"64.80000000\",\"total_tva\":\"12.96000000\",\"total_localtax1\":\"0.00000000\",\"total_localtax2\":\"0.00000000\",\"total_ttc\":\"77.76000000\",\"info_bits\":\"0\"}},\"type\":\"0\",\"ref\":\"FA2404-1029\"}','18',0),(43,1,'2024-04-15 10:46:42','2024-04-15 08:46:42','BILL_VALIDATE',228.96000000,'facture',2,'Laurence Juanchich',1976,'FA2404-1030','2024-04-12 00:00:00','28873a5e1ac0bda92aa0be9ec366c912cbf3ad9ab712edcea332f4e74f570749','083e01aea39635a0d25a9ce3d826da6715078391032dba69ac82643b53739bcf','{\"thirdparty\":{\"name\":\"INTERMARCHE COARRAZE I SAS CHAMVYLE\",\"phone\":\"0559612264\",\"email\":\"Pdv11683@mousquetaires.com\",\"localtax1_assuj\":\"0\",\"localtax2_assuj\":\"0\",\"forme_juridique_code\":\"0\",\"code_client\":\"CU2301-00308\",\"country_code\":\"FR\",\"state_code\":\"33\",\"address\":\"Av. de la Gare, \",\"zip\":\"64800\",\"town\":\"Coarraze\"},\"mycompany\":{\"name\":\"LA GRANGE\",\"phone\":\"0625542465\",\"email\":\"contact@bieres-lagrange.fr\",\"idprof1\":\"891403750\",\"idprof2\":\"89140375000013\",\"idprof3\":\"1105Z\",\"tva_intra\":\"FR26891403750\",\"localtax1_assuj\":0,\"localtax2_assuj\":0,\"managers\":\"Jouanchich Laurence\",\"forme_juridique_code\":\"0\",\"country_code\":\"FR\",\"address\":\"13 RUE DE L\'OUSSE\",\"zip\":\"64420\",\"town\":\"NOUSTY\"},\"date\":1712872800,\"total_ht\":190.8,\"total_tva\":38.16,\"total_ttc\":228.96,\"revenuestamp\":\"0.00000000\",\"invoiceline\":{\"1\":{\"multicurrency_code\":\"EUR\",\"multicurrency_total_ht\":\"43.20000000\",\"multicurrency_total_tva\":\"8.64000000\",\"multicurrency_total_ttc\":\"51.84000000\",\"ref\":\"AMBREE-33\",\"product_type\":\"0\",\"qty\":\"24\",\"tva_tx\":\"20.0000\",\"localtax1_tx\":\"0.0000\",\"localtax2_tx\":\"0.0000\",\"total_ht\":\"43.20000000\",\"total_tva\":\"8.64000000\",\"total_localtax1\":\"0.00000000\",\"total_localtax2\":\"0.00000000\",\"total_ttc\":\"51.84000000\",\"info_bits\":\"0\"},\"2\":{\"multicurrency_code\":\"EUR\",\"multicurrency_total_ht\":\"42.00000000\",\"multicurrency_total_tva\":\"8.40000000\",\"multicurrency_total_ttc\":\"50.40000000\",\"ref\":\"BLONDE_PALE_ALE-75\",\"product_type\":\"0\",\"qty\":\"12\",\"tva_tx\":\"20.0000\",\"localtax1_tx\":\"0.0000\",\"localtax2_tx\":\"0.0000\",\"total_ht\":\"42.00000000\",\"total_tva\":\"8.40000000\",\"total_localtax1\":\"0.00000000\",\"total_localtax2\":\"0.00000000\",\"total_ttc\":\"50.40000000\",\"info_bits\":\"0\"},\"3\":{\"multicurrency_code\":\"EUR\",\"multicurrency_total_ht\":\"42.00000000\",\"multicurrency_total_tva\":\"8.40000000\",\"multicurrency_total_ttc\":\"50.40000000\",\"ref\":\"AMBREE-75\",\"product_type\":\"0\",\"qty\":\"12\",\"tva_tx\":\"20.0000\",\"localtax1_tx\":\"0.0000\",\"localtax2_tx\":\"0.0000\",\"total_ht\":\"42.00000000\",\"total_tva\":\"8.40000000\",\"total_localtax1\":\"0.00000000\",\"total_localtax2\":\"0.00000000\",\"total_ttc\":\"50.40000000\",\"info_bits\":\"0\"},\"4\":{\"multicurrency_code\":\"EUR\",\"multicurrency_total_ht\":\"21.60000000\",\"multicurrency_total_tva\":\"4.32000000\",\"multicurrency_total_ttc\":\"25.92000000\",\"ref\":\"IPA-75\",\"product_type\":\"0\",\"qty\":\"6\",\"tva_tx\":\"20.0000\",\"localtax1_tx\":\"0.0000\",\"localtax2_tx\":\"0.0000\",\"total_ht\":\"21.60000000\",\"total_tva\":\"4.32000000\",\"total_localtax1\":\"0.00000000\",\"total_localtax2\":\"0.00000000\",\"total_ttc\":\"25.92000000\",\"info_bits\":\"0\"},\"5\":{\"multicurrency_code\":\"EUR\",\"multicurrency_total_ht\":\"42.00000000\",\"multicurrency_total_tva\":\"8.40000000\",\"multicurrency_total_ttc\":\"50.40000000\",\"ref\":\"BLONDE_PILSEN-75\",\"product_type\":\"0\",\"qty\":\"12\",\"tva_tx\":\"20.0000\",\"localtax1_tx\":\"0.0000\",\"localtax2_tx\":\"0.0000\",\"total_ht\":\"42.00000000\",\"total_tva\":\"8.40000000\",\"total_localtax1\":\"0.00000000\",\"total_localtax2\":\"0.00000000\",\"total_ttc\":\"50.40000000\",\"info_bits\":\"0\"}},\"type\":\"0\",\"ref\":\"FA2404-1030\"}','18',0),(44,1,'2024-04-15 10:46:44','2024-04-15 08:46:44','DOC_DOWNLOAD',228.96000000,'facture',2,'Laurence Juanchich',1976,'FA2404-1030','2024-04-12 00:00:00','a331260fd8e216d17d268f5adce0efe960622417d57fea9f27ed59af826160c5','4293b15c0104cd65ea9a82d3286267c57c4863c48e3451b34cdeecd499fc99f6','{\"thirdparty\":{\"name\":\"INTERMARCHE COARRAZE I SAS CHAMVYLE\",\"phone\":\"0559612264\",\"email\":\"Pdv11683@mousquetaires.com\",\"localtax1_assuj\":\"0\",\"localtax2_assuj\":\"0\",\"forme_juridique_code\":\"0\",\"code_client\":\"CU2301-00308\",\"country_code\":\"FR\",\"state_code\":\"33\",\"address\":\"Av. de la Gare, \",\"zip\":\"64800\",\"town\":\"Coarraze\"},\"mycompany\":{\"name\":\"LA GRANGE\",\"phone\":\"0625542465\",\"email\":\"contact@bieres-lagrange.fr\",\"idprof1\":\"891403750\",\"idprof2\":\"89140375000013\",\"idprof3\":\"1105Z\",\"tva_intra\":\"FR26891403750\",\"localtax1_assuj\":0,\"localtax2_assuj\":0,\"managers\":\"Jouanchich Laurence\",\"forme_juridique_code\":\"0\",\"country_code\":\"FR\",\"address\":\"13 RUE DE L\'OUSSE\",\"zip\":\"64420\",\"town\":\"NOUSTY\"},\"date\":1712872800,\"total_ht\":\"190.80000000\",\"total_tva\":\"38.16000000\",\"total_ttc\":\"228.96000000\",\"revenuestamp\":\"0.00000000\",\"invoiceline\":{\"1\":{\"multicurrency_code\":\"EUR\",\"multicurrency_total_ht\":\"43.20000000\",\"multicurrency_total_tva\":\"8.64000000\",\"multicurrency_total_ttc\":\"51.84000000\",\"ref\":\"AMBREE-33\",\"product_type\":\"0\",\"qty\":\"24\",\"tva_tx\":\"20.0000\",\"localtax1_tx\":\"0.0000\",\"localtax2_tx\":\"0.0000\",\"total_ht\":\"43.20000000\",\"total_tva\":\"8.64000000\",\"total_localtax1\":\"0.00000000\",\"total_localtax2\":\"0.00000000\",\"total_ttc\":\"51.84000000\",\"info_bits\":\"0\"},\"2\":{\"multicurrency_code\":\"EUR\",\"multicurrency_total_ht\":\"42.00000000\",\"multicurrency_total_tva\":\"8.40000000\",\"multicurrency_total_ttc\":\"50.40000000\",\"ref\":\"BLONDE_PALE_ALE-75\",\"product_type\":\"0\",\"qty\":\"12\",\"tva_tx\":\"20.0000\",\"localtax1_tx\":\"0.0000\",\"localtax2_tx\":\"0.0000\",\"total_ht\":\"42.00000000\",\"total_tva\":\"8.40000000\",\"total_localtax1\":\"0.00000000\",\"total_localtax2\":\"0.00000000\",\"total_ttc\":\"50.40000000\",\"info_bits\":\"0\"},\"3\":{\"multicurrency_code\":\"EUR\",\"multicurrency_total_ht\":\"42.00000000\",\"multicurrency_total_tva\":\"8.40000000\",\"multicurrency_total_ttc\":\"50.40000000\",\"ref\":\"AMBREE-75\",\"product_type\":\"0\",\"qty\":\"12\",\"tva_tx\":\"20.0000\",\"localtax1_tx\":\"0.0000\",\"localtax2_tx\":\"0.0000\",\"total_ht\":\"42.00000000\",\"total_tva\":\"8.40000000\",\"total_localtax1\":\"0.00000000\",\"total_localtax2\":\"0.00000000\",\"total_ttc\":\"50.40000000\",\"info_bits\":\"0\"},\"4\":{\"multicurrency_code\":\"EUR\",\"multicurrency_total_ht\":\"21.60000000\",\"multicurrency_total_tva\":\"4.32000000\",\"multicurrency_total_ttc\":\"25.92000000\",\"ref\":\"IPA-75\",\"product_type\":\"0\",\"qty\":\"6\",\"tva_tx\":\"20.0000\",\"localtax1_tx\":\"0.0000\",\"localtax2_tx\":\"0.0000\",\"total_ht\":\"21.60000000\",\"total_tva\":\"4.32000000\",\"total_localtax1\":\"0.00000000\",\"total_localtax2\":\"0.00000000\",\"total_ttc\":\"25.92000000\",\"info_bits\":\"0\"},\"5\":{\"multicurrency_code\":\"EUR\",\"multicurrency_total_ht\":\"42.00000000\",\"multicurrency_total_tva\":\"8.40000000\",\"multicurrency_total_ttc\":\"50.40000000\",\"ref\":\"BLONDE_PILSEN-75\",\"product_type\":\"0\",\"qty\":\"12\",\"tva_tx\":\"20.0000\",\"localtax1_tx\":\"0.0000\",\"localtax2_tx\":\"0.0000\",\"total_ht\":\"42.00000000\",\"total_tva\":\"8.40000000\",\"total_localtax1\":\"0.00000000\",\"total_localtax2\":\"0.00000000\",\"total_ttc\":\"50.40000000\",\"info_bits\":\"0\"}},\"type\":\"0\",\"ref\":\"FA2404-1030\"}','18',0),(45,1,'2024-04-15 10:47:27','2024-04-15 08:47:27','BILL_SENTBYMAIL',228.96000000,'facture',2,'Laurence Juanchich',1976,'FA2404-1030','2024-04-12 00:00:00','fdcb6700e35181c363a61e9d772e4535076b83439dd120789a3b47baf8c13b99','3598583093d76a610496ab0b330daa5d3db3afe47f938ac0588c8c86048429c0','{\"thirdparty\":{\"name\":\"INTERMARCHE COARRAZE I SAS CHAMVYLE\",\"phone\":\"0559612264\",\"email\":\"Pdv11683@mousquetaires.com\",\"localtax1_assuj\":\"0\",\"localtax2_assuj\":\"0\",\"forme_juridique_code\":\"0\",\"code_client\":\"CU2301-00308\",\"country_code\":\"FR\",\"state_code\":\"33\",\"address\":\"Av. de la Gare, \",\"zip\":\"64800\",\"town\":\"Coarraze\"},\"mycompany\":{\"name\":\"LA GRANGE\",\"phone\":\"0625542465\",\"email\":\"contact@bieres-lagrange.fr\",\"idprof1\":\"891403750\",\"idprof2\":\"89140375000013\",\"idprof3\":\"1105Z\",\"tva_intra\":\"FR26891403750\",\"localtax1_assuj\":0,\"localtax2_assuj\":0,\"managers\":\"Jouanchich Laurence\",\"forme_juridique_code\":\"0\",\"country_code\":\"FR\",\"address\":\"13 RUE DE L\'OUSSE\",\"zip\":\"64420\",\"town\":\"NOUSTY\"},\"date\":1712872800,\"total_ht\":\"190.80000000\",\"total_tva\":\"38.16000000\",\"total_ttc\":\"228.96000000\",\"revenuestamp\":\"0.00000000\",\"invoiceline\":{\"1\":{\"multicurrency_code\":\"EUR\",\"multicurrency_total_ht\":\"43.20000000\",\"multicurrency_total_tva\":\"8.64000000\",\"multicurrency_total_ttc\":\"51.84000000\",\"ref\":\"AMBREE-33\",\"product_type\":\"0\",\"qty\":\"24\",\"tva_tx\":\"20.0000\",\"localtax1_tx\":\"0.0000\",\"localtax2_tx\":\"0.0000\",\"total_ht\":\"43.20000000\",\"total_tva\":\"8.64000000\",\"total_localtax1\":\"0.00000000\",\"total_localtax2\":\"0.00000000\",\"total_ttc\":\"51.84000000\",\"info_bits\":\"0\"},\"2\":{\"multicurrency_code\":\"EUR\",\"multicurrency_total_ht\":\"42.00000000\",\"multicurrency_total_tva\":\"8.40000000\",\"multicurrency_total_ttc\":\"50.40000000\",\"ref\":\"BLONDE_PALE_ALE-75\",\"product_type\":\"0\",\"qty\":\"12\",\"tva_tx\":\"20.0000\",\"localtax1_tx\":\"0.0000\",\"localtax2_tx\":\"0.0000\",\"total_ht\":\"42.00000000\",\"total_tva\":\"8.40000000\",\"total_localtax1\":\"0.00000000\",\"total_localtax2\":\"0.00000000\",\"total_ttc\":\"50.40000000\",\"info_bits\":\"0\"},\"3\":{\"multicurrency_code\":\"EUR\",\"multicurrency_total_ht\":\"42.00000000\",\"multicurrency_total_tva\":\"8.40000000\",\"multicurrency_total_ttc\":\"50.40000000\",\"ref\":\"AMBREE-75\",\"product_type\":\"0\",\"qty\":\"12\",\"tva_tx\":\"20.0000\",\"localtax1_tx\":\"0.0000\",\"localtax2_tx\":\"0.0000\",\"total_ht\":\"42.00000000\",\"total_tva\":\"8.40000000\",\"total_localtax1\":\"0.00000000\",\"total_localtax2\":\"0.00000000\",\"total_ttc\":\"50.40000000\",\"info_bits\":\"0\"},\"4\":{\"multicurrency_code\":\"EUR\",\"multicurrency_total_ht\":\"21.60000000\",\"multicurrency_total_tva\":\"4.32000000\",\"multicurrency_total_ttc\":\"25.92000000\",\"ref\":\"IPA-75\",\"product_type\":\"0\",\"qty\":\"6\",\"tva_tx\":\"20.0000\",\"localtax1_tx\":\"0.0000\",\"localtax2_tx\":\"0.0000\",\"total_ht\":\"21.60000000\",\"total_tva\":\"4.32000000\",\"total_localtax1\":\"0.00000000\",\"total_localtax2\":\"0.00000000\",\"total_ttc\":\"25.92000000\",\"info_bits\":\"0\"},\"5\":{\"multicurrency_code\":\"EUR\",\"multicurrency_total_ht\":\"42.00000000\",\"multicurrency_total_tva\":\"8.40000000\",\"multicurrency_total_ttc\":\"50.40000000\",\"ref\":\"BLONDE_PILSEN-75\",\"product_type\":\"0\",\"qty\":\"12\",\"tva_tx\":\"20.0000\",\"localtax1_tx\":\"0.0000\",\"localtax2_tx\":\"0.0000\",\"total_ht\":\"42.00000000\",\"total_tva\":\"8.40000000\",\"total_localtax1\":\"0.00000000\",\"total_localtax2\":\"0.00000000\",\"total_ttc\":\"50.40000000\",\"info_bits\":\"0\"}},\"type\":\"0\",\"ref\":\"FA2404-1030\"}','18',0),(46,1,'2024-04-16 15:42:05','2024-04-16 13:42:05','BILL_VALIDATE',282.96000000,'facture',2,'Laurence Juanchich',1979,'FA2404-1031','2024-04-15 00:00:00','b64afd5d6b27431bbf8edddf599d044d62fd23925661bb95360e287b06e8dec2','aab314dadd672a7965b6571ecf6964ac81d4b0e17b4c20f086e46bd949db03cd','{\"thirdparty\":{\"name\":\"INTERMARCHE SERRES CASTET I SAS BAPTENS\",\"phone\":\"0559332101\",\"email\":\"Pdv11769@mousquetaires.com\",\"localtax1_assuj\":\"0\",\"localtax2_assuj\":\"0\",\"forme_juridique_code\":\"0\",\"code_client\":\"CU2301-00313\",\"country_code\":\"FR\",\"state_code\":\"33\",\"address\":\"ZAC DU PONT LONG, RUE DE FABREGES\",\"zip\":\"64121\",\"town\":\"SERRES CASTET\"},\"mycompany\":{\"name\":\"LA GRANGE\",\"phone\":\"0625542465\",\"email\":\"contact@bieres-lagrange.fr\",\"idprof1\":\"891403750\",\"idprof2\":\"89140375000013\",\"idprof3\":\"1105Z\",\"tva_intra\":\"FR26891403750\",\"localtax1_assuj\":0,\"localtax2_assuj\":0,\"managers\":\"Jouanchich Laurence\",\"forme_juridique_code\":\"0\",\"country_code\":\"FR\",\"address\":\"13 RUE DE L\'OUSSE\",\"zip\":\"64420\",\"town\":\"NOUSTY\"},\"date\":1713132000,\"total_ht\":235.8,\"total_tva\":47.16,\"total_ttc\":282.96,\"revenuestamp\":\"0.00000000\",\"invoiceline\":{\"1\":{\"multicurrency_code\":\"EUR\",\"multicurrency_total_ht\":\"43.20000000\",\"multicurrency_total_tva\":\"8.64000000\",\"multicurrency_total_ttc\":\"51.84000000\",\"ref\":\"BLONDE_PILSEN-33\",\"product_type\":\"0\",\"qty\":\"24\",\"tva_tx\":\"20.0000\",\"localtax1_tx\":\"0.0000\",\"localtax2_tx\":\"0.0000\",\"total_ht\":\"43.20000000\",\"total_tva\":\"8.64000000\",\"total_localtax1\":\"0.00000000\",\"total_localtax2\":\"0.00000000\",\"total_ttc\":\"51.84000000\",\"info_bits\":\"0\"},\"2\":{\"multicurrency_code\":\"EUR\",\"multicurrency_total_ht\":\"43.20000000\",\"multicurrency_total_tva\":\"8.64000000\",\"multicurrency_total_ttc\":\"51.84000000\",\"ref\":\"AMBREE-33\",\"product_type\":\"0\",\"qty\":\"24\",\"tva_tx\":\"20.0000\",\"localtax1_tx\":\"0.0000\",\"localtax2_tx\":\"0.0000\",\"total_ht\":\"43.20000000\",\"total_tva\":\"8.64000000\",\"total_localtax1\":\"0.00000000\",\"total_localtax2\":\"0.00000000\",\"total_ttc\":\"51.84000000\",\"info_bits\":\"0\"},\"3\":{\"multicurrency_code\":\"EUR\",\"multicurrency_total_ht\":\"63.00000000\",\"multicurrency_total_tva\":\"12.60000000\",\"multicurrency_total_ttc\":\"75.60000000\",\"ref\":\"BLONDE_PALE_ALE-75\",\"product_type\":\"0\",\"qty\":\"18\",\"tva_tx\":\"20.0000\",\"localtax1_tx\":\"0.0000\",\"localtax2_tx\":\"0.0000\",\"total_ht\":\"63.00000000\",\"total_tva\":\"12.60000000\",\"total_localtax1\":\"0.00000000\",\"total_localtax2\":\"0.00000000\",\"total_ttc\":\"75.60000000\",\"info_bits\":\"0\"},\"4\":{\"multicurrency_code\":\"EUR\",\"multicurrency_total_ht\":\"42.00000000\",\"multicurrency_total_tva\":\"8.40000000\",\"multicurrency_total_ttc\":\"50.40000000\",\"ref\":\"BLONDE_PILSEN-75\",\"product_type\":\"0\",\"qty\":\"12\",\"tva_tx\":\"20.0000\",\"localtax1_tx\":\"0.0000\",\"localtax2_tx\":\"0.0000\",\"total_ht\":\"42.00000000\",\"total_tva\":\"8.40000000\",\"total_localtax1\":\"0.00000000\",\"total_localtax2\":\"0.00000000\",\"total_ttc\":\"50.40000000\",\"info_bits\":\"0\"},\"5\":{\"multicurrency_code\":\"EUR\",\"multicurrency_total_ht\":\"44.40000000\",\"multicurrency_total_tva\":\"8.88000000\",\"multicurrency_total_ttc\":\"53.28000000\",\"ref\":\"BRUNE-75\",\"product_type\":\"0\",\"qty\":\"12\",\"tva_tx\":\"20.0000\",\"localtax1_tx\":\"0.0000\",\"localtax2_tx\":\"0.0000\",\"total_ht\":\"44.40000000\",\"total_tva\":\"8.88000000\",\"total_localtax1\":\"0.00000000\",\"total_localtax2\":\"0.00000000\",\"total_ttc\":\"53.28000000\",\"info_bits\":\"0\"}},\"type\":\"0\",\"ref\":\"FA2404-1031\"}','18',0),(47,1,'2024-04-16 15:42:07','2024-04-16 13:42:07','DOC_DOWNLOAD',282.96000000,'facture',2,'Laurence Juanchich',1979,'FA2404-1031','2024-04-15 00:00:00','019f9bbb2bba1e1ca7d5153fdc364122783a904eff4821f9e7e57b5d3b0869b1','dfcf9a46d2302db973cba692d27b98f9b773c5b0b99ec9ad8f5d8ce918d91e8f','{\"thirdparty\":{\"name\":\"INTERMARCHE SERRES CASTET I SAS BAPTENS\",\"phone\":\"0559332101\",\"email\":\"Pdv11769@mousquetaires.com\",\"localtax1_assuj\":\"0\",\"localtax2_assuj\":\"0\",\"forme_juridique_code\":\"0\",\"code_client\":\"CU2301-00313\",\"country_code\":\"FR\",\"state_code\":\"33\",\"address\":\"ZAC DU PONT LONG, RUE DE FABREGES\",\"zip\":\"64121\",\"town\":\"SERRES CASTET\"},\"mycompany\":{\"name\":\"LA GRANGE\",\"phone\":\"0625542465\",\"email\":\"contact@bieres-lagrange.fr\",\"idprof1\":\"891403750\",\"idprof2\":\"89140375000013\",\"idprof3\":\"1105Z\",\"tva_intra\":\"FR26891403750\",\"localtax1_assuj\":0,\"localtax2_assuj\":0,\"managers\":\"Jouanchich Laurence\",\"forme_juridique_code\":\"0\",\"country_code\":\"FR\",\"address\":\"13 RUE DE L\'OUSSE\",\"zip\":\"64420\",\"town\":\"NOUSTY\"},\"date\":1713132000,\"total_ht\":\"235.80000000\",\"total_tva\":\"47.16000000\",\"total_ttc\":\"282.96000000\",\"revenuestamp\":\"0.00000000\",\"invoiceline\":{\"1\":{\"multicurrency_code\":\"EUR\",\"multicurrency_total_ht\":\"43.20000000\",\"multicurrency_total_tva\":\"8.64000000\",\"multicurrency_total_ttc\":\"51.84000000\",\"ref\":\"BLONDE_PILSEN-33\",\"product_type\":\"0\",\"qty\":\"24\",\"tva_tx\":\"20.0000\",\"localtax1_tx\":\"0.0000\",\"localtax2_tx\":\"0.0000\",\"total_ht\":\"43.20000000\",\"total_tva\":\"8.64000000\",\"total_localtax1\":\"0.00000000\",\"total_localtax2\":\"0.00000000\",\"total_ttc\":\"51.84000000\",\"info_bits\":\"0\"},\"2\":{\"multicurrency_code\":\"EUR\",\"multicurrency_total_ht\":\"43.20000000\",\"multicurrency_total_tva\":\"8.64000000\",\"multicurrency_total_ttc\":\"51.84000000\",\"ref\":\"AMBREE-33\",\"product_type\":\"0\",\"qty\":\"24\",\"tva_tx\":\"20.0000\",\"localtax1_tx\":\"0.0000\",\"localtax2_tx\":\"0.0000\",\"total_ht\":\"43.20000000\",\"total_tva\":\"8.64000000\",\"total_localtax1\":\"0.00000000\",\"total_localtax2\":\"0.00000000\",\"total_ttc\":\"51.84000000\",\"info_bits\":\"0\"},\"3\":{\"multicurrency_code\":\"EUR\",\"multicurrency_total_ht\":\"63.00000000\",\"multicurrency_total_tva\":\"12.60000000\",\"multicurrency_total_ttc\":\"75.60000000\",\"ref\":\"BLONDE_PALE_ALE-75\",\"product_type\":\"0\",\"qty\":\"18\",\"tva_tx\":\"20.0000\",\"localtax1_tx\":\"0.0000\",\"localtax2_tx\":\"0.0000\",\"total_ht\":\"63.00000000\",\"total_tva\":\"12.60000000\",\"total_localtax1\":\"0.00000000\",\"total_localtax2\":\"0.00000000\",\"total_ttc\":\"75.60000000\",\"info_bits\":\"0\"},\"4\":{\"multicurrency_code\":\"EUR\",\"multicurrency_total_ht\":\"42.00000000\",\"multicurrency_total_tva\":\"8.40000000\",\"multicurrency_total_ttc\":\"50.40000000\",\"ref\":\"BLONDE_PILSEN-75\",\"product_type\":\"0\",\"qty\":\"12\",\"tva_tx\":\"20.0000\",\"localtax1_tx\":\"0.0000\",\"localtax2_tx\":\"0.0000\",\"total_ht\":\"42.00000000\",\"total_tva\":\"8.40000000\",\"total_localtax1\":\"0.00000000\",\"total_localtax2\":\"0.00000000\",\"total_ttc\":\"50.40000000\",\"info_bits\":\"0\"},\"5\":{\"multicurrency_code\":\"EUR\",\"multicurrency_total_ht\":\"44.40000000\",\"multicurrency_total_tva\":\"8.88000000\",\"multicurrency_total_ttc\":\"53.28000000\",\"ref\":\"BRUNE-75\",\"product_type\":\"0\",\"qty\":\"12\",\"tva_tx\":\"20.0000\",\"localtax1_tx\":\"0.0000\",\"localtax2_tx\":\"0.0000\",\"total_ht\":\"44.40000000\",\"total_tva\":\"8.88000000\",\"total_localtax1\":\"0.00000000\",\"total_localtax2\":\"0.00000000\",\"total_ttc\":\"53.28000000\",\"info_bits\":\"0\"}},\"type\":\"0\",\"ref\":\"FA2404-1031\"}','18',0),(48,1,'2024-04-16 15:43:02','2024-04-16 13:43:02','BILL_SENTBYMAIL',282.96000000,'facture',2,'Laurence Juanchich',1979,'FA2404-1031','2024-04-15 00:00:00','c2c83312a1b4645557623fe5805b5bb60c34a2ab2139b10590ea48f3907e14de','8012c1947ff33b64e0219b260739c96224144496090837147490a12ed871d86f','{\"thirdparty\":{\"name\":\"INTERMARCHE SERRES CASTET I SAS BAPTENS\",\"phone\":\"0559332101\",\"email\":\"Pdv11769@mousquetaires.com\",\"localtax1_assuj\":\"0\",\"localtax2_assuj\":\"0\",\"forme_juridique_code\":\"0\",\"code_client\":\"CU2301-00313\",\"country_code\":\"FR\",\"state_code\":\"33\",\"address\":\"ZAC DU PONT LONG, RUE DE FABREGES\",\"zip\":\"64121\",\"town\":\"SERRES CASTET\"},\"mycompany\":{\"name\":\"LA GRANGE\",\"phone\":\"0625542465\",\"email\":\"contact@bieres-lagrange.fr\",\"idprof1\":\"891403750\",\"idprof2\":\"89140375000013\",\"idprof3\":\"1105Z\",\"tva_intra\":\"FR26891403750\",\"localtax1_assuj\":0,\"localtax2_assuj\":0,\"managers\":\"Jouanchich Laurence\",\"forme_juridique_code\":\"0\",\"country_code\":\"FR\",\"address\":\"13 RUE DE L\'OUSSE\",\"zip\":\"64420\",\"town\":\"NOUSTY\"},\"date\":1713132000,\"total_ht\":\"235.80000000\",\"total_tva\":\"47.16000000\",\"total_ttc\":\"282.96000000\",\"revenuestamp\":\"0.00000000\",\"invoiceline\":{\"1\":{\"multicurrency_code\":\"EUR\",\"multicurrency_total_ht\":\"43.20000000\",\"multicurrency_total_tva\":\"8.64000000\",\"multicurrency_total_ttc\":\"51.84000000\",\"ref\":\"BLONDE_PILSEN-33\",\"product_type\":\"0\",\"qty\":\"24\",\"tva_tx\":\"20.0000\",\"localtax1_tx\":\"0.0000\",\"localtax2_tx\":\"0.0000\",\"total_ht\":\"43.20000000\",\"total_tva\":\"8.64000000\",\"total_localtax1\":\"0.00000000\",\"total_localtax2\":\"0.00000000\",\"total_ttc\":\"51.84000000\",\"info_bits\":\"0\"},\"2\":{\"multicurrency_code\":\"EUR\",\"multicurrency_total_ht\":\"43.20000000\",\"multicurrency_total_tva\":\"8.64000000\",\"multicurrency_total_ttc\":\"51.84000000\",\"ref\":\"AMBREE-33\",\"product_type\":\"0\",\"qty\":\"24\",\"tva_tx\":\"20.0000\",\"localtax1_tx\":\"0.0000\",\"localtax2_tx\":\"0.0000\",\"total_ht\":\"43.20000000\",\"total_tva\":\"8.64000000\",\"total_localtax1\":\"0.00000000\",\"total_localtax2\":\"0.00000000\",\"total_ttc\":\"51.84000000\",\"info_bits\":\"0\"},\"3\":{\"multicurrency_code\":\"EUR\",\"multicurrency_total_ht\":\"63.00000000\",\"multicurrency_total_tva\":\"12.60000000\",\"multicurrency_total_ttc\":\"75.60000000\",\"ref\":\"BLONDE_PALE_ALE-75\",\"product_type\":\"0\",\"qty\":\"18\",\"tva_tx\":\"20.0000\",\"localtax1_tx\":\"0.0000\",\"localtax2_tx\":\"0.0000\",\"total_ht\":\"63.00000000\",\"total_tva\":\"12.60000000\",\"total_localtax1\":\"0.00000000\",\"total_localtax2\":\"0.00000000\",\"total_ttc\":\"75.60000000\",\"info_bits\":\"0\"},\"4\":{\"multicurrency_code\":\"EUR\",\"multicurrency_total_ht\":\"42.00000000\",\"multicurrency_total_tva\":\"8.40000000\",\"multicurrency_total_ttc\":\"50.40000000\",\"ref\":\"BLONDE_PILSEN-75\",\"product_type\":\"0\",\"qty\":\"12\",\"tva_tx\":\"20.0000\",\"localtax1_tx\":\"0.0000\",\"localtax2_tx\":\"0.0000\",\"total_ht\":\"42.00000000\",\"total_tva\":\"8.40000000\",\"total_localtax1\":\"0.00000000\",\"total_localtax2\":\"0.00000000\",\"total_ttc\":\"50.40000000\",\"info_bits\":\"0\"},\"5\":{\"multicurrency_code\":\"EUR\",\"multicurrency_total_ht\":\"44.40000000\",\"multicurrency_total_tva\":\"8.88000000\",\"multicurrency_total_ttc\":\"53.28000000\",\"ref\":\"BRUNE-75\",\"product_type\":\"0\",\"qty\":\"12\",\"tva_tx\":\"20.0000\",\"localtax1_tx\":\"0.0000\",\"localtax2_tx\":\"0.0000\",\"total_ht\":\"44.40000000\",\"total_tva\":\"8.88000000\",\"total_localtax1\":\"0.00000000\",\"total_localtax2\":\"0.00000000\",\"total_ttc\":\"53.28000000\",\"info_bits\":\"0\"}},\"type\":\"0\",\"ref\":\"FA2404-1031\"}','18',0),(49,1,'2024-04-16 15:43:22','2024-04-16 13:43:22','BILL_VALIDATE',128.16000000,'facture',2,'Laurence Juanchich',1978,'FA2404-1032','2024-04-14 00:00:00','02e794d2c8161a79d99b1dd6de8bf5b46d497c6a047d9cb68e82aad753052336','4406dcae260beb4fa37113d2edfa398980b4f78fc9168bf13dfa778be89a7382','{\"thirdparty\":{\"name\":\"CARREFOUR CITY\",\"name_alias\":\"Alexandre BARRAND\",\"phone\":\"0669675402\",\"email\":\"alexandre_barrand@franchise.carrefour.com\",\"localtax1_value\":\"0.0000\",\"localtax2_value\":\"0.0000\",\"code_client\":\"CU2306-00463\",\"country_code\":\"FR\",\"state_code\":\"64\",\"address\":\"Place des Pyr\\u00e9n\\u00e9es\",\"zip\":\"64140\",\"town\":\"Bill\\u00e8re\"},\"mycompany\":{\"name\":\"LA GRANGE\",\"phone\":\"0625542465\",\"email\":\"contact@bieres-lagrange.fr\",\"idprof1\":\"891403750\",\"idprof2\":\"89140375000013\",\"idprof3\":\"1105Z\",\"tva_intra\":\"FR26891403750\",\"localtax1_assuj\":0,\"localtax2_assuj\":0,\"managers\":\"Jouanchich Laurence\",\"forme_juridique_code\":\"0\",\"country_code\":\"FR\",\"address\":\"13 RUE DE L\'OUSSE\",\"zip\":\"64420\",\"town\":\"NOUSTY\"},\"date\":1713045600,\"total_ht\":106.8,\"total_tva\":21.36,\"total_ttc\":128.16,\"revenuestamp\":\"0.00000000\",\"invoiceline\":{\"1\":{\"multicurrency_code\":\"EUR\",\"multicurrency_total_ht\":\"43.20000000\",\"multicurrency_total_tva\":\"8.64000000\",\"multicurrency_total_ttc\":\"51.84000000\",\"ref\":\"AMBREE-33\",\"product_type\":\"0\",\"qty\":\"24\",\"tva_tx\":\"20.0000\",\"localtax1_tx\":\"0.0000\",\"localtax2_tx\":\"0.0000\",\"total_ht\":\"43.20000000\",\"total_tva\":\"8.64000000\",\"total_localtax1\":\"0.00000000\",\"total_localtax2\":\"0.00000000\",\"total_ttc\":\"51.84000000\",\"info_bits\":\"0\"},\"2\":{\"multicurrency_code\":\"EUR\",\"multicurrency_total_ht\":\"21.00000000\",\"multicurrency_total_tva\":\"4.20000000\",\"multicurrency_total_ttc\":\"25.20000000\",\"ref\":\"AMBREE-75\",\"product_type\":\"0\",\"qty\":\"6\",\"tva_tx\":\"20.0000\",\"localtax1_tx\":\"0.0000\",\"localtax2_tx\":\"0.0000\",\"total_ht\":\"21.00000000\",\"total_tva\":\"4.20000000\",\"total_localtax1\":\"0.00000000\",\"total_localtax2\":\"0.00000000\",\"total_ttc\":\"25.20000000\",\"info_bits\":\"0\"},\"3\":{\"multicurrency_code\":\"EUR\",\"multicurrency_total_ht\":\"21.60000000\",\"multicurrency_total_tva\":\"4.32000000\",\"multicurrency_total_ttc\":\"25.92000000\",\"ref\":\"IPA-75\",\"product_type\":\"0\",\"qty\":\"6\",\"tva_tx\":\"20.0000\",\"localtax1_tx\":\"0.0000\",\"localtax2_tx\":\"0.0000\",\"total_ht\":\"21.60000000\",\"total_tva\":\"4.32000000\",\"total_localtax1\":\"0.00000000\",\"total_localtax2\":\"0.00000000\",\"total_ttc\":\"25.92000000\",\"info_bits\":\"0\"},\"4\":{\"multicurrency_code\":\"EUR\",\"multicurrency_total_ht\":\"21.00000000\",\"multicurrency_total_tva\":\"4.20000000\",\"multicurrency_total_ttc\":\"25.20000000\",\"ref\":\"BLONDE_PILSEN-75\",\"product_type\":\"0\",\"qty\":\"6\",\"tva_tx\":\"20.0000\",\"localtax1_tx\":\"0.0000\",\"localtax2_tx\":\"0.0000\",\"total_ht\":\"21.00000000\",\"total_tva\":\"4.20000000\",\"total_localtax1\":\"0.00000000\",\"total_localtax2\":\"0.00000000\",\"total_ttc\":\"25.20000000\",\"info_bits\":\"0\"}},\"type\":\"0\",\"ref\":\"FA2404-1032\"}','18',0),(50,1,'2024-04-16 15:43:24','2024-04-16 13:43:24','DOC_DOWNLOAD',128.16000000,'facture',2,'Laurence Juanchich',1978,'FA2404-1032','2024-04-14 00:00:00','22a6c71d0f40e41408060d81dffa1d439a1ed057978b2cec46571f37d2d21192','8b3e0b952ecebff7acaf6ca3b58f206f356c2eeaed296dd69c48e55114463baf','{\"thirdparty\":{\"name\":\"CARREFOUR CITY\",\"name_alias\":\"Alexandre BARRAND\",\"phone\":\"0669675402\",\"email\":\"alexandre_barrand@franchise.carrefour.com\",\"localtax1_value\":\"0.0000\",\"localtax2_value\":\"0.0000\",\"code_client\":\"CU2306-00463\",\"country_code\":\"FR\",\"state_code\":\"64\",\"address\":\"Place des Pyr\\u00e9n\\u00e9es\",\"zip\":\"64140\",\"town\":\"Bill\\u00e8re\"},\"mycompany\":{\"name\":\"LA GRANGE\",\"phone\":\"0625542465\",\"email\":\"contact@bieres-lagrange.fr\",\"idprof1\":\"891403750\",\"idprof2\":\"89140375000013\",\"idprof3\":\"1105Z\",\"tva_intra\":\"FR26891403750\",\"localtax1_assuj\":0,\"localtax2_assuj\":0,\"managers\":\"Jouanchich Laurence\",\"forme_juridique_code\":\"0\",\"country_code\":\"FR\",\"address\":\"13 RUE DE L\'OUSSE\",\"zip\":\"64420\",\"town\":\"NOUSTY\"},\"date\":1713045600,\"total_ht\":\"106.80000000\",\"total_tva\":\"21.36000000\",\"total_ttc\":\"128.16000000\",\"revenuestamp\":\"0.00000000\",\"invoiceline\":{\"1\":{\"multicurrency_code\":\"EUR\",\"multicurrency_total_ht\":\"43.20000000\",\"multicurrency_total_tva\":\"8.64000000\",\"multicurrency_total_ttc\":\"51.84000000\",\"ref\":\"AMBREE-33\",\"product_type\":\"0\",\"qty\":\"24\",\"tva_tx\":\"20.0000\",\"localtax1_tx\":\"0.0000\",\"localtax2_tx\":\"0.0000\",\"total_ht\":\"43.20000000\",\"total_tva\":\"8.64000000\",\"total_localtax1\":\"0.00000000\",\"total_localtax2\":\"0.00000000\",\"total_ttc\":\"51.84000000\",\"info_bits\":\"0\"},\"2\":{\"multicurrency_code\":\"EUR\",\"multicurrency_total_ht\":\"21.00000000\",\"multicurrency_total_tva\":\"4.20000000\",\"multicurrency_total_ttc\":\"25.20000000\",\"ref\":\"AMBREE-75\",\"product_type\":\"0\",\"qty\":\"6\",\"tva_tx\":\"20.0000\",\"localtax1_tx\":\"0.0000\",\"localtax2_tx\":\"0.0000\",\"total_ht\":\"21.00000000\",\"total_tva\":\"4.20000000\",\"total_localtax1\":\"0.00000000\",\"total_localtax2\":\"0.00000000\",\"total_ttc\":\"25.20000000\",\"info_bits\":\"0\"},\"3\":{\"multicurrency_code\":\"EUR\",\"multicurrency_total_ht\":\"21.60000000\",\"multicurrency_total_tva\":\"4.32000000\",\"multicurrency_total_ttc\":\"25.92000000\",\"ref\":\"IPA-75\",\"product_type\":\"0\",\"qty\":\"6\",\"tva_tx\":\"20.0000\",\"localtax1_tx\":\"0.0000\",\"localtax2_tx\":\"0.0000\",\"total_ht\":\"21.60000000\",\"total_tva\":\"4.32000000\",\"total_localtax1\":\"0.00000000\",\"total_localtax2\":\"0.00000000\",\"total_ttc\":\"25.92000000\",\"info_bits\":\"0\"},\"4\":{\"multicurrency_code\":\"EUR\",\"multicurrency_total_ht\":\"21.00000000\",\"multicurrency_total_tva\":\"4.20000000\",\"multicurrency_total_ttc\":\"25.20000000\",\"ref\":\"BLONDE_PILSEN-75\",\"product_type\":\"0\",\"qty\":\"6\",\"tva_tx\":\"20.0000\",\"localtax1_tx\":\"0.0000\",\"localtax2_tx\":\"0.0000\",\"total_ht\":\"21.00000000\",\"total_tva\":\"4.20000000\",\"total_localtax1\":\"0.00000000\",\"total_localtax2\":\"0.00000000\",\"total_ttc\":\"25.20000000\",\"info_bits\":\"0\"}},\"type\":\"0\",\"ref\":\"FA2404-1032\"}','18',0),(51,1,'2024-04-16 15:44:38','2024-04-16 13:44:38','BILL_SENTBYMAIL',128.16000000,'facture',2,'Laurence Juanchich',1978,'FA2404-1032','2024-04-14 00:00:00','910765ff181651a129a68967700f2227157ba88a9e0192ae375d754b7e9744b6','7abc2b667f778aa8271d7670c6c0396adbf58f3017a190b766135ae69c37f4e8','{\"thirdparty\":{\"name\":\"CARREFOUR CITY\",\"name_alias\":\"Alexandre BARRAND\",\"phone\":\"0669675402\",\"email\":\"alexandre_barrand@franchise.carrefour.com\",\"localtax1_value\":\"0.0000\",\"localtax2_value\":\"0.0000\",\"code_client\":\"CU2306-00463\",\"country_code\":\"FR\",\"state_code\":\"64\",\"address\":\"Place des Pyr\\u00e9n\\u00e9es\",\"zip\":\"64140\",\"town\":\"Bill\\u00e8re\"},\"mycompany\":{\"name\":\"LA GRANGE\",\"phone\":\"0625542465\",\"email\":\"contact@bieres-lagrange.fr\",\"idprof1\":\"891403750\",\"idprof2\":\"89140375000013\",\"idprof3\":\"1105Z\",\"tva_intra\":\"FR26891403750\",\"localtax1_assuj\":0,\"localtax2_assuj\":0,\"managers\":\"Jouanchich Laurence\",\"forme_juridique_code\":\"0\",\"country_code\":\"FR\",\"address\":\"13 RUE DE L\'OUSSE\",\"zip\":\"64420\",\"town\":\"NOUSTY\"},\"date\":1713045600,\"total_ht\":\"106.80000000\",\"total_tva\":\"21.36000000\",\"total_ttc\":\"128.16000000\",\"revenuestamp\":\"0.00000000\",\"invoiceline\":{\"1\":{\"multicurrency_code\":\"EUR\",\"multicurrency_total_ht\":\"43.20000000\",\"multicurrency_total_tva\":\"8.64000000\",\"multicurrency_total_ttc\":\"51.84000000\",\"ref\":\"AMBREE-33\",\"product_type\":\"0\",\"qty\":\"24\",\"tva_tx\":\"20.0000\",\"localtax1_tx\":\"0.0000\",\"localtax2_tx\":\"0.0000\",\"total_ht\":\"43.20000000\",\"total_tva\":\"8.64000000\",\"total_localtax1\":\"0.00000000\",\"total_localtax2\":\"0.00000000\",\"total_ttc\":\"51.84000000\",\"info_bits\":\"0\"},\"2\":{\"multicurrency_code\":\"EUR\",\"multicurrency_total_ht\":\"21.00000000\",\"multicurrency_total_tva\":\"4.20000000\",\"multicurrency_total_ttc\":\"25.20000000\",\"ref\":\"AMBREE-75\",\"product_type\":\"0\",\"qty\":\"6\",\"tva_tx\":\"20.0000\",\"localtax1_tx\":\"0.0000\",\"localtax2_tx\":\"0.0000\",\"total_ht\":\"21.00000000\",\"total_tva\":\"4.20000000\",\"total_localtax1\":\"0.00000000\",\"total_localtax2\":\"0.00000000\",\"total_ttc\":\"25.20000000\",\"info_bits\":\"0\"},\"3\":{\"multicurrency_code\":\"EUR\",\"multicurrency_total_ht\":\"21.60000000\",\"multicurrency_total_tva\":\"4.32000000\",\"multicurrency_total_ttc\":\"25.92000000\",\"ref\":\"IPA-75\",\"product_type\":\"0\",\"qty\":\"6\",\"tva_tx\":\"20.0000\",\"localtax1_tx\":\"0.0000\",\"localtax2_tx\":\"0.0000\",\"total_ht\":\"21.60000000\",\"total_tva\":\"4.32000000\",\"total_localtax1\":\"0.00000000\",\"total_localtax2\":\"0.00000000\",\"total_ttc\":\"25.92000000\",\"info_bits\":\"0\"},\"4\":{\"multicurrency_code\":\"EUR\",\"multicurrency_total_ht\":\"21.00000000\",\"multicurrency_total_tva\":\"4.20000000\",\"multicurrency_total_ttc\":\"25.20000000\",\"ref\":\"BLONDE_PILSEN-75\",\"product_type\":\"0\",\"qty\":\"6\",\"tva_tx\":\"20.0000\",\"localtax1_tx\":\"0.0000\",\"localtax2_tx\":\"0.0000\",\"total_ht\":\"21.00000000\",\"total_tva\":\"4.20000000\",\"total_localtax1\":\"0.00000000\",\"total_localtax2\":\"0.00000000\",\"total_ttc\":\"25.20000000\",\"info_bits\":\"0\"}},\"type\":\"0\",\"ref\":\"FA2404-1032\"}','18',0),(52,1,'2024-04-16 15:45:00','2024-04-16 13:45:00','BILL_VALIDATE',234.72000000,'facture',2,'Laurence Juanchich',1977,'FA2404-1033','2024-04-12 00:00:00','670f271180be83520346bc18f5f3e5479da46ed912af16c5a852745cac6805ac','14ac25d1dd3eba5f0d55b3d1605b0472d1c1c8adbbeb5c45e4b62508a4b4c91a','{\"thirdparty\":{\"name\":\"NATURALIA I SNC ANDIS\",\"email\":\"sncandis@orange.fr\",\"localtax1_value\":\"0.0000\",\"localtax2_value\":\"0.0000\",\"code_client\":\"CU2301-00353\",\"country_code\":\"FR\",\"state_code\":\"33\",\"address\":\"21, Rue Ronsard\",\"zip\":\"64000\",\"town\":\"PAU\"},\"mycompany\":{\"name\":\"LA GRANGE\",\"phone\":\"0625542465\",\"email\":\"contact@bieres-lagrange.fr\",\"idprof1\":\"891403750\",\"idprof2\":\"89140375000013\",\"idprof3\":\"1105Z\",\"tva_intra\":\"FR26891403750\",\"localtax1_assuj\":0,\"localtax2_assuj\":0,\"managers\":\"Jouanchich Laurence\",\"forme_juridique_code\":\"0\",\"country_code\":\"FR\",\"address\":\"13 RUE DE L\'OUSSE\",\"zip\":\"64420\",\"town\":\"NOUSTY\"},\"date\":1712872800,\"total_ht\":195.6,\"total_tva\":39.12,\"total_ttc\":234.72,\"revenuestamp\":\"0.00000000\",\"invoiceline\":{\"1\":{\"multicurrency_code\":\"EUR\",\"multicurrency_total_ht\":\"43.20000000\",\"multicurrency_total_tva\":\"8.64000000\",\"multicurrency_total_ttc\":\"51.84000000\",\"ref\":\"AMBREE-33\",\"product_type\":\"0\",\"qty\":\"24\",\"tva_tx\":\"20.0000\",\"localtax1_tx\":\"0.0000\",\"localtax2_tx\":\"0.0000\",\"total_ht\":\"43.20000000\",\"total_tva\":\"8.64000000\",\"total_localtax1\":\"0.00000000\",\"total_localtax2\":\"0.00000000\",\"total_ttc\":\"51.84000000\",\"info_bits\":\"0\"},\"2\":{\"multicurrency_code\":\"EUR\",\"multicurrency_total_ht\":\"45.60000000\",\"multicurrency_total_tva\":\"9.12000000\",\"multicurrency_total_ttc\":\"54.72000000\",\"ref\":\"BRUNE-33\",\"product_type\":\"0\",\"qty\":\"24\",\"tva_tx\":\"20.0000\",\"localtax1_tx\":\"0.0000\",\"localtax2_tx\":\"0.0000\",\"total_ht\":\"45.60000000\",\"total_tva\":\"9.12000000\",\"total_localtax1\":\"0.00000000\",\"total_localtax2\":\"0.00000000\",\"total_ttc\":\"54.72000000\",\"info_bits\":\"0\"},\"3\":{\"multicurrency_code\":\"EUR\",\"multicurrency_total_ht\":\"21.00000000\",\"multicurrency_total_tva\":\"4.20000000\",\"multicurrency_total_ttc\":\"25.20000000\",\"ref\":\"BLONDE_PALE_ALE-75\",\"product_type\":\"0\",\"qty\":\"6\",\"tva_tx\":\"20.0000\",\"localtax1_tx\":\"0.0000\",\"localtax2_tx\":\"0.0000\",\"total_ht\":\"21.00000000\",\"total_tva\":\"4.20000000\",\"total_localtax1\":\"0.00000000\",\"total_localtax2\":\"0.00000000\",\"total_ttc\":\"25.20000000\",\"info_bits\":\"0\"},\"4\":{\"multicurrency_code\":\"EUR\",\"multicurrency_total_ht\":\"21.00000000\",\"multicurrency_total_tva\":\"4.20000000\",\"multicurrency_total_ttc\":\"25.20000000\",\"ref\":\"AMBREE-75\",\"product_type\":\"0\",\"qty\":\"6\",\"tva_tx\":\"20.0000\",\"localtax1_tx\":\"0.0000\",\"localtax2_tx\":\"0.0000\",\"total_ht\":\"21.00000000\",\"total_tva\":\"4.20000000\",\"total_localtax1\":\"0.00000000\",\"total_localtax2\":\"0.00000000\",\"total_ttc\":\"25.20000000\",\"info_bits\":\"0\"},\"5\":{\"multicurrency_code\":\"EUR\",\"multicurrency_total_ht\":\"22.20000000\",\"multicurrency_total_tva\":\"4.44000000\",\"multicurrency_total_ttc\":\"26.64000000\",\"ref\":\"BRUNE-75\",\"product_type\":\"0\",\"qty\":\"6\",\"tva_tx\":\"20.0000\",\"localtax1_tx\":\"0.0000\",\"localtax2_tx\":\"0.0000\",\"total_ht\":\"22.20000000\",\"total_tva\":\"4.44000000\",\"total_localtax1\":\"0.00000000\",\"total_localtax2\":\"0.00000000\",\"total_ttc\":\"26.64000000\",\"info_bits\":\"0\"},\"6\":{\"multicurrency_code\":\"EUR\",\"multicurrency_total_ht\":\"21.00000000\",\"multicurrency_total_tva\":\"4.20000000\",\"multicurrency_total_ttc\":\"25.20000000\",\"ref\":\"BLONDE_PILSEN-75\",\"product_type\":\"0\",\"qty\":\"6\",\"tva_tx\":\"20.0000\",\"localtax1_tx\":\"0.0000\",\"localtax2_tx\":\"0.0000\",\"total_ht\":\"21.00000000\",\"total_tva\":\"4.20000000\",\"total_localtax1\":\"0.00000000\",\"total_localtax2\":\"0.00000000\",\"total_ttc\":\"25.20000000\",\"info_bits\":\"0\"},\"7\":{\"multicurrency_code\":\"EUR\",\"multicurrency_total_ht\":\"21.60000000\",\"multicurrency_total_tva\":\"4.32000000\",\"multicurrency_total_ttc\":\"25.92000000\",\"ref\":\"IPA-75\",\"product_type\":\"0\",\"qty\":\"6\",\"tva_tx\":\"20.0000\",\"localtax1_tx\":\"0.0000\",\"localtax2_tx\":\"0.0000\",\"total_ht\":\"21.60000000\",\"total_tva\":\"4.32000000\",\"total_localtax1\":\"0.00000000\",\"total_localtax2\":\"0.00000000\",\"total_ttc\":\"25.92000000\",\"info_bits\":\"0\"}},\"type\":\"0\",\"ref\":\"FA2404-1033\"}','18',0),(53,1,'2024-04-16 15:45:02','2024-04-16 13:45:02','DOC_DOWNLOAD',234.72000000,'facture',2,'Laurence Juanchich',1977,'FA2404-1033','2024-04-12 00:00:00','edf1da0d88f335aaf9bdc29b84d3f5259aedde583f875af2b63d27e4022f4945','6a8fc55f78ac97962117e4bb5ab5d252d3146d9b3e1b85c39c8a1091cc49c6e1','{\"thirdparty\":{\"name\":\"NATURALIA I SNC ANDIS\",\"email\":\"sncandis@orange.fr\",\"localtax1_value\":\"0.0000\",\"localtax2_value\":\"0.0000\",\"code_client\":\"CU2301-00353\",\"country_code\":\"FR\",\"state_code\":\"33\",\"address\":\"21, Rue Ronsard\",\"zip\":\"64000\",\"town\":\"PAU\"},\"mycompany\":{\"name\":\"LA GRANGE\",\"phone\":\"0625542465\",\"email\":\"contact@bieres-lagrange.fr\",\"idprof1\":\"891403750\",\"idprof2\":\"89140375000013\",\"idprof3\":\"1105Z\",\"tva_intra\":\"FR26891403750\",\"localtax1_assuj\":0,\"localtax2_assuj\":0,\"managers\":\"Jouanchich Laurence\",\"forme_juridique_code\":\"0\",\"country_code\":\"FR\",\"address\":\"13 RUE DE L\'OUSSE\",\"zip\":\"64420\",\"town\":\"NOUSTY\"},\"date\":1712872800,\"total_ht\":\"195.60000000\",\"total_tva\":\"39.12000000\",\"total_ttc\":\"234.72000000\",\"revenuestamp\":\"0.00000000\",\"invoiceline\":{\"1\":{\"multicurrency_code\":\"EUR\",\"multicurrency_total_ht\":\"43.20000000\",\"multicurrency_total_tva\":\"8.64000000\",\"multicurrency_total_ttc\":\"51.84000000\",\"ref\":\"AMBREE-33\",\"product_type\":\"0\",\"qty\":\"24\",\"tva_tx\":\"20.0000\",\"localtax1_tx\":\"0.0000\",\"localtax2_tx\":\"0.0000\",\"total_ht\":\"43.20000000\",\"total_tva\":\"8.64000000\",\"total_localtax1\":\"0.00000000\",\"total_localtax2\":\"0.00000000\",\"total_ttc\":\"51.84000000\",\"info_bits\":\"0\"},\"2\":{\"multicurrency_code\":\"EUR\",\"multicurrency_total_ht\":\"45.60000000\",\"multicurrency_total_tva\":\"9.12000000\",\"multicurrency_total_ttc\":\"54.72000000\",\"ref\":\"BRUNE-33\",\"product_type\":\"0\",\"qty\":\"24\",\"tva_tx\":\"20.0000\",\"localtax1_tx\":\"0.0000\",\"localtax2_tx\":\"0.0000\",\"total_ht\":\"45.60000000\",\"total_tva\":\"9.12000000\",\"total_localtax1\":\"0.00000000\",\"total_localtax2\":\"0.00000000\",\"total_ttc\":\"54.72000000\",\"info_bits\":\"0\"},\"3\":{\"multicurrency_code\":\"EUR\",\"multicurrency_total_ht\":\"21.00000000\",\"multicurrency_total_tva\":\"4.20000000\",\"multicurrency_total_ttc\":\"25.20000000\",\"ref\":\"BLONDE_PALE_ALE-75\",\"product_type\":\"0\",\"qty\":\"6\",\"tva_tx\":\"20.0000\",\"localtax1_tx\":\"0.0000\",\"localtax2_tx\":\"0.0000\",\"total_ht\":\"21.00000000\",\"total_tva\":\"4.20000000\",\"total_localtax1\":\"0.00000000\",\"total_localtax2\":\"0.00000000\",\"total_ttc\":\"25.20000000\",\"info_bits\":\"0\"},\"4\":{\"multicurrency_code\":\"EUR\",\"multicurrency_total_ht\":\"21.00000000\",\"multicurrency_total_tva\":\"4.20000000\",\"multicurrency_total_ttc\":\"25.20000000\",\"ref\":\"AMBREE-75\",\"product_type\":\"0\",\"qty\":\"6\",\"tva_tx\":\"20.0000\",\"localtax1_tx\":\"0.0000\",\"localtax2_tx\":\"0.0000\",\"total_ht\":\"21.00000000\",\"total_tva\":\"4.20000000\",\"total_localtax1\":\"0.00000000\",\"total_localtax2\":\"0.00000000\",\"total_ttc\":\"25.20000000\",\"info_bits\":\"0\"},\"5\":{\"multicurrency_code\":\"EUR\",\"multicurrency_total_ht\":\"22.20000000\",\"multicurrency_total_tva\":\"4.44000000\",\"multicurrency_total_ttc\":\"26.64000000\",\"ref\":\"BRUNE-75\",\"product_type\":\"0\",\"qty\":\"6\",\"tva_tx\":\"20.0000\",\"localtax1_tx\":\"0.0000\",\"localtax2_tx\":\"0.0000\",\"total_ht\":\"22.20000000\",\"total_tva\":\"4.44000000\",\"total_localtax1\":\"0.00000000\",\"total_localtax2\":\"0.00000000\",\"total_ttc\":\"26.64000000\",\"info_bits\":\"0\"},\"6\":{\"multicurrency_code\":\"EUR\",\"multicurrency_total_ht\":\"21.00000000\",\"multicurrency_total_tva\":\"4.20000000\",\"multicurrency_total_ttc\":\"25.20000000\",\"ref\":\"BLONDE_PILSEN-75\",\"product_type\":\"0\",\"qty\":\"6\",\"tva_tx\":\"20.0000\",\"localtax1_tx\":\"0.0000\",\"localtax2_tx\":\"0.0000\",\"total_ht\":\"21.00000000\",\"total_tva\":\"4.20000000\",\"total_localtax1\":\"0.00000000\",\"total_localtax2\":\"0.00000000\",\"total_ttc\":\"25.20000000\",\"info_bits\":\"0\"},\"7\":{\"multicurrency_code\":\"EUR\",\"multicurrency_total_ht\":\"21.60000000\",\"multicurrency_total_tva\":\"4.32000000\",\"multicurrency_total_ttc\":\"25.92000000\",\"ref\":\"IPA-75\",\"product_type\":\"0\",\"qty\":\"6\",\"tva_tx\":\"20.0000\",\"localtax1_tx\":\"0.0000\",\"localtax2_tx\":\"0.0000\",\"total_ht\":\"21.60000000\",\"total_tva\":\"4.32000000\",\"total_localtax1\":\"0.00000000\",\"total_localtax2\":\"0.00000000\",\"total_ttc\":\"25.92000000\",\"info_bits\":\"0\"}},\"type\":\"0\",\"ref\":\"FA2404-1033\"}','18',0),(54,1,'2024-04-16 15:45:53','2024-04-16 13:45:53','BILL_SENTBYMAIL',234.72000000,'facture',2,'Laurence Juanchich',1977,'FA2404-1033','2024-04-12 00:00:00','930695a65a07754dc3a410ed2102a2214a03d3dc28789052245eb9ff81a45551','7c7a4f4bdc02a947e93e7be027b222a4138b4af16cd1c3564b6f7b719e4f5544','{\"thirdparty\":{\"name\":\"NATURALIA I SNC ANDIS\",\"email\":\"sncandis@orange.fr\",\"localtax1_value\":\"0.0000\",\"localtax2_value\":\"0.0000\",\"code_client\":\"CU2301-00353\",\"country_code\":\"FR\",\"state_code\":\"33\",\"address\":\"21, Rue Ronsard\",\"zip\":\"64000\",\"town\":\"PAU\"},\"mycompany\":{\"name\":\"LA GRANGE\",\"phone\":\"0625542465\",\"email\":\"contact@bieres-lagrange.fr\",\"idprof1\":\"891403750\",\"idprof2\":\"89140375000013\",\"idprof3\":\"1105Z\",\"tva_intra\":\"FR26891403750\",\"localtax1_assuj\":0,\"localtax2_assuj\":0,\"managers\":\"Jouanchich Laurence\",\"forme_juridique_code\":\"0\",\"country_code\":\"FR\",\"address\":\"13 RUE DE L\'OUSSE\",\"zip\":\"64420\",\"town\":\"NOUSTY\"},\"date\":1712872800,\"total_ht\":\"195.60000000\",\"total_tva\":\"39.12000000\",\"total_ttc\":\"234.72000000\",\"revenuestamp\":\"0.00000000\",\"invoiceline\":{\"1\":{\"multicurrency_code\":\"EUR\",\"multicurrency_total_ht\":\"43.20000000\",\"multicurrency_total_tva\":\"8.64000000\",\"multicurrency_total_ttc\":\"51.84000000\",\"ref\":\"AMBREE-33\",\"product_type\":\"0\",\"qty\":\"24\",\"tva_tx\":\"20.0000\",\"localtax1_tx\":\"0.0000\",\"localtax2_tx\":\"0.0000\",\"total_ht\":\"43.20000000\",\"total_tva\":\"8.64000000\",\"total_localtax1\":\"0.00000000\",\"total_localtax2\":\"0.00000000\",\"total_ttc\":\"51.84000000\",\"info_bits\":\"0\"},\"2\":{\"multicurrency_code\":\"EUR\",\"multicurrency_total_ht\":\"45.60000000\",\"multicurrency_total_tva\":\"9.12000000\",\"multicurrency_total_ttc\":\"54.72000000\",\"ref\":\"BRUNE-33\",\"product_type\":\"0\",\"qty\":\"24\",\"tva_tx\":\"20.0000\",\"localtax1_tx\":\"0.0000\",\"localtax2_tx\":\"0.0000\",\"total_ht\":\"45.60000000\",\"total_tva\":\"9.12000000\",\"total_localtax1\":\"0.00000000\",\"total_localtax2\":\"0.00000000\",\"total_ttc\":\"54.72000000\",\"info_bits\":\"0\"},\"3\":{\"multicurrency_code\":\"EUR\",\"multicurrency_total_ht\":\"21.00000000\",\"multicurrency_total_tva\":\"4.20000000\",\"multicurrency_total_ttc\":\"25.20000000\",\"ref\":\"BLONDE_PALE_ALE-75\",\"product_type\":\"0\",\"qty\":\"6\",\"tva_tx\":\"20.0000\",\"localtax1_tx\":\"0.0000\",\"localtax2_tx\":\"0.0000\",\"total_ht\":\"21.00000000\",\"total_tva\":\"4.20000000\",\"total_localtax1\":\"0.00000000\",\"total_localtax2\":\"0.00000000\",\"total_ttc\":\"25.20000000\",\"info_bits\":\"0\"},\"4\":{\"multicurrency_code\":\"EUR\",\"multicurrency_total_ht\":\"21.00000000\",\"multicurrency_total_tva\":\"4.20000000\",\"multicurrency_total_ttc\":\"25.20000000\",\"ref\":\"AMBREE-75\",\"product_type\":\"0\",\"qty\":\"6\",\"tva_tx\":\"20.0000\",\"localtax1_tx\":\"0.0000\",\"localtax2_tx\":\"0.0000\",\"total_ht\":\"21.00000000\",\"total_tva\":\"4.20000000\",\"total_localtax1\":\"0.00000000\",\"total_localtax2\":\"0.00000000\",\"total_ttc\":\"25.20000000\",\"info_bits\":\"0\"},\"5\":{\"multicurrency_code\":\"EUR\",\"multicurrency_total_ht\":\"22.20000000\",\"multicurrency_total_tva\":\"4.44000000\",\"multicurrency_total_ttc\":\"26.64000000\",\"ref\":\"BRUNE-75\",\"product_type\":\"0\",\"qty\":\"6\",\"tva_tx\":\"20.0000\",\"localtax1_tx\":\"0.0000\",\"localtax2_tx\":\"0.0000\",\"total_ht\":\"22.20000000\",\"total_tva\":\"4.44000000\",\"total_localtax1\":\"0.00000000\",\"total_localtax2\":\"0.00000000\",\"total_ttc\":\"26.64000000\",\"info_bits\":\"0\"},\"6\":{\"multicurrency_code\":\"EUR\",\"multicurrency_total_ht\":\"21.00000000\",\"multicurrency_total_tva\":\"4.20000000\",\"multicurrency_total_ttc\":\"25.20000000\",\"ref\":\"BLONDE_PILSEN-75\",\"product_type\":\"0\",\"qty\":\"6\",\"tva_tx\":\"20.0000\",\"localtax1_tx\":\"0.0000\",\"localtax2_tx\":\"0.0000\",\"total_ht\":\"21.00000000\",\"total_tva\":\"4.20000000\",\"total_localtax1\":\"0.00000000\",\"total_localtax2\":\"0.00000000\",\"total_ttc\":\"25.20000000\",\"info_bits\":\"0\"},\"7\":{\"multicurrency_code\":\"EUR\",\"multicurrency_total_ht\":\"21.60000000\",\"multicurrency_total_tva\":\"4.32000000\",\"multicurrency_total_ttc\":\"25.92000000\",\"ref\":\"IPA-75\",\"product_type\":\"0\",\"qty\":\"6\",\"tva_tx\":\"20.0000\",\"localtax1_tx\":\"0.0000\",\"localtax2_tx\":\"0.0000\",\"total_ht\":\"21.60000000\",\"total_tva\":\"4.32000000\",\"total_localtax1\":\"0.00000000\",\"total_localtax2\":\"0.00000000\",\"total_ttc\":\"25.92000000\",\"info_bits\":\"0\"}},\"type\":\"0\",\"ref\":\"FA2404-1033\"}','18',0);

--
-- Table structure for table `llx_blockedlog_authority`
--

CREATE TABLE `llx_blockedlog_authority` (
  `rowid` int(11) NOT NULL AUTO_INCREMENT,
  `blockchain` longtext NOT NULL,
  `signature` varchar(100) NOT NULL,
  `tms` timestamp NOT NULL DEFAULT current_timestamp() ON UPDATE current_timestamp(),
  PRIMARY KEY (`rowid`),
  KEY `signature` (`signature`)
) ENGINE=InnoDB DEFAULT CHARSET=utf8 COLLATE=utf8_unicode_ci;

--
-- Dumping data for table `llx_blockedlog_authority`
--


--
-- Table structure for table `llx_bom_bom`
--

CREATE TABLE `llx_bom_bom` (
  `rowid` int(11) NOT NULL AUTO_INCREMENT,
  `entity` int(11) NOT NULL DEFAULT 1,
  `ref` varchar(128) NOT NULL,
  `bomtype` int(11) DEFAULT 0,
  `label` varchar(255) DEFAULT NULL,
  `fk_product` int(11) DEFAULT NULL,
  `description` text DEFAULT NULL,
  `note_public` text DEFAULT NULL,
  `note_private` text DEFAULT NULL,
  `fk_warehouse` int(11) DEFAULT NULL,
  `qty` double(24,8) DEFAULT NULL,
  `efficiency` double(24,8) DEFAULT 1.00000000,
  `duration` double(24,8) DEFAULT NULL,
  `date_creation` datetime NOT NULL,
  `date_valid` datetime DEFAULT NULL,
  `tms` timestamp NOT NULL DEFAULT current_timestamp() ON UPDATE current_timestamp(),
  `fk_user_creat` int(11) NOT NULL,
  `fk_user_modif` int(11) DEFAULT NULL,
  `fk_user_valid` int(11) DEFAULT NULL,
  `import_key` varchar(14) DEFAULT NULL,
  `model_pdf` varchar(255) DEFAULT NULL,
  `status` int(11) NOT NULL,
  PRIMARY KEY (`rowid`),
  UNIQUE KEY `uk_bom_bom_ref` (`ref`,`entity`),
  KEY `idx_bom_bom_rowid` (`rowid`),
  KEY `idx_bom_bom_ref` (`ref`),
  KEY `llx_bom_bom_fk_user_creat` (`fk_user_creat`),
  KEY `idx_bom_bom_status` (`status`),
  KEY `idx_bom_bom_fk_product` (`fk_product`),
  CONSTRAINT `llx_bom_bom_fk_user_creat` FOREIGN KEY (`fk_user_creat`) REFERENCES `llx_user` (`rowid`)
) ENGINE=InnoDB AUTO_INCREMENT=56 DEFAULT CHARSET=utf8 COLLATE=utf8_unicode_ci;

--
-- Dumping data for table `llx_bom_bom`
--

INSERT INTO `llx_bom_bom` (`rowid`, `entity`, `ref`, `bomtype`, `label`, `fk_product`, `description`, `note_public`, `note_private`, `fk_warehouse`, `qty`, `efficiency`, `duration`, `date_creation`, `date_valid`, `tms`, `fk_user_creat`, `fk_user_modif`, `fk_user_valid`, `import_key`, `model_pdf`, `status`) VALUES (1,1,'BOM2301-0008',0,'LA TUTE BLONDE PALE ALE',132,NULL,NULL,NULL,NULL,2000.00000000,1.00000000,NULL,'2022-12-27 12:07:31','2023-11-13 16:08:51','2023-11-13 15:08:51',2,2,2,NULL,NULL,1),(2,1,'BOM2301-0016',0,'LA TUTE IPA',137,'Pour 2000 litres',NULL,NULL,NULL,2000.00000000,1.00000000,NULL,'2022-12-27 13:26:50','2023-11-13 16:12:17','2023-11-13 15:12:17',2,2,2,NULL,NULL,1),(3,1,'BOM2301-0024',0,'LA TUTE PILSEN',139,'Pour 2000 litres',NULL,NULL,NULL,2000.00000000,1.00000000,NULL,'2022-12-27 13:31:13','2023-11-13 16:14:01','2023-11-13 15:14:01',2,2,2,NULL,NULL,1),(4,1,'BOM2301-0005',0,'LA TUTE BLANCHE',136,NULL,NULL,NULL,NULL,2000.00000000,1.00000000,NULL,'2022-12-27 13:33:35','2023-11-13 16:16:40','2023-11-13 15:16:40',2,2,2,NULL,NULL,1),(5,1,'BOM2301-0001',0,'LA TUTE AMBREE',131,NULL,NULL,NULL,NULL,2000.00000000,1.00000000,NULL,'2022-12-27 13:35:56','2023-11-10 16:44:44','2023-11-10 15:44:44',2,2,2,NULL,NULL,1),(6,1,'BOM2301-0020',0,'LA TUTE HIVER',140,'Pour 2000 litres',NULL,NULL,NULL,2000.00000000,1.00000000,NULL,'2022-12-27 13:38:11','2023-11-13 18:03:21','2023-11-13 17:03:21',2,2,2,NULL,NULL,1),(7,1,'BOM2301-0012',0,'LA TUTE BRUNE',135,'Pour 2000 litres',NULL,NULL,NULL,2000.00000000,1.00000000,NULL,'2022-12-27 13:54:25','2023-11-10 16:21:41','2023-11-10 15:21:41',2,2,2,NULL,NULL,1),(8,1,'BOM2301-0002',0,'LA TUTE AMBREE 33',13,NULL,NULL,NULL,1,1.00000000,1.00000000,NULL,'2023-01-16 10:50:33','2023-01-19 21:36:45','2023-01-22 21:03:26',1,NULL,1,NULL,NULL,1),(9,1,'BOM2301-0003',0,'LA TUTE AMBREE 75',14,NULL,NULL,NULL,1,1.00000000,1.00000000,NULL,'2023-01-16 10:50:33','2023-01-19 21:37:25','2023-01-22 21:03:26',1,1,1,NULL,NULL,1),(10,1,'BOM2301-0004',0,'LA TUTE AMBREE FUT',15,NULL,NULL,NULL,1,1.00000000,1.00000000,NULL,'2023-01-16 10:50:33','2023-01-19 21:38:25','2023-01-22 21:03:26',1,1,1,NULL,NULL,1),(11,1,'BOM2301-0006',0,'LA TUTE BLANCHE 33',10,NULL,NULL,NULL,1,1.00000000,1.00000000,NULL,'2023-01-16 10:50:33','2023-03-20 15:01:50','2023-03-20 14:01:50',1,1,1,NULL,NULL,1),(12,1,'BOM2301-0007',0,'LA TUTE BLANCHE 75',11,NULL,NULL,NULL,1,1.00000000,1.00000000,NULL,'2023-01-16 10:50:33','2023-06-27 16:41:16','2023-06-27 14:41:16',1,1,1,NULL,NULL,1),(13,1,'BOM2301-0009',0,'LA TUTE BLONDE PALE ALE 33',1,NULL,NULL,NULL,1,1.00000000,1.00000000,NULL,'2023-01-16 10:50:33','2023-02-09 12:01:36','2023-02-09 11:01:36',1,1,1,NULL,NULL,1),(14,1,'BOM2301-0010',0,'LA TUTE BLONDE PALE ALE 75',2,NULL,NULL,NULL,4,1.00000000,1.00000000,NULL,'2023-01-16 10:50:33','2023-02-09 12:04:23','2023-02-09 11:04:23',1,1,1,NULL,NULL,1),(15,1,'BOM2301-0011',0,'LA TUTE BLONDE PALE ALE FUT',3,NULL,NULL,NULL,1,1.00000000,1.00000000,NULL,'2023-01-16 10:50:33','2023-01-19 22:06:36','2023-01-22 21:03:26',1,1,1,NULL,NULL,1),(16,1,'BOM2301-0013',0,'LA TUTE BRUNE 33',19,NULL,NULL,NULL,1,1.00000000,1.00000000,NULL,'2023-01-16 10:50:33','2023-01-19 22:18:06','2023-01-22 21:03:26',1,1,1,NULL,NULL,1),(17,1,'BOM2301-0014',0,'LA TUTE BRUNE 75',20,NULL,NULL,NULL,1,1.00000000,1.00000000,NULL,'2023-01-16 10:50:33','2023-03-27 14:15:38','2023-03-27 12:15:38',1,1,1,NULL,NULL,1),(18,1,'BOM2301-0015',0,'LA TUTE BRUNE FUT',21,NULL,NULL,NULL,1,1.00000000,1.00000000,NULL,'2023-01-16 10:50:33','2023-01-19 22:21:45','2023-01-22 21:03:26',1,1,1,NULL,NULL,1),(19,1,'BOM2301-0017',0,'LA TUTE IPA 33',7,NULL,NULL,NULL,1,1.00000000,1.00000000,NULL,'2023-01-16 10:50:33','2023-01-19 22:28:09','2023-01-22 21:03:26',1,1,1,NULL,NULL,1),(20,1,'BOM2301-0018',0,'LA TUTE IPA 75',8,NULL,NULL,NULL,1,1.00000000,1.00000000,NULL,'2023-01-16 10:50:33','2023-01-19 22:31:58','2023-01-22 21:03:26',1,1,1,NULL,NULL,1),(21,1,'BOM2301-0019',0,'LA TUTE IPA FUT',9,NULL,NULL,NULL,1,1.00000000,1.00000000,NULL,'2023-01-16 10:50:33','2023-01-19 22:33:20','2023-01-22 21:03:26',1,1,1,NULL,NULL,1),(22,1,'BOM2301-0025',0,'LA TUTE PILSEN 33',4,NULL,NULL,NULL,1,1.00000000,1.00000000,NULL,'2023-01-16 10:50:33','2023-01-22 21:28:53','2023-01-22 21:03:26',1,1,1,NULL,NULL,1),(23,1,'BOM2301-0026',0,'LA TUTE PILSEN 75',5,NULL,NULL,NULL,1,1.00000000,1.00000000,NULL,'2023-01-16 10:50:33','2023-03-15 09:16:52','2023-03-15 08:16:52',1,1,1,NULL,NULL,1),(24,1,'BOM2301-0027',0,'LA TUTE PILSEN FUT',6,NULL,NULL,NULL,1,1.00000000,1.00000000,NULL,'2023-01-16 10:50:33','2023-01-22 21:30:26','2023-01-22 21:03:26',1,1,1,NULL,NULL,1),(25,1,'BOM2301-0021',0,'LA TUTE HIVER 33',16,NULL,NULL,NULL,1,1.00000000,1.00000000,NULL,'2023-01-16 10:50:33','2023-11-10 14:48:26','2023-11-10 13:48:26',1,1,2,NULL,NULL,1),(26,1,'BOM2301-0022',0,'LA TUTE HIVER 75',17,NULL,NULL,NULL,1,1.00000000,1.00000000,NULL,'2023-01-16 10:50:33','2023-11-10 14:48:56','2023-11-10 13:48:56',1,1,2,NULL,NULL,1),(27,1,'BOM2301-0023',0,'LA TUTE HIVER FUT',18,NULL,NULL,NULL,1,1.00000000,1.00000000,NULL,'2023-01-16 10:50:33','2023-01-22 21:33:25','2023-11-10 13:49:04',1,1,1,NULL,NULL,0),(28,1,'BOM2301-0028',0,'LILI BLONDE PALE ALE 33',130,NULL,NULL,NULL,1,1.00000000,1.00000000,NULL,'2023-01-16 10:50:33','2023-01-31 11:04:11','2023-01-31 10:04:11',1,1,1,NULL,NULL,1),(29,1,'BOM2301-0029',0,'LILI AMBREE 33',128,NULL,NULL,NULL,1,1.00000000,1.00000000,NULL,'2023-01-16 10:50:33','2023-01-31 16:42:55','2023-01-31 15:42:55',1,1,1,NULL,NULL,1),(30,1,'BOM2301-0030',0,'LILI BLANCHE 33',129,NULL,NULL,NULL,1,1.00000000,1.00000000,NULL,'2023-01-16 10:50:33','2023-11-14 10:14:09','2023-11-14 09:14:09',1,1,2,NULL,NULL,1),(31,1,'BOM2301-0031',0,'LILI IPA 33',127,NULL,NULL,NULL,1,1.00000000,1.00000000,NULL,'2023-01-16 10:50:33','2023-05-25 11:36:24','2023-05-25 09:36:24',1,1,1,NULL,NULL,1),(32,1,'BOM2305-0032',0,'LA TUTE BLANCHE FUT',12,NULL,NULL,NULL,1,1.00000000,1.00000000,NULL,'2023-05-11 21:12:21','2023-05-11 21:19:11','2023-05-11 19:19:11',1,NULL,1,NULL,NULL,1),(35,1,'BOM2301-0034',0,'LA GRANGE IPA 33',171,NULL,NULL,NULL,1,1.00000000,1.00000000,NULL,'2023-01-16 10:50:33','2023-05-25 08:59:15','2023-05-25 06:59:15',2,1,2,NULL,NULL,1),(37,1,'BOM2301-0035',0,'LA GRANGE IPA 75',172,NULL,NULL,NULL,1,1.00000000,1.00000000,NULL,'2023-01-16 10:50:33','2023-05-25 09:14:48','2023-05-25 07:14:48',2,1,2,NULL,NULL,1),(39,1,'BOM2306-0037',0,'LA GRANGE WIPA 75',176,NULL,NULL,NULL,1,1.00000000,1.00000000,NULL,'2023-06-27 16:11:38','2023-07-25 15:15:05','2023-07-25 13:15:05',2,2,2,NULL,NULL,1),(41,1,'BOM2307-0042',0,'LA TUTE BLONDE PALE ALE FUT 10l',180,NULL,NULL,NULL,1,1.00000000,1.00000000,NULL,'2023-07-24 16:21:29','2023-07-25 14:50:43','2023-07-25 12:50:43',2,NULL,2,NULL,NULL,1),(42,1,'BOM2307-0038',0,'LA GRANGE WIPA 33',175,NULL,NULL,NULL,1,1.00000000,1.00000000,NULL,'2023-07-25 11:03:45','2023-07-25 11:09:31','2023-07-25 09:09:31',2,NULL,2,NULL,NULL,1),(43,1,'BOM2301-0040',0,'LA GRANGE AMBREE 33',182,NULL,NULL,NULL,1,1.00000000,1.00000000,NULL,'2023-01-16 10:50:33','2023-07-25 14:45:54','2023-07-25 12:45:54',2,1,2,NULL,NULL,1),(45,1,'BOM2301-0041',0,'LA GRANGE AMBREE 75',183,NULL,NULL,NULL,1,1.00000000,1.00000000,NULL,'2023-01-16 10:50:33','2023-07-25 14:48:41','2023-07-25 12:48:41',2,1,2,NULL,NULL,1),(46,1,'BOM2307-0043',0,'LA TUTE IPA FUT 10l',181,NULL,NULL,NULL,1,1.00000000,1.00000000,NULL,'2023-07-24 16:21:29','2023-07-25 14:54:55','2023-07-25 12:54:55',2,2,2,NULL,NULL,1),(48,1,'BOM2301-0045',0,'LA GRANGE PILS 33',188,NULL,NULL,NULL,1,1.00000000,1.00000000,NULL,'2023-01-16 10:50:33','2023-07-25 15:12:03','2023-07-25 13:12:03',2,1,2,NULL,NULL,1),(49,1,'BOM2306-0046',0,'LA GRANGE PILS 75',189,NULL,NULL,NULL,1,1.00000000,1.00000000,NULL,'2023-06-27 16:11:38','2023-07-25 15:13:58','2023-07-25 13:13:58',2,2,2,NULL,NULL,1),(51,1,'BOM2301-0048',0,'LA GRANGE GINGER 33',191,NULL,NULL,NULL,1,1.00000000,1.00000000,NULL,'2023-01-16 10:50:33','2023-11-14 10:16:11','2023-11-14 09:16:11',2,1,2,NULL,NULL,1),(52,1,'BOM2301-0049',0,'LA GRANGE GINGER 75',192,NULL,NULL,NULL,1,1.00000000,1.00000000,NULL,'2023-01-16 10:50:33','2023-11-14 10:16:58','2023-11-14 09:16:58',2,1,2,NULL,NULL,1),(54,1,'(PROV54)',1,'Desassemblage LA TUTE AMBREE 75',14,NULL,NULL,NULL,1,1.00000000,1.00000000,NULL,'2023-01-16 10:50:33','2023-01-19 21:37:25','2024-03-11 09:02:37',1,1,1,NULL,NULL,0),(55,1,'BOM2301-0050',1,'DESASSEMBLAGE LA TUTE BRUNE 33',19,NULL,NULL,NULL,1,1.00000000,1.00000000,NULL,'2023-01-16 10:50:33','2024-03-11 10:07:05','2024-03-11 09:07:05',1,1,1,NULL,NULL,1);

--
-- Table structure for table `llx_bom_bom_extrafields`
--

CREATE TABLE `llx_bom_bom_extrafields` (
  `rowid` int(11) NOT NULL AUTO_INCREMENT,
  `tms` timestamp NOT NULL DEFAULT current_timestamp() ON UPDATE current_timestamp(),
  `fk_object` int(11) NOT NULL,
  `import_key` varchar(14) DEFAULT NULL,
  PRIMARY KEY (`rowid`),
  KEY `idx_bom_bom_extrafields_fk_object` (`fk_object`)
) ENGINE=InnoDB DEFAULT CHARSET=utf8 COLLATE=utf8_unicode_ci;

--
-- Dumping data for table `llx_bom_bom_extrafields`
--


--
-- Table structure for table `llx_bom_bomline`
--

CREATE TABLE `llx_bom_bomline` (
  `rowid` int(11) NOT NULL AUTO_INCREMENT,
  `fk_bom` int(11) NOT NULL,
  `fk_product` int(11) NOT NULL,
  `fk_bom_child` int(11) DEFAULT NULL,
  `description` text DEFAULT NULL,
  `import_key` varchar(14) DEFAULT NULL,
  `qty` double(24,8) NOT NULL,
  `qty_frozen` smallint(6) DEFAULT 0,
  `disable_stock_change` smallint(6) DEFAULT 0,
  `efficiency` double(24,8) NOT NULL DEFAULT 1.00000000,
  `position` int(11) NOT NULL DEFAULT 0,
  `fk_unit` int(11) DEFAULT NULL,
  `fk_default_workstation` int(11) DEFAULT NULL,
  PRIMARY KEY (`rowid`),
  KEY `idx_bom_bomline_rowid` (`rowid`),
  KEY `idx_bom_bomline_fk_product` (`fk_product`),
  KEY `idx_bom_bomline_fk_bom` (`fk_bom`),
  CONSTRAINT `llx_bom_bomline_fk_bom` FOREIGN KEY (`fk_bom`) REFERENCES `llx_bom_bom` (`rowid`)
) ENGINE=InnoDB AUTO_INCREMENT=302 DEFAULT CHARSET=utf8 COLLATE=utf8_unicode_ci;

--
-- Dumping data for table `llx_bom_bomline`
--

INSERT INTO `llx_bom_bomline` (`rowid`, `fk_bom`, `fk_product`, `fk_bom_child`, `description`, `import_key`, `qty`, `qty_frozen`, `disable_stock_change`, `efficiency`, `position`, `fk_unit`, `fk_default_workstation`) VALUES (1,1,37,NULL,NULL,NULL,450.00000000,NULL,NULL,1.00000000,2,NULL,NULL),(2,1,32,NULL,NULL,NULL,4.80000000,NULL,NULL,1.00000000,4,NULL,NULL),(3,1,25,NULL,NULL,NULL,1.00000000,NULL,NULL,1.00000000,6,NULL,NULL),(5,2,35,NULL,NULL,NULL,300.00000000,NULL,NULL,1.00000000,2,NULL,NULL),(6,2,37,NULL,NULL,NULL,200.00000000,NULL,NULL,1.00000000,4,NULL,NULL),(7,2,27,NULL,NULL,NULL,3.20000000,NULL,NULL,1.00000000,6,NULL,NULL),(8,2,28,NULL,NULL,NULL,4.30000000,NULL,NULL,1.00000000,8,NULL,NULL),(10,2,26,NULL,NULL,NULL,1.00000000,NULL,NULL,1.00000000,12,NULL,NULL),(12,3,35,NULL,NULL,NULL,424.00000000,NULL,NULL,1.00000000,2,NULL,NULL),(13,3,29,NULL,NULL,NULL,8.40000000,NULL,NULL,1.00000000,4,NULL,NULL),(14,3,30,NULL,NULL,NULL,1.40000000,NULL,NULL,1.00000000,6,NULL,NULL),(15,3,25,NULL,NULL,NULL,1.00000000,NULL,NULL,1.00000000,8,NULL,NULL),(17,4,35,NULL,NULL,NULL,350.00000000,NULL,NULL,1.00000000,2,NULL,NULL),(18,4,36,NULL,NULL,NULL,150.00000000,NULL,NULL,1.00000000,4,NULL,NULL),(20,4,34,NULL,NULL,NULL,1.20000000,NULL,NULL,1.00000000,8,NULL,NULL),(21,4,25,NULL,NULL,NULL,1.00000000,NULL,NULL,1.00000000,10,NULL,NULL),(23,5,37,NULL,NULL,NULL,375.00000000,NULL,NULL,1.00000000,2,NULL,NULL),(24,5,38,NULL,NULL,NULL,24.00000000,NULL,NULL,1.00000000,4,NULL,NULL),(25,5,39,NULL,NULL,NULL,2.00000000,NULL,NULL,1.00000000,6,NULL,NULL),(26,5,32,NULL,NULL,NULL,4.80000000,NULL,NULL,1.00000000,8,NULL,NULL),(27,5,34,NULL,NULL,NULL,1.00000000,NULL,NULL,1.00000000,10,NULL,NULL),(28,5,26,NULL,NULL,NULL,1.00000000,NULL,NULL,1.00000000,12,NULL,NULL),(30,6,38,NULL,NULL,NULL,50.00000000,NULL,NULL,1.00000000,2,NULL,NULL),(31,6,39,NULL,NULL,NULL,4.00000000,NULL,NULL,1.00000000,3,NULL,NULL),(34,6,34,NULL,NULL,NULL,4.80000000,NULL,NULL,1.00000000,5,NULL,NULL),(35,6,26,NULL,NULL,NULL,1.00000000,NULL,NULL,1.00000000,6,NULL,NULL),(36,6,40,NULL,NULL,NULL,1.00000000,NULL,NULL,1.00000000,7,NULL,NULL),(37,6,22,NULL,NULL,NULL,0.64000000,NULL,NULL,1.00000000,8,NULL,NULL),(38,6,23,NULL,NULL,NULL,0.64000000,NULL,NULL,1.00000000,9,NULL,NULL),(39,6,24,NULL,NULL,NULL,0.64000000,NULL,NULL,1.00000000,10,NULL,NULL),(41,7,37,NULL,NULL,NULL,400.00000000,NULL,NULL,1.00000000,2,NULL,NULL),(42,7,38,NULL,NULL,NULL,50.00000000,NULL,NULL,1.00000000,4,NULL,NULL),(43,7,39,NULL,NULL,NULL,10.00000000,NULL,NULL,1.00000000,6,NULL,NULL),(45,7,34,NULL,NULL,NULL,3.20000000,NULL,NULL,1.00000000,10,NULL,NULL),(46,7,25,NULL,NULL,NULL,1.00000000,NULL,NULL,1.00000000,12,NULL,NULL),(50,8,77,NULL,NULL,NULL,1.00000000,NULL,NULL,1.00000000,2,NULL,NULL),(51,8,56,NULL,NULL,NULL,1.00000000,NULL,NULL,1.00000000,3,NULL,NULL),(52,8,71,NULL,NULL,NULL,1.00000000,NULL,NULL,1.00000000,4,NULL,NULL),(54,9,77,NULL,NULL,NULL,1.00000000,NULL,NULL,1.00000000,2,NULL,NULL),(57,9,63,NULL,NULL,NULL,1.00000000,NULL,NULL,1.00000000,3,NULL,NULL),(58,9,72,NULL,NULL,NULL,1.00000000,NULL,NULL,1.00000000,4,NULL,NULL),(63,10,85,NULL,NULL,NULL,1.00000000,NULL,NULL,1.00000000,2,NULL,NULL),(65,11,77,NULL,NULL,NULL,1.00000000,NULL,NULL,1.00000000,4,NULL,NULL),(67,11,71,NULL,NULL,NULL,1.00000000,NULL,NULL,1.00000000,3,NULL,NULL),(69,11,55,NULL,NULL,NULL,1.00000000,NULL,NULL,1.00000000,2,NULL,NULL),(73,12,77,NULL,NULL,NULL,1.00000000,NULL,NULL,1.00000000,3,NULL,NULL),(74,12,72,NULL,NULL,NULL,1.00000000,NULL,NULL,1.00000000,2,NULL,NULL),(76,8,131,NULL,NULL,NULL,0.33000000,NULL,NULL,1.00000000,1,NULL,NULL),(77,9,131,NULL,NULL,NULL,0.75000000,NULL,NULL,1.00000000,1,NULL,NULL),(78,10,131,NULL,NULL,NULL,30.00000000,NULL,NULL,1.00000000,1,NULL,NULL),(79,11,136,NULL,NULL,NULL,0.33000000,NULL,NULL,1.00000000,1,NULL,NULL),(80,12,136,NULL,NULL,NULL,0.75000000,NULL,NULL,1.00000000,1,NULL,NULL),(81,12,62,NULL,NULL,NULL,1.00000000,NULL,NULL,1.00000000,5,NULL,NULL),(83,13,77,NULL,NULL,NULL,1.00000000,NULL,NULL,1.00000000,2,NULL,NULL),(85,13,71,NULL,NULL,NULL,1.00000000,NULL,NULL,1.00000000,4,NULL,NULL),(86,13,132,NULL,NULL,NULL,0.33000000,NULL,NULL,1.00000000,1,NULL,NULL),(88,14,132,NULL,NULL,NULL,0.75000000,NULL,NULL,1.00000000,1,NULL,NULL),(89,14,77,NULL,NULL,NULL,1.00000000,NULL,NULL,1.00000000,2,NULL,NULL),(96,15,132,NULL,NULL,NULL,30.00000000,NULL,NULL,1.00000000,2,NULL,NULL),(97,15,85,NULL,NULL,NULL,1.00000000,NULL,NULL,1.00000000,4,NULL,NULL),(99,16,77,NULL,NULL,NULL,1.00000000,NULL,NULL,1.00000000,2,NULL,NULL),(101,16,71,NULL,NULL,NULL,1.00000000,NULL,NULL,1.00000000,5,NULL,NULL),(102,16,135,NULL,NULL,NULL,0.33000000,NULL,NULL,1.00000000,1,NULL,NULL),(103,16,58,NULL,NULL,NULL,1.00000000,NULL,NULL,1.00000000,3,NULL,NULL),(104,17,135,NULL,NULL,NULL,0.75000000,NULL,NULL,1.00000000,1,NULL,NULL),(105,17,77,NULL,NULL,NULL,1.00000000,NULL,NULL,1.00000000,2,NULL,NULL),(109,18,85,NULL,NULL,NULL,1.00000000,NULL,NULL,1.00000000,2,NULL,NULL),(110,18,135,NULL,NULL,NULL,30.00000000,NULL,NULL,1.00000000,1,NULL,NULL),(112,19,77,NULL,NULL,NULL,1.00000000,NULL,NULL,1.00000000,3,NULL,NULL),(114,19,71,NULL,NULL,NULL,1.00000000,NULL,NULL,1.00000000,5,NULL,NULL),(115,19,137,NULL,NULL,NULL,0.33000000,NULL,NULL,1.00000000,2,NULL,NULL),(116,19,57,NULL,NULL,NULL,1.00000000,NULL,NULL,1.00000000,7,NULL,NULL),(117,20,137,NULL,NULL,NULL,0.75000000,NULL,NULL,1.00000000,2,NULL,NULL),(118,20,77,NULL,NULL,NULL,1.00000000,NULL,NULL,1.00000000,3,NULL,NULL),(121,20,64,NULL,NULL,NULL,1.00000000,NULL,NULL,1.00000000,9,NULL,NULL),(122,20,72,NULL,NULL,NULL,1.00000000,NULL,NULL,1.00000000,11,NULL,NULL),(124,21,85,NULL,NULL,NULL,1.00000000,NULL,NULL,1.00000000,2,NULL,NULL),(125,21,137,NULL,NULL,NULL,30.00000000,NULL,NULL,1.00000000,1,NULL,NULL),(126,14,72,NULL,NULL,NULL,1.00000000,NULL,NULL,1.00000000,4,NULL,NULL),(129,22,77,NULL,NULL,NULL,1.00000000,NULL,NULL,1.00000000,2,NULL,NULL),(131,22,71,NULL,NULL,NULL,1.00000000,NULL,NULL,1.00000000,4,NULL,NULL),(132,22,139,NULL,NULL,NULL,0.33000000,NULL,NULL,1.00000000,1,NULL,NULL),(133,22,54,NULL,NULL,NULL,1.00000000,NULL,NULL,1.00000000,3,NULL,NULL),(134,23,139,NULL,NULL,NULL,0.75000000,NULL,NULL,1.00000000,1,NULL,NULL),(135,23,77,NULL,NULL,NULL,1.00000000,NULL,NULL,1.00000000,2,NULL,NULL),(138,23,61,NULL,NULL,NULL,1.00000000,NULL,NULL,1.00000000,3,NULL,NULL),(139,24,139,NULL,NULL,NULL,30.00000000,NULL,NULL,1.00000000,1,NULL,NULL),(143,24,85,NULL,NULL,NULL,1.00000000,NULL,NULL,1.00000000,3,NULL,NULL),(145,25,77,NULL,NULL,NULL,1.00000000,NULL,NULL,1.00000000,2,NULL,NULL),(147,25,71,NULL,NULL,NULL,1.00000000,NULL,NULL,1.00000000,4,NULL,NULL),(148,25,140,NULL,NULL,NULL,0.33000000,NULL,NULL,1.00000000,1,NULL,NULL),(149,25,59,NULL,NULL,NULL,1.00000000,NULL,NULL,1.00000000,3,NULL,NULL),(150,26,140,NULL,NULL,NULL,0.75000000,NULL,NULL,1.00000000,1,NULL,NULL),(151,26,77,NULL,NULL,NULL,1.00000000,NULL,NULL,1.00000000,3,NULL,NULL),(154,26,66,NULL,NULL,NULL,1.00000000,NULL,NULL,1.00000000,2,NULL,NULL),(155,27,140,NULL,NULL,NULL,30.00000000,NULL,NULL,1.00000000,1,NULL,NULL),(159,27,85,NULL,NULL,NULL,1.00000000,NULL,NULL,1.00000000,3,NULL,NULL),(160,28,132,NULL,NULL,NULL,0.33000000,NULL,NULL,1.00000000,1,NULL,NULL),(161,28,77,NULL,NULL,NULL,1.00000000,NULL,NULL,1.00000000,2,NULL,NULL),(162,28,71,NULL,NULL,NULL,1.00000000,NULL,NULL,1.00000000,4,NULL,NULL),(164,28,67,NULL,NULL,NULL,1.00000000,NULL,NULL,1.00000000,8,NULL,NULL),(165,29,131,NULL,NULL,NULL,0.33000000,NULL,NULL,1.00000000,1,NULL,NULL),(166,29,77,NULL,NULL,NULL,1.00000000,NULL,NULL,1.00000000,3,NULL,NULL),(168,29,71,NULL,NULL,NULL,1.00000000,NULL,NULL,1.00000000,4,NULL,NULL),(169,29,69,NULL,NULL,NULL,1.00000000,NULL,NULL,1.00000000,2,NULL,NULL),(172,30,71,NULL,NULL,NULL,1.00000000,NULL,NULL,1.00000000,4,NULL,NULL),(173,30,77,NULL,NULL,NULL,1.00000000,NULL,NULL,1.00000000,5,NULL,NULL),(174,30,68,NULL,NULL,NULL,1.00000000,NULL,NULL,1.00000000,2,NULL,NULL),(175,31,137,NULL,NULL,NULL,0.33000000,NULL,NULL,1.00000000,2,NULL,NULL),(176,31,77,NULL,NULL,NULL,1.00000000,NULL,NULL,1.00000000,3,NULL,NULL),(177,31,71,NULL,NULL,NULL,1.00000000,NULL,NULL,1.00000000,5,NULL,NULL),(179,31,70,NULL,NULL,NULL,1.00000000,NULL,NULL,1.00000000,9,NULL,NULL),(180,13,53,NULL,NULL,NULL,1.00000000,NULL,NULL,1.00000000,8,NULL,NULL),(181,14,60,NULL,NULL,NULL,1.00000000,NULL,NULL,1.00000000,9,NULL,NULL),(182,23,72,NULL,NULL,NULL,1.00000000,NULL,NULL,1.00000000,6,NULL,NULL),(183,17,65,NULL,NULL,NULL,1.00000000,NULL,NULL,0.00000000,7,NULL,NULL),(184,17,72,NULL,NULL,NULL,1.00000000,NULL,NULL,0.00000000,9,NULL,NULL),(185,26,72,NULL,NULL,NULL,1.00000000,NULL,NULL,0.00000000,6,NULL,NULL),(186,32,136,NULL,NULL,NULL,30.00000000,NULL,NULL,0.00000000,2,NULL,NULL),(187,32,85,NULL,NULL,NULL,1.00000000,NULL,NULL,0.00000000,4,NULL,NULL),(198,35,137,NULL,NULL,NULL,0.33000000,NULL,NULL,1.00000000,2,NULL,NULL),(199,35,77,NULL,NULL,NULL,1.00000000,NULL,NULL,1.00000000,3,NULL,NULL),(200,35,71,NULL,NULL,NULL,1.00000000,NULL,NULL,1.00000000,5,NULL,NULL),(202,35,169,NULL,NULL,NULL,1.00000000,NULL,NULL,0.00000000,7,NULL,NULL),(203,37,137,NULL,NULL,NULL,0.75000000,NULL,NULL,1.00000000,2,NULL,NULL),(204,37,77,NULL,NULL,NULL,1.00000000,NULL,NULL,1.00000000,3,NULL,NULL),(206,37,72,NULL,NULL,NULL,1.00000000,NULL,NULL,1.00000000,11,NULL,NULL),(207,37,170,NULL,NULL,NULL,1.00000000,NULL,NULL,0.00000000,13,NULL,NULL),(213,39,72,NULL,NULL,NULL,1.00000000,NULL,NULL,0.00000000,2,NULL,NULL),(214,39,174,NULL,NULL,NULL,1.00000000,NULL,NULL,0.00000000,4,NULL,NULL),(215,41,179,NULL,NULL,NULL,1.00000000,NULL,NULL,0.00000000,2,NULL,NULL),(216,39,77,NULL,NULL,NULL,1.00000000,NULL,NULL,0.00000000,6,NULL,NULL),(217,39,136,NULL,NULL,NULL,0.75000000,NULL,NULL,0.00000000,8,NULL,NULL),(218,42,77,NULL,NULL,NULL,1.00000000,NULL,NULL,0.00000000,2,NULL,NULL),(219,42,173,NULL,NULL,NULL,1.00000000,NULL,NULL,0.00000000,4,NULL,NULL),(220,42,136,NULL,NULL,NULL,1.00000000,NULL,NULL,0.00000000,6,NULL,NULL),(222,42,71,NULL,NULL,NULL,1.00000000,NULL,NULL,0.00000000,8,NULL,NULL),(225,43,77,NULL,NULL,NULL,1.00000000,NULL,NULL,1.00000000,3,NULL,NULL),(226,43,71,NULL,NULL,NULL,1.00000000,NULL,NULL,1.00000000,5,NULL,NULL),(228,43,184,NULL,NULL,NULL,1.00000000,NULL,NULL,0.00000000,7,NULL,NULL),(235,41,132,NULL,NULL,NULL,10.00000000,NULL,NULL,0.00000000,4,NULL,NULL),(236,43,131,NULL,NULL,NULL,0.33000000,NULL,NULL,0.00000000,9,NULL,NULL),(237,45,131,NULL,NULL,NULL,0.75000000,NULL,NULL,1.00000000,1,NULL,NULL),(238,45,77,NULL,NULL,NULL,1.00000000,NULL,NULL,1.00000000,2,NULL,NULL),(240,45,72,NULL,NULL,NULL,1.00000000,NULL,NULL,1.00000000,4,NULL,NULL),(241,45,185,NULL,NULL,NULL,1.00000000,NULL,NULL,0.00000000,6,NULL,NULL),(242,46,179,NULL,NULL,NULL,1.00000000,NULL,NULL,0.00000000,2,NULL,NULL),(244,46,137,NULL,NULL,NULL,10.00000000,NULL,NULL,0.00000000,4,NULL,NULL),(251,48,77,NULL,NULL,NULL,1.00000000,NULL,NULL,1.00000000,3,NULL,NULL),(252,48,71,NULL,NULL,NULL,1.00000000,NULL,NULL,1.00000000,5,NULL,NULL),(255,48,139,NULL,NULL,NULL,0.33000000,NULL,NULL,0.00000000,7,NULL,NULL),(256,48,186,NULL,NULL,NULL,1.00000000,NULL,NULL,0.00000000,9,NULL,NULL),(257,49,72,NULL,NULL,NULL,1.00000000,NULL,NULL,0.00000000,2,NULL,NULL),(259,49,77,NULL,NULL,NULL,1.00000000,NULL,NULL,0.00000000,6,NULL,NULL),(261,49,139,NULL,NULL,NULL,0.75000000,NULL,NULL,0.00000000,8,NULL,NULL),(262,49,187,NULL,NULL,NULL,1.00000000,NULL,NULL,0.00000000,10,NULL,NULL),(274,51,77,NULL,NULL,NULL,1.00000000,NULL,NULL,1.00000000,2,NULL,NULL),(276,51,71,NULL,NULL,NULL,1.00000000,NULL,NULL,1.00000000,4,NULL,NULL),(277,51,193,NULL,NULL,NULL,1.00000000,NULL,NULL,0.00000000,6,NULL,NULL),(281,52,77,NULL,NULL,NULL,1.00000000,NULL,NULL,1.00000000,3,NULL,NULL),(282,52,72,NULL,NULL,NULL,1.00000000,NULL,NULL,0.00000000,6,NULL,NULL),(284,52,194,NULL,NULL,NULL,1.00000000,NULL,NULL,0.00000000,10,NULL,NULL),(285,7,31,NULL,NULL,NULL,2.60000000,NULL,NULL,1.00000000,14,NULL,NULL),(286,4,31,NULL,NULL,NULL,4.00000000,NULL,NULL,0.00000000,12,NULL,NULL),(287,6,37,NULL,NULL,NULL,600.00000000,NULL,NULL,0.00000000,12,NULL,NULL),(288,30,136,NULL,NULL,NULL,0.33000000,NULL,NULL,0.00000000,7,NULL,NULL),(289,51,140,NULL,NULL,NULL,0.33000000,NULL,NULL,0.00000000,10,NULL,NULL),(290,52,140,NULL,NULL,NULL,0.75000000,NULL,NULL,0.00000000,12,NULL,NULL),(294,54,131,NULL,NULL,NULL,0.75000000,NULL,NULL,1.00000000,1,NULL,NULL),(295,54,77,NULL,NULL,NULL,1.00000000,NULL,NULL,1.00000000,2,NULL,NULL),(296,54,63,NULL,NULL,NULL,1.00000000,NULL,NULL,1.00000000,3,NULL,NULL),(297,54,72,NULL,NULL,NULL,1.00000000,NULL,NULL,1.00000000,4,NULL,NULL),(298,55,135,NULL,NULL,NULL,0.33000000,NULL,NULL,1.00000000,1,NULL,NULL),(299,55,77,NULL,NULL,NULL,1.00000000,NULL,NULL,1.00000000,2,NULL,NULL),(300,55,58,NULL,NULL,NULL,1.00000000,NULL,NULL,1.00000000,3,NULL,NULL),(301,55,71,NULL,NULL,NULL,1.00000000,NULL,NULL,1.00000000,5,NULL,NULL);

--
-- Table structure for table `llx_bom_bomline_extrafields`
--

CREATE TABLE `llx_bom_bomline_extrafields` (
  `rowid` int(11) NOT NULL AUTO_INCREMENT,
  `tms` timestamp NOT NULL DEFAULT current_timestamp() ON UPDATE current_timestamp(),
  `fk_object` int(11) NOT NULL,
  `import_key` varchar(14) DEFAULT NULL,
  PRIMARY KEY (`rowid`)
) ENGINE=InnoDB DEFAULT CHARSET=utf8 COLLATE=utf8_unicode_ci;

--
-- Dumping data for table `llx_bom_bomline_extrafields`
--


--
-- Table structure for table `llx_bonderetour`
--

CREATE TABLE `llx_bonderetour` (
  `rowid` int(11) NOT NULL AUTO_INCREMENT,
  `tms` timestamp NOT NULL DEFAULT current_timestamp() ON UPDATE current_timestamp(),
  `ref` varchar(30) NOT NULL,
  `entity` int(11) NOT NULL DEFAULT 1,
  `fk_soc` int(11) NOT NULL,
  `fk_projet` int(11) DEFAULT NULL,
  `ref_ext` varchar(255) DEFAULT NULL,
  `ref_int` varchar(255) DEFAULT NULL,
  `ref_customer` varchar(255) DEFAULT NULL,
  `date_creation` datetime DEFAULT NULL,
  `fk_user_author` int(11) DEFAULT NULL,
  `fk_user_modif` int(11) DEFAULT NULL,
  `date_valid` datetime DEFAULT NULL,
  `fk_user_valid` int(11) DEFAULT NULL,
  `date_delivery` datetime DEFAULT NULL,
  `date_real_delivery` datetime DEFAULT NULL,
  `fk_address` int(11) DEFAULT NULL,
  `fk_shipping_method` int(11) DEFAULT NULL,
  `tracking_number` varchar(50) DEFAULT NULL,
  `fk_statut` smallint(6) DEFAULT 0,
  `billed` smallint(6) DEFAULT 0,
  `height` float DEFAULT NULL,
  `width` float DEFAULT NULL,
  `size_units` int(11) DEFAULT NULL,
  `size` float DEFAULT NULL,
  `weight_units` int(11) DEFAULT NULL,
  `weight` float DEFAULT NULL,
  `note_private` text DEFAULT NULL,
  `note_public` text DEFAULT NULL,
  `model_pdf` varchar(255) DEFAULT NULL,
  `last_main_doc` varchar(255) DEFAULT NULL,
  `fk_incoterms` int(11) DEFAULT NULL,
  `location_incoterms` varchar(255) DEFAULT NULL,
  `import_key` varchar(14) DEFAULT NULL,
  `extraparams` varchar(255) DEFAULT NULL,
  PRIMARY KEY (`rowid`),
  UNIQUE KEY `idx_bonderetour_uk_ref` (`ref`,`entity`),
  KEY `idx_bonderetour_fk_soc` (`fk_soc`),
  KEY `idx_bonderetour_fk_user_author` (`fk_user_author`),
  KEY `idx_bonderetour_fk_user_valid` (`fk_user_valid`),
  KEY `idx_bonderetour_fk_shipping_method` (`fk_shipping_method`),
  CONSTRAINT `fk_bonderetour_fk_shipping_method` FOREIGN KEY (`fk_shipping_method`) REFERENCES `llx_c_shipment_mode` (`rowid`),
  CONSTRAINT `fk_bonderetour_fk_soc` FOREIGN KEY (`fk_soc`) REFERENCES `llx_societe` (`rowid`),
  CONSTRAINT `fk_bonderetour_fk_user_author` FOREIGN KEY (`fk_user_author`) REFERENCES `llx_user` (`rowid`),
  CONSTRAINT `fk_bonderetour_fk_user_valid` FOREIGN KEY (`fk_user_valid`) REFERENCES `llx_user` (`rowid`)
) ENGINE=InnoDB AUTO_INCREMENT=37 DEFAULT CHARSET=utf8 COLLATE=utf8_unicode_ci;

--
-- Dumping data for table `llx_bonderetour`
--

INSERT INTO `llx_bonderetour` (`rowid`, `tms`, `ref`, `entity`, `fk_soc`, `fk_projet`, `ref_ext`, `ref_int`, `ref_customer`, `date_creation`, `fk_user_author`, `fk_user_modif`, `date_valid`, `fk_user_valid`, `date_delivery`, `date_real_delivery`, `fk_address`, `fk_shipping_method`, `tracking_number`, `fk_statut`, `billed`, `height`, `width`, `size_units`, `size`, `weight_units`, `weight`, `note_private`, `note_public`, `model_pdf`, `last_main_doc`, `fk_incoterms`, `location_incoterms`, `import_key`, `extraparams`) VALUES (1,'2023-03-20 14:34:18','BR2303-0001',1,397,0,NULL,NULL,NULL,'2023-03-20 15:32:30',1,NULL,'2023-03-20 15:34:00',1,'2023-02-20 00:00:00','2023-02-20 00:00:00',NULL,NULL,'',2,0,NULL,NULL,7,NULL,1,NULL,NULL,NULL,NULL,NULL,0,'',NULL,NULL),(2,'2023-03-27 14:44:56','BR2303-0002',1,397,0,NULL,NULL,NULL,'2023-03-27 16:28:14',2,NULL,'2023-03-27 16:31:45',2,'2023-03-27 00:00:00','2023-03-27 00:00:00',NULL,NULL,'',2,0,NULL,NULL,7,NULL,1,NULL,NULL,NULL,NULL,NULL,0,'',NULL,NULL),(3,'2023-04-12 15:09:38','BR2304-0003',1,397,0,NULL,NULL,NULL,'2023-04-12 17:02:04',2,NULL,'2023-04-12 17:09:09',2,'2023-04-12 00:00:00','2023-04-12 00:00:00',NULL,NULL,'',2,0,NULL,NULL,7,NULL,1,NULL,NULL,NULL,NULL,NULL,0,'',NULL,NULL),(4,'2023-04-27 10:58:15','BR2304-0004',1,389,0,NULL,NULL,NULL,'2023-04-27 12:54:54',2,NULL,'2023-04-27 12:57:59',2,'2023-04-27 00:00:00','2023-04-27 00:00:00',NULL,NULL,'',2,0,NULL,NULL,7,NULL,1,NULL,NULL,NULL,NULL,NULL,0,'',NULL,NULL),(5,'2023-05-12 08:10:10','BR2305-0005',1,334,0,NULL,NULL,NULL,'2023-05-12 10:07:17',2,NULL,'2023-05-12 10:10:05',2,'2023-05-06 00:00:00','2023-05-06 00:00:00',NULL,NULL,'',2,0,NULL,NULL,7,NULL,1,NULL,NULL,NULL,NULL,NULL,0,'',NULL,NULL),(6,'2023-05-12 08:12:23','BR2305-0006',1,569,0,NULL,NULL,NULL,'2023-05-12 10:10:41',2,NULL,'2023-05-12 10:12:17',2,'2023-05-10 00:00:00','2023-05-10 00:00:00',NULL,NULL,'',2,0,NULL,NULL,7,NULL,1,NULL,NULL,NULL,NULL,NULL,0,'',NULL,NULL),(7,'2023-05-12 08:13:22','BR2305-0007',1,397,0,NULL,NULL,NULL,'2023-05-12 10:12:42',2,NULL,'2023-05-12 10:13:16',2,'2023-05-11 00:00:00','2023-05-11 00:00:00',NULL,NULL,'',2,0,NULL,NULL,7,NULL,1,NULL,NULL,NULL,NULL,NULL,0,'',NULL,NULL),(8,'2023-06-12 13:18:20','BR2305-0008',1,360,0,NULL,NULL,NULL,'2023-05-30 10:56:03',2,NULL,'2023-05-30 10:56:58',2,'2023-05-25 00:00:00',NULL,NULL,NULL,'',2,0,NULL,NULL,7,NULL,1,NULL,NULL,NULL,NULL,NULL,0,'',NULL,NULL),(9,'2023-06-12 13:18:13','BR2306-0009',1,400,0,NULL,NULL,NULL,'2023-06-12 15:17:05',2,NULL,'2023-06-12 15:17:49',2,'2023-06-08 00:00:00',NULL,NULL,NULL,'',2,0,NULL,NULL,7,NULL,1,NULL,NULL,NULL,NULL,NULL,0,'',NULL,NULL),(10,'2023-06-12 13:21:42','BR2306-0010',1,389,0,NULL,NULL,NULL,'2023-06-12 15:19:47',2,NULL,'2023-06-12 15:21:35',2,'2023-06-08 00:00:00',NULL,NULL,NULL,'',2,0,NULL,NULL,7,NULL,1,NULL,NULL,NULL,NULL,NULL,0,'',NULL,NULL),(11,'2023-06-21 16:45:16','BR2306-0011',1,389,0,NULL,NULL,NULL,'2023-06-21 18:36:47',2,NULL,'2023-06-21 18:44:46',2,NULL,NULL,NULL,NULL,'',2,0,NULL,NULL,7,NULL,1,NULL,NULL,NULL,NULL,NULL,0,'',NULL,NULL),(12,'2023-07-03 15:00:49','BR2306-0012',1,552,0,NULL,NULL,NULL,'2023-06-29 12:20:35',2,NULL,'2023-06-29 12:21:15',2,'2023-06-29 00:00:00',NULL,NULL,NULL,'',0,0,NULL,NULL,7,NULL,1,NULL,NULL,NULL,NULL,NULL,0,'',NULL,NULL),(14,'2023-07-03 15:02:44','BR2307-0013',1,397,0,NULL,NULL,NULL,'2023-07-03 17:01:58',2,NULL,'2023-07-03 17:02:33',2,'2023-07-01 00:00:00',NULL,NULL,NULL,'',2,0,NULL,NULL,7,NULL,1,NULL,NULL,NULL,NULL,NULL,0,'',NULL,NULL),(15,'2023-07-03 15:03:54','BR2307-0014',1,611,0,NULL,NULL,NULL,'2023-07-03 17:03:06',2,NULL,'2023-07-03 17:03:51',2,'2023-07-03 00:00:00',NULL,NULL,NULL,'',2,0,NULL,NULL,7,NULL,1,NULL,NULL,NULL,NULL,NULL,0,'',NULL,NULL),(16,'2023-07-03 15:04:58','BR2307-0015',1,94,0,NULL,NULL,NULL,'2023-07-03 17:04:18',2,NULL,'2023-07-03 17:04:55',2,'2023-07-03 00:00:00',NULL,NULL,NULL,'',2,0,NULL,NULL,7,NULL,1,NULL,NULL,NULL,NULL,NULL,0,'',NULL,NULL),(17,'2023-07-03 15:05:46','BR2307-0016',1,612,0,NULL,NULL,NULL,'2023-07-03 17:05:16',2,NULL,'2023-07-03 17:05:42',2,'2023-07-03 00:00:00',NULL,NULL,NULL,'',2,0,NULL,NULL,7,NULL,1,NULL,NULL,NULL,NULL,NULL,0,'',NULL,NULL),(18,'2023-07-18 10:37:25','BR2307-0017',1,552,0,NULL,NULL,NULL,'2023-07-18 12:34:13',2,NULL,'2023-07-18 12:36:50',2,'2023-07-18 00:00:00',NULL,NULL,NULL,'',2,0,NULL,NULL,7,NULL,1,NULL,NULL,NULL,NULL,NULL,0,'',NULL,NULL),(19,'2023-07-19 14:18:43','BR2307-0018',1,397,0,NULL,NULL,NULL,'2023-07-19 16:18:10',2,NULL,'2023-07-19 16:18:36',2,'2023-07-19 00:00:00',NULL,NULL,NULL,'',2,0,NULL,NULL,7,NULL,1,NULL,NULL,NULL,NULL,NULL,0,'',NULL,NULL),(20,'2023-07-19 14:19:36','BR2307-0019',1,378,0,NULL,NULL,NULL,'2023-07-19 16:19:06',2,NULL,'2023-07-19 16:19:32',2,'2023-07-19 00:00:00',NULL,NULL,NULL,'',2,0,NULL,NULL,7,NULL,1,NULL,NULL,NULL,NULL,NULL,0,'',NULL,NULL),(21,'2023-07-30 12:26:21','BR2307-0020',1,397,0,NULL,NULL,NULL,'2023-07-30 14:00:17',2,NULL,'2023-07-30 14:26:09',2,'2023-07-29 00:00:00',NULL,NULL,NULL,'',2,0,NULL,NULL,7,NULL,1,NULL,NULL,NULL,NULL,NULL,0,'',NULL,NULL),(22,'2023-08-01 15:19:04','BR2308-0021',1,397,0,NULL,NULL,NULL,'2023-08-01 17:18:11',2,NULL,'2023-08-01 17:18:59',2,'2023-08-01 00:00:00',NULL,NULL,NULL,'',2,0,NULL,NULL,7,NULL,1,NULL,NULL,NULL,NULL,NULL,0,'',NULL,NULL),(23,'2023-09-12 12:59:40','BR2309-0022',1,397,0,NULL,NULL,NULL,'2023-09-12 14:58:36',2,NULL,'2023-09-12 14:59:30',2,'2023-09-12 00:00:00',NULL,NULL,NULL,'',2,0,NULL,NULL,7,NULL,1,NULL,NULL,NULL,NULL,NULL,0,'',NULL,NULL),(24,'2023-09-21 15:32:16','BR2309-0023',1,656,0,NULL,NULL,NULL,'2023-09-21 17:31:09',2,NULL,'2023-09-21 17:32:05',2,'2023-09-19 00:00:00','2023-09-20 00:00:00',NULL,NULL,'',2,0,NULL,NULL,7,NULL,1,NULL,NULL,NULL,NULL,NULL,0,'',NULL,NULL),(25,'2023-09-26 13:23:37','BR2309-0024',1,222,0,NULL,NULL,NULL,'2023-09-26 15:22:28',2,NULL,'2023-09-26 15:23:31',2,'2023-09-26 00:00:00',NULL,NULL,NULL,'',2,0,NULL,NULL,7,NULL,1,NULL,NULL,NULL,NULL,NULL,0,'',NULL,NULL),(26,'2023-10-09 15:44:55','BR2310-0025',1,656,0,NULL,NULL,NULL,'2023-10-09 17:44:08',2,NULL,'2023-10-09 17:44:46',2,'2023-10-09 00:00:00',NULL,NULL,NULL,'',2,0,NULL,NULL,7,NULL,1,NULL,NULL,NULL,NULL,NULL,0,'',NULL,NULL),(27,'2023-10-09 15:46:01','BR2310-0026',1,565,0,NULL,NULL,NULL,'2023-10-09 17:45:25',2,NULL,'2023-10-09 17:45:58',2,'2023-10-04 00:00:00',NULL,NULL,NULL,'',2,0,NULL,NULL,7,NULL,1,NULL,NULL,NULL,NULL,NULL,0,'',NULL,NULL),(28,'2023-10-09 15:46:51','BR2310-0027',1,554,0,NULL,NULL,NULL,'2023-10-09 17:46:20',2,NULL,'2023-10-09 17:46:43',2,'2023-10-04 00:00:00',NULL,NULL,NULL,'',2,0,NULL,NULL,7,NULL,1,NULL,NULL,NULL,NULL,NULL,0,'',NULL,NULL),(29,'2023-10-09 15:49:39','BR2310-0028',1,397,0,NULL,NULL,NULL,'2023-10-09 17:47:13',2,NULL,'2023-10-09 17:49:35',2,'2023-10-03 00:00:00',NULL,NULL,NULL,'',2,0,NULL,NULL,7,NULL,1,NULL,NULL,NULL,NULL,NULL,0,'',NULL,NULL),(30,'2023-10-09 15:50:52','BR2310-0029',1,400,0,NULL,NULL,NULL,'2023-10-09 17:50:12',2,NULL,'2023-10-09 17:50:36',2,'2023-10-06 00:00:00',NULL,NULL,NULL,'',2,0,NULL,NULL,7,NULL,1,NULL,NULL,NULL,NULL,NULL,0,'',NULL,NULL),(32,'2023-10-13 14:44:57','BR2310-0030',1,98,0,NULL,NULL,NULL,'2023-10-13 16:44:21',2,NULL,'2023-10-13 16:44:53',2,'2023-10-13 00:00:00',NULL,NULL,NULL,'',2,0,NULL,NULL,7,NULL,1,NULL,NULL,NULL,NULL,NULL,0,'',NULL,NULL),(33,'2023-11-08 17:23:05','(PROV33)',1,656,0,NULL,NULL,NULL,'2023-11-08 18:23:05',2,NULL,NULL,NULL,'2023-11-08 00:00:00',NULL,NULL,NULL,'',0,0,NULL,NULL,7,NULL,1,NULL,NULL,NULL,NULL,NULL,0,'',NULL,NULL),(34,'2023-11-15 15:14:43','BR2311-0031',1,397,0,NULL,NULL,'2300000159','2023-11-15 16:08:45',2,NULL,'2023-11-15 16:14:34',2,'2023-11-15 00:00:00',NULL,NULL,NULL,'',2,0,NULL,NULL,7,NULL,1,NULL,NULL,NULL,NULL,NULL,0,'',NULL,NULL),(35,'2024-01-24 17:25:11','BR2401-0032',1,353,0,NULL,NULL,NULL,'2024-01-24 18:23:59',2,NULL,'2024-01-24 18:24:50',2,'2024-01-24 00:00:00',NULL,NULL,NULL,'',2,0,NULL,NULL,7,NULL,1,NULL,NULL,NULL,NULL,NULL,0,'',NULL,NULL),(36,'2024-01-26 14:21:04','BR2401-0033',1,397,0,NULL,NULL,NULL,'2024-01-26 15:20:24',2,NULL,'2024-01-26 15:20:59',2,'2024-01-26 00:00:00',NULL,NULL,NULL,'',2,0,NULL,NULL,7,NULL,1,NULL,NULL,NULL,NULL,NULL,0,'',NULL,NULL);

--
-- Table structure for table `llx_bonderetour_extrafields`
--

CREATE TABLE `llx_bonderetour_extrafields` (
  `rowid` int(11) NOT NULL AUTO_INCREMENT,
  `tms` timestamp NOT NULL DEFAULT current_timestamp() ON UPDATE current_timestamp(),
  `fk_object` int(11) NOT NULL,
  `import_key` varchar(14) DEFAULT NULL,
  PRIMARY KEY (`rowid`),
  KEY `idx_bonderetour_extrafields` (`fk_object`)
) ENGINE=InnoDB DEFAULT CHARSET=utf8 COLLATE=utf8_unicode_ci;

--
-- Dumping data for table `llx_bonderetour_extrafields`
--


--
-- Table structure for table `llx_bonderetourdet`
--

CREATE TABLE `llx_bonderetourdet` (
  `rowid` int(11) NOT NULL AUTO_INCREMENT,
  `fk_bonderetour` int(11) DEFAULT NULL,
  `fk_commande` int(11) DEFAULT NULL,
  `fk_product` int(11) DEFAULT NULL,
  `fk_commandedet` int(11) DEFAULT NULL,
  `qty` float DEFAULT NULL,
  `price` float DEFAULT NULL,
  `fk_entrepot` int(11) DEFAULT NULL,
  `fk_user` int(11) DEFAULT NULL,
  `comment` varchar(255) DEFAULT NULL,
  `batch` varchar(30) DEFAULT NULL,
  `eatby` date DEFAULT NULL,
  `sellby` date DEFAULT NULL,
  `status` int(11) DEFAULT NULL,
  `datec` datetime DEFAULT NULL,
  `tms` timestamp NOT NULL DEFAULT current_timestamp() ON UPDATE current_timestamp(),
  PRIMARY KEY (`rowid`),
  KEY `idx_bonderetourdet_fk_commande` (`fk_commande`)
) ENGINE=InnoDB AUTO_INCREMENT=36 DEFAULT CHARSET=utf8 COLLATE=utf8_unicode_ci;

--
-- Dumping data for table `llx_bonderetourdet`
--

INSERT INTO `llx_bonderetourdet` (`rowid`, `fk_bonderetour`, `fk_commande`, `fk_product`, `fk_commandedet`, `qty`, `price`, `fk_entrepot`, `fk_user`, `comment`, `batch`, `eatby`, `sellby`, `status`, `datec`, `tms`) VALUES (1,1,NULL,85,0,5,67.8,4,1,'','',NULL,NULL,1,NULL,'2023-03-20 14:33:36'),(2,2,NULL,85,0,4,67.8,4,2,'','',NULL,NULL,1,NULL,'2023-03-27 14:30:48'),(3,3,NULL,85,0,4,67.8,4,2,'','',NULL,NULL,1,NULL,'2023-04-12 15:04:26'),(4,4,NULL,85,0,8,67.8,4,2,'','',NULL,NULL,1,NULL,'2023-04-27 10:56:46'),(5,5,NULL,85,0,1,67.8,4,2,'','',NULL,NULL,1,NULL,'2023-05-12 08:09:31'),(6,6,NULL,85,0,1,67.8,4,2,'','',NULL,NULL,1,NULL,'2023-05-12 08:11:08'),(7,6,NULL,85,0,1,67.8,4,2,'','',NULL,NULL,1,NULL,'2023-05-12 08:12:06'),(8,7,NULL,85,0,4,67.8,4,2,'','',NULL,NULL,1,NULL,'2023-05-12 08:13:07'),(9,8,NULL,19,0,24,1.63,1,2,'','',NULL,NULL,1,NULL,'2023-05-30 08:56:38'),(10,9,NULL,3,0,1,117.081,1,2,'','',NULL,NULL,1,NULL,'2023-06-12 13:17:41'),(11,10,NULL,3,0,4,117.081,1,2,'','',NULL,NULL,1,NULL,'2023-06-12 13:21:31'),(12,11,NULL,85,0,1,67.8,4,2,'','',NULL,NULL,1,NULL,'2023-06-21 16:44:23'),(13,12,NULL,85,0,1,67.8,1,2,'','',NULL,NULL,1,NULL,'2023-06-29 10:20:59'),(14,14,NULL,85,0,3,67.8,4,2,'','',NULL,NULL,1,NULL,'2023-07-03 15:02:15'),(15,15,NULL,85,0,3,67.8,4,2,'','',NULL,NULL,1,NULL,'2023-07-03 15:03:38'),(16,16,NULL,85,0,2,67.8,4,2,'','',NULL,NULL,1,NULL,'2023-07-03 15:04:39'),(17,17,NULL,85,0,3,67.8,4,2,'','',NULL,NULL,1,NULL,'2023-07-03 15:05:32'),(18,18,NULL,85,0,2,67.8,4,2,'','',NULL,NULL,1,NULL,'2023-07-18 10:36:34'),(19,19,NULL,85,0,5,67.8,4,2,'','',NULL,NULL,1,NULL,'2023-07-19 14:18:30'),(20,20,NULL,85,0,6,67.8,4,2,'','',NULL,NULL,1,NULL,'2023-07-19 14:19:20'),(21,21,NULL,85,0,1,67.8,4,2,'','',NULL,NULL,1,NULL,'2023-07-30 12:24:55'),(22,22,NULL,85,0,2,67.8,4,2,'','',NULL,NULL,1,NULL,'2023-08-01 15:18:43'),(23,23,NULL,85,0,5,67.8,3,2,'','',NULL,NULL,1,NULL,'2023-09-12 12:59:22'),(24,24,NULL,85,0,2,67.8,4,2,'','',NULL,NULL,1,NULL,'2023-09-21 15:31:52'),(25,25,NULL,85,0,5,67.8,4,2,'','',NULL,NULL,1,NULL,'2023-09-26 13:23:15'),(26,26,NULL,85,0,4,67.8,4,2,'','',NULL,NULL,1,NULL,'2023-10-09 15:44:40'),(27,27,NULL,85,0,8,67.8,4,2,'','',NULL,NULL,1,NULL,'2023-10-09 15:45:47'),(28,28,NULL,85,0,2,67.8,4,2,'','',NULL,NULL,1,NULL,'2023-10-09 15:46:38'),(29,29,NULL,85,0,3,67.8,4,2,'','',NULL,NULL,1,NULL,'2023-10-09 15:49:31'),(30,30,NULL,85,0,1,67.8,4,2,'','',NULL,NULL,1,NULL,'2023-10-09 15:50:28'),(31,32,NULL,85,0,2,67.8,4,2,'','',NULL,NULL,1,NULL,'2023-10-13 14:44:44'),(32,33,NULL,85,0,5,67.8,4,2,'','',NULL,NULL,1,NULL,'2023-11-08 17:23:34'),(33,34,NULL,85,0,4,67.8,4,2,'','',NULL,NULL,1,NULL,'2023-11-15 15:14:23'),(34,35,NULL,85,0,1,67.8,4,2,'','',NULL,NULL,1,NULL,'2024-01-24 17:24:35'),(35,36,NULL,85,0,5,67.8,4,2,'','',NULL,NULL,1,NULL,'2024-01-26 14:20:48');

--
-- Table structure for table `llx_bonderetourdet_batch`
--

CREATE TABLE `llx_bonderetourdet_batch` (
  `rowid` int(11) NOT NULL AUTO_INCREMENT,
  `fk_bonderetourdet` int(11) NOT NULL,
  `eatby` date DEFAULT NULL,
  `sellby` date DEFAULT NULL,
  `batch` varchar(30) DEFAULT NULL,
  `qty` double NOT NULL DEFAULT 0,
  `fk_origin_stock` int(11) NOT NULL,
  PRIMARY KEY (`rowid`),
  KEY `idx_fk_bonderetourdet` (`fk_bonderetourdet`),
  CONSTRAINT `fk_bonderetourdet_batch_fk_bonderetourdet` FOREIGN KEY (`fk_bonderetourdet`) REFERENCES `llx_bonderetourdet` (`rowid`)
) ENGINE=InnoDB DEFAULT CHARSET=utf8 COLLATE=utf8_unicode_ci;

--
-- Dumping data for table `llx_bonderetourdet_batch`
--


--
-- Table structure for table `llx_bonderetourdet_extrafields`
--

CREATE TABLE `llx_bonderetourdet_extrafields` (
  `rowid` int(11) NOT NULL AUTO_INCREMENT,
  `tms` timestamp NOT NULL DEFAULT current_timestamp() ON UPDATE current_timestamp(),
  `fk_object` int(11) NOT NULL,
  `import_key` varchar(14) DEFAULT NULL,
  PRIMARY KEY (`rowid`),
  KEY `idx_bonderetourdet_extrafields` (`fk_object`)
) ENGINE=InnoDB DEFAULT CHARSET=utf8 COLLATE=utf8_unicode_ci;

--
-- Dumping data for table `llx_bonderetourdet_extrafields`
--


--
-- Table structure for table `llx_bookmark`
--

CREATE TABLE `llx_bookmark` (
  `rowid` int(11) NOT NULL AUTO_INCREMENT,
  `fk_user` int(11) NOT NULL,
  `dateb` datetime DEFAULT NULL,
  `url` text DEFAULT NULL,
  `target` varchar(16) DEFAULT NULL,
  `title` varchar(64) DEFAULT NULL,
  `favicon` varchar(24) DEFAULT NULL,
  `position` int(11) DEFAULT 0,
  `entity` int(11) NOT NULL DEFAULT 1,
  PRIMARY KEY (`rowid`),
  UNIQUE KEY `uk_bookmark_title` (`fk_user`,`entity`,`title`)
) ENGINE=InnoDB AUTO_INCREMENT=4 DEFAULT CHARSET=utf8 COLLATE=utf8_unicode_ci;

--
-- Dumping data for table `llx_bookmark`
--

INSERT INTO `llx_bookmark` (`rowid`, `fk_user`, `dateb`, `url`, `target`, `title`, `favicon`, `position`, `entity`) VALUES (1,0,'2023-01-20 16:00:11','/compta/stats/casoc.php?sortfield=nom&sortorder=asc&leftmenu=accountancy_report&modecompta=BOOKKEEPING','0','CA MENSUEL','none',1,1),(2,1,'2023-03-15 09:11:32','http://135.125.36.38/phpmyadmin/index.php?route=/database/structure&db=lagrange','1','PHPMYADMIN','none',0,1),(3,1,'2023-03-15 09:11:52','https://135.125.36.38:10000/filemin//index.cgi?path=%2Fvar%2Fwww%2Ftdelec.pragma%2Dtech.fr%2Fhtdocs%2Fconf&xnavigation=1','1','WEBMIN','none',0,1);

--
-- Table structure for table `llx_bordereau_cheque`
--

CREATE TABLE `llx_bordereau_cheque` (
  `rowid` int(11) NOT NULL AUTO_INCREMENT,
  `ref` varchar(30) NOT NULL,
  `label` varchar(255) DEFAULT NULL,
  `ref_ext` varchar(255) DEFAULT NULL,
  `datec` datetime NOT NULL,
  `date_bordereau` date DEFAULT NULL,
  `amount` double(24,8) NOT NULL,
  `nbcheque` smallint(6) NOT NULL,
  `fk_bank_account` int(11) DEFAULT NULL,
  `fk_user_author` int(11) DEFAULT NULL,
  `statut` smallint(6) NOT NULL DEFAULT 0,
  `tms` timestamp NOT NULL DEFAULT current_timestamp() ON UPDATE current_timestamp(),
  `note` text DEFAULT NULL,
  `entity` int(11) NOT NULL DEFAULT 1,
  `type` varchar(6) DEFAULT 'CHQ',
  PRIMARY KEY (`rowid`),
  UNIQUE KEY `uk_bordereau_cheque` (`ref`,`entity`)
) ENGINE=InnoDB AUTO_INCREMENT=93 DEFAULT CHARSET=utf8 COLLATE=utf8_unicode_ci;

--
-- Dumping data for table `llx_bordereau_cheque`
--

INSERT INTO `llx_bordereau_cheque` (`rowid`, `ref`, `label`, `ref_ext`, `datec`, `date_bordereau`, `amount`, `nbcheque`, `fk_bank_account`, `fk_user_author`, `statut`, `tms`, `note`, `entity`, `type`) VALUES (2,'CHK2301-0001',NULL,'','2023-01-27 15:11:08','2023-01-25',837.16000000,2,1,2,1,'2023-01-27 14:11:44',NULL,1,'CHQ'),(3,'CHK2301-0002',NULL,'','2023-01-30 13:36:13','2023-01-18',549.84000000,5,1,2,1,'2023-01-30 12:36:53',NULL,1,'CHQ'),(4,'CHK2301-0003',NULL,'','2023-01-30 13:40:47','2023-01-03',80.00000000,1,1,2,1,'2023-01-30 12:41:17',NULL,1,'CHQ'),(5,'CHK2301-0004',NULL,'','2023-01-30 13:44:17','2023-01-11',201.60000000,2,1,2,1,'2023-01-30 12:44:39',NULL,1,'CHQ'),(6,'CHK2302-0005',NULL,'','2023-02-03 15:14:40','2023-02-03',1493.70000000,3,1,1,1,'2023-02-03 14:14:46',NULL,1,'CHQ'),(7,'CHK2302-0006',NULL,'','2023-02-13 16:03:45','2023-02-03',640.08000000,3,1,2,1,'2023-02-13 15:04:22',NULL,1,'CHQ'),(8,'CHK2302-0007',NULL,'','2023-02-15 17:54:14','2023-02-15',2365.92000000,4,1,2,1,'2023-02-15 16:54:26',NULL,1,'CHQ'),(9,'CHK2302-0008',NULL,'','2023-02-20 17:47:26','2023-02-20',155.52000000,2,1,2,1,'2023-02-20 16:48:27',NULL,1,'CHQ'),(10,'CHK2302-0009',NULL,'','2023-02-23 10:27:15','2022-12-07',246.24000000,1,1,2,1,'2023-02-23 09:29:13',NULL,1,'CHQ'),(11,'CHK2302-0010',NULL,'','2023-02-28 16:54:20','2023-02-28',717.12000000,1,1,2,1,'2023-02-28 15:54:36',NULL,1,'CHQ'),(12,'CHK2303-0011',NULL,'','2023-03-13 15:33:57','2023-03-13',262.08000000,1,1,2,1,'2023-03-13 14:34:06',NULL,1,'CHQ'),(13,'CHK2303-0012',NULL,'','2023-03-13 15:36:07','2023-03-13',236.16000000,1,1,2,1,'2023-03-13 14:36:11',NULL,1,'CHQ'),(14,'CHK2303-0013',NULL,'','2023-03-13 15:37:17','2023-03-13',648.00000000,1,1,2,1,'2023-03-13 14:37:28',NULL,1,'CHQ'),(15,'CHK2303-0014',NULL,'','2023-03-17 18:36:18','2023-03-16',1195.14000000,4,1,2,1,'2023-03-17 17:36:33',NULL,1,'CHQ'),(16,'CHK2304-0015',NULL,'','2023-04-04 18:49:21','2023-04-04',207.36000000,1,1,2,1,'2023-04-04 16:49:28',NULL,1,'CHQ'),(17,'CHK2304-0016',NULL,'','2023-04-05 16:44:07','2023-04-05',866.40000000,4,1,2,1,'2023-04-05 14:44:14',NULL,1,'CHQ'),(19,'CHK2304-0018',NULL,'','2023-04-25 12:03:31','2023-04-25',2331.04000000,5,1,2,1,'2023-04-25 10:03:42',NULL,1,'CHQ'),(20,'CHK2305-0019',NULL,'','2023-05-04 10:05:54','2023-05-04',383.76000000,1,1,2,1,'2023-05-04 08:06:01',NULL,1,'CHQ'),(21,'CHK2305-0020',NULL,'','2023-05-04 10:09:32','2023-05-04',304.56000000,1,1,2,1,'2023-05-04 08:09:39',NULL,1,'CHQ'),(26,'CHK2305-0021',NULL,'','2023-05-05 12:26:39','2023-04-06',120.00000000,1,1,2,1,'2023-05-05 10:26:57',NULL,1,'CHQ'),(27,'CHK2305-0022',NULL,'','2023-05-05 16:50:24','2023-05-04',315.36000000,1,1,2,1,'2023-05-05 14:51:18',NULL,1,'CHQ'),(28,'CHK2305-0023',NULL,'','2023-05-09 15:27:01','2023-05-09',207.36000000,1,1,2,1,'2023-05-09 13:27:09',NULL,1,'CHQ'),(29,'CHK2305-0024',NULL,'','2023-05-12 10:24:16','2023-05-11',629.60000000,2,1,2,1,'2023-05-12 08:24:34',NULL,1,'CHQ'),(30,'CHK2305-0025',NULL,'','2023-05-16 19:06:18','2023-05-15',210.24000000,1,1,2,1,'2023-05-16 17:06:40',NULL,1,'CHQ'),(31,'CHK2305-0026',NULL,'','2023-05-16 19:06:55','2023-05-16',1894.32000000,2,1,2,1,'2023-05-16 17:07:06',NULL,1,'CHQ'),(32,'CHK2305-0027',NULL,'','2023-05-25 10:31:58','2023-05-25',576.00000000,1,1,2,1,'2023-05-25 08:32:05',NULL,1,'CHQ'),(33,'CHK2305-0028',NULL,'','2023-05-31 10:08:51','2023-05-30',1228.32000000,4,1,2,1,'2023-05-31 08:09:29',NULL,1,'CHQ'),(34,'CHK2306-0029',NULL,'','2023-06-15 18:24:40','2023-06-15',858.60000000,3,1,2,1,'2023-06-15 16:24:46',NULL,1,'CHQ'),(35,'CHK2306-0030',NULL,'','2023-06-15 18:33:05','2023-06-15',70.00000000,1,1,2,1,'2023-06-15 16:33:21',NULL,1,'CHQ'),(36,'CHK2306-0031',NULL,'','2023-06-21 18:22:51','2023-06-18',308.16000000,4,1,2,1,'2023-06-21 16:23:24',NULL,1,'CHQ'),(37,'CHK2307-0032',NULL,'','2023-07-01 18:10:04','2023-07-01',365.28000000,2,1,2,1,'2023-07-01 16:10:16',NULL,1,'CHQ'),(38,'CHK2307-0033',NULL,'','2023-07-01 18:13:46','2023-07-01',783.90000000,4,1,2,1,'2023-07-01 16:13:53',NULL,1,'CHQ'),(39,'CHK2307-0034',NULL,'','2023-07-10 12:12:14','2023-07-10',1090.08000000,6,1,2,1,'2023-07-10 10:12:21',NULL,1,'CHQ'),(40,'CHK2307-0035',NULL,'','2023-07-10 12:12:50','2023-07-01',361.44000000,1,1,2,1,'2023-07-10 10:13:07',NULL,1,'CHQ'),(41,'CHK2307-0036',NULL,'','2023-07-17 15:01:14','2023-07-17',851.76000000,4,1,2,1,'2023-07-17 13:01:25',NULL,1,'CHQ'),(42,'CHK2307-0037',NULL,'','2023-07-17 15:02:21','2023-07-12',255.60000000,1,1,2,1,'2023-07-17 13:02:44',NULL,1,'CHQ'),(43,'CHK2307-0038',NULL,'','2023-07-20 18:35:17','2023-07-19',780.00000000,2,1,2,1,'2023-07-20 16:35:29',NULL,1,'CHQ'),(44,'CHK2307-0039',NULL,'','2023-07-31 14:49:34','2023-07-31',506.88000000,1,1,2,1,'2023-07-31 12:49:38',NULL,1,'CHQ'),(45,'CHK2307-0040',NULL,'','2023-07-31 14:50:23','2023-07-31',547.65000000,3,1,2,1,'2023-07-31 12:50:40',NULL,1,'CHQ'),(46,'CHK2307-0041',NULL,'','2023-07-31 14:51:14','2023-07-31',120.00000000,2,1,2,1,'2023-07-31 12:51:18',NULL,1,'CHQ'),(47,'CHK2308-0042',NULL,'','2023-08-04 19:06:28','2023-08-04',1536.87000000,6,1,2,1,'2023-08-04 17:06:35',NULL,1,'CHQ'),(48,'CHK2308-0043',NULL,'','2023-08-20 16:27:21','2023-08-05',622.08000000,2,1,2,1,'2023-08-20 14:32:22',NULL,1,'CHQ'),(49,'CHK2308-0044',NULL,'','2023-08-20 16:31:41','2023-08-10',798.48000000,2,1,2,1,'2023-08-20 14:32:02',NULL,1,'CHQ'),(50,'CHK2308-0045',NULL,'','2023-08-20 16:34:24','2023-08-10',234.00000000,1,1,2,1,'2023-08-20 14:34:33',NULL,1,'CHQ'),(51,'CHK2308-0046',NULL,'','2023-08-20 16:43:37','2023-08-16',207.72000000,1,1,2,1,'2023-08-20 14:43:49',NULL,1,'CHQ'),(52,'CHK2308-0047',NULL,'','2023-08-25 17:10:07','2023-08-24',1619.28000000,2,1,2,1,'2023-08-29 11:55:08',NULL,1,'CHQ'),(53,'CHK2308-0048',NULL,'','2023-08-27 11:02:20','2023-08-26',365.04000000,1,1,2,1,'2023-08-29 11:56:48',NULL,1,'CHQ'),(54,'CHK2309-0049',NULL,'','2023-09-01 10:15:41','2023-09-01',506.88000000,1,1,2,1,'2023-09-01 08:15:46',NULL,1,'CHQ'),(55,'CHK2309-0050',NULL,'','2023-09-08 17:27:45','2023-09-08',1128.96000000,2,1,2,1,'2023-09-08 15:27:52',NULL,1,'CHQ'),(56,'CHK2309-0051',NULL,'','2023-09-19 16:49:05','2023-09-15',2074.32000000,3,1,2,1,'2023-09-19 14:49:25',NULL,1,'CHQ'),(57,'CHK2309-0052',NULL,'','2023-09-19 16:51:20','2023-09-08',466.56000000,2,1,2,1,'2023-09-19 14:51:41',NULL,1,'CHQ'),(58,'CHK2309-0053',NULL,'','2023-09-21 17:10:57','2023-09-20',259.20000000,1,1,2,1,'2023-09-21 15:11:08',NULL,1,'CHQ'),(59,'CHK2309-0054',NULL,'','2023-09-25 12:23:50','2023-09-22',600.00000000,1,1,2,1,'2023-09-25 10:23:59',NULL,1,'CHQ'),(60,'CHK2309-0055',NULL,'','2023-09-28 17:31:44','2023-09-28',797.04000000,2,1,2,1,'2023-09-28 15:31:57',NULL,1,'CHQ'),(61,'CHK2310-0056',NULL,'','2023-10-11 18:23:28','2023-10-04',964.08000000,6,1,2,1,'2023-10-11 16:23:45',NULL,1,'CHQ'),(62,'CHK2310-0057',NULL,'','2023-10-11 18:37:16','2023-10-11',1229.76000000,3,1,2,1,'2023-10-11 16:37:25',NULL,1,'CHQ'),(63,'CHK2310-0058',NULL,'','2023-10-19 11:40:04','2023-10-19',259.92000000,2,1,2,1,'2023-10-19 09:40:11',NULL,1,'CHQ'),(64,'CHK2310-0059',NULL,'','2023-10-25 19:10:42','2023-10-25',324.48000000,2,1,2,1,'2023-10-25 17:11:23',NULL,1,'CHQ'),(65,'CHK2310-0060',NULL,'','2023-10-26 09:16:36','2023-10-24',2839.68000000,6,1,2,1,'2023-10-26 07:16:52',NULL,1,'CHQ'),(66,'CHK2311-0061',NULL,'','2023-11-15 09:36:03','2023-11-02',253.44000000,1,1,2,1,'2023-11-15 08:36:14',NULL,1,'CHQ'),(67,'CHK2311-0062',NULL,'','2023-11-15 09:40:03','2023-11-06',543.60000000,3,1,2,1,'2023-11-15 08:40:22',NULL,1,'CHQ'),(68,'CHK2311-0063',NULL,'','2023-11-15 09:46:49','2023-11-11',395.10000000,1,1,2,1,'2023-11-15 08:47:03',NULL,1,'CHQ'),(69,'CHK2311-0064',NULL,'','2023-11-15 09:47:41','2023-11-14',155.52000000,1,1,2,1,'2023-11-15 08:47:52',NULL,1,'CHQ'),(71,'CHK2311-0065',NULL,'','2023-11-30 09:49:03','2023-11-22',815.36000000,2,1,2,1,'2023-11-30 08:49:19',NULL,1,'CHQ'),(72,'CHK2311-0066',NULL,'','2023-11-30 19:08:05','2023-11-29',920.88000000,2,1,2,1,'2023-11-30 18:13:18',NULL,1,'CHQ'),(73,'CHK2312-0067',NULL,'','2023-12-08 17:23:35','2023-12-05',263.68000000,2,1,2,1,'2023-12-08 16:23:50',NULL,1,'CHQ'),(74,'CHK2312-0068',NULL,'','2023-12-18 16:11:46','2023-12-15',2512.84000000,8,1,2,1,'2023-12-18 15:11:58',NULL,1,'CHQ'),(75,'CHK2312-0069',NULL,'','2023-12-21 15:48:03','2023-12-20',275.52000000,3,1,2,1,'2023-12-21 14:48:20',NULL,1,'CHQ'),(77,'CHK2312-0070',NULL,'','2023-12-22 17:05:39','2023-12-22',867.60000000,4,1,2,1,'2023-12-22 16:05:45',NULL,1,'CHQ'),(78,'CHK2312-0071',NULL,'','2023-12-30 11:38:45','2023-12-30',405.24000000,2,1,2,1,'2023-12-30 10:38:52',NULL,1,'CHQ'),(79,'CHK2401-0072',NULL,'','2024-01-15 16:02:46','2024-01-04',738.00000000,2,1,2,1,'2024-01-15 15:02:59',NULL,1,'CHQ'),(80,'CHK2401-0073',NULL,'','2024-01-15 16:20:51','2024-01-05',361.68000000,2,1,2,1,'2024-01-15 15:21:05',NULL,1,'CHQ'),(81,'CHK2401-0074',NULL,'','2024-01-15 16:43:21','2024-01-11',363.84000000,2,1,2,1,'2024-01-15 15:43:33',NULL,1,'CHQ'),(82,'CHK2401-0075',NULL,'','2024-01-15 16:43:44','2024-01-12',120.00000000,1,1,2,1,'2024-01-15 15:43:54',NULL,1,'CHQ'),(83,'CHK2401-0076',NULL,'','2024-01-18 11:24:41','2024-01-17',1355.52000000,2,1,2,1,'2024-01-18 10:24:52',NULL,1,'CHQ'),(84,'CHK2401-0077',NULL,'','2024-01-26 15:27:56','2024-01-24',516.96000000,2,1,2,1,'2024-01-26 14:28:10',NULL,1,'CHQ'),(85,'CHK2401-0078',NULL,'','2024-01-31 18:42:37','2024-01-30',259.20000000,1,1,2,1,'2024-01-31 17:42:49',NULL,1,'CHQ'),(86,'CHK2402-0079',NULL,'','2024-02-12 16:07:37','2024-02-09',448.56000000,4,1,2,1,'2024-02-12 15:07:52',NULL,1,'CHQ'),(87,'CHK2402-0080',NULL,'','2024-02-19 11:53:14','2024-02-15',894.00000000,1,1,2,1,'2024-02-19 10:53:23',NULL,1,'CHQ'),(88,'CHK2402-0081',NULL,'','2024-02-23 18:09:27','2024-02-21',811.24000000,2,1,2,1,'2024-02-23 17:09:38',NULL,1,'CHQ'),(89,'CHK2403-0082',NULL,'','2024-03-06 16:51:24','2024-03-01',537.84000000,1,1,2,1,'2024-03-06 15:51:45',NULL,1,'CHQ'),(90,'CHK2403-0083',NULL,'','2024-03-22 16:46:55','2024-03-19',2122.44000000,4,1,2,1,'2024-03-22 15:47:10',NULL,1,'CHQ'),(91,'CHK2403-0084',NULL,'','2024-04-02 16:40:19','2024-03-27',357.12000000,1,1,2,1,'2024-04-02 14:40:29',NULL,1,'CHQ'),(92,'CHK2403-0085',NULL,'','2024-04-02 16:40:47','2024-03-29',210.24000000,1,1,2,1,'2024-04-02 14:58:55',NULL,1,'CHQ');

--
-- Table structure for table `llx_boxes`
--

CREATE TABLE `llx_boxes` (
  `rowid` int(11) NOT NULL AUTO_INCREMENT,
  `entity` int(11) NOT NULL DEFAULT 1,
  `box_id` int(11) NOT NULL,
  `position` smallint(6) NOT NULL,
  `box_order` varchar(3) NOT NULL,
  `fk_user` int(11) NOT NULL DEFAULT 0,
  `maxline` int(11) DEFAULT NULL,
  `params` varchar(255) DEFAULT NULL,
  PRIMARY KEY (`rowid`),
  UNIQUE KEY `uk_boxes` (`entity`,`box_id`,`position`,`fk_user`),
  KEY `idx_boxes_boxid` (`box_id`),
  KEY `idx_boxes_fk_user` (`fk_user`),
  CONSTRAINT `fk_boxes_box_id` FOREIGN KEY (`box_id`) REFERENCES `llx_boxes_def` (`rowid`)
) ENGINE=InnoDB AUTO_INCREMENT=916 DEFAULT CHARSET=utf8 COLLATE=utf8_unicode_ci;

--
-- Dumping data for table `llx_boxes`
--

INSERT INTO `llx_boxes` (`rowid`, `entity`, `box_id`, `position`, `box_order`, `fk_user`, `maxline`, `params`) VALUES (1,1,1,0,'A05',0,NULL,NULL),(2,1,2,0,'A13',0,NULL,NULL),(3,1,3,0,'B28',0,NULL,NULL),(4,1,4,0,'B14',0,NULL,NULL),(5,1,5,0,'A29',0,NULL,NULL),(6,1,6,0,'A15',0,NULL,NULL),(7,1,7,0,'B30',0,NULL,NULL),(8,1,8,0,'B16',0,NULL,NULL),(9,1,9,0,'A31',0,NULL,NULL),(10,1,10,0,'B34',0,NULL,NULL),(11,1,11,0,'A19',0,NULL,NULL),(12,1,12,0,'A33',0,NULL,NULL),(13,1,13,0,'B32',0,NULL,NULL),(14,1,14,0,'A17',0,NULL,NULL),(15,1,15,0,'A27',0,NULL,NULL),(16,1,16,0,'B12',0,NULL,NULL),(17,1,17,0,'B20',0,NULL,NULL),(18,1,18,0,'B06',0,NULL,NULL),(19,1,19,0,'A21',0,NULL,NULL),(20,1,20,0,'A07',0,NULL,NULL),(21,1,21,0,'B22',0,NULL,NULL),(22,1,22,0,'B08',0,NULL,NULL),(23,1,23,0,'A23',0,NULL,NULL),(24,1,24,0,'A09',0,NULL,NULL),(26,1,28,0,'B10',0,NULL,NULL),(27,1,29,0,'A25',0,NULL,NULL),(28,1,29,1,'A35',0,NULL,NULL),(29,1,29,2,'B36',0,NULL,NULL),(30,1,29,3,'A37',0,NULL,NULL),(31,1,29,11,'B38',0,NULL,NULL),(32,1,29,27,'A39',0,NULL,NULL),(33,1,30,0,'A11',0,NULL,NULL),(34,1,31,0,'B26',0,NULL,NULL),(35,1,32,0,'B18',0,NULL,NULL),(419,1,34,0,'A03',0,NULL,NULL),(901,1,42,0,'A01',0,NULL,NULL),(902,1,21,0,'A01',1,NULL,NULL),(903,1,43,0,'0',0,NULL,NULL),(913,1,54,0,'0',0,NULL,NULL),(914,1,55,0,'0',0,NULL,NULL),(915,1,56,0,'0',0,NULL,NULL);

--
-- Table structure for table `llx_boxes_def`
--

CREATE TABLE `llx_boxes_def` (
  `rowid` int(11) NOT NULL AUTO_INCREMENT,
  `file` varchar(200) NOT NULL,
  `entity` int(11) NOT NULL DEFAULT 1,
  `fk_user` int(11) NOT NULL DEFAULT 0,
  `tms` timestamp NOT NULL DEFAULT current_timestamp() ON UPDATE current_timestamp(),
  `note` varchar(130) DEFAULT NULL,
  PRIMARY KEY (`rowid`),
  UNIQUE KEY `uk_boxes_def` (`file`,`entity`,`note`)
) ENGINE=InnoDB AUTO_INCREMENT=57 DEFAULT CHARSET=utf8 COLLATE=utf8_unicode_ci;

--
-- Dumping data for table `llx_boxes_def`
--

INSERT INTO `llx_boxes_def` (`rowid`, `file`, `entity`, `fk_user`, `tms`, `note`) VALUES (1,'box_lastlogin.php',1,0,'2023-01-03 09:42:22',NULL),(2,'box_birthdays.php',1,0,'2023-01-03 09:42:22',NULL),(3,'box_dolibarr_state_board.php',1,0,'2023-01-03 09:42:22',NULL),(4,'box_clients.php',1,0,'2023-01-03 10:47:24',NULL),(5,'box_prospect.php',1,0,'2023-01-03 10:47:24',NULL),(6,'box_contacts.php',1,0,'2023-01-03 10:47:24',NULL),(7,'box_activity.php',1,0,'2023-01-03 10:47:24','(WarningUsingThisBoxSlowDown)'),(8,'box_goodcustomers.php',1,0,'2023-01-03 10:47:24','(WarningUsingThisBoxSlowDown)'),(9,'box_graph_propales_permonth.php',1,0,'2023-01-03 10:47:25',NULL),(10,'box_propales.php',1,0,'2023-01-03 10:47:25',NULL),(11,'box_commandes.php',1,0,'2023-01-03 10:47:27',NULL),(12,'box_graph_orders_permonth.php',1,0,'2023-01-03 10:47:27',NULL),(13,'box_shipments.php',1,0,'2023-01-03 10:47:28',NULL),(14,'box_graph_invoices_supplier_permonth.php',1,0,'2023-01-03 10:47:35',NULL),(15,'box_graph_orders_supplier_permonth.php',1,0,'2023-01-03 10:47:35',NULL),(16,'box_fournisseurs.php',1,0,'2023-01-03 10:47:35',NULL),(17,'box_factures_fourn_imp.php',1,0,'2023-01-03 10:47:35',NULL),(18,'box_factures_fourn.php',1,0,'2023-01-03 10:47:35',NULL),(19,'box_supplier_orders.php',1,0,'2023-01-03 10:47:35',NULL),(20,'box_supplier_orders_awaiting_reception.php',1,0,'2023-01-03 10:47:35',NULL),(21,'box_factures_imp.php',1,0,'2023-01-03 10:47:40',NULL),(22,'box_factures.php',1,0,'2023-01-03 10:47:40',NULL),(23,'box_graph_invoices_permonth.php',1,0,'2023-01-03 10:47:40',NULL),(24,'box_customers_outstanding_bill_reached.php',1,0,'2023-01-03 10:47:40',NULL),(26,'box_accountancy_last_manual_entries.php',1,0,'2023-01-03 10:47:58',NULL),(27,'box_accountancy_suspense_account.php',1,0,'2023-01-03 10:47:58',NULL),(28,'box_produits.php',1,0,'2023-01-03 10:48:01',NULL),(29,'box_produits_alerte_stock.php',1,0,'2023-01-03 10:48:01',NULL),(30,'box_graph_product_distribution.php',1,0,'2023-01-03 10:48:01',NULL),(31,'box_services_contracts.php',1,0,'2023-01-03 10:48:03',NULL),(32,'box_bookmarks.php',1,0,'2023-01-03 10:48:20',NULL),(34,'box_actions.php',1,0,'2023-01-06 15:02:43',NULL),(42,'box_scheduled_jobs.php',1,0,'2023-02-07 10:28:09',NULL),(43,'box_stocktransfers.php@stocktransfers',1,0,'2023-03-20 14:09:43',NULL),(50,'box_actions_future.php',1,0,'2024-01-18 13:19:39',NULL),(54,'box_boms.php',1,0,'2024-03-28 11:13:18',NULL),(55,'box_comptes.php',1,0,'2024-03-28 11:13:18',NULL),(56,'box_mos.php',1,0,'2024-03-28 11:13:18',NULL);

--
-- Table structure for table `llx_budget`
--

CREATE TABLE `llx_budget` (
  `rowid` int(11) NOT NULL AUTO_INCREMENT,
  `entity` int(11) NOT NULL DEFAULT 1,
  `label` varchar(255) NOT NULL,
  `status` int(11) DEFAULT NULL,
  `note` text DEFAULT NULL,
  `date_start` date DEFAULT NULL,
  `date_end` date DEFAULT NULL,
  `datec` datetime DEFAULT NULL,
  `tms` timestamp NOT NULL DEFAULT current_timestamp() ON UPDATE current_timestamp(),
  `fk_user_creat` int(11) DEFAULT NULL,
  `fk_user_modif` int(11) DEFAULT NULL,
  `import_key` int(11) DEFAULT NULL,
  PRIMARY KEY (`rowid`)
) ENGINE=InnoDB DEFAULT CHARSET=utf8 COLLATE=utf8_unicode_ci;

--
-- Dumping data for table `llx_budget`
--


--
-- Table structure for table `llx_budget_lines`
--

CREATE TABLE `llx_budget_lines` (
  `rowid` int(11) NOT NULL AUTO_INCREMENT,
  `fk_budget` int(11) NOT NULL,
  `fk_project_ids` varchar(180) NOT NULL,
  `amount` double(24,8) NOT NULL,
  `datec` datetime DEFAULT NULL,
  `tms` timestamp NOT NULL DEFAULT current_timestamp() ON UPDATE current_timestamp(),
  `fk_user_creat` int(11) DEFAULT NULL,
  `fk_user_modif` int(11) DEFAULT NULL,
  `import_key` int(11) DEFAULT NULL,
  PRIMARY KEY (`rowid`),
  UNIQUE KEY `uk_budget_lines` (`fk_budget`,`fk_project_ids`),
  CONSTRAINT `fk_budget_lines_budget` FOREIGN KEY (`fk_budget`) REFERENCES `llx_budget` (`rowid`)
) ENGINE=InnoDB DEFAULT CHARSET=utf8 COLLATE=utf8_unicode_ci;

--
-- Dumping data for table `llx_budget_lines`
--


--
-- Table structure for table `llx_c_accounting_category`
--

CREATE TABLE `llx_c_accounting_category` (
  `rowid` int(11) NOT NULL AUTO_INCREMENT,
  `entity` int(11) NOT NULL DEFAULT 1,
  `code` varchar(16) NOT NULL,
  `label` varchar(255) NOT NULL,
  `range_account` varchar(255) NOT NULL,
  `sens` tinyint(4) NOT NULL DEFAULT 0,
  `category_type` tinyint(4) NOT NULL DEFAULT 0,
  `formula` varchar(255) NOT NULL,
  `position` int(11) DEFAULT 0,
  `fk_country` int(11) DEFAULT NULL,
  `active` int(11) DEFAULT 1,
  PRIMARY KEY (`rowid`),
  UNIQUE KEY `uk_c_accounting_category` (`code`,`entity`)
) ENGINE=InnoDB AUTO_INCREMENT=4 DEFAULT CHARSET=utf8 COLLATE=utf8_unicode_ci;

--
-- Dumping data for table `llx_c_accounting_category`
--

INSERT INTO `llx_c_accounting_category` (`rowid`, `entity`, `code`, `label`, `range_account`, `sens`, `category_type`, `formula`, `position`, `fk_country`, `active`) VALUES (1,1,'INCOMES','Income of products/services','Example: 7xxxxx',0,0,'',10,0,1),(2,1,'EXPENSES','Expenses of products/services','Example: 6xxxxx',0,0,'',20,0,1),(3,1,'PROFIT','Balance','',0,1,'INCOMES+EXPENSES',30,0,1);

--
-- Table structure for table `llx_c_action_trigger`
--

CREATE TABLE `llx_c_action_trigger` (
  `rowid` int(11) NOT NULL AUTO_INCREMENT,
  `elementtype` varchar(64) DEFAULT NULL,
  `code` varchar(128) DEFAULT NULL,
  `label` varchar(128) NOT NULL,
  `description` varchar(255) DEFAULT NULL,
  `rang` int(11) DEFAULT 0,
  `contexts` varchar(255) DEFAULT NULL,
  PRIMARY KEY (`rowid`),
  UNIQUE KEY `uk_action_trigger_code` (`code`),
  KEY `idx_action_trigger_rang` (`rang`)
) ENGINE=InnoDB AUTO_INCREMENT=328 DEFAULT CHARSET=utf8 COLLATE=utf8_unicode_ci;

--
-- Dumping data for table `llx_c_action_trigger`
--



--
-- Table structure for table `llx_c_actioncomm`
--

CREATE TABLE `llx_c_actioncomm` (
  `id` int(11) NOT NULL,
  `code` varchar(50) NOT NULL,
  `type` varchar(50) NOT NULL DEFAULT 'system',
  `libelle` varchar(128) DEFAULT NULL,
  `module` varchar(50) DEFAULT NULL,
  `active` tinyint(4) NOT NULL DEFAULT 1,
  `todo` tinyint(4) DEFAULT NULL,
  `color` varchar(9) DEFAULT NULL,
  `picto` varchar(48) DEFAULT NULL,
  `position` int(11) NOT NULL DEFAULT 0,
  PRIMARY KEY (`id`),
  UNIQUE KEY `uk_c_actioncomm` (`code`)
) ENGINE=InnoDB DEFAULT CHARSET=utf8 COLLATE=utf8_unicode_ci;

--
-- Dumping data for table `llx_c_actioncomm`
--

INSERT INTO `llx_c_actioncomm` (`id`, `code`, `type`, `libelle`, `module`, `active`, `todo`, `color`, `picto`, `position`) VALUES (1,'AC_TEL','system','Phone call',NULL,1,NULL,NULL,NULL,2),(2,'AC_FAX','system','Send Fax',NULL,1,NULL,NULL,NULL,3),(4,'AC_EMAIL','system','Send Email',NULL,1,NULL,NULL,NULL,4),(5,'AC_RDV','system','Rendez-vous',NULL,1,NULL,NULL,NULL,1),(6,'AC_EMAIL_IN','system','reception Email',NULL,1,NULL,NULL,NULL,4),(11,'AC_INT','system','Intervention on site',NULL,1,NULL,NULL,NULL,4),(40,'AC_OTH_AUTO','systemauto','Other (automatically inserted events)',NULL,1,NULL,NULL,NULL,20),(50,'AC_OTH','system','Other (manually inserted events)',NULL,1,NULL,NULL,NULL,5),(60,'AC_EO_ONLINECONF','module','Online/Virtual conference','conference@eventorganization',1,NULL,NULL,NULL,60),(61,'AC_EO_INDOORCONF','module','Indoor conference','conference@eventorganization',1,NULL,NULL,NULL,61),(62,'AC_EO_ONLINEBOOTH','module','Online/Virtual booth','booth@eventorganization',1,NULL,NULL,NULL,62),(63,'AC_EO_INDOORBOOTH','module','Indoor booth','booth@eventorganization',1,NULL,NULL,NULL,63);

--
-- Table structure for table `llx_c_asset_disposal_type`
--

CREATE TABLE `llx_c_asset_disposal_type` (
  `rowid` int(11) NOT NULL AUTO_INCREMENT,
  `entity` int(11) NOT NULL DEFAULT 1,
  `code` varchar(16) NOT NULL,
  `label` varchar(50) NOT NULL,
  `active` int(11) NOT NULL DEFAULT 1,
  PRIMARY KEY (`rowid`),
  UNIQUE KEY `uk_c_asset_disposal_type` (`code`,`entity`)
) ENGINE=InnoDB DEFAULT CHARSET=utf8 COLLATE=utf8_unicode_ci;

--
-- Dumping data for table `llx_c_asset_disposal_type`
--


--
-- Table structure for table `llx_c_availability`
--

CREATE TABLE `llx_c_availability` (
  `rowid` int(11) NOT NULL AUTO_INCREMENT,
  `code` varchar(30) NOT NULL,
  `label` varchar(128) DEFAULT NULL,
  `type_duration` varchar(1) DEFAULT NULL,
  `qty` double DEFAULT NULL,
  `active` tinyint(4) NOT NULL DEFAULT 1,
  `position` int(11) NOT NULL DEFAULT 0,
  PRIMARY KEY (`rowid`),
  UNIQUE KEY `uk_c_availability` (`code`)
) ENGINE=InnoDB AUTO_INCREMENT=13 DEFAULT CHARSET=utf8 COLLATE=utf8_unicode_ci;

--
-- Dumping data for table `llx_c_availability`
--

INSERT INTO `llx_c_availability` (`rowid`, `code`, `label`, `type_duration`, `qty`, `active`, `position`) VALUES (1,'AV_NOW','Immediate',NULL,0,1,10),(2,'AV_1W','1 week','w',1,1,20),(3,'AV_2W','2 weeks','w',2,1,30),(4,'AV_3W','3 weeks','w',3,1,40),(5,'AV_4W','4 weeks','w',4,1,50),(6,'AV_5W','5 weeks','w',5,1,60),(7,'AV_6W','6 weeks','w',6,1,70),(8,'AV_8W','8 weeks','w',8,1,80),(9,'AV_10W','10 weeks','w',10,1,90),(10,'AV_12W','12 weeks','w',12,1,100),(11,'AV_14W','14 weeks','w',14,1,110),(12,'AV_16W','16 weeks','w',16,1,120);

--
-- Table structure for table `llx_c_barcode_type`
--

CREATE TABLE `llx_c_barcode_type` (
  `rowid` int(11) NOT NULL AUTO_INCREMENT,
  `code` varchar(16) NOT NULL,
  `entity` int(11) NOT NULL DEFAULT 1,
  `libelle` varchar(128) DEFAULT NULL,
  `coder` varchar(16) NOT NULL,
  `example` varchar(16) NOT NULL,
  PRIMARY KEY (`rowid`),
  UNIQUE KEY `uk_c_barcode_type` (`code`,`entity`)
) ENGINE=InnoDB AUTO_INCREMENT=49 DEFAULT CHARSET=utf8 COLLATE=utf8_unicode_ci;

--
-- Dumping data for table `llx_c_barcode_type`
--

INSERT INTO `llx_c_barcode_type` (`rowid`, `code`, `entity`, `libelle`, `coder`, `example`) VALUES (1,'EAN8',1,'EAN8','0','1234567'),(2,'EAN13',1,'EAN13','tcpdfbarcode','123456789012'),(3,'UPC',1,'UPC','0','123456789012'),(4,'ISBN',1,'ISBN','0','123456789'),(5,'C39',1,'Code 39','0','1234567890'),(6,'C128',1,'Code 128','0','ABCD1234567890'),(7,'DATAMATRIX',1,'Datamatrix','0','1234567xyz'),(8,'QRCODE',1,'Qr Code','0','www.dolibarr.org');

--
-- Table structure for table `llx_c_chargesociales`
--

CREATE TABLE `llx_c_chargesociales` (
  `id` int(11) NOT NULL AUTO_INCREMENT,
  `libelle` varchar(128) DEFAULT NULL,
  `deductible` smallint(6) NOT NULL DEFAULT 0,
  `active` tinyint(4) NOT NULL DEFAULT 1,
  `code` varchar(12) NOT NULL,
  `accountancy_code` varchar(32) DEFAULT NULL,
  `fk_pays` int(11) NOT NULL DEFAULT 1,
  `module` varchar(32) DEFAULT NULL,
  PRIMARY KEY (`id`)
) ENGINE=InnoDB AUTO_INCREMENT=10214 DEFAULT CHARSET=utf8 COLLATE=utf8_unicode_ci;

--
-- Dumping data for table `llx_c_chargesociales`
--

INSERT INTO `llx_c_chargesociales` (`id`, `libelle`, `deductible`, `active`, `code`, `accountancy_code`, `fk_pays`, `module`) VALUES (1,'URSSAF salariés',1,1,'TAXSECU','431',1,NULL),(2,'URSSAF Laurence',1,1,'TAXSSI','43861',1,NULL),(10,'Taxe apprentissage',1,1,'TAXAPP','6335',1,NULL),(11,'Formation professionnelle continue',1,1,'TAXFPC','6333',1,NULL),(12,'Cotisation fonciere des entreprises (CFE)',1,1,'TAXCFE','63511',1,NULL),(13,'Cotisation sur la valeur ajoutee des entreprises (CVAE)',1,1,'TAXCVAE',NULL,1,NULL),(20,'Taxe fonciere',1,1,'TAXFON',NULL,1,NULL),(25,'Prelevement à la source (PAS)',0,1,'TAXPAS','4421',1,NULL),(30,'Prevoyance salariés AG2R',1,1,'TAXPREV','4374',1,NULL),(40,'Mutuelle salariés MALAKOFF',1,1,'TAXMUT','4378',1,NULL),(50,'Retraite salariés',1,1,'TAXRET','4372',1,NULL),(60,'Taxe sur vehicule societe (TVS)',0,1,'TAXTVS','63514',1,NULL),(70,'impôts sur les sociétés (IS)',0,1,'TAXIS','444',1,NULL),(201,'ONSS',1,1,'TAXBEONSS',NULL,2,NULL),(210,'Precompte professionnel',1,1,'TAXBEPREPRO',NULL,2,NULL),(220,'Prime existence',1,1,'TAXBEPRIEXI',NULL,2,NULL),(230,'Precompte immobilier',1,1,'TAXBEPREIMMO',NULL,2,NULL),(4101,'Krankenversicherung',1,1,'TAXATKV',NULL,41,NULL),(4102,'Unfallversicherung',1,1,'TAXATUV',NULL,41,NULL),(4103,'Pensionsversicherung',1,1,'TAXATPV',NULL,41,NULL),(4104,'Arbeitslosenversicherung',1,1,'TAXATAV',NULL,41,NULL),(4105,'Insolvenzentgeltsicherungsfond',1,1,'TAXATIESG',NULL,41,NULL),(4106,'Wohnbauförderung',1,1,'TAXATWF',NULL,41,NULL),(4107,'Arbeiterkammerumlage',1,1,'TAXATAK',NULL,41,NULL),(4108,'Mitarbeitervorsorgekasse',1,1,'TAXATMVK',NULL,41,NULL),(4109,'Familienlastenausgleichsfond',1,1,'TAXATFLAF',NULL,41,NULL),(4110,'Mutuelle exploitant',0,1,'MUTEXPL','6465',1,NULL),(4111,'URSSAF Stéphane',0,1,'TAXURS','43862',1,NULL),(10201,'Αναλυτική Περιοδική Δήλωση (ΑΠΔ)',1,1,'ΑΠΔ',NULL,102,NULL),(10202,'Φόρος Μισθωτών Υπηρεσιών (ΦΜΥ)',1,1,'ΦΜΥ',NULL,102,NULL),(10203,'Ασφαλιστικές εισφορές (ΕΦΚΑ)',1,1,'ΕΦΚΑ',NULL,102,NULL),(10204,'Προκαταβολή Φόρου Εισοδήματος',0,1,'ΕΦΟΡΙΑ',NULL,102,NULL),(10205,'Ενιαίος Φόρος Ιδιοκτησίας Ακινήτων (ΕΝ.Φ.Ι.Α) ',0,1,'ΕΝΦΙΑ',NULL,102,NULL),(10206,'Ετήσιο τέλος διατήρησης Μερίδας στο Γ.Ε.ΜΗ.',1,1,'ΓΕΜΗ',NULL,102,NULL),(10207,'Επαγγελματικό Επιμελητήριο',1,1,'ΕΕ',NULL,102,NULL),(10208,'Εμπορικό και Βιομηχανικό Επιμελητηρίο',1,1,'ΕΒΕ',NULL,102,NULL),(10209,'Τέλη Κυκλοφορίας',1,1,'ΤΕΛΗ',NULL,102,NULL),(10210,'Ασφάλιση οχήματος',1,1,'ΑΣΦΑΛΕΙΑ',NULL,102,NULL),(10211,'Ενοίκιο',1,1,'ΕΝΟΙΚΙΟ',NULL,102,NULL),(10212,'Κοινόχρηστα',1,1,'ΚΟΙΝΟ',NULL,102,NULL),(10213,'Ηλεκτροδότηση',1,1,'ΡΕΥΜΑ',NULL,102,NULL);

--
-- Table structure for table `llx_c_civility`
--

CREATE TABLE `llx_c_civility` (
  `rowid` int(11) NOT NULL AUTO_INCREMENT,
  `code` varchar(6) NOT NULL,
  `label` varchar(128) DEFAULT NULL,
  `active` tinyint(4) NOT NULL DEFAULT 1,
  `module` varchar(32) DEFAULT NULL,
  PRIMARY KEY (`rowid`),
  UNIQUE KEY `uk_c_civility` (`code`)
) ENGINE=InnoDB AUTO_INCREMENT=6 DEFAULT CHARSET=utf8 COLLATE=utf8_unicode_ci;

--
-- Dumping data for table `llx_c_civility`
--

INSERT INTO `llx_c_civility` (`rowid`, `code`, `label`, `active`, `module`) VALUES (1,'MME','Madame',1,NULL),(2,'MR','Monsieur',1,NULL),(3,'MLE','Mademoiselle',1,NULL),(4,'MTRE','Maître',1,NULL),(5,'DR','Docteur',1,NULL);

--
-- Table structure for table `llx_c_country`
--

CREATE TABLE `llx_c_country` (
  `rowid` int(11) NOT NULL,
  `code` varchar(2) NOT NULL,
  `code_iso` varchar(3) DEFAULT NULL,
  `label` varchar(128) DEFAULT NULL,
  `eec` tinyint(4) NOT NULL DEFAULT 0,
  `active` tinyint(4) NOT NULL DEFAULT 1,
  `favorite` tinyint(4) NOT NULL DEFAULT 0,
  `numeric_code` varchar(3) DEFAULT NULL,
  PRIMARY KEY (`rowid`),
  UNIQUE KEY `idx_c_country_code` (`code`),
  UNIQUE KEY `idx_c_country_label` (`label`),
  UNIQUE KEY `idx_c_country_code_iso` (`code_iso`)
) ENGINE=InnoDB DEFAULT CHARSET=utf8 COLLATE=utf8_unicode_ci;

--
-- Dumping data for table `llx_c_country`
--

INSERT INTO `llx_c_country` (`rowid`, `code`, `code_iso`, `label`, `eec`, `active`, `favorite`, `numeric_code`) VALUES (0,'',NULL,'-',0,1,1,NULL),(1,'FR','FRA','France',1,1,0,'250'),(2,'BE','BEL','Belgium',1,1,0,'056'),(3,'IT','ITA','Italy',1,1,0,'380'),(4,'ES','ESP','Spain',1,1,0,'724'),(5,'DE','DEU','Germany',1,1,0,'276'),(6,'CH','CHE','Switzerland',0,1,0,'756'),(7,'GB','GBR','United Kingdom',0,1,0,'826'),(8,'IE','IRL','Ireland',1,1,0,'372'),(9,'CN','CHN','China',0,1,0,'156'),(10,'TN','TUN','Tunisia',0,1,0,'788'),(11,'US','USA','United States',0,1,0,'840'),(12,'MA','MAR','Morocco',0,1,0,'504'),(13,'DZ','DZA','Algeria',0,1,0,'012'),(14,'CA','CAN','Canada',0,1,0,'124'),(15,'TG','TGO','Togo',0,1,0,'768'),(16,'GA','GAB','Gabon',0,1,0,'266'),(17,'NL','NLD','Netherlands',1,1,0,'528'),(18,'HU','HUN','Hungary',1,1,0,'348'),(19,'RU','RUS','Russia',0,1,0,'643'),(20,'SE','SWE','Sweden',1,1,0,'752'),(21,'CI','CIV','Côte d\'Ivoire',0,1,0,'384'),(22,'SN','SEN','Senegal',0,1,0,'686'),(23,'AR','ARG','Argentina',0,1,0,'032'),(24,'CM','CMR','Cameroun',0,1,0,'120'),(25,'PT','PRT','Portugal',1,1,0,'620'),(26,'SA','SAU','Saudi Arabia',0,1,0,'682'),(27,'MC','MCO','Monaco',1,1,0,'492'),(28,'AU','AUS','Australia',0,1,0,'036'),(29,'SG','SGP','Singapore',0,1,0,'702'),(30,'AF','AFG','Afghanistan',0,1,0,'004'),(31,'AX','ALA','Åland Island',0,1,0,'248'),(32,'AL','ALB','Albania',0,1,0,'008'),(33,'AS','ASM','American Samoa',0,1,0,'016'),(34,'AD','AND','Andorra',0,1,0,'020'),(35,'AO','AGO','Angola',0,1,0,'024'),(36,'AI','AIA','Anguilla',0,1,0,'660'),(37,'AQ','ATA','Antarctica',0,1,0,'010'),(38,'AG','ATG','Antigua and Barbuda',0,1,0,'028'),(39,'AM','ARM','Armenia',0,1,0,'051'),(40,'AW','ABW','Aruba',0,1,0,'533'),(41,'AT','AUT','Austria',1,1,0,'040'),(42,'AZ','AZE','Azerbaijan',0,1,0,'031'),(43,'BS','BHS','Bahamas',0,1,0,'044'),(44,'BH','BHR','Bahrain',0,1,0,'048'),(45,'BD','BGD','Bangladesh',0,1,0,'050'),(46,'BB','BRB','Barbados',0,1,0,'052'),(47,'BY','BLR','Belarus',0,1,0,'112'),(48,'BZ','BLZ','Belize',0,1,0,'084'),(49,'BJ','BEN','Benin',0,1,0,'204'),(50,'BM','BMU','Bermuda',0,1,0,'060'),(51,'BT','BTN','Bhutan',0,1,0,'064'),(52,'BO','BOL','Bolivia',0,1,0,'068'),(53,'BA','BIH','Bosnia and Herzegovina',0,1,0,'070'),(54,'BW','BWA','Botswana',0,1,0,'072'),(55,'BV','BVT','Bouvet Island',0,0,0,'074'),(56,'BR','BRA','Brazil',0,1,0,'076'),(57,'IO','IOT','British Indian Ocean Territory',0,1,0,'086'),(58,'BN','BRN','Brunei',0,1,0,'096'),(59,'BG','BGR','Bulgaria',1,1,0,'100'),(60,'BF','BFA','Burkina Faso',0,1,0,'854'),(61,'BI','BDI','Burundi',0,1,0,'108'),(62,'KH','KHM','Cambodge',0,1,0,'116'),(63,'CV','CPV','Cap-Vert',0,1,0,'132'),(64,'KY','CYM','Iles Cayman',0,1,0,'136'),(65,'CF','CAF','République centrafricaine',0,1,0,'140'),(66,'TD','TCD','Tchad',0,1,0,'148'),(67,'CL','CHL','Chili',0,1,0,'152'),(68,'CX','CXR','Ile Christmas',0,1,0,'162'),(69,'CC','CCK','Iles des Cocos (Keeling)',0,1,0,'166'),(70,'CO','COL','Colombie',0,1,0,'170'),(71,'KM','COM','Comores',0,1,0,'174'),(72,'CG','COG','Congo',0,1,0,'178'),(73,'CD','COD','République démocratique du Congo',0,1,0,'180'),(74,'CK','COK','Iles Cook',0,1,0,'184'),(75,'CR','CRI','Costa Rica',0,1,0,'188'),(76,'HR','HRV','Croatie',1,1,0,'191'),(77,'CU','CUB','Cuba',0,1,0,'192'),(78,'CY','CYP','Cyprus',1,1,0,'196'),(79,'CZ','CZE','Czech Republic',1,1,0,'203'),(80,'DK','DNK','Denmark',1,1,0,'208'),(81,'DJ','DJI','Djibouti',0,1,0,'262'),(82,'DM','DMA','Dominica',0,1,0,'212'),(83,'DO','DOM','Dominican Republic',0,1,0,'214'),(84,'EC','ECU','Republic of Ecuador',0,1,0,'218'),(85,'EG','EGY','Egypt',0,1,0,'818'),(86,'SV','SLV','El Salvador',0,1,0,'222'),(87,'GQ','GNQ','Equatorial Guinea',0,1,0,'226'),(88,'ER','ERI','Eritrea',0,1,0,'232'),(89,'EE','EST','Estonia',1,1,0,'233'),(90,'ET','ETH','Ethiopia',0,1,0,'231'),(91,'FK','FLK','Falkland Islands',0,1,0,'238'),(92,'FO','FRO','Faroe Islands',0,1,0,'234'),(93,'FJ','FJI','Fidji Islands',0,1,0,'242'),(94,'FI','FIN','Finland',1,1,0,'246'),(95,'GF','GUF','French Guiana',0,1,0,'254'),(96,'PF','PYF','French Polynesia',0,1,0,'258'),(97,'TF','ATF','Terres australes françaises',0,1,0,'260'),(98,'GM','GMB','Gambie',0,1,0,'270'),(99,'GE','GEO','Georgia',0,1,0,'268'),(100,'GH','GHA','Ghana',0,1,0,'288'),(101,'GI','GIB','Gibraltar',0,1,0,'292'),(102,'GR','GRC','Greece',1,1,0,'300'),(103,'GL','GRL','Groenland',0,1,0,'304'),(104,'GD','GRD','Grenade',0,1,0,'308'),(106,'GU','GUM','Guam',0,1,0,'316'),(107,'GT','GTM','Guatemala',0,1,0,'320'),(108,'GN','GIN','Guinea',0,1,0,'324'),(109,'GW','GNB','Guinea-Bissao',0,1,0,'624'),(111,'HT','HTI','Haiti',0,1,0,'332'),(112,'HM','HMD','Iles Heard et McDonald',0,1,0,'334'),(113,'VA','VAT','Saint-Siège (Vatican)',0,1,0,'336'),(114,'HN','HND','Honduras',0,1,0,'340'),(115,'HK','HKG','Hong Kong',0,1,0,'344'),(116,'IS','ISL','Islande',0,1,0,'352'),(117,'IN','IND','India',0,1,0,'356'),(118,'ID','IDN','Indonésie',0,1,0,'360'),(119,'IR','IRN','Iran',0,1,0,'364'),(120,'IQ','IRQ','Iraq',0,1,0,'368'),(121,'IL','ISR','Israel',0,1,0,'376'),(122,'JM','JAM','Jamaïque',0,1,0,'388'),(123,'JP','JPN','Japon',0,1,0,'392'),(124,'JO','JOR','Jordanie',0,1,0,'400'),(125,'KZ','KAZ','Kazakhstan',0,1,0,'398'),(126,'KE','KEN','Kenya',0,1,0,'404'),(127,'KI','KIR','Kiribati',0,1,0,'296'),(128,'KP','PRK','North Corea',0,1,0,'408'),(129,'KR','KOR','South Corea',0,1,0,'410'),(130,'KW','KWT','Koweït',0,1,0,'414'),(131,'KG','KGZ','Kirghizistan',0,1,0,'417'),(132,'LA','LAO','Laos',0,1,0,'418'),(133,'LV','LVA','Lettonie',1,1,0,'428'),(134,'LB','LBN','Liban',0,1,0,'422'),(135,'LS','LSO','Lesotho',0,1,0,'426'),(136,'LR','LBR','Liberia',0,1,0,'430'),(137,'LY','LBY','Libye',0,1,0,'434'),(138,'LI','LIE','Liechtenstein',0,1,0,'438'),(139,'LT','LTU','Lituanie',1,1,0,'440'),(140,'LU','LUX','Luxembourg',1,1,0,'442'),(141,'MO','MAC','Macao',0,1,0,'446'),(142,'MK','MKD','ex-République yougoslave de Macédoine',0,1,0,'807'),(143,'MG','MDG','Madagascar',0,1,0,'450'),(144,'MW','MWI','Malawi',0,1,0,'454'),(145,'MY','MYS','Malaisie',0,1,0,'458'),(146,'MV','MDV','Maldives',0,1,0,'462'),(147,'ML','MLI','Mali',0,1,0,'466'),(148,'MT','MLT','Malte',1,1,0,'470'),(149,'MH','MHL','Iles Marshall',0,1,0,'584'),(151,'MR','MRT','Mauritanie',0,1,0,'478'),(152,'MU','MUS','Maurice',0,1,0,'480'),(153,'YT','MYT','Mayotte',0,1,0,'175'),(154,'MX','MEX','Mexique',0,1,0,'484'),(155,'FM','FSM','Micronésie',0,1,0,'583'),(156,'MD','MDA','Moldavie',0,1,0,'498'),(157,'MN','MNG','Mongolie',0,1,0,'496'),(158,'MS','MSR','Monserrat',0,1,0,'500'),(159,'MZ','MOZ','Mozambique',0,1,0,'508'),(160,'MM','MMR','Birmanie (Myanmar)',0,1,0,'104'),(161,'NA','NAM','Namibie',0,1,0,'516'),(162,'NR','NRU','Nauru',0,1,0,'520'),(163,'NP','NPL','Népal',0,1,0,'524'),(165,'NC','NCL','New Caledonia',0,1,0,'540'),(166,'NZ','NZL','New Zealand',0,1,0,'554'),(167,'NI','NIC','Nicaragua',0,1,0,'558'),(168,'NE','NER','Niger',0,1,0,'562'),(169,'NG','NGA','Nigeria',0,1,0,'566'),(170,'NU','NIU','Niue',0,1,0,'570'),(171,'NF','NFK','Norfolk Island',0,1,0,'574'),(172,'MP','MNP','Northern Mariana Islands',0,1,0,'580'),(173,'NO','NOR','Norway',0,1,0,'578'),(174,'OM','OMN','Oman',0,1,0,'512'),(175,'PK','PAK','Pakistan',0,1,0,'586'),(176,'PW','PLW','Palau',0,1,0,'585'),(177,'PS','PSE','Palestinian territories',0,1,0,'275'),(178,'PA','PAN','Panama',0,1,0,'591'),(179,'PG','PNG','Papua New Guinea',0,1,0,'598'),(180,'PY','PRY','Paraguay',0,1,0,'600'),(181,'PE','PER','Peru',0,1,0,'604'),(182,'PH','PHL','Philippines',0,1,0,'608'),(183,'PN','PCN','Pitcairn Islands',0,1,0,'612'),(184,'PL','POL','Pologne',1,1,0,'616'),(185,'PR','PRI','Puerto Rico',0,1,0,'630'),(186,'QA','QAT','Qatar',0,1,0,'634'),(188,'RO','ROU','Romania',1,1,0,'642'),(189,'RW','RWA','Rwanda',0,1,0,'646'),(190,'SH','SHN','Saint Helena',0,1,0,'654'),(191,'KN','KNA','Saint Kitts and Nevis',0,1,0,'659'),(192,'LC','LCA','Saint Lucia',0,1,0,'662'),(193,'PM','SPM','Saint Pierre and Miquelon',0,1,0,'666'),(194,'VC','VCT','Saint Vincent and the Grenadines',0,1,0,'670'),(195,'WS','WSM','Samoa',0,1,0,'882'),(196,'SM','SMR','San Marino ',0,1,0,'674'),(197,'ST','STP','Saint Thomas and Prince',0,1,0,'678'),(198,'RS','SRB','Serbia',0,1,0,'688'),(199,'SC','SYC','Seychelles',0,1,0,'690'),(200,'SL','SLE','Sierra Leone',0,1,0,'694'),(201,'SK','SVK','Slovakia',1,1,0,'703'),(202,'SI','SVN','Slovenia',1,1,0,'705'),(203,'SB','SLB','Solomon Islands',0,1,0,'090'),(204,'SO','SOM','Somalia',0,1,0,'706'),(205,'ZA','ZAF','South Africa',0,1,0,'710'),(206,'GS','SGS','South Georgia and the South Sandwich Islands ',0,1,0,'239'),(207,'LK','LKA','Sri Lanka',0,1,0,'144'),(208,'SD','SDN','Sudan',0,1,0,'729'),(209,'SR','SUR','Suriname',0,1,0,'740'),(210,'SJ','SJM','Svalbard and Jan Mayen',0,1,0,'744'),(211,'SZ','SWZ','Swaziland / Eswatini',0,1,0,'748'),(212,'SY','SYR','Syria',0,1,0,'760'),(213,'TW','TWN','Taiwan',0,1,0,'158'),(214,'TJ','TJK','Tajikistan',0,1,0,'762'),(215,'TZ','TZA','Tanzania',0,1,0,'834'),(216,'TH','THA','Thailand',0,1,0,'764'),(217,'TL','TLS','Timor-Leste',0,1,0,'626'),(218,'TK','TKL','Tokelau',0,1,0,'772'),(219,'TO','TON','Tonga',0,1,0,'776'),(220,'TT','TTO','Trinidad and Tobago',0,1,0,'780'),(221,'TR','TUR','Turkey',0,1,0,'792'),(222,'TM','TKM','Turkmenistan',0,1,0,'795'),(223,'TC','TCA','Turks and Caicos Islands',0,1,0,'796'),(224,'TV','TUV','Tuvalu',0,1,0,'798'),(225,'UG','UGA','Uganda',0,1,0,'800'),(226,'UA','UKR','Ukraine',0,1,0,'804'),(227,'AE','ARE','United Arab Emirates',0,1,0,'784'),(228,'UM','UMI','United States Minor Outlying Islands',0,1,0,'581'),(229,'UY','URY','Uruguay',0,1,0,'858'),(230,'UZ','UZB','Uzbekistan',0,1,0,'860'),(231,'VU','VUT','Vanuatu',0,1,0,'548'),(232,'VE','VEN','Venezuela',0,1,0,'862'),(233,'VN','VNM','Vietnam',0,1,0,'704'),(234,'VG','VGB','British Virgin Islands',0,1,0,'092'),(235,'VI','VIR','Virgin Islands of the United States',0,1,0,'850'),(236,'WF','WLF','Wallis and Futuna',0,1,0,'876'),(237,'EH','ESH','Western Sahara',0,1,0,'732'),(238,'YE','YEM','Yemen',0,1,0,'887'),(239,'ZM','ZMB','Zambia',0,1,0,'894'),(240,'ZW','ZWE','Zimbabwe',0,1,0,'716'),(241,'GG','GGY','Guernsey',0,1,0,'831'),(242,'IM','IMN','Isle of Man',0,1,0,'833'),(243,'JE','JEY','Jersey',0,1,0,'832'),(244,'ME','MNE','Montenegro',0,1,0,'499'),(245,'BL','BLM','Saint-Barthélemy',0,1,0,'652'),(246,'MF','MAF','Saint-Martin',0,1,0,'663'),(247,'XK','XKX','Kosovo',0,1,0,NULL),(300,'CW','CUW','Curaçao',0,1,0,'531'),(301,'SX','SXM','Sint Maarten',0,1,0,'534');

--
-- Table structure for table `llx_c_currencies`
--

CREATE TABLE `llx_c_currencies` (
  `code_iso` varchar(3) NOT NULL,
  `label` varchar(128) DEFAULT NULL,
  `unicode` varchar(32) DEFAULT NULL,
  `active` tinyint(4) NOT NULL DEFAULT 1,
  PRIMARY KEY (`code_iso`),
  UNIQUE KEY `uk_c_currencies_code_iso` (`code_iso`)
) ENGINE=InnoDB DEFAULT CHARSET=utf8 COLLATE=utf8_unicode_ci;

--
-- Dumping data for table `llx_c_currencies`
--

INSERT INTO `llx_c_currencies` (`code_iso`, `label`, `unicode`, `active`) VALUES ('AED','United Arab Emirates Dirham',NULL,1),('AFN','Afghanistan Afghani','[1547]',1),('ALL','Albania Lek','[76,101,107]',1),('ANG','Netherlands Antilles Guilder','[402]',1),('AOA','Angola Kwanza',NULL,1),('ARP','Pesos argentins',NULL,0),('ARS','Argentino Peso','[36]',1),('ATS','Shiliing autrichiens',NULL,0),('AUD','Australia Dollar','[36]',1),('AWG','Aruba Guilder','[402]',1),('AZN','Azerbaijan New Manat','[1084,1072,1085]',1),('BAM','Bosnia and Herzegovina Convertible Marka','[75,77]',1),('BBD','Barbados Dollar','[36]',1),('BDT','Bangladeshi Taka','[2547]',1),('BEF','Francs belges',NULL,0),('BGN','Bulgaria Lev','[1083,1074]',1),('BHD','Bahrain',NULL,1),('BIF','Burundi Franc',NULL,1),('BMD','Bermuda Dollar','[36]',1),('BND','Brunei Darussalam Dollar','[36]',1),('BOB','Bolivia Boliviano','[66,115]',1),('BRL','Brazil Real','[82,36]',1),('BSD','Bahamas Dollar','[36]',1),('BWP','Botswana Pula','[80]',1),('BYR','Belarus Ruble','[112,46]',1),('BZD','Belize Dollar','[66,90,36]',1),('CAD','Canada Dollar','[36]',1),('CHF','Switzerland Franc','[67,72,70]',1),('CLP','Chile Peso','[36]',1),('CNY','China Yuan Renminbi','[165]',1),('COP','Colombia Peso','[36]',1),('CRC','Costa Rica Colon','[8353]',1),('CUP','Cuba Peso','[8369]',1),('CVE','Cap Verde Escudo','[4217]',1),('CZK','Czech Republic Koruna','[75,269]',1),('DEM','Deutsche Mark',NULL,0),('DKK','Denmark Krone','[107,114]',1),('DOP','Dominican Republic Peso','[82,68,36]',1),('DZD','Algeria Dinar',NULL,1),('ECS','Ecuador Sucre','[83,47,46]',1),('EEK','Estonia Kroon','[107,114]',1),('EGP','Egypt Pound','[163]',1),('ESP','Pesete',NULL,0),('ETB','Ethiopian Birr',NULL,1),('EUR','Euro Member Countries','[8364]',1),('FIM','Mark finlandais',NULL,0),('FJD','Fiji Dollar','[36]',1),('FKP','Falkland Islands (Malvinas) Pound','[163]',1),('FRF','Francs francais',NULL,0),('GBP','United Kingdom Pound','[163]',1),('GGP','Guernsey Pound','[163]',1),('GHC','Ghana Cedis','[162]',1),('GIP','Gibraltar Pound','[163]',1),('GNF','Guinea Franc','[70,71]',1),('GRD','Drachme (grece)',NULL,0),('GTQ','Guatemala Quetzal','[81]',1),('GYD','Guyana Dollar','[36]',1),('HKD','Hong Kong Dollar','[36]',1),('HNL','Honduras Lempira','[76]',1),('HRK','Croatia Kuna','[107,110]',1),('HUF','Hungary Forint','[70,116]',1),('IDR','Indonesia Rupiah','[82,112]',1),('IEP','Livres irlandaises',NULL,0),('ILS','Israel Shekel','[8362]',1),('IMP','Isle of Man Pound','[163]',1),('INR','India Rupee','[8377]',1),('IRR','Iran Rial','[65020]',1),('ISK','Iceland Krona','[107,114]',1),('ITL','Lires',NULL,0),('JEP','Jersey Pound','[163]',1),('JMD','Jamaica Dollar','[74,36]',1),('JPY','Japan Yen','[165]',1),('KES','Kenya Shilling',NULL,1),('KGS','Kyrgyzstan Som','[1083,1074]',1),('KHR','Cambodia Riel','[6107]',1),('KPW','Korea (North) Won','[8361]',1),('KRW','Korea (South) Won','[8361]',1),('KYD','Cayman Islands Dollar','[36]',1),('KZT','Kazakhstan Tenge','[1083,1074]',1),('LAK','Laos Kip','[8365]',1),('LBP','Lebanon Pound','[163]',1),('LKR','Sri Lanka Rupee','[8360]',1),('LRD','Liberia Dollar','[36]',1),('LTL','Lithuania Litas','[76,116]',1),('LUF','Francs luxembourgeois',NULL,0),('LVL','Latvia Lat','[76,115]',1),('MAD','Morocco Dirham',NULL,1),('MDL','Moldova Leu',NULL,1),('MGA','Ariary',NULL,1),('MKD','Macedonia Denar','[1076,1077,1085]',1),('MMK','Myanmar Kyat','[75]',1),('MNT','Mongolia Tughrik','[8366]',1),('MRO','Mauritania Ouguiya',NULL,1),('MUR','Mauritius Rupee','[8360]',1),('MXN','Mexico Peso','[36]',1),('MXP','Pesos Mexicans',NULL,0),('MYR','Malaysia Ringgit','[82,77]',1),('MZN','Mozambique Metical','[77,84]',1),('NAD','Namibia Dollar','[36]',1),('NGN','Nigeria Naira','[8358]',1),('NIO','Nicaragua Cordoba','[67,36]',1),('NLG','Florins',NULL,0),('NOK','Norway Krone','[107,114]',1),('NPR','Nepal Rupee','[8360]',1),('NZD','New Zealand Dollar','[36]',1),('OMR','Oman Rial','[65020]',1),('PAB','Panama Balboa','[66,47,46]',1),('PEN','Perú Sol','[83,47]',1),('PHP','Philippines Peso','[8369]',1),('PKR','Pakistan Rupee','[8360]',1),('PLN','Poland Zloty','[122,322]',1),('PTE','Escudos',NULL,0),('PYG','Paraguay Guarani','[71,115]',1),('QAR','Qatar Riyal','[65020]',1),('RON','Romania New Leu','[108,101,105]',1),('RSD','Serbia Dinar','[1044,1080,1085,46]',1),('RUB','Russia Ruble','[1088,1091,1073]',1),('SAR','Saudi Arabia Riyal','[65020]',1),('SBD','Solomon Islands Dollar','[36]',1),('SCR','Seychelles Rupee','[8360]',1),('SEK','Sweden Krona','[107,114]',1),('SGD','Singapore Dollar','[36]',1),('SHP','Saint Helena Pound','[163]',1),('SKK','Couronnes slovaques',NULL,0),('SOS','Somalia Shilling','[83]',1),('SRD','Suriname Dollar','[36]',1),('SUR','Rouble',NULL,0),('SVC','El Salvador Colon','[36]',1),('SYP','Syria Pound','[163]',1),('THB','Thailand Baht','[3647]',1),('TND','Tunisia Dinar',NULL,1),('TRL','Turkey Lira','[84,76]',0),('TRY','Turkey Lira','[8356]',1),('TTD','Trinidad and Tobago Dollar','[84,84,36]',1),('TVD','Tuvalu Dollar','[36]',1),('TWD','Taiwan New Dollar','[78,84,36]',1),('UAH','Ukraine Hryvna','[8372]',1),('USD','United States Dollar','[36]',1),('UYU','Uruguay Peso','[36,85]',1),('UZS','Uzbekistan Som','[1083,1074]',1),('VEF','Venezuela Bolivar Fuerte','[66,115]',1),('VND','Viet Nam Dong','[8363]',1),('XAF','Communaute Financiere Africaine (BEAC) CFA Franc',NULL,1),('XCD','East Caribbean Dollar','[36]',1),('XEU','Ecus',NULL,0),('XOF','Communaute Financiere Africaine (BCEAO) Franc',NULL,1),('XPF','Franc CFP','[70]',1),('YER','Yemen Rial','[65020]',1),('ZAR','South Africa Rand','[82]',1),('ZWD','Zimbabwe Dollar','[90,36]',1);

--
-- Table structure for table `llx_c_departements`
--

CREATE TABLE `llx_c_departements` (
  `rowid` int(11) NOT NULL AUTO_INCREMENT,
  `code_departement` varchar(6) NOT NULL,
  `fk_region` int(11) DEFAULT NULL,
  `cheflieu` varchar(50) DEFAULT NULL,
  `tncc` int(11) DEFAULT NULL,
  `ncc` varchar(50) DEFAULT NULL,
  `nom` varchar(50) DEFAULT NULL,
  `active` tinyint(4) NOT NULL DEFAULT 1,
  PRIMARY KEY (`rowid`),
  UNIQUE KEY `uk_departements` (`code_departement`,`fk_region`),
  KEY `idx_departements_fk_region` (`fk_region`),
  CONSTRAINT `fk_departements_fk_region` FOREIGN KEY (`fk_region`) REFERENCES `llx_c_regions` (`code_region`)
) ENGINE=InnoDB AUTO_INCREMENT=1691 DEFAULT CHARSET=utf8 COLLATE=utf8_unicode_ci;

--
-- Dumping data for table `llx_c_departements`
--

INSERT INTO `llx_c_departements` (`rowid`, `code_departement`, `fk_region`, `cheflieu`, `tncc`, `ncc`, `nom`, `active`) VALUES (1,'0',0,'0',0,'-','-',1),(2,'01',1301,'',0,'','Adrar',1),(3,'02',1301,'',0,'','Chlef',1),(4,'03',1301,'',0,'','Laghouat',1),(5,'04',1301,'',0,'','Oum El Bouaghi',1),(6,'05',1301,'',0,'','Batna',1),(7,'06',1301,'',0,'','Béjaïa',1),(8,'07',1301,'',0,'','Biskra',1),(9,'08',1301,'',0,'','Béchar',1),(10,'09',1301,'',0,'','Blida',1),(11,'10',1301,'',0,'','Bouira',1),(12,'11',1301,'',0,'','Tamanrasset',1),(13,'12',1301,'',0,'','Tébessa',1),(14,'13',1301,'',0,'','Tlemcen',1),(15,'14',1301,'',0,'','Tiaret',1),(16,'15',1301,'',0,'','Tizi Ouzou',1),(17,'16',1301,'',0,'','Alger',1),(18,'17',1301,'',0,'','Djelfa',1),(19,'18',1301,'',0,'','Jijel',1),(20,'19',1301,'',0,'','Sétif',1),(21,'20',1301,'',0,'','Saïda',1),(22,'21',1301,'',0,'','Skikda',1),(23,'22',1301,'',0,'','Sidi Bel Abbès',1),(24,'23',1301,'',0,'','Annaba',1),(25,'24',1301,'',0,'','Guelma',1),(26,'25',1301,'',0,'','Constantine',1),(27,'26',1301,'',0,'','Médéa',1),(28,'27',1301,'',0,'','Mostaganem',1),(29,'28',1301,'',0,'','M\'Sila',1),(30,'29',1301,'',0,'','Mascara',1),(31,'30',1301,'',0,'','Ouargla',1),(32,'31',1301,'',0,'','Oran',1),(33,'32',1301,'',0,'','El Bayadh',1),(34,'33',1301,'',0,'','Illizi',1),(35,'34',1301,'',0,'','Bordj Bou Arreridj',1),(36,'35',1301,'',0,'','Boumerdès',1),(37,'36',1301,'',0,'','El Tarf',1),(38,'37',1301,'',0,'','Tindouf',1),(39,'38',1301,'',0,'','Tissemsilt',1),(40,'39',1301,'',0,'','El Oued',1),(41,'40',1301,'',0,'','Khenchela',1),(42,'41',1301,'',0,'','Souk Ahras',1),(43,'42',1301,'',0,'','Tipaza',1),(44,'43',1301,'',0,'','Mila',1),(45,'44',1301,'',0,'','Aïn Defla',1),(46,'45',1301,'',0,'','Naâma',1),(47,'46',1301,'',0,'','Aïn Témouchent',1),(48,'47',1301,'',0,'','Ghardaïa',1),(49,'48',1301,'',0,'','Relizane',1),(50,'49',1301,'',0,'','Timimoun',1),(51,'50',1301,'',0,'','Bordj Badji Mokhtar',1),(52,'51',1301,'',0,'','Ouled Djellal',1),(53,'52',1301,'',0,'','Béni Abbès',1),(54,'53',1301,'',0,'','In Salah',1),(55,'54',1301,'',0,'','In Guezzam',1),(56,'55',1301,'',0,'','Touggourt',1),(57,'56',1301,'',0,'','Djanet',1),(58,'57',1301,'',0,'','El M\'Ghair',1),(59,'58',1301,'',0,'','El Ménéa',1),(60,'AD-002',34000,'AD100',NULL,NULL,'Canillo',1),(61,'AD-003',34000,'AD200',NULL,NULL,'Encamp',1),(62,'AD-004',34000,'AD400',NULL,NULL,'La Massana',1),(63,'AD-005',34000,'AD300',NULL,NULL,'Ordino',1),(64,'AD-006',34000,'AD600',NULL,NULL,'Sant Julià de Lòria',1),(65,'AD-007',34000,'AD500',NULL,NULL,'Andorra la Vella',1),(66,'AD-008',34000,'AD700',NULL,NULL,'Escaldes-Engordany',1),(67,'AO-ABO',35001,NULL,NULL,'BENGO','Bengo',1),(68,'AO-BGU',35001,NULL,NULL,'BENGUELA','Benguela',1),(69,'AO-BIE',35001,NULL,NULL,'BIÉ','Bié',1),(70,'AO-CAB',35001,NULL,NULL,'CABINDA','Cabinda',1),(71,'AO-CCU',35001,NULL,NULL,'KUANDO KUBANGO','Kuando Kubango',1),(72,'AO-CNO',35001,NULL,NULL,'KWANZA NORTE','Kwanza Norte',1),(73,'AO-CUS',35001,NULL,NULL,'KWANZA SUL','Kwanza Sul',1),(74,'AO-CNN',35001,NULL,NULL,'CUNENE','Cunene',1),(75,'AO-HUA',35001,NULL,NULL,'HUAMBO','Huambo',1),(76,'AO-HUI',35001,NULL,NULL,'HUÍLA','Huila',1),(77,'AO-LUA',35001,NULL,NULL,'LUANDA','Luanda',1),(78,'AO-LNO',35001,NULL,NULL,'LUNDA-NORTE','Lunda-Norte',1),(79,'AO-LSU',35001,NULL,NULL,'LUNDA-SUL','Lunda-Sul',1),(80,'AO-MAL',35001,NULL,NULL,'MALANGE','Malange',1),(81,'AO-MOX',35001,NULL,NULL,'MOXICO','Moxico',1),(82,'AO-NAM',35001,NULL,NULL,'NAMÍBE','Namíbe',1),(83,'AO-UIG',35001,NULL,NULL,'UÍGE','Uíge',1),(84,'AO-ZAI',35001,NULL,NULL,'ZAÍRE','Zaíre',1),(85,'2301',2301,'',0,'CATAMARCA','Catamarca',1),(86,'2302',2301,'',0,'JUJUY','Jujuy',1),(87,'2303',2301,'',0,'TUCAMAN','Tucamán',1),(88,'2304',2301,'',0,'SANTIAGO DEL ESTERO','Santiago del Estero',1),(89,'2305',2301,'',0,'SALTA','Salta',1),(90,'2306',2302,'',0,'CHACO','Chaco',1),(91,'2307',2302,'',0,'CORRIENTES','Corrientes',1),(92,'2308',2302,'',0,'ENTRE RIOS','Entre Ríos',1),(93,'2309',2302,'',0,'FORMOSA','Formosa',1),(94,'2310',2302,'',0,'SANTA FE','Santa Fe',1),(95,'2311',2303,'',0,'LA RIOJA','La Rioja',1),(96,'2312',2303,'',0,'MENDOZA','Mendoza',1),(97,'2313',2303,'',0,'SAN JUAN','San Juan',1),(98,'2314',2303,'',0,'SAN LUIS','San Luis',1),(99,'2315',2304,'',0,'CORDOBA','Córdoba',1),(100,'2316',2304,'',0,'BUENOS AIRES','Buenos Aires',1),(101,'2317',2304,'',0,'CABA','Caba',1),(102,'2318',2305,'',0,'LA PAMPA','La Pampa',1),(103,'2319',2305,'',0,'NEUQUEN','Neuquén',1),(104,'2320',2305,'',0,'RIO NEGRO','Río Negro',1),(105,'2321',2305,'',0,'CHUBUT','Chubut',1),(106,'2322',2305,'',0,'SANTA CRUZ','Santa Cruz',1),(107,'2323',2305,'',0,'TIERRA DEL FUEGO','Tierra del Fuego',1),(108,'2324',2305,'',0,'ISLAS MALVINAS','Islas Malvinas',1),(109,'2325',2305,'',0,'ANTARTIDA','Antártida',1),(110,'2326',2305,'',0,'MISIONES','Misiones',1),(111,'NSW',2801,'',1,'','New South Wales',1),(112,'VIC',2801,'',1,'','Victoria',1),(113,'QLD',2801,'',1,'','Queensland',1),(114,'SA',2801,'',1,'','South Australia',1),(115,'ACT',2801,'',1,'','Australia Capital Territory',1),(116,'TAS',2801,'',1,'','Tasmania',1),(117,'WA',2801,'',1,'','Western Australia',1),(118,'NT',2801,'',1,'','Northern Territory',1),(119,'B',4101,NULL,NULL,'BURGENLAND','Burgenland',1),(120,'K',4101,NULL,NULL,'KAERNTEN','Kärnten',1),(121,'N',4101,NULL,NULL,'NIEDEROESTERREICH','Niederösterreich',1),(122,'O',4101,NULL,NULL,'OBEROESTERREICH','Oberösterreich',1),(123,'S',4101,NULL,NULL,'SALZBURG','Salzburg',1),(124,'ST',4101,NULL,NULL,'STEIERMARK','Steiermark',1),(125,'T',4101,NULL,NULL,'TIROL','Tirol',1),(126,'V',4101,NULL,NULL,'VORARLBERG','Vorarlberg',1),(127,'W',4101,NULL,NULL,'WIEN','Wien',1),(128,'CC',4601,'Oistins',0,'CC','Christ Church',1),(129,'SA',4601,'Greenland',0,'SA','Saint Andrew',1),(130,'SG',4601,'Bulkeley',0,'SG','Saint George',1),(131,'JA',4601,'Holetown',0,'JA','Saint James',1),(132,'SJ',4601,'Four Roads',0,'SJ','Saint John',1),(133,'SB',4601,'Bathsheba',0,'SB','Saint Joseph',1),(134,'SL',4601,'Crab Hill',0,'SL','Saint Lucy',1),(135,'SM',4601,'Bridgetown',0,'SM','Saint Michael',1),(136,'SP',4601,'Speightstown',0,'SP','Saint Peter',1),(137,'SC',4601,'Crane',0,'SC','Saint Philip',1),(138,'ST',4601,'Hillaby',0,'ST','Saint Thomas',1),(139,'01',201,'',1,'ANVERS','Anvers',1),(140,'02',203,'',3,'BRUXELLES-CAPITALE','Bruxelles-Capitale',1),(141,'03',202,'',2,'BRABANT-WALLON','Brabant-Wallon',1),(142,'04',201,'',1,'BRABANT-FLAMAND','Brabant-Flamand',1),(143,'05',201,'',1,'FLANDRE-OCCIDENTALE','Flandre-Occidentale',1),(144,'06',201,'',1,'FLANDRE-ORIENTALE','Flandre-Orientale',1),(145,'07',202,'',2,'HAINAUT','Hainaut',1),(146,'08',202,'',2,'LIEGE','Liège',1),(147,'09',202,'',1,'LIMBOURG','Limbourg',1),(148,'10',202,'',2,'LUXEMBOURG','Luxembourg',1),(149,'11',202,'',2,'NAMUR','Namur',1),(150,'AC',5601,'ACRE',0,'AC','Acre',1),(151,'AL',5601,'ALAGOAS',0,'AL','Alagoas',1),(152,'AP',5601,'AMAPA',0,'AP','Amapá',1),(153,'AM',5601,'AMAZONAS',0,'AM','Amazonas',1),(154,'BA',5601,'BAHIA',0,'BA','Bahia',1),(155,'CE',5601,'CEARA',0,'CE','Ceará',1),(156,'ES',5601,'ESPIRITO SANTO',0,'ES','Espirito Santo',1),(157,'GO',5601,'GOIAS',0,'GO','Goiás',1),(158,'MA',5601,'MARANHAO',0,'MA','Maranhão',1),(159,'MT',5601,'MATO GROSSO',0,'MT','Mato Grosso',1),(160,'MS',5601,'MATO GROSSO DO SUL',0,'MS','Mato Grosso do Sul',1),(161,'MG',5601,'MINAS GERAIS',0,'MG','Minas Gerais',1),(162,'PA',5601,'PARA',0,'PA','Pará',1),(163,'PB',5601,'PARAIBA',0,'PB','Paraiba',1),(164,'PR',5601,'PARANA',0,'PR','Paraná',1),(165,'PE',5601,'PERNAMBUCO',0,'PE','Pernambuco',1),(166,'PI',5601,'PIAUI',0,'PI','Piauí',1),(167,'RJ',5601,'RIO DE JANEIRO',0,'RJ','Rio de Janeiro',1),(168,'RN',5601,'RIO GRANDE DO NORTE',0,'RN','Rio Grande do Norte',1),(169,'RS',5601,'RIO GRANDE DO SUL',0,'RS','Rio Grande do Sul',1),(170,'RO',5601,'RONDONIA',0,'RO','Rondônia',1),(171,'RR',5601,'RORAIMA',0,'RR','Roraima',1),(172,'SC',5601,'SANTA CATARINA',0,'SC','Santa Catarina',1),(173,'SE',5601,'SERGIPE',0,'SE','Sergipe',1),(174,'SP',5601,'SAO PAULO',0,'SP','Sao Paulo',1),(175,'TO',5601,'TOCANTINS',0,'TO','Tocantins',1),(176,'DF',5601,'DISTRITO FEDERAL',0,'DF','Distrito Federal',1),(177,'ON',1401,'',1,'','Ontario',1),(178,'QC',1401,'',1,'','Quebec',1),(179,'NS',1401,'',1,'','Nova Scotia',1),(180,'NB',1401,'',1,'','New Brunswick',1),(181,'MB',1401,'',1,'','Manitoba',1),(182,'BC',1401,'',1,'','British Columbia',1),(183,'PE',1401,'',1,'','Prince Edward Island',1),(184,'SK',1401,'',1,'','Saskatchewan',1),(185,'AB',1401,'',1,'','Alberta',1),(186,'NL',1401,'',1,'','Newfoundland and Labrador',1),(187,'011',6701,'',0,'011','Iquique',1),(188,'014',6701,'',0,'014','Tamarugal',1),(189,'021',6702,'',0,'021','Antofagasa',1),(190,'022',6702,'',0,'022','El Loa',1),(191,'023',6702,'',0,'023','Tocopilla',1),(192,'031',6703,'',0,'031','Copiapó',1),(193,'032',6703,'',0,'032','Chañaral',1),(194,'033',6703,'',0,'033','Huasco',1),(195,'041',6704,'',0,'041','Elqui',1),(196,'042',6704,'',0,'042','Choapa',1),(197,'043',6704,'',0,'043','Limarí',1),(198,'051',6705,'',0,'051','Valparaíso',1),(199,'052',6705,'',0,'052','Isla de Pascua',1),(200,'053',6705,'',0,'053','Los Andes',1),(201,'054',6705,'',0,'054','Petorca',1),(202,'055',6705,'',0,'055','Quillota',1),(203,'056',6705,'',0,'056','San Antonio',1),(204,'057',6705,'',0,'057','San Felipe de Aconcagua',1),(205,'058',6705,'',0,'058','Marga Marga',1),(206,'061',6706,'',0,'061','Cachapoal',1),(207,'062',6706,'',0,'062','Cardenal Caro',1),(208,'063',6706,'',0,'063','Colchagua',1),(209,'071',6707,'',0,'071','Talca',1),(210,'072',6707,'',0,'072','Cauquenes',1),(211,'073',6707,'',0,'073','Curicó',1),(212,'074',6707,'',0,'074','Linares',1),(213,'081',6708,'',0,'081','Concepción',1),(214,'082',6708,'',0,'082','Arauco',1),(215,'083',6708,'',0,'083','Biobío',1),(216,'084',6708,'',0,'084','Ñuble',1),(217,'091',6709,'',0,'091','Cautín',1),(218,'092',6709,'',0,'092','Malleco',1),(219,'101',6710,'',0,'101','Llanquihue',1),(220,'102',6710,'',0,'102','Chiloé',1),(221,'103',6710,'',0,'103','Osorno',1),(222,'104',6710,'',0,'104','Palena',1),(223,'111',6711,'',0,'111','Coihaique',1),(224,'112',6711,'',0,'112','Aisén',1),(225,'113',6711,'',0,'113','Capitán Prat',1),(226,'114',6711,'',0,'114','General Carrera',1),(227,'121',6712,'',0,'121','Magallanes',1),(228,'122',6712,'',0,'122','Antártica Chilena',1),(229,'123',6712,'',0,'123','Tierra del Fuego',1),(230,'124',6712,'',0,'124','Última Esperanza',1),(231,'131',6713,'',0,'131','Santiago',1),(232,'132',6713,'',0,'132','Cordillera',1),(233,'133',6713,'',0,'133','Chacabuco',1),(234,'134',6713,'',0,'134','Maipo',1),(235,'135',6713,'',0,'135','Melipilla',1),(236,'136',6713,'',0,'136','Talagante',1),(237,'141',6714,'',0,'141','Valdivia',1),(238,'142',6714,'',0,'142','Ranco',1),(239,'151',6715,'',0,'151','Arica',1),(240,'152',6715,'',0,'152','Parinacota',1),(241,'ANT',7001,'',0,'ANT','Antioquia',1),(242,'BOL',7001,'',0,'BOL','Bolívar',1),(243,'BOY',7001,'',0,'BOY','Boyacá',1),(244,'CAL',7001,'',0,'CAL','Caldas',1),(245,'CAU',7001,'',0,'CAU','Cauca',1),(246,'CUN',7001,'',0,'CUN','Cundinamarca',1),(247,'HUI',7001,'',0,'HUI','Huila',1),(248,'LAG',7001,'',0,'LAG','La Guajira',1),(249,'MET',7001,'',0,'MET','Meta',1),(250,'NAR',7001,'',0,'NAR','Nariño',1),(251,'NDS',7001,'',0,'NDS','Norte de Santander',1),(252,'SAN',7001,'',0,'SAN','Santander',1),(253,'SUC',7001,'',0,'SUC','Sucre',1),(254,'TOL',7001,'',0,'TOL','Tolima',1),(255,'VAC',7001,'',0,'VAC','Valle del Cauca',1),(256,'RIS',7001,'',0,'RIS','Risalda',1),(257,'ATL',7001,'',0,'ATL','Atlántico',1),(258,'COR',7001,'',0,'COR','Córdoba',1),(259,'SAP',7001,'',0,'SAP','San Andrés, Providencia y Santa Catalina',1),(260,'ARA',7001,'',0,'ARA','Arauca',1),(261,'CAS',7001,'',0,'CAS','Casanare',1),(262,'AMA',7001,'',0,'AMA','Amazonas',1),(263,'CAQ',7001,'',0,'CAQ','Caquetá',1),(264,'CHO',7001,'',0,'CHO','Chocó',1),(265,'GUA',7001,'',0,'GUA','Guainía',1),(266,'GUV',7001,'',0,'GUV','Guaviare',1),(267,'PUT',7001,'',0,'PUT','Putumayo',1),(268,'QUI',7001,'',0,'QUI','Quindío',1),(269,'VAU',7001,'',0,'VAU','Vaupés',1),(270,'BOG',7001,'',0,'BOG','Bogotá',1),(271,'VID',7001,'',0,'VID','Vichada',1),(272,'CES',7001,'',0,'CES','Cesar',1),(273,'MAG',7001,'',0,'MAG','Magdalena',1),(274,'HR-01',7601,'Bjelovar',0,NULL,'Bjelovarsko-bilogorska županija',1),(275,'HR-02',7601,'Karlovac',0,NULL,'Karlovačka županija',1),(276,'HR-03',7601,'Koprivnica',0,NULL,'Koprivničko-križevačka županija',1),(277,'HR-04',7601,'Krapina',0,NULL,'Krapinsko-zagorska županija',1),(278,'HR-05',7601,'Gospić',0,NULL,'Ličko-senjska županija',1),(279,'HR-06',7601,'Čakovec',0,NULL,'Međimurska županija',1),(280,'HR-07',7601,'Rijeka',0,NULL,'Primorsko-goranska županija',1),(281,'HR-08',7601,'Sisak',0,NULL,'Sisačko-moslavačka županija',1),(282,'HR-09',7601,'Varaždin',0,NULL,'Varaždinska županija',1),(283,'HR-10',7601,'Zagreb',0,NULL,'Zagrebačka županija',1),(284,'HR-11',7601,'Zagreb',0,NULL,'Grad Zagreb',1),(285,'HR-12',7602,'Zadar',0,NULL,'Zadarska županija',1),(286,'HR-13',7602,'Šibenik',0,NULL,'Šibensko-kninska županija',1),(287,'HR-14',7602,'Split',0,NULL,'Splitsko-dalmatinska županija',1),(288,'HR-15',7602,'Dubrovnik',0,NULL,'Dubrovačko-neretvanska županija',1),(289,'HR-16',7603,'Slavonski Brod',0,NULL,'Brodsko-posavska županija',1),(290,'HR-17',7603,'Osijek',0,NULL,'Osječko-baranjska županija',1),(291,'HR-18',7603,'Požega',0,NULL,'Požeško-slavonska županija',1),(292,'HR-19',7603,'Virovitica',0,NULL,'Virovitičko-podravska županija',1),(293,'HR-20',7603,'Vukovar',0,NULL,'Vukovarsko-srijemska županija',1),(294,'HR-21',7604,'Pazin',0,NULL,'Istarska županija',1),(295,'971',1,'97105',3,'GUADELOUPE','Guadeloupe',1),(296,'972',2,'97209',3,'MARTINIQUE','Martinique',1),(297,'973',3,'97302',3,'GUYANE','Guyane',1),(298,'974',4,'97411',3,'REUNION','Réunion',1),(299,'976',6,'97601',3,'MAYOTTE','Mayotte',1),(300,'01',84,'01053',5,'AIN','Ain',1),(301,'02',32,'02408',5,'AISNE','Aisne',1),(302,'03',84,'03190',5,'ALLIER','Allier',1),(303,'04',93,'04070',4,'ALPES-DE-HAUTE-PROVENCE','Alpes-de-Haute-Provence',1),(304,'05',93,'05061',4,'HAUTES-ALPES','Hautes-Alpes',1),(305,'06',93,'06088',4,'ALPES-MARITIMES','Alpes-Maritimes',1),(306,'07',84,'07186',5,'ARDECHE','Ardèche',1),(307,'08',44,'08105',4,'ARDENNES','Ardennes',1),(308,'09',76,'09122',5,'ARIEGE','Ariège',1),(309,'10',44,'10387',5,'AUBE','Aube',1),(310,'11',76,'11069',5,'AUDE','Aude',1),(311,'12',76,'12202',5,'AVEYRON','Aveyron',1),(312,'13',93,'13055',4,'BOUCHES-DU-RHONE','Bouches-du-Rhône',1),(313,'14',28,'14118',2,'CALVADOS','Calvados',1),(314,'15',84,'15014',2,'CANTAL','Cantal',1),(315,'16',75,'16015',3,'CHARENTE','Charente',1),(316,'17',75,'17300',3,'CHARENTE-MARITIME','Charente-Maritime',1),(317,'18',24,'18033',2,'CHER','Cher',1),(318,'19',75,'19272',3,'CORREZE','Corrèze',1),(319,'2A',94,'2A004',3,'CORSE-DU-SUD','Corse-du-Sud',1),(320,'2B',94,'2B033',3,'HAUTE-CORSE','Haute-Corse',1),(321,'21',27,'21231',3,'COTE-D OR','Côte-d Or',1),(322,'22',53,'22278',4,'COTES-D ARMOR','Côtes-d Armor',1),(323,'23',75,'23096',3,'CREUSE','Creuse',1),(324,'24',75,'24322',3,'DORDOGNE','Dordogne',1),(325,'25',27,'25056',2,'DOUBS','Doubs',1),(326,'26',84,'26362',3,'DROME','Drôme',1),(327,'27',28,'27229',5,'EURE','Eure',1),(328,'28',24,'28085',1,'EURE-ET-LOIR','Eure-et-Loir',1),(329,'29',53,'29232',2,'FINISTERE','Finistère',1),(330,'30',76,'30189',2,'GARD','Gard',1),(331,'31',76,'31555',3,'HAUTE-GARONNE','Haute-Garonne',1),(332,'32',76,'32013',2,'GERS','Gers',1),(333,'33',75,'33063',3,'GIRONDE','Gironde',1),(334,'34',76,'34172',5,'HERAULT','Hérault',1),(335,'35',53,'35238',1,'ILLE-ET-VILAINE','Ille-et-Vilaine',1),(336,'36',24,'36044',5,'INDRE','Indre',1),(337,'37',24,'37261',1,'INDRE-ET-LOIRE','Indre-et-Loire',1),(338,'38',84,'38185',5,'ISERE','Isère',1),(339,'39',27,'39300',2,'JURA','Jura',1),(340,'40',75,'40192',4,'LANDES','Landes',1),(341,'41',24,'41018',0,'LOIR-ET-CHER','Loir-et-Cher',1),(342,'42',84,'42218',3,'LOIRE','Loire',1),(343,'43',84,'43157',3,'HAUTE-LOIRE','Haute-Loire',1),(344,'44',52,'44109',3,'LOIRE-ATLANTIQUE','Loire-Atlantique',1),(345,'45',24,'45234',2,'LOIRET','Loiret',1),(346,'46',76,'46042',2,'LOT','Lot',1),(347,'47',75,'47001',0,'LOT-ET-GARONNE','Lot-et-Garonne',1),(348,'48',76,'48095',3,'LOZERE','Lozère',1),(349,'49',52,'49007',0,'MAINE-ET-LOIRE','Maine-et-Loire',1),(350,'50',28,'50502',3,'MANCHE','Manche',1),(351,'51',44,'51108',3,'MARNE','Marne',1),(352,'52',44,'52121',3,'HAUTE-MARNE','Haute-Marne',1),(353,'53',52,'53130',3,'MAYENNE','Mayenne',1),(354,'54',44,'54395',0,'MEURTHE-ET-MOSELLE','Meurthe-et-Moselle',1),(355,'55',44,'55029',3,'MEUSE','Meuse',1),(356,'56',53,'56260',2,'MORBIHAN','Morbihan',1),(357,'57',44,'57463',3,'MOSELLE','Moselle',1),(358,'58',27,'58194',3,'NIEVRE','Nièvre',1),(359,'59',32,'59350',2,'NORD','Nord',1),(360,'60',32,'60057',5,'OISE','Oise',1),(361,'61',28,'61001',5,'ORNE','Orne',1),(362,'62',32,'62041',2,'PAS-DE-CALAIS','Pas-de-Calais',1),(363,'63',84,'63113',2,'PUY-DE-DOME','Puy-de-Dôme',1),(364,'64',75,'64445',4,'PYRENEES-ATLANTIQUES','Pyrénées-Atlantiques',1),(365,'65',76,'65440',4,'HAUTES-PYRENEES','Hautes-Pyrénées',1),(366,'66',76,'66136',4,'PYRENEES-ORIENTALES','Pyrénées-Orientales',1),(367,'67',44,'67482',2,'BAS-RHIN','Bas-Rhin',1),(368,'68',44,'68066',2,'HAUT-RHIN','Haut-Rhin',1),(369,'69',84,'69123',2,'RHONE','Rhône',1),(370,'70',27,'70550',3,'HAUTE-SAONE','Haute-Saône',1),(371,'71',27,'71270',0,'SAONE-ET-LOIRE','Saône-et-Loire',1),(372,'72',52,'72181',3,'SARTHE','Sarthe',1),(373,'73',84,'73065',3,'SAVOIE','Savoie',1),(374,'74',84,'74010',3,'HAUTE-SAVOIE','Haute-Savoie',1),(375,'75',11,'75056',0,'PARIS','Paris',1),(376,'76',28,'76540',3,'SEINE-MARITIME','Seine-Maritime',1),(377,'77',11,'77288',0,'SEINE-ET-MARNE','Seine-et-Marne',1),(378,'78',11,'78646',4,'YVELINES','Yvelines',1),(379,'79',75,'79191',4,'DEUX-SEVRES','Deux-Sèvres',1),(380,'80',32,'80021',3,'SOMME','Somme',1),(381,'81',76,'81004',2,'TARN','Tarn',1),(382,'82',76,'82121',0,'TARN-ET-GARONNE','Tarn-et-Garonne',1),(383,'83',93,'83137',2,'VAR','Var',1),(384,'84',93,'84007',0,'VAUCLUSE','Vaucluse',1),(385,'85',52,'85191',3,'VENDEE','Vendée',1),(386,'86',75,'86194',3,'VIENNE','Vienne',1),(387,'87',75,'87085',3,'HAUTE-VIENNE','Haute-Vienne',1),(388,'88',44,'88160',4,'VOSGES','Vosges',1),(389,'89',27,'89024',5,'YONNE','Yonne',1),(390,'90',27,'90010',0,'TERRITOIRE DE BELFORT','Territoire de Belfort',1),(391,'91',11,'91228',5,'ESSONNE','Essonne',1),(392,'92',11,'92050',4,'HAUTS-DE-SEINE','Hauts-de-Seine',1),(393,'93',11,'93008',3,'SEINE-SAINT-DENIS','Seine-Saint-Denis',1),(394,'94',11,'94028',2,'VAL-DE-MARNE','Val-de-Marne',1),(395,'95',11,'95500',2,'VAL-D OISE','Val-d Oise',1),(396,'BW',501,NULL,NULL,'BADEN-WÜRTTEMBERG','Baden-Württemberg',1),(397,'BY',501,NULL,NULL,'BAYERN','Bayern',1),(398,'BE',501,NULL,NULL,'BERLIN','Berlin',1),(399,'BB',501,NULL,NULL,'BRANDENBURG','Brandenburg',1),(400,'HB',501,NULL,NULL,'BREMEN','Bremen',1),(401,'HH',501,NULL,NULL,'HAMBURG','Hamburg',1),(402,'HE',501,NULL,NULL,'HESSEN','Hessen',1),(403,'MV',501,NULL,NULL,'MECKLENBURG-VORPOMMERN','Mecklenburg-Vorpommern',1),(404,'NI',501,NULL,NULL,'NIEDERSACHSEN','Niedersachsen',1),(405,'NW',501,NULL,NULL,'NORDRHEIN-WESTFALEN','Nordrhein-Westfalen',1),(406,'RP',501,NULL,NULL,'RHEINLAND-PFALZ','Rheinland-Pfalz',1),(407,'SL',501,NULL,NULL,'SAARLAND','Saarland',1),(408,'SN',501,NULL,NULL,'SACHSEN','Sachsen',1),(409,'ST',501,NULL,NULL,'SACHSEN-ANHALT','Sachsen-Anhalt',1),(410,'SH',501,NULL,NULL,'SCHLESWIG-HOLSTEIN','Schleswig-Holstein',1),(411,'TH',501,NULL,NULL,'THÜRINGEN','Thüringen',1),(412,'AT',11401,'',0,'AT','Atlántida',1),(413,'CH',11401,'',0,'CH','Choluteca',1),(414,'CL',11401,'',0,'CL','Colón',1),(415,'CM',11401,'',0,'CM','Comayagua',1),(416,'CO',11401,'',0,'CO','Copán',1),(417,'CR',11401,'',0,'CR','Cortés',1),(418,'EP',11401,'',0,'EP','El Paraíso',1),(419,'FM',11401,'',0,'FM','Francisco Morazán',1),(420,'GD',11401,'',0,'GD','Gracias a Dios',1),(421,'IN',11401,'',0,'IN','Intibucá',1),(422,'IB',11401,'',0,'IB','Islas de la Bahía',1),(423,'LP',11401,'',0,'LP','La Paz',1),(424,'LM',11401,'',0,'LM','Lempira',1),(425,'OC',11401,'',0,'OC','Ocotepeque',1),(426,'OL',11401,'',0,'OL','Olancho',1),(427,'SB',11401,'',0,'SB','Santa Bárbara',1),(428,'VL',11401,'',0,'VL','Valle',1),(429,'YO',11401,'',0,'YO','Yoro',1),(430,'DC',11401,'',0,'DC','Distrito Central',1),(431,'HU-BU',180100,'HU101',NULL,NULL,'Budapest',1),(432,'HU-PE',180100,'HU102',NULL,NULL,'Pest',1),(433,'HU-FE',182100,'HU211',NULL,NULL,'Fejér',1),(434,'HU-KE',182100,'HU212',NULL,NULL,'Komárom-Esztergom',1),(435,'HU-VE',182100,'HU213',NULL,NULL,'Veszprém',1),(436,'HU-GS',182200,'HU221',NULL,NULL,'Győr-Moson-Sopron',1),(437,'HU-VA',182200,'HU222',NULL,NULL,'Vas',1),(438,'HU-ZA',182200,'HU223',NULL,NULL,'Zala',1),(439,'HU-BA',182300,'HU231',NULL,NULL,'Baranya',1),(440,'HU-SO',182300,'HU232',NULL,NULL,'Somogy',1),(441,'HU-TO',182300,'HU233',NULL,NULL,'Tolna',1),(442,'HU-BZ',183100,'HU311',NULL,NULL,'Borsod-Abaúj-Zemplén',1),(443,'HU-HE',183100,'HU312',NULL,NULL,'Heves',1),(444,'HU-NO',183100,'HU313',NULL,NULL,'Nógrád',1),(445,'HU-HB',183200,'HU321',NULL,NULL,'Hajdú-Bihar',1),(446,'HU-JN',183200,'HU322',NULL,NULL,'Jász-Nagykun-Szolnok',1),(447,'HU-SZ',183200,'HU323',NULL,NULL,'Szabolcs-Szatmár-Bereg',1),(448,'HU-BK',183300,'HU331',NULL,NULL,'Bács-Kiskun',1),(449,'HU-BE',183300,'HU332',NULL,NULL,'Békés',1),(450,'HU-CS',183300,'HU333',NULL,NULL,'Csongrád',1),(451,'AG',315,NULL,NULL,NULL,'AGRIGENTO',1),(452,'AL',312,NULL,NULL,NULL,'ALESSANDRIA',1),(453,'AN',310,NULL,NULL,NULL,'ANCONA',1),(454,'AO',319,NULL,NULL,NULL,'AOSTA',1),(455,'AR',316,NULL,NULL,NULL,'AREZZO',1),(456,'AP',310,NULL,NULL,NULL,'ASCOLI PICENO',1),(457,'AT',312,NULL,NULL,NULL,'ASTI',1),(458,'AV',304,NULL,NULL,NULL,'AVELLINO',1),(459,'BA',313,NULL,NULL,NULL,'BARI',1),(460,'BT',313,NULL,NULL,NULL,'BARLETTA-ANDRIA-TRANI',1),(461,'BL',320,NULL,NULL,NULL,'BELLUNO',1),(462,'BN',304,NULL,NULL,NULL,'BENEVENTO',1),(463,'BG',309,NULL,NULL,NULL,'BERGAMO',1),(464,'BI',312,NULL,NULL,NULL,'BIELLA',1),(465,'BO',305,NULL,NULL,NULL,'BOLOGNA',1),(466,'BZ',317,NULL,NULL,NULL,'BOLZANO',1),(467,'BS',309,NULL,NULL,NULL,'BRESCIA',1),(468,'BR',313,NULL,NULL,NULL,'BRINDISI',1),(469,'CA',314,NULL,NULL,NULL,'CAGLIARI',1),(470,'CL',315,NULL,NULL,NULL,'CALTANISSETTA',1),(471,'CB',311,NULL,NULL,NULL,'CAMPOBASSO',1),(472,'CI',314,NULL,NULL,NULL,'CARBONIA-IGLESIAS',1),(473,'CE',304,NULL,NULL,NULL,'CASERTA',1),(474,'CT',315,NULL,NULL,NULL,'CATANIA',1),(475,'CZ',303,NULL,NULL,NULL,'CATANZARO',1),(476,'CH',301,NULL,NULL,NULL,'CHIETI',1),(477,'CO',309,NULL,NULL,NULL,'COMO',1),(478,'CS',303,NULL,NULL,NULL,'COSENZA',1),(479,'CR',309,NULL,NULL,NULL,'CREMONA',1),(480,'KR',303,NULL,NULL,NULL,'CROTONE',1),(481,'CN',312,NULL,NULL,NULL,'CUNEO',1),(482,'EN',315,NULL,NULL,NULL,'ENNA',1),(483,'FM',310,NULL,NULL,NULL,'FERMO',1),(484,'FE',305,NULL,NULL,NULL,'FERRARA',1),(485,'FI',316,NULL,NULL,NULL,'FIRENZE',1),(486,'FG',313,NULL,NULL,NULL,'FOGGIA',1),(487,'FC',305,NULL,NULL,NULL,'FORLI-CESENA',1),(488,'FR',307,NULL,NULL,NULL,'FROSINONE',1),(489,'GE',308,NULL,NULL,NULL,'GENOVA',1),(490,'GO',306,NULL,NULL,NULL,'GORIZIA',1),(491,'GR',316,NULL,NULL,NULL,'GROSSETO',1),(492,'IM',308,NULL,NULL,NULL,'IMPERIA',1),(493,'IS',311,NULL,NULL,NULL,'ISERNIA',1),(494,'SP',308,NULL,NULL,NULL,'LA SPEZIA',1),(495,'AQ',301,NULL,NULL,NULL,'L AQUILA',1),(496,'LT',307,NULL,NULL,NULL,'LATINA',1),(497,'LE',313,NULL,NULL,NULL,'LECCE',1),(498,'LC',309,NULL,NULL,NULL,'LECCO',1),(499,'LI',316,NULL,NULL,NULL,'LIVORNO',1),(500,'LO',309,NULL,NULL,NULL,'LODI',1),(501,'LU',316,NULL,NULL,NULL,'LUCCA',1),(502,'MC',310,NULL,NULL,NULL,'MACERATA',1),(503,'MN',309,NULL,NULL,NULL,'MANTOVA',1),(504,'MS',316,NULL,NULL,NULL,'MASSA-CARRARA',1),(505,'MT',302,NULL,NULL,NULL,'MATERA',1),(506,'VS',314,NULL,NULL,NULL,'MEDIO CAMPIDANO',1),(507,'ME',315,NULL,NULL,NULL,'MESSINA',1),(508,'MI',309,NULL,NULL,NULL,'MILANO',1),(509,'MB',309,NULL,NULL,NULL,'MONZA e BRIANZA',1),(510,'MO',305,NULL,NULL,NULL,'MODENA',1),(511,'NA',304,NULL,NULL,NULL,'NAPOLI',1),(512,'NO',312,NULL,NULL,NULL,'NOVARA',1),(513,'NU',314,NULL,NULL,NULL,'NUORO',1),(514,'OG',314,NULL,NULL,NULL,'OGLIASTRA',1),(515,'OT',314,NULL,NULL,NULL,'OLBIA-TEMPIO',1),(516,'OR',314,NULL,NULL,NULL,'ORISTANO',1),(517,'PD',320,NULL,NULL,NULL,'PADOVA',1),(518,'PA',315,NULL,NULL,NULL,'PALERMO',1),(519,'PR',305,NULL,NULL,NULL,'PARMA',1),(520,'PV',309,NULL,NULL,NULL,'PAVIA',1),(521,'PG',318,NULL,NULL,NULL,'PERUGIA',1),(522,'PU',310,NULL,NULL,NULL,'PESARO e URBINO',1),(523,'PE',301,NULL,NULL,NULL,'PESCARA',1),(524,'PC',305,NULL,NULL,NULL,'PIACENZA',1),(525,'PI',316,NULL,NULL,NULL,'PISA',1),(526,'PT',316,NULL,NULL,NULL,'PISTOIA',1),(527,'PN',306,NULL,NULL,NULL,'PORDENONE',1),(528,'PZ',302,NULL,NULL,NULL,'POTENZA',1),(529,'PO',316,NULL,NULL,NULL,'PRATO',1),(530,'RG',315,NULL,NULL,NULL,'RAGUSA',1),(531,'RA',305,NULL,NULL,NULL,'RAVENNA',1),(532,'RC',303,NULL,NULL,NULL,'REGGIO CALABRIA',1),(533,'RE',305,NULL,NULL,NULL,'REGGIO NELL EMILIA',1),(534,'RI',307,NULL,NULL,NULL,'RIETI',1),(535,'RN',305,NULL,NULL,NULL,'RIMINI',1),(536,'RM',307,NULL,NULL,NULL,'ROMA',1),(537,'RO',320,NULL,NULL,NULL,'ROVIGO',1),(538,'SA',304,NULL,NULL,NULL,'SALERNO',1),(539,'SS',314,NULL,NULL,NULL,'SASSARI',1),(540,'SV',308,NULL,NULL,NULL,'SAVONA',1),(541,'SI',316,NULL,NULL,NULL,'SIENA',1),(542,'SR',315,NULL,NULL,NULL,'SIRACUSA',1),(543,'SO',309,NULL,NULL,NULL,'SONDRIO',1),(544,'TA',313,NULL,NULL,NULL,'TARANTO',1),(545,'TE',301,NULL,NULL,NULL,'TERAMO',1),(546,'TR',318,NULL,NULL,NULL,'TERNI',1),(547,'TO',312,NULL,NULL,NULL,'TORINO',1),(548,'TP',315,NULL,NULL,NULL,'TRAPANI',1),(549,'TN',317,NULL,NULL,NULL,'TRENTO',1),(550,'TV',320,NULL,NULL,NULL,'TREVISO',1),(551,'TS',306,NULL,NULL,NULL,'TRIESTE',1),(552,'UD',306,NULL,NULL,NULL,'UDINE',1),(553,'VA',309,NULL,NULL,NULL,'VARESE',1),(554,'VE',320,NULL,NULL,NULL,'VENEZIA',1),(555,'VB',312,NULL,NULL,NULL,'VERBANO-CUSIO-OSSOLA',1),(556,'VC',312,NULL,NULL,NULL,'VERCELLI',1),(557,'VR',320,NULL,NULL,NULL,'VERONA',1),(558,'VV',303,NULL,NULL,NULL,'VIBO VALENTIA',1),(559,'VI',320,NULL,NULL,NULL,'VICENZA',1),(560,'VT',307,NULL,NULL,NULL,'VITERBO',1),(561,'LU0001',14001,'',0,'','Clervaux',1),(562,'LU0002',14001,'',0,'','Diekirch',1),(563,'LU0003',14001,'',0,'','Redange',1),(564,'LU0004',14001,'',0,'','Vianden',1),(565,'LU0005',14001,'',0,'','Wiltz',1),(566,'LU0006',14002,'',0,'','Echternach',1),(567,'LU0007',14002,'',0,'','Grevenmacher',1),(568,'LU0008',14002,'',0,'','Remich',1),(569,'LU0009',14003,'',0,'','Capellen',1),(570,'LU0010',14003,'',0,'','Esch-sur-Alzette',1),(571,'LU0011',14003,'',0,'','Luxembourg',1),(572,'LU0012',14003,'',0,'','Mersch',1),(573,'MA',1209,'',0,'','Province de Benslimane',1),(574,'MA1',1209,'',0,'','Province de Berrechid',1),(575,'MA2',1209,'',0,'','Province de Khouribga',1),(576,'MA3',1209,'',0,'','Province de Settat',1),(577,'MA4',1210,'',0,'','Province d\'El Jadida',1),(578,'MA5',1210,'',0,'','Province de Safi',1),(579,'MA6',1210,'',0,'','Province de Sidi Bennour',1),(580,'MA7',1210,'',0,'','Province de Youssoufia',1),(581,'MA6B',1205,'',0,'','Préfecture de Fès',1),(582,'MA7B',1205,'',0,'','Province de Boulemane',1),(583,'MA8',1205,'',0,'','Province de Moulay Yacoub',1),(584,'MA9',1205,'',0,'','Province de Sefrou',1),(585,'MA8A',1202,'',0,'','Province de Kénitra',1),(586,'MA9A',1202,'',0,'','Province de Sidi Kacem',1),(587,'MA10',1202,'',0,'','Province de Sidi Slimane',1),(588,'MA11',1208,'',0,'','Préfecture de Casablanca',1),(589,'MA12',1208,'',0,'','Préfecture de Mohammédia',1),(590,'MA13',1208,'',0,'','Province de Médiouna',1),(591,'MA14',1208,'',0,'','Province de Nouaceur',1),(592,'MA15',1214,'',0,'','Province d\'Assa-Zag',1),(593,'MA16',1214,'',0,'','Province d\'Es-Semara',1),(594,'MA17A',1214,'',0,'','Province de Guelmim',1),(595,'MA18',1214,'',0,'','Province de Tata',1),(596,'MA19',1214,'',0,'','Province de Tan-Tan',1),(597,'MA15',1215,'',0,'','Province de Boujdour',1),(598,'MA16',1215,'',0,'','Province de Lâayoune',1),(599,'MA17',1215,'',0,'','Province de Tarfaya',1),(600,'MA18',1211,'',0,'','Préfecture de Marrakech',1),(601,'MA19',1211,'',0,'','Province d\'Al Haouz',1),(602,'MA20',1211,'',0,'','Province de Chichaoua',1),(603,'MA21',1211,'',0,'','Province d\'El Kelâa des Sraghna',1),(604,'MA22',1211,'',0,'','Province d\'Essaouira',1),(605,'MA23',1211,'',0,'','Province de Rehamna',1),(606,'MA24',1206,'',0,'','Préfecture de Meknès',1),(607,'MA25',1206,'',0,'','Province d’El Hajeb',1),(608,'MA26',1206,'',0,'','Province d\'Errachidia',1),(609,'MA27',1206,'',0,'','Province d’Ifrane',1),(610,'MA28',1206,'',0,'','Province de Khénifra',1),(611,'MA29',1206,'',0,'','Province de Midelt',1),(612,'MA30',1204,'',0,'','Préfecture d\'Oujda-Angad',1),(613,'MA31',1204,'',0,'','Province de Berkane',1),(614,'MA32',1204,'',0,'','Province de Driouch',1),(615,'MA33',1204,'',0,'','Province de Figuig',1),(616,'MA34',1204,'',0,'','Province de Jerada',1),(617,'MA35',1204,'',0,'','Province de Nador',1),(618,'MA36',1204,'',0,'','Province de Taourirt',1),(619,'MA37',1216,'',0,'','Province d\'Aousserd',1),(620,'MA38',1216,'',0,'','Province d\'Oued Ed-Dahab',1),(621,'MA39',1207,'',0,'','Préfecture de Rabat',1),(622,'MA40',1207,'',0,'','Préfecture de Skhirat-Témara',1),(623,'MA41',1207,'',0,'','Préfecture de Salé',1),(624,'MA42',1207,'',0,'','Province de Khémisset',1),(625,'MA43',1213,'',0,'','Préfecture d\'Agadir Ida-Outanane',1),(626,'MA44',1213,'',0,'','Préfecture d\'Inezgane-Aït Melloul',1),(627,'MA45',1213,'',0,'','Province de Chtouka-Aït Baha',1),(628,'MA46',1213,'',0,'','Province d\'Ouarzazate',1),(629,'MA47',1213,'',0,'','Province de Sidi Ifni',1),(630,'MA48',1213,'',0,'','Province de Taroudant',1),(631,'MA49',1213,'',0,'','Province de Tinghir',1),(632,'MA50',1213,'',0,'','Province de Tiznit',1),(633,'MA51',1213,'',0,'','Province de Zagora',1),(634,'MA52',1212,'',0,'','Province d\'Azilal',1),(635,'MA53',1212,'',0,'','Province de Beni Mellal',1),(636,'MA54',1212,'',0,'','Province de Fquih Ben Salah',1),(637,'MA55',1201,'',0,'','Préfecture de M\'diq-Fnideq',1),(638,'MA56',1201,'',0,'','Préfecture de Tanger-Asilah',1),(639,'MA57',1201,'',0,'','Province de Chefchaouen',1),(640,'MA58',1201,'',0,'','Province de Fahs-Anjra',1),(641,'MA59',1201,'',0,'','Province de Larache',1),(642,'MA60',1201,'',0,'','Province d\'Ouezzane',1),(643,'MA61',1201,'',0,'','Province de Tétouan',1),(644,'MA62',1203,'',0,'','Province de Guercif',1),(645,'MA63',1203,'',0,'','Province d\'Al Hoceïma',1),(646,'MA64',1203,'',0,'','Province de Taounate',1),(647,'MA65',1203,'',0,'','Province de Taza',1),(648,'MA6A',1205,'',0,'','Préfecture de Fès',1),(649,'MA7A',1205,'',0,'','Province de Boulemane',1),(650,'MA15A',1214,'',0,'','Province d\'Assa-Zag',1),(651,'MA16A',1214,'',0,'','Province d\'Es-Semara',1),(652,'MA18A',1211,'',0,'','Préfecture de Marrakech',1),(653,'MA19A',1214,'',0,'','Province de Tan-Tan',1),(654,'MA19B',1214,'',0,'','Province de Tan-Tan',1),(655,'GR',1701,NULL,NULL,NULL,'Groningen',1),(656,'FR',1701,NULL,NULL,NULL,'Friesland',1),(657,'DR',1701,NULL,NULL,NULL,'Drenthe',1),(658,'OV',1701,NULL,NULL,NULL,'Overijssel',1),(659,'GD',1701,NULL,NULL,NULL,'Gelderland',1),(660,'FL',1701,NULL,NULL,NULL,'Flevoland',1),(661,'UT',1701,NULL,NULL,NULL,'Utrecht',1),(662,'NH',1701,NULL,NULL,NULL,'Noord-Holland',1),(663,'ZH',1701,NULL,NULL,NULL,'Zuid-Holland',1),(664,'ZL',1701,NULL,NULL,NULL,'Zeeland',1),(665,'NB',1701,NULL,NULL,NULL,'Noord-Brabant',1),(666,'LB',1701,NULL,NULL,NULL,'Limburg',1),(667,'PA-1',17801,'',0,'','Bocas del Toro',1),(668,'PA-2',17801,'',0,'','Coclé',1),(669,'PA-3',17801,'',0,'','Colón',1),(670,'PA-4',17801,'',0,'','Chiriquí',1),(671,'PA-5',17801,'',0,'','Darién',1),(672,'PA-6',17801,'',0,'','Herrera',1),(673,'PA-7',17801,'',0,'','Los Santos',1),(674,'PA-8',17801,'',0,'','Panamá',1),(675,'PA-9',17801,'',0,'','Veraguas',1),(676,'PA-13',17801,'',0,'','Panamá Oeste',1),(677,'0101',18101,'',0,'','Chachapoyas',1),(678,'0102',18101,'',0,'','Bagua',1),(679,'0103',18101,'',0,'','Bongará',1),(680,'0104',18101,'',0,'','Condorcanqui',1),(681,'0105',18101,'',0,'','Luya',1),(682,'0106',18101,'',0,'','Rodríguez de Mendoza',1),(683,'0107',18101,'',0,'','Utcubamba',1),(684,'0201',18102,'',0,'','Huaraz',1),(685,'0202',18102,'',0,'','Aija',1),(686,'0203',18102,'',0,'','Antonio Raymondi',1),(687,'0204',18102,'',0,'','Asunción',1),(688,'0205',18102,'',0,'','Bolognesi',1),(689,'0206',18102,'',0,'','Carhuaz',1),(690,'0207',18102,'',0,'','Carlos Fermín Fitzcarrald',1),(691,'0208',18102,'',0,'','Casma',1),(692,'0209',18102,'',0,'','Corongo',1),(693,'0210',18102,'',0,'','Huari',1),(694,'0211',18102,'',0,'','Huarmey',1),(695,'0212',18102,'',0,'','Huaylas',1),(696,'0213',18102,'',0,'','Mariscal Luzuriaga',1),(697,'0214',18102,'',0,'','Ocros',1),(698,'0215',18102,'',0,'','Pallasca',1),(699,'0216',18102,'',0,'','Pomabamba',1),(700,'0217',18102,'',0,'','Recuay',1),(701,'0218',18102,'',0,'','Papá',1),(702,'0219',18102,'',0,'','Sihuas',1),(703,'0220',18102,'',0,'','Yungay',1),(704,'0301',18103,'',0,'','Abancay',1),(705,'0302',18103,'',0,'','Andahuaylas',1),(706,'0303',18103,'',0,'','Antabamba',1),(707,'0304',18103,'',0,'','Aymaraes',1),(708,'0305',18103,'',0,'','Cotabambas',1),(709,'0306',18103,'',0,'','Chincheros',1),(710,'0307',18103,'',0,'','Grau',1),(711,'0401',18104,'',0,'','Arequipa',1),(712,'0402',18104,'',0,'','Camaná',1),(713,'0403',18104,'',0,'','Caravelí',1),(714,'0404',18104,'',0,'','Castilla',1),(715,'0405',18104,'',0,'','Caylloma',1),(716,'0406',18104,'',0,'','Condesuyos',1),(717,'0407',18104,'',0,'','Islay',1),(718,'0408',18104,'',0,'','La Unión',1),(719,'0501',18105,'',0,'','Huamanga',1),(720,'0502',18105,'',0,'','Cangallo',1),(721,'0503',18105,'',0,'','Huanca Sancos',1),(722,'0504',18105,'',0,'','Huanta',1),(723,'0505',18105,'',0,'','La Mar',1),(724,'0506',18105,'',0,'','Lucanas',1),(725,'0507',18105,'',0,'','Parinacochas',1),(726,'0508',18105,'',0,'','Páucar del Sara Sara',1),(727,'0509',18105,'',0,'','Sucre',1),(728,'0510',18105,'',0,'','Víctor Fajardo',1),(729,'0511',18105,'',0,'','Vilcas Huamán',1),(730,'0601',18106,'',0,'','Cajamarca',1),(731,'0602',18106,'',0,'','Cajabamba',1),(732,'0603',18106,'',0,'','Celendín',1),(733,'0604',18106,'',0,'','Chota',1),(734,'0605',18106,'',0,'','Contumazá',1),(735,'0606',18106,'',0,'','Cutervo',1),(736,'0607',18106,'',0,'','Hualgayoc',1),(737,'0608',18106,'',0,'','Jaén',1),(738,'0609',18106,'',0,'','San Ignacio',1),(739,'0610',18106,'',0,'','San Marcos',1),(740,'0611',18106,'',0,'','San Miguel',1),(741,'0612',18106,'',0,'','San Pablo',1),(742,'0613',18106,'',0,'','Santa Cruz',1),(743,'0701',18107,'',0,'','Callao',1),(744,'0801',18108,'',0,'','Cusco',1),(745,'0802',18108,'',0,'','Acomayo',1),(746,'0803',18108,'',0,'','Anta',1),(747,'0804',18108,'',0,'','Calca',1),(748,'0805',18108,'',0,'','Canas',1),(749,'0806',18108,'',0,'','Canchis',1),(750,'0807',18108,'',0,'','Chumbivilcas',1),(751,'0808',18108,'',0,'','Espinar',1),(752,'0809',18108,'',0,'','La Convención',1),(753,'0810',18108,'',0,'','Paruro',1),(754,'0811',18108,'',0,'','Paucartambo',1),(755,'0812',18108,'',0,'','Quispicanchi',1),(756,'0813',18108,'',0,'','Urubamba',1),(757,'0901',18109,'',0,'','Huancavelica',1),(758,'0902',18109,'',0,'','Acobamba',1),(759,'0903',18109,'',0,'','Angaraes',1),(760,'0904',18109,'',0,'','Castrovirreyna',1),(761,'0905',18109,'',0,'','Churcampa',1),(762,'0906',18109,'',0,'','Huaytará',1),(763,'0907',18109,'',0,'','Tayacaja',1),(764,'1001',18110,'',0,'','Huánuco',1),(765,'1002',18110,'',0,'','Ambón',1),(766,'1003',18110,'',0,'','Dos de Mayo',1),(767,'1004',18110,'',0,'','Huacaybamba',1),(768,'1005',18110,'',0,'','Huamalíes',1),(769,'1006',18110,'',0,'','Leoncio Prado',1),(770,'1007',18110,'',0,'','Marañón',1),(771,'1008',18110,'',0,'','Pachitea',1),(772,'1009',18110,'',0,'','Puerto Inca',1),(773,'1010',18110,'',0,'','Lauricocha',1),(774,'1011',18110,'',0,'','Yarowilca',1),(775,'1101',18111,'',0,'','Ica',1),(776,'1102',18111,'',0,'','Chincha',1),(777,'1103',18111,'',0,'','Nazca',1),(778,'1104',18111,'',0,'','Palpa',1),(779,'1105',18111,'',0,'','Pisco',1),(780,'1201',18112,'',0,'','Huancayo',1),(781,'1202',18112,'',0,'','Concepción',1),(782,'1203',18112,'',0,'','Chanchamayo',1),(783,'1204',18112,'',0,'','Jauja',1),(784,'1205',18112,'',0,'','Junín',1),(785,'1206',18112,'',0,'','Satipo',1),(786,'1207',18112,'',0,'','Tarma',1),(787,'1208',18112,'',0,'','Yauli',1),(788,'1209',18112,'',0,'','Chupaca',1),(789,'1301',18113,'',0,'','Trujillo',1),(790,'1302',18113,'',0,'','Ascope',1),(791,'1303',18113,'',0,'','Bolívar',1),(792,'1304',18113,'',0,'','Chepén',1),(793,'1305',18113,'',0,'','Julcán',1),(794,'1306',18113,'',0,'','Otuzco',1),(795,'1307',18113,'',0,'','Pacasmayo',1),(796,'1308',18113,'',0,'','Pataz',1),(797,'1309',18113,'',0,'','Sánchez Carrión',1),(798,'1310',18113,'',0,'','Santiago de Chuco',1),(799,'1311',18113,'',0,'','Gran Chimú',1),(800,'1312',18113,'',0,'','Virú',1),(801,'1401',18114,'',0,'','Chiclayo',1),(802,'1402',18114,'',0,'','Ferreñafe',1),(803,'1403',18114,'',0,'','Lambayeque',1),(804,'1501',18115,'',0,'','Lima',1),(805,'1502',18116,'',0,'','Huaura',1),(806,'1503',18116,'',0,'','Barranca',1),(807,'1504',18116,'',0,'','Cajatambo',1),(808,'1505',18116,'',0,'','Canta',1),(809,'1506',18116,'',0,'','Cañete',1),(810,'1507',18116,'',0,'','Huaral',1),(811,'1508',18116,'',0,'','Huarochirí',1),(812,'1509',18116,'',0,'','Oyón',1),(813,'1510',18116,'',0,'','Yauyos',1),(814,'1601',18117,'',0,'','Maynas',1),(815,'1602',18117,'',0,'','Alto Amazonas',1),(816,'1603',18117,'',0,'','Loreto',1),(817,'1604',18117,'',0,'','Mariscal Ramón Castilla',1),(818,'1605',18117,'',0,'','Requena',1),(819,'1606',18117,'',0,'','Ucayali',1),(820,'1607',18117,'',0,'','Datem del Marañón',1),(821,'1701',18118,'',0,'','Tambopata',1),(822,'1702',18118,'',0,'','Manú',1),(823,'1703',18118,'',0,'','Tahuamanu',1),(824,'1801',18119,'',0,'','Mariscal Nieto',1),(825,'1802',18119,'',0,'','General Sánchez Cerro',1),(826,'1803',18119,'',0,'','Ilo',1),(827,'1901',18120,'',0,'','Pasco',1),(828,'1902',18120,'',0,'','Daniel Alcides Carrión',1),(829,'1903',18120,'',0,'','Oxapampa',1),(830,'2001',18121,'',0,'','Piura',1),(831,'2002',18121,'',0,'','Ayabaca',1),(832,'2003',18121,'',0,'','Huancabamba',1),(833,'2004',18121,'',0,'','Morropón',1),(834,'2005',18121,'',0,'','Paita',1),(835,'2006',18121,'',0,'','Sullana',1),(836,'2007',18121,'',0,'','Talara',1),(837,'2008',18121,'',0,'','Sechura',1),(838,'2101',18122,'',0,'','Puno',1),(839,'2102',18122,'',0,'','Azángaro',1),(840,'2103',18122,'',0,'','Carabaya',1),(841,'2104',18122,'',0,'','Chucuito',1),(842,'2105',18122,'',0,'','El Collao',1),(843,'2106',18122,'',0,'','Huancané',1),(844,'2107',18122,'',0,'','Lampa',1),(845,'2108',18122,'',0,'','Melgar',1),(846,'2109',18122,'',0,'','Moho',1),(847,'2110',18122,'',0,'','San Antonio de Putina',1),(848,'2111',18122,'',0,'','San Román',1),(849,'2112',18122,'',0,'','Sandia',1),(850,'2113',18122,'',0,'','Yunguyo',1),(851,'2201',18123,'',0,'','Moyobamba',1),(852,'2202',18123,'',0,'','Bellavista',1),(853,'2203',18123,'',0,'','El Dorado',1),(854,'2204',18123,'',0,'','Huallaga',1),(855,'2205',18123,'',0,'','Lamas',1),(856,'2206',18123,'',0,'','Mariscal Cáceres',1),(857,'2207',18123,'',0,'','Picota',1),(858,'2208',18123,'',0,'','La Rioja',1),(859,'2209',18123,'',0,'','San Martín',1),(860,'2210',18123,'',0,'','Tocache',1),(861,'2301',18124,'',0,'','Tacna',1),(862,'2302',18124,'',0,'','Candarave',1),(863,'2303',18124,'',0,'','Jorge Basadre',1),(864,'2304',18124,'',0,'','Tarata',1),(865,'2401',18125,'',0,'','Tumbes',1),(866,'2402',18125,'',0,'','Contralmirante Villar',1),(867,'2403',18125,'',0,'','Zarumilla',1),(868,'2501',18126,'',0,'','Coronel Portillo',1),(869,'2502',18126,'',0,'','Atalaya',1),(870,'2503',18126,'',0,'','Padre Abad',1),(871,'2504',18126,'',0,'','Purús',1),(872,'PT-AV',15001,NULL,NULL,'AVEIRO','Aveiro',1),(873,'PT-AC',15002,NULL,NULL,'AZORES','Azores',1),(874,'PT-BE',15001,NULL,NULL,'BEJA','Beja',1),(875,'PT-BR',15001,NULL,NULL,'BRAGA','Braga',1),(876,'PT-BA',15001,NULL,NULL,'BRAGANCA','Bragança',1),(877,'PT-CB',15001,NULL,NULL,'CASTELO BRANCO','Castelo Branco',1),(878,'PT-CO',15001,NULL,NULL,'COIMBRA','Coimbra',1),(879,'PT-EV',15001,NULL,NULL,'EVORA','Évora',1),(880,'PT-FA',15001,NULL,NULL,'FARO','Faro',1),(881,'PT-GU',15001,NULL,NULL,'GUARDA','Guarda',1),(882,'PT-LE',15001,NULL,NULL,'LEIRIA','Leiria',1),(883,'PT-LI',15001,NULL,NULL,'LISBON','Lisboa',1),(884,'PT-AML',15001,NULL,NULL,'AREA METROPOLITANA LISBOA','Área Metropolitana de Lisboa',1),(885,'PT-MA',15002,NULL,NULL,'MADEIRA','Madeira',1),(886,'PT-PA',15001,NULL,NULL,'PORTALEGRE','Portalegre',1),(887,'PT-PO',15001,NULL,NULL,'PORTO','Porto',1),(888,'PT-SA',15001,NULL,NULL,'SANTAREM','Santarém',1),(889,'PT-SE',15001,NULL,NULL,'SETUBAL','Setúbal',1),(890,'PT-VC',15001,NULL,NULL,'VIANA DO CASTELO','Viana Do Castelo',1),(891,'PT-VR',15001,NULL,NULL,'VILA REAL','Vila Real',1),(892,'PT-VI',15001,NULL,NULL,'VISEU','Viseu',1),(893,'AB',18801,'',0,'','Alba',1),(894,'AR',18801,'',0,'','Arad',1),(895,'AG',18801,'',0,'','Argeș',1),(896,'BC',18801,'',0,'','Bacău',1),(897,'BH',18801,'',0,'','Bihor',1),(898,'BN',18801,'',0,'','Bistrița-Năsăud',1),(899,'BT',18801,'',0,'','Botoșani',1),(900,'BV',18801,'',0,'','Brașov',1),(901,'BR',18801,'',0,'','Brăila',1),(902,'BU',18801,'',0,'','Bucuresti',1),(903,'BZ',18801,'',0,'','Buzău',1),(904,'CL',18801,'',0,'','Călărași',1),(905,'CS',18801,'',0,'','Caraș-Severin',1),(906,'CJ',18801,'',0,'','Cluj',1),(907,'CT',18801,'',0,'','Constanța',1),(908,'CV',18801,'',0,'','Covasna',1),(909,'DB',18801,'',0,'','Dâmbovița',1),(910,'DJ',18801,'',0,'','Dolj',1),(911,'GL',18801,'',0,'','Galați',1),(912,'GR',18801,'',0,'','Giurgiu',1),(913,'GJ',18801,'',0,'','Gorj',1),(914,'HR',18801,'',0,'','Harghita',1),(915,'HD',18801,'',0,'','Hunedoara',1),(916,'IL',18801,'',0,'','Ialomița',1),(917,'IS',18801,'',0,'','Iași',1),(918,'IF',18801,'',0,'','Ilfov',1),(919,'MM',18801,'',0,'','Maramureș',1),(920,'MH',18801,'',0,'','Mehedinți',1),(921,'MS',18801,'',0,'','Mureș',1),(922,'NT',18801,'',0,'','Neamț',1),(923,'OT',18801,'',0,'','Olt',1),(924,'PH',18801,'',0,'','Prahova',1),(925,'SM',18801,'',0,'','Satu Mare',1),(926,'SJ',18801,'',0,'','Sălaj',1),(927,'SB',18801,'',0,'','Sibiu',1),(928,'SV',18801,'',0,'','Suceava',1),(929,'TR',18801,'',0,'','Teleorman',1),(930,'TM',18801,'',0,'','Timiș',1),(931,'TL',18801,'',0,'','Tulcea',1),(932,'VS',18801,'',0,'','Vaslui',1),(933,'VL',18801,'',0,'','Vâlcea',1),(934,'VN',18801,'',0,'','Vrancea',1),(935,'SS',8601,'',0,'','San Salvador',1),(936,'LL',8601,'',0,'','La Libertad',1),(937,'CH',8601,'',0,'','Chalatenango',1),(938,'CA',8601,'',0,'','Cabañas',1),(939,'LP',8601,'',0,'','La Paz',1),(940,'SV',8601,'',0,'','San Vicente',1),(941,'CU',8601,'',0,'','Cuscatlan',1),(942,'US',8602,'',0,'','Usulutan',1),(943,'SM',8602,'',0,'','San Miguel',1),(944,'MO',8602,'',0,'','Morazan',1),(945,'LU',8602,'',0,'','La Union',1),(946,'AH',8603,'',0,'','Ahuachapan',1),(947,'SA',8603,'',0,'','Santa Ana',1),(948,'SO',8603,'',0,'','Sonsonate',1),(949,'SI031',20203,NULL,NULL,'MURA','Mura',1),(950,'SI032',20203,NULL,NULL,'DRAVA','Drava',1),(951,'SI033',20203,NULL,NULL,'CARINTHIA','Carinthia',1),(952,'SI034',20203,NULL,NULL,'SAVINJA','Savinja',1),(953,'SI035',20203,NULL,NULL,'CENTRAL SAVA','Central Sava',1),(954,'SI036',20203,NULL,NULL,'LOWER SAVA','Lower Sava',1),(955,'SI037',20203,NULL,NULL,'SOUTHEAST SLOVENIA','Southeast Slovenia',1),(956,'SI038',20203,NULL,NULL,'LITTORAL–INNER CARNIOLA','Littoral–Inner Carniola',1),(957,'SI041',20204,NULL,NULL,'CENTRAL SLOVENIA','Central Slovenia',1),(958,'SI038',20204,NULL,NULL,'UPPER CARNIOLA','Upper Carniola',1),(959,'SI043',20204,NULL,NULL,'GORIZIA','Gorizia',1),(960,'SI044',20204,NULL,NULL,'COASTAL–KARST','Coastal–Karst',1),(961,'AG',601,NULL,NULL,'ARGOVIE','Argovie',1),(962,'AI',601,NULL,NULL,'APPENZELL RHODES INTERIEURES','Appenzell Rhodes intérieures',1),(963,'AR',601,NULL,NULL,'APPENZELL RHODES EXTERIEURES','Appenzell Rhodes extérieures',1),(964,'BE',601,NULL,NULL,'BERNE','Berne',1),(965,'BL',601,NULL,NULL,'BALE CAMPAGNE','Bâle Campagne',1),(966,'BS',601,NULL,NULL,'BALE VILLE','Bâle Ville',1),(967,'FR',601,NULL,NULL,'FRIBOURG','Fribourg',1),(968,'GE',601,NULL,NULL,'GENEVE','Genève',1),(969,'GL',601,NULL,NULL,'GLARIS','Glaris',1),(970,'GR',601,NULL,NULL,'GRISONS','Grisons',1),(971,'JU',601,NULL,NULL,'JURA','Jura',1),(972,'LU',601,NULL,NULL,'LUCERNE','Lucerne',1),(973,'NE',601,NULL,NULL,'NEUCHATEL','Neuchâtel',1),(974,'NW',601,NULL,NULL,'NIDWALD','Nidwald',1),(975,'OW',601,NULL,NULL,'OBWALD','Obwald',1),(976,'SG',601,NULL,NULL,'SAINT-GALL','Saint-Gall',1),(977,'SH',601,NULL,NULL,'SCHAFFHOUSE','Schaffhouse',1),(978,'SO',601,NULL,NULL,'SOLEURE','Soleure',1),(979,'SZ',601,NULL,NULL,'SCHWYZ','Schwyz',1),(980,'TG',601,NULL,NULL,'THURGOVIE','Thurgovie',1),(981,'TI',601,NULL,NULL,'TESSIN','Tessin',1),(982,'UR',601,NULL,NULL,'URI','Uri',1),(983,'VD',601,NULL,NULL,'VAUD','Vaud',1),(984,'VS',601,NULL,NULL,'VALAIS','Valais',1),(985,'ZG',601,NULL,NULL,'ZUG','Zug',1),(986,'ZH',601,NULL,NULL,'ZURICH','Zürich',1),(987,'TW-KLU',21301,'KLU',NULL,NULL,'基隆市',1),(988,'TW-TPE',21301,'TPE',NULL,NULL,'臺北市',1),(989,'TW-TPH',21301,'TPH',NULL,NULL,'新北市',1),(990,'TW-TYC',21301,'TYC',NULL,NULL,'桃園市',1),(991,'TW-HSH',21301,'HSH',NULL,NULL,'新竹縣',1),(992,'TW-HSC',21301,'HSC',NULL,NULL,'新竹市',1),(993,'TW-MAL',21301,'MAL',NULL,NULL,'苗栗縣',1),(994,'TW-MAC',21301,'MAC',NULL,NULL,'苗栗市',1),(995,'TW-TXG',21301,'TXG',NULL,NULL,'臺中市',1),(996,'TW-CWH',21301,'CWH',NULL,NULL,'彰化縣',1),(997,'TW-CWS',21301,'CWS',NULL,NULL,'彰化市',1),(998,'TW-NTC',21301,'NTC',NULL,NULL,'南投市',1),(999,'TW-NTO',21301,'NTO',NULL,NULL,'南投縣',1),(1000,'TW-YLH',21301,'YLH',NULL,NULL,'雲林縣',1),(1001,'TW-CHY',21301,'CHY',NULL,NULL,'嘉義縣',1),(1002,'TW-CYI',21301,'CYI',NULL,NULL,'嘉義市',1),(1003,'TW-TNN',21301,'TNN',NULL,NULL,'臺南市',1),(1004,'TW-KHH',21301,'KHH',NULL,NULL,'高雄市',1),(1005,'TW-IUH',21301,'IUH',NULL,NULL,'屏東縣',1),(1006,'TW-PTS',21301,'PTS',NULL,NULL,'屏東市',1),(1007,'TW-ILN',21301,'ILN',NULL,NULL,'宜蘭縣',1),(1008,'TW-ILC',21301,'ILC',NULL,NULL,'宜蘭市',1),(1009,'TW-HWA',21301,'HWA',NULL,NULL,'花蓮縣',1),(1010,'TW-HWC',21301,'HWC',NULL,NULL,'花蓮市',1),(1011,'TW-TTC',21301,'TTC',NULL,NULL,'臺東市',1),(1012,'TW-TTT',21301,'TTT',NULL,NULL,'臺東縣',1),(1013,'TW-PEH',21301,'PEH',NULL,NULL,'澎湖縣',1),(1014,'TW-GNI',21301,'GNI',NULL,NULL,'綠島',1),(1015,'TW-KYD',21301,'KYD',NULL,NULL,'蘭嶼',1),(1016,'TW-KMN',21301,'KMN',NULL,NULL,'金門縣',1),(1017,'TW-LNN',21301,'LNN',NULL,NULL,'連江縣',1),(1018,'TN01',1001,'',0,'','Ariana',1),(1019,'TN02',1001,'',0,'','Béja',1),(1020,'TN03',1001,'',0,'','Ben Arous',1),(1021,'TN04',1001,'',0,'','Bizerte',1),(1022,'TN05',1001,'',0,'','Gabès',1),(1023,'TN06',1001,'',0,'','Gafsa',1),(1024,'TN07',1001,'',0,'','Jendouba',1),(1025,'TN08',1001,'',0,'','Kairouan',1),(1026,'TN09',1001,'',0,'','Kasserine',1),(1027,'TN10',1001,'',0,'','Kébili',1),(1028,'TN11',1001,'',0,'','La Manouba',1),(1029,'TN12',1001,'',0,'','Le Kef',1),(1030,'TN13',1001,'',0,'','Mahdia',1),(1031,'TN14',1001,'',0,'','Médenine',1),(1032,'TN15',1001,'',0,'','Monastir',1),(1033,'TN16',1001,'',0,'','Nabeul',1),(1034,'TN17',1001,'',0,'','Sfax',1),(1035,'TN18',1001,'',0,'','Sidi Bouzid',1),(1036,'TN19',1001,'',0,'','Siliana',1),(1037,'TN20',1001,'',0,'','Sousse',1),(1038,'TN21',1001,'',0,'','Tataouine',1),(1039,'TN22',1001,'',0,'','Tozeur',1),(1040,'TN23',1001,'',0,'','Tunis',1),(1041,'TN24',1001,'',0,'','Zaghouan',1),(1042,'AL',1101,'',0,'ALABAMA','Alabama',1),(1043,'AK',1101,'',0,'ALASKA','Alaska',1),(1044,'AZ',1101,'',0,'ARIZONA','Arizona',1),(1045,'AR',1101,'',0,'ARKANSAS','Arkansas',1),(1046,'CA',1101,'',0,'CALIFORNIA','California',1),(1047,'CO',1101,'',0,'COLORADO','Colorado',1),(1048,'CT',1101,'',0,'CONNECTICUT','Connecticut',1),(1049,'DE',1101,'',0,'DELAWARE','Delaware',1),(1050,'FL',1101,'',0,'FLORIDA','Florida',1),(1051,'GA',1101,'',0,'GEORGIA','Georgia',1),(1052,'HI',1101,'',0,'HAWAII','Hawaii',1),(1053,'ID',1101,'',0,'IDAHO','Idaho',1),(1054,'IL',1101,'',0,'ILLINOIS','Illinois',1),(1055,'IN',1101,'',0,'INDIANA','Indiana',1),(1056,'IA',1101,'',0,'IOWA','Iowa',1),(1057,'KS',1101,'',0,'KANSAS','Kansas',1),(1058,'KY',1101,'',0,'KENTUCKY','Kentucky',1),(1059,'LA',1101,'',0,'LOUISIANA','Louisiana',1),(1060,'ME',1101,'',0,'MAINE','Maine',1),(1061,'MD',1101,'',0,'MARYLAND','Maryland',1),(1062,'MA',1101,'',0,'MASSACHUSSETTS','Massachusetts',1),(1063,'MI',1101,'',0,'MICHIGAN','Michigan',1),(1064,'MN',1101,'',0,'MINNESOTA','Minnesota',1),(1065,'MS',1101,'',0,'MISSISSIPPI','Mississippi',1),(1066,'MO',1101,'',0,'MISSOURI','Missouri',1),(1067,'MT',1101,'',0,'MONTANA','Montana',1),(1068,'NE',1101,'',0,'NEBRASKA','Nebraska',1),(1069,'NV',1101,'',0,'NEVADA','Nevada',1),(1070,'NH',1101,'',0,'NEW HAMPSHIRE','New Hampshire',1),(1071,'NJ',1101,'',0,'NEW JERSEY','New Jersey',1),(1072,'NM',1101,'',0,'NEW MEXICO','New Mexico',1),(1073,'NY',1101,'',0,'NEW YORK','New York',1),(1074,'NC',1101,'',0,'NORTH CAROLINA','North Carolina',1),(1075,'ND',1101,'',0,'NORTH DAKOTA','North Dakota',1),(1076,'OH',1101,'',0,'OHIO','Ohio',1),(1077,'OK',1101,'',0,'OKLAHOMA','Oklahoma',1),(1078,'OR',1101,'',0,'OREGON','Oregon',1),(1079,'PA',1101,'',0,'PENNSYLVANIA','Pennsylvania',1),(1080,'RI',1101,'',0,'RHODE ISLAND','Rhode Island',1),(1081,'SC',1101,'',0,'SOUTH CAROLINA','South Carolina',1),(1082,'SD',1101,'',0,'SOUTH DAKOTA','South Dakota',1),(1083,'TN',1101,'',0,'TENNESSEE','Tennessee',1),(1084,'TX',1101,'',0,'TEXAS','Texas',1),(1085,'UT',1101,'',0,'UTAH','Utah',1),(1086,'VT',1101,'',0,'VERMONT','Vermont',1),(1087,'VA',1101,'',0,'VIRGINIA','Virginia',1),(1088,'WA',1101,'',0,'WASHINGTON','Washington',1),(1089,'WV',1101,'',0,'WEST VIRGINIA','West Virginia',1),(1090,'WI',1101,'',0,'WISCONSIN','Wisconsin',1),(1091,'WY',1101,'',0,'WYOMING','Wyoming',1),(1092,'001',5201,'',0,'','Belisario Boeto',1),(1093,'002',5201,'',0,'','Hernando Siles',1),(1094,'003',5201,'',0,'','Jaime Zudáñez',1),(1095,'004',5201,'',0,'','Juana Azurduy de Padilla',1),(1096,'005',5201,'',0,'','Luis Calvo',1),(1097,'006',5201,'',0,'','Nor Cinti',1),(1098,'007',5201,'',0,'','Oropeza',1),(1099,'008',5201,'',0,'','Sud Cinti',1),(1100,'009',5201,'',0,'','Tomina',1),(1101,'010',5201,'',0,'','Yamparáez',1),(1102,'011',5202,'',0,'','Abel Iturralde',1),(1103,'012',5202,'',0,'','Aroma',1),(1104,'013',5202,'',0,'','Bautista Saavedra',1),(1105,'014',5202,'',0,'','Caranavi',1),(1106,'015',5202,'',0,'','Eliodoro Camacho',1),(1107,'016',5202,'',0,'','Franz Tamayo',1),(1108,'017',5202,'',0,'','Gualberto Villarroel',1),(1109,'018',5202,'',0,'','Ingaví',1),(1110,'019',5202,'',0,'','Inquisivi',1),(1111,'020',5202,'',0,'','José Ramón Loayza',1),(1112,'021',5202,'',0,'','Larecaja',1),(1113,'022',5202,'',0,'','Los Andes (Bolivia)',1),(1114,'023',5202,'',0,'','Manco Kapac',1),(1115,'024',5202,'',0,'','Muñecas',1),(1116,'025',5202,'',0,'','Nor Yungas',1),(1117,'026',5202,'',0,'','Omasuyos',1),(1118,'027',5202,'',0,'','Pacajes',1),(1119,'028',5202,'',0,'','Pedro Domingo Murillo',1),(1120,'029',5202,'',0,'','Sud Yungas',1),(1121,'030',5202,'',0,'','General José Manuel Pando',1),(1122,'031',5203,'',0,'','Arani',1),(1123,'032',5203,'',0,'','Arque',1),(1124,'033',5203,'',0,'','Ayopaya',1),(1125,'034',5203,'',0,'','Bolívar (Bolivia)',1),(1126,'035',5203,'',0,'','Campero',1),(1127,'036',5203,'',0,'','Capinota',1),(1128,'037',5203,'',0,'','Cercado (Cochabamba)',1),(1129,'038',5203,'',0,'','Esteban Arze',1),(1130,'039',5203,'',0,'','Germán Jordán',1),(1131,'040',5203,'',0,'','José Carrasco',1),(1132,'041',5203,'',0,'','Mizque',1),(1133,'042',5203,'',0,'','Punata',1),(1134,'043',5203,'',0,'','Quillacollo',1),(1135,'044',5203,'',0,'','Tapacarí',1),(1136,'045',5203,'',0,'','Tiraque',1),(1137,'046',5203,'',0,'','Chapare',1),(1138,'047',5204,'',0,'','Carangas',1),(1139,'048',5204,'',0,'','Cercado (Oruro)',1),(1140,'049',5204,'',0,'','Eduardo Avaroa',1),(1141,'050',5204,'',0,'','Ladislao Cabrera',1),(1142,'051',5204,'',0,'','Litoral de Atacama',1),(1143,'052',5204,'',0,'','Mejillones',1),(1144,'053',5204,'',0,'','Nor Carangas',1),(1145,'054',5204,'',0,'','Pantaleón Dalence',1),(1146,'055',5204,'',0,'','Poopó',1),(1147,'056',5204,'',0,'','Sabaya',1),(1148,'057',5204,'',0,'','Sajama',1),(1149,'058',5204,'',0,'','San Pedro de Totora',1),(1150,'059',5204,'',0,'','Saucarí',1),(1151,'060',5204,'',0,'','Sebastián Pagador',1),(1152,'061',5204,'',0,'','Sud Carangas',1),(1153,'062',5204,'',0,'','Tomás Barrón',1),(1154,'063',5205,'',0,'','Alonso de Ibáñez',1),(1155,'064',5205,'',0,'','Antonio Quijarro',1),(1156,'065',5205,'',0,'','Bernardino Bilbao',1),(1157,'066',5205,'',0,'','Charcas (Potosí)',1),(1158,'067',5205,'',0,'','Chayanta',1),(1159,'068',5205,'',0,'','Cornelio Saavedra',1),(1160,'069',5205,'',0,'','Daniel Campos',1),(1161,'070',5205,'',0,'','Enrique Baldivieso',1),(1162,'071',5205,'',0,'','José María Linares',1),(1163,'072',5205,'',0,'','Modesto Omiste',1),(1164,'073',5205,'',0,'','Nor Chichas',1),(1165,'074',5205,'',0,'','Nor Lípez',1),(1166,'075',5205,'',0,'','Rafael Bustillo',1),(1167,'076',5205,'',0,'','Sud Chichas',1),(1168,'077',5205,'',0,'','Sud Lípez',1),(1169,'078',5205,'',0,'','Tomás Frías',1),(1170,'079',5206,'',0,'','Aniceto Arce',1),(1171,'080',5206,'',0,'','Burdet O\'Connor',1),(1172,'081',5206,'',0,'','Cercado (Tarija)',1),(1173,'082',5206,'',0,'','Eustaquio Méndez',1),(1174,'083',5206,'',0,'','José María Avilés',1),(1175,'084',5206,'',0,'','Gran Chaco',1),(1176,'085',5207,'',0,'','Andrés Ibáñez',1),(1177,'086',5207,'',0,'','Caballero',1),(1178,'087',5207,'',0,'','Chiquitos',1),(1179,'088',5207,'',0,'','Cordillera (Bolivia)',1),(1180,'089',5207,'',0,'','Florida',1),(1181,'090',5207,'',0,'','Germán Busch',1),(1182,'091',5207,'',0,'','Guarayos',1),(1183,'092',5207,'',0,'','Ichilo',1),(1184,'093',5207,'',0,'','Obispo Santistevan',1),(1185,'094',5207,'',0,'','Sara',1),(1186,'095',5207,'',0,'','Vallegrande',1),(1187,'096',5207,'',0,'','Velasco',1),(1188,'097',5207,'',0,'','Warnes',1),(1189,'098',5207,'',0,'','Ángel Sandóval',1),(1190,'099',5207,'',0,'','Ñuflo de Chaves',1),(1191,'100',5208,'',0,'','Cercado (Beni)',1),(1192,'101',5208,'',0,'','Iténez',1),(1193,'102',5208,'',0,'','Mamoré',1),(1194,'103',5208,'',0,'','Marbán',1),(1195,'104',5208,'',0,'','Moxos',1),(1196,'105',5208,'',0,'','Vaca Díez',1),(1197,'106',5208,'',0,'','Yacuma',1),(1198,'107',5208,'',0,'','General José Ballivián Segurola',1),(1199,'108',5209,'',0,'','Abuná',1),(1200,'109',5209,'',0,'','Madre de Dios',1),(1201,'110',5209,'',0,'','Manuripi',1),(1202,'111',5209,'',0,'','Nicolás Suárez',1),(1203,'112',5209,'',0,'','General Federico Román',1),(1204,'VI',419,'01',19,'ALAVA','Álava',1),(1205,'AB',404,'02',4,'ALBACETE','Albacete',1),(1206,'A',411,'03',11,'ALICANTE','Alicante',1),(1207,'AL',401,'04',1,'ALMERIA','Almería',1),(1208,'O',418,'33',18,'ASTURIAS','Asturias',1),(1209,'AV',403,'05',3,'AVILA','Ávila',1),(1210,'BA',412,'06',12,'BADAJOZ','Badajoz',1),(1211,'B',406,'08',6,'BARCELONA','Barcelona',1),(1212,'BU',403,'09',8,'BURGOS','Burgos',1),(1213,'CC',412,'10',12,'CACERES','Cáceres',1),(1214,'CA',401,'11',1,'CADIZ','Cádiz',1),(1215,'S',410,'39',10,'CANTABRIA','Cantabria',1),(1216,'CS',411,'12',11,'CASTELLON','Castellón',1),(1217,'CE',407,'51',7,'CEUTA','Ceuta',1),(1218,'CR',404,'13',4,'CIUDAD REAL','Ciudad Real',1),(1219,'CO',401,'14',1,'CORDOBA','Córdoba',1),(1220,'CU',404,'16',4,'CUENCA','Cuenca',1),(1221,'GI',406,'17',6,'GERONA','Gerona',1),(1222,'GR',401,'18',1,'GRANADA','Granada',1),(1223,'GU',404,'19',4,'GUADALAJARA','Guadalajara',1),(1224,'SS',419,'20',19,'GUIPUZCOA','Guipúzcoa',1),(1225,'H',401,'21',1,'HUELVA','Huelva',1),(1226,'HU',402,'22',2,'HUESCA','Huesca',1),(1227,'PM',414,'07',14,'ISLAS BALEARES','Islas Baleares',1),(1228,'J',401,'23',1,'JAEN','Jaén',1),(1229,'C',413,'15',13,'LA CORUÑA','La Coruña',1),(1230,'LO',415,'26',15,'LA RIOJA','La Rioja',1),(1231,'GC',405,'35',5,'LAS PALMAS','Las Palmas',1),(1232,'LE',403,'24',3,'LEON','León',1),(1233,'L',406,'25',6,'LERIDA','Lérida',1),(1234,'LU',413,'27',13,'LUGO','Lugo',1),(1235,'M',416,'28',16,'MADRID','Madrid',1),(1236,'MA',401,'29',1,'MALAGA','Málaga',1),(1237,'ML',409,'52',9,'MELILLA','Melilla',1),(1238,'MU',417,'30',17,'MURCIA','Murcia',1),(1239,'NA',408,'31',8,'NAVARRA','Navarra',1),(1240,'OR',413,'32',13,'ORENSE','Orense',1),(1241,'P',403,'34',3,'PALENCIA','Palencia',1),(1242,'PO',413,'36',13,'PONTEVEDRA','Pontevedra',1),(1243,'SA',403,'37',3,'SALAMANCA','Salamanca',1),(1244,'TF',405,'38',5,'STA. CRUZ DE TENERIFE','Santa Cruz de Tenerife',1),(1245,'SG',403,'40',3,'SEGOVIA','Segovia',1),(1246,'SE',401,'41',1,'SEVILLA','Sevilla',1),(1247,'SO',403,'42',3,'SORIA','Soria',1),(1248,'T',406,'43',6,'TARRAGONA','Tarragona',1),(1249,'TE',402,'44',2,'TERUEL','Teruel',1),(1250,'TO',404,'45',5,'TOLEDO','Toledo',1),(1251,'V',411,'46',11,'VALENCIA','Valencia',1),(1252,'VA',403,'47',3,'VALLADOLID','Valladolid',1),(1253,'BI',419,'48',19,'VIZCAYA','Vizcaya',1),(1254,'ZA',403,'49',3,'ZAMORA','Zamora',1),(1255,'Z',402,'50',1,'ZARAGOZA','Zaragoza',1),(1256,'66',10201,'',0,'','Αθήνα',1),(1257,'67',10205,'',0,'','Δράμα',1),(1258,'01',10205,'',0,'','Έβρος',1),(1259,'02',10205,'',0,'','Θάσος',1),(1260,'03',10205,'',0,'','Καβάλα',1),(1261,'04',10205,'',0,'','Ξάνθη',1),(1262,'05',10205,'',0,'','Ροδόπη',1),(1263,'06',10203,'',0,'','Ημαθία',1),(1264,'07',10203,'',0,'','Θεσσαλονίκη',1),(1265,'08',10203,'',0,'','Κιλκίς',1),(1266,'09',10203,'',0,'','Πέλλα',1),(1267,'10',10203,'',0,'','Πιερία',1),(1268,'11',10203,'',0,'','Σέρρες',1),(1269,'12',10203,'',0,'','Χαλκιδική',1),(1270,'13',10206,'',0,'','Άρτα',1),(1271,'14',10206,'',0,'','Θεσπρωτία',1),(1272,'15',10206,'',0,'','Ιωάννινα',1),(1273,'16',10206,'',0,'','Πρέβεζα',1),(1274,'17',10213,'',0,'','Γρεβενά',1),(1275,'18',10213,'',0,'','Καστοριά',1),(1276,'19',10213,'',0,'','Κοζάνη',1),(1277,'20',10213,'',0,'','Φλώρινα',1),(1278,'21',10212,'',0,'','Καρδίτσα',1),(1279,'22',10212,'',0,'','Λάρισα',1),(1280,'23',10212,'',0,'','Μαγνησία',1),(1281,'24',10212,'',0,'','Τρίκαλα',1),(1282,'25',10212,'',0,'','Σποράδες',1),(1283,'26',10212,'',0,'','Βοιωτία',1),(1284,'27',10202,'',0,'','Εύβοια',1),(1285,'28',10202,'',0,'','Ευρυτανία',1),(1286,'29',10202,'',0,'','Φθιώτιδα',1),(1287,'30',10202,'',0,'','Φωκίδα',1),(1288,'31',10209,'',0,'','Αργολίδα',1),(1289,'32',10209,'',0,'','Αρκαδία',1),(1290,'33',10209,'',0,'','Κορινθία',1),(1291,'34',10209,'',0,'','Λακωνία',1),(1292,'35',10209,'',0,'','Μεσσηνία',1),(1293,'36',10211,'',0,'','Αιτωλοακαρνανία',1),(1294,'37',10211,'',0,'','Αχαΐα',1),(1295,'38',10211,'',0,'','Ηλεία',1),(1296,'39',10207,'',0,'','Ζάκυνθος',1),(1297,'40',10207,'',0,'','Κέρκυρα',1),(1298,'41',10207,'',0,'','Κεφαλληνία',1),(1299,'42',10207,'',0,'','Ιθάκη',1),(1300,'43',10207,'',0,'','Λευκάδα',1),(1301,'44',10208,'',0,'','Ικαρία',1),(1302,'45',10208,'',0,'','Λέσβος',1),(1303,'46',10208,'',0,'','Λήμνος',1),(1304,'47',10208,'',0,'','Σάμος',1),(1305,'48',10208,'',0,'','Χίος',1),(1306,'49',10210,'',0,'','Άνδρος',1),(1307,'50',10210,'',0,'','Θήρα',1),(1308,'51',10210,'',0,'','Κάλυμνος',1),(1309,'52',10210,'',0,'','Κάρπαθος',1),(1310,'53',10210,'',0,'','Κέα-Κύθνος',1),(1311,'54',10210,'',0,'','Κω',1),(1312,'55',10210,'',0,'','Μήλος',1),(1313,'56',10210,'',0,'','Μύκονος',1),(1314,'57',10210,'',0,'','Νάξος',1),(1315,'58',10210,'',0,'','Πάρος',1),(1316,'59',10210,'',0,'','Ρόδος',1),(1317,'60',10210,'',0,'','Σύρος',1),(1318,'61',10210,'',0,'','Τήνος',1),(1319,'62',10204,'',0,'','Ηράκλειο',1),(1320,'63',10204,'',0,'','Λασίθι',1),(1321,'64',10204,'',0,'','Ρέθυμνο',1),(1322,'65',10204,'',0,'','Χανιά',1),(1323,'701',701,NULL,0,NULL,'Bedfordshire',1),(1324,'702',701,NULL,0,NULL,'Berkshire',1),(1325,'703',701,NULL,0,NULL,'Bristol, City of',1),(1326,'704',701,NULL,0,NULL,'Buckinghamshire',1),(1327,'705',701,NULL,0,NULL,'Cambridgeshire',1),(1328,'706',701,NULL,0,NULL,'Cheshire',1),(1329,'707',701,NULL,0,NULL,'Cleveland',1),(1330,'708',701,NULL,0,NULL,'Cornwall',1),(1331,'709',701,NULL,0,NULL,'Cumberland',1),(1332,'710',701,NULL,0,NULL,'Cumbria',1),(1333,'711',701,NULL,0,NULL,'Derbyshire',1),(1334,'712',701,NULL,0,NULL,'Devon',1),(1335,'713',701,NULL,0,NULL,'Dorset',1),(1336,'714',701,NULL,0,NULL,'Co. Durham',1),(1337,'715',701,NULL,0,NULL,'East Riding of Yorkshire',1),(1338,'716',701,NULL,0,NULL,'East Sussex',1),(1339,'717',701,NULL,0,NULL,'Essex',1),(1340,'718',701,NULL,0,NULL,'Gloucestershire',1),(1341,'719',701,NULL,0,NULL,'Greater Manchester',1),(1342,'720',701,NULL,0,NULL,'Hampshire',1),(1343,'721',701,NULL,0,NULL,'Hertfordshire',1),(1344,'722',701,NULL,0,NULL,'Hereford and Worcester',1),(1345,'723',701,NULL,0,NULL,'Herefordshire',1),(1346,'724',701,NULL,0,NULL,'Huntingdonshire',1),(1347,'725',701,NULL,0,NULL,'Isle of Man',1),(1348,'726',701,NULL,0,NULL,'Isle of Wight',1),(1349,'727',701,NULL,0,NULL,'Jersey',1),(1350,'728',701,NULL,0,NULL,'Kent',1),(1351,'729',701,NULL,0,NULL,'Lancashire',1),(1352,'730',701,NULL,0,NULL,'Leicestershire',1),(1353,'731',701,NULL,0,NULL,'Lincolnshire',1),(1354,'732',701,NULL,0,NULL,'London - City of London',1),(1355,'733',701,NULL,0,NULL,'Merseyside',1),(1356,'734',701,NULL,0,NULL,'Middlesex',1),(1357,'735',701,NULL,0,NULL,'Norfolk',1),(1358,'736',701,NULL,0,NULL,'North Yorkshire',1),(1359,'737',701,NULL,0,NULL,'North Riding of Yorkshire',1),(1360,'738',701,NULL,0,NULL,'Northamptonshire',1),(1361,'739',701,NULL,0,NULL,'Northumberland',1),(1362,'740',701,NULL,0,NULL,'Nottinghamshire',1),(1363,'741',701,NULL,0,NULL,'Oxfordshire',1),(1364,'742',701,NULL,0,NULL,'Rutland',1),(1365,'743',701,NULL,0,NULL,'Shropshire',1),(1366,'744',701,NULL,0,NULL,'Somerset',1),(1367,'745',701,NULL,0,NULL,'Staffordshire',1),(1368,'746',701,NULL,0,NULL,'Suffolk',1),(1369,'747',701,NULL,0,NULL,'Surrey',1),(1370,'748',701,NULL,0,NULL,'Sussex',1),(1371,'749',701,NULL,0,NULL,'Tyne and Wear',1),(1372,'750',701,NULL,0,NULL,'Warwickshire',1),(1373,'751',701,NULL,0,NULL,'West Midlands',1),(1374,'752',701,NULL,0,NULL,'West Sussex',1),(1375,'753',701,NULL,0,NULL,'West Yorkshire',1),(1376,'754',701,NULL,0,NULL,'West Riding of Yorkshire',1),(1377,'755',701,NULL,0,NULL,'Wiltshire',1),(1378,'756',701,NULL,0,NULL,'Worcestershire',1),(1379,'757',701,NULL,0,NULL,'Yorkshire',1),(1380,'758',702,NULL,0,NULL,'Anglesey',1),(1381,'759',702,NULL,0,NULL,'Breconshire',1),(1382,'760',702,NULL,0,NULL,'Caernarvonshire',1),(1383,'761',702,NULL,0,NULL,'Cardiganshire',1),(1384,'762',702,NULL,0,NULL,'Carmarthenshire',1),(1385,'763',702,NULL,0,NULL,'Ceredigion',1),(1386,'764',702,NULL,0,NULL,'Denbighshire',1),(1387,'765',702,NULL,0,NULL,'Flintshire',1),(1388,'766',702,NULL,0,NULL,'Glamorgan',1),(1389,'767',702,NULL,0,NULL,'Gwent',1),(1390,'768',702,NULL,0,NULL,'Gwynedd',1),(1391,'769',702,NULL,0,NULL,'Merionethshire',1),(1392,'770',702,NULL,0,NULL,'Monmouthshire',1),(1393,'771',702,NULL,0,NULL,'Mid Glamorgan',1),(1394,'772',702,NULL,0,NULL,'Montgomeryshire',1),(1395,'773',702,NULL,0,NULL,'Pembrokeshire',1),(1396,'774',702,NULL,0,NULL,'Powys',1),(1397,'775',702,NULL,0,NULL,'Radnorshire',1),(1398,'776',702,NULL,0,NULL,'South Glamorgan',1),(1399,'777',703,NULL,0,NULL,'Aberdeen, City of',1),(1400,'778',703,NULL,0,NULL,'Angus',1),(1401,'779',703,NULL,0,NULL,'Argyll',1),(1402,'780',703,NULL,0,NULL,'Ayrshire',1),(1403,'781',703,NULL,0,NULL,'Banffshire',1),(1404,'782',703,NULL,0,NULL,'Berwickshire',1),(1405,'783',703,NULL,0,NULL,'Bute',1),(1406,'784',703,NULL,0,NULL,'Caithness',1),(1407,'785',703,NULL,0,NULL,'Clackmannanshire',1),(1408,'786',703,NULL,0,NULL,'Dumfriesshire',1),(1409,'787',703,NULL,0,NULL,'Dumbartonshire',1),(1410,'788',703,NULL,0,NULL,'Dundee, City of',1),(1411,'789',703,NULL,0,NULL,'East Lothian',1),(1412,'790',703,NULL,0,NULL,'Fife',1),(1413,'791',703,NULL,0,NULL,'Inverness',1),(1414,'792',703,NULL,0,NULL,'Kincardineshire',1),(1415,'793',703,NULL,0,NULL,'Kinross-shire',1),(1416,'794',703,NULL,0,NULL,'Kirkcudbrightshire',1),(1417,'795',703,NULL,0,NULL,'Lanarkshire',1),(1418,'796',703,NULL,0,NULL,'Midlothian',1),(1419,'797',703,NULL,0,NULL,'Morayshire',1),(1420,'798',703,NULL,0,NULL,'Nairnshire',1),(1421,'799',703,NULL,0,NULL,'Orkney',1),(1422,'800',703,NULL,0,NULL,'Peebleshire',1),(1423,'801',703,NULL,0,NULL,'Perthshire',1),(1424,'802',703,NULL,0,NULL,'Renfrewshire',1),(1425,'803',703,NULL,0,NULL,'Ross & Cromarty',1),(1426,'804',703,NULL,0,NULL,'Roxburghshire',1),(1427,'805',703,NULL,0,NULL,'Selkirkshire',1),(1428,'806',703,NULL,0,NULL,'Shetland',1),(1429,'807',703,NULL,0,NULL,'Stirlingshire',1),(1430,'808',703,NULL,0,NULL,'Sutherland',1),(1431,'809',703,NULL,0,NULL,'West Lothian',1),(1432,'810',703,NULL,0,NULL,'Wigtownshire',1),(1433,'811',704,NULL,0,NULL,'Antrim',1),(1434,'812',704,NULL,0,NULL,'Armagh',1),(1435,'813',704,NULL,0,NULL,'Co. Down',1),(1436,'814',704,NULL,0,NULL,'Co. Fermanagh',1),(1437,'815',704,NULL,0,NULL,'Co. Londonderry',1),(1438,'AN',11701,NULL,0,'AN','Andaman & Nicobar',1),(1439,'AP',11701,NULL,0,'AP','Andhra Pradesh',1),(1440,'AR',11701,NULL,0,'AR','Arunachal Pradesh',1),(1441,'AS',11701,NULL,0,'AS','Assam',1),(1442,'BR',11701,NULL,0,'BR','Bihar',1),(1443,'CG',11701,NULL,0,'CG','Chattisgarh',1),(1444,'CH',11701,NULL,0,'CH','Chandigarh',1),(1445,'DD',11701,NULL,0,'DD','Daman & Diu',1),(1446,'DL',11701,NULL,0,'DL','Delhi',1),(1447,'DN',11701,NULL,0,'DN','Dadra and Nagar Haveli',1),(1448,'GA',11701,NULL,0,'GA','Goa',1),(1449,'GJ',11701,NULL,0,'GJ','Gujarat',1),(1450,'HP',11701,NULL,0,'HP','Himachal Pradesh',1),(1451,'HR',11701,NULL,0,'HR','Haryana',1),(1452,'JH',11701,NULL,0,'JH','Jharkhand',1),(1453,'JK',11701,NULL,0,'JK','Jammu & Kashmir',1),(1454,'KA',11701,NULL,0,'KA','Karnataka',1),(1455,'KL',11701,NULL,0,'KL','Kerala',1),(1456,'LD',11701,NULL,0,'LD','Lakshadweep',1),(1457,'MH',11701,NULL,0,'MH','Maharashtra',1),(1458,'ML',11701,NULL,0,'ML','Meghalaya',1),(1459,'MN',11701,NULL,0,'MN','Manipur',1),(1460,'MP',11701,NULL,0,'MP','Madhya Pradesh',1),(1461,'MZ',11701,NULL,0,'MZ','Mizoram',1),(1462,'NL',11701,NULL,0,'NL','Nagaland',1),(1463,'OR',11701,NULL,0,'OR','Orissa',1),(1464,'PB',11701,NULL,0,'PB','Punjab',1),(1465,'PY',11701,NULL,0,'PY','Puducherry',1),(1466,'RJ',11701,NULL,0,'RJ','Rajasthan',1),(1467,'SK',11701,NULL,0,'SK','Sikkim',1),(1468,'TE',11701,NULL,0,'TE','Telangana',1),(1469,'TN',11701,NULL,0,'TN','Tamil Nadu',1),(1470,'TR',11701,NULL,0,'TR','Tripura',1),(1471,'UL',11701,NULL,0,'UL','Uttarakhand',1),(1472,'UP',11701,NULL,0,'UP','Uttar Pradesh',1),(1473,'WB',11701,NULL,0,'WB','West Bengal',1),(1474,'BA',11801,NULL,0,'BA','Bali',1),(1475,'BB',11801,NULL,0,'BB','Bangka Belitung',1),(1476,'BT',11801,NULL,0,'BT','Banten',1),(1477,'BE',11801,NULL,0,'BA','Bengkulu',1),(1478,'YO',11801,NULL,0,'YO','DI Yogyakarta',1),(1479,'JK',11801,NULL,0,'JK','DKI Jakarta',1),(1480,'GO',11801,NULL,0,'GO','Gorontalo',1),(1481,'JA',11801,NULL,0,'JA','Jambi',1),(1482,'JB',11801,NULL,0,'JB','Jawa Barat',1),(1483,'JT',11801,NULL,0,'JT','Jawa Tengah',1),(1484,'JI',11801,NULL,0,'JI','Jawa Timur',1),(1485,'KB',11801,NULL,0,'KB','Kalimantan Barat',1),(1486,'KS',11801,NULL,0,'KS','Kalimantan Selatan',1),(1487,'KT',11801,NULL,0,'KT','Kalimantan Tengah',1),(1488,'KI',11801,NULL,0,'KI','Kalimantan Timur',1),(1489,'KU',11801,NULL,0,'KU','Kalimantan Utara',1),(1490,'KR',11801,NULL,0,'KR','Kepulauan Riau',1),(1491,'LA',11801,NULL,0,'LA','Lampung',1),(1492,'MA',11801,NULL,0,'MA','Maluku',1),(1493,'MU',11801,NULL,0,'MU','Maluku Utara',1),(1494,'AC',11801,NULL,0,'AC','Nanggroe Aceh Darussalam',1),(1495,'NB',11801,NULL,0,'NB','Nusa Tenggara Barat',1),(1496,'NT',11801,NULL,0,'NT','Nusa Tenggara Timur',1),(1497,'PA',11801,NULL,0,'PA','Papua',1),(1498,'PB',11801,NULL,0,'PB','Papua Barat',1),(1499,'RI',11801,NULL,0,'RI','Riau',1),(1500,'SR',11801,NULL,0,'SR','Sulawesi Barat',1),(1501,'SN',11801,NULL,0,'SN','Sulawesi Selatan',1),(1502,'ST',11801,NULL,0,'ST','Sulawesi Tengah',1),(1503,'SG',11801,NULL,0,'SG','Sulawesi Tenggara',1),(1504,'SA',11801,NULL,0,'SA','Sulawesi Utara',1),(1505,'SB',11801,NULL,0,'SB','Sumatera Barat',1),(1506,'SS',11801,NULL,0,'SS','Sumatera Selatan',1),(1507,'SU',11801,NULL,0,'SU','Sumatera Utara	',1),(1508,'CMX',15401,'',0,'CMX','Ciudad de México',1),(1509,'AGS',15401,'',0,'AGS','Aguascalientes',1),(1510,'BCN',15401,'',0,'BCN','Baja California Norte',1),(1511,'BCS',15401,'',0,'BCS','Baja California Sur',1),(1512,'CAM',15401,'',0,'CAM','Campeche',1),(1513,'CHP',15401,'',0,'CHP','Chiapas',1),(1514,'CHI',15401,'',0,'CHI','Chihuahua',1),(1515,'COA',15401,'',0,'COA','Coahuila',1),(1516,'COL',15401,'',0,'COL','Colima',1),(1517,'DUR',15401,'',0,'DUR','Durango',1),(1518,'GTO',15401,'',0,'GTO','Guanajuato',1),(1519,'GRO',15401,'',0,'GRO','Guerrero',1),(1520,'HGO',15401,'',0,'HGO','Hidalgo',1),(1521,'JAL',15401,'',0,'JAL','Jalisco',1),(1522,'MEX',15401,'',0,'MEX','México',1),(1523,'MIC',15401,'',0,'MIC','Michoacán de Ocampo',1),(1524,'MOR',15401,'',0,'MOR','Morelos',1),(1525,'NAY',15401,'',0,'NAY','Nayarit',1),(1526,'NLE',15401,'',0,'NLE','Nuevo León',1),(1527,'OAX',15401,'',0,'OAX','Oaxaca',1),(1528,'PUE',15401,'',0,'PUE','Puebla',1),(1529,'QRO',15401,'',0,'QRO','Querétaro',1),(1530,'ROO',15401,'',0,'ROO','Quintana Roo',1),(1531,'SLP',15401,'',0,'SLP','San Luis Potosí',1),(1532,'SIN',15401,'',0,'SIN','Sinaloa',1),(1533,'SON',15401,'',0,'SON','Sonora',1),(1534,'TAB',15401,'',0,'TAB','Tabasco',1),(1535,'TAM',15401,'',0,'TAM','Tamaulipas',1),(1536,'TLX',15401,'',0,'TLX','Tlaxcala',1),(1537,'VER',15401,'',0,'VER','Veracruz',1),(1538,'YUC',15401,'',0,'YUC','Yucatán',1),(1539,'ZAC',15401,'',0,'ZAC','Zacatecas',1),(1540,'VE-L',23201,'',0,'VE-L','Mérida',1),(1541,'VE-T',23201,'',0,'VE-T','Trujillo',1),(1542,'VE-E',23201,'',0,'VE-E','Barinas',1),(1543,'VE-M',23202,'',0,'VE-M','Miranda',1),(1544,'VE-W',23202,'',0,'VE-W','Vargas',1),(1545,'VE-A',23202,'',0,'VE-A','Distrito Capital',1),(1546,'VE-D',23203,'',0,'VE-D','Aragua',1),(1547,'VE-G',23203,'',0,'VE-G','Carabobo',1),(1548,'VE-I',23204,'',0,'VE-I','Falcón',1),(1549,'VE-K',23204,'',0,'VE-K','Lara',1),(1550,'VE-U',23204,'',0,'VE-U','Yaracuy',1),(1551,'VE-F',23205,'',0,'VE-F','Bolívar',1),(1552,'VE-X',23205,'',0,'VE-X','Amazonas',1),(1553,'VE-Y',23205,'',0,'VE-Y','Delta Amacuro',1),(1554,'VE-O',23206,'',0,'VE-O','Nueva Esparta',1),(1555,'VE-Z',23206,'',0,'VE-Z','Dependencias Federales',1),(1556,'VE-C',23207,'',0,'VE-C','Apure',1),(1557,'VE-J',23207,'',0,'VE-J','Guárico',1),(1558,'VE-H',23207,'',0,'VE-H','Cojedes',1),(1559,'VE-P',23207,'',0,'VE-P','Portuguesa',1),(1560,'VE-B',23208,'',0,'VE-B','Anzoátegui',1),(1561,'VE-N',23208,'',0,'VE-N','Monagas',1),(1562,'VE-R',23208,'',0,'VE-R','Sucre',1),(1563,'VE-V',23209,'',0,'VE-V','Zulia',1),(1564,'VE-S',23209,'',0,'VE-S','Táchira',1),(1565,'BI0001',6101,'',0,'','Bubanza',1),(1566,'BI0002',6101,'',0,'','Gihanga',1),(1567,'BI0003',6101,'',0,'','Musigati',1),(1568,'BI0004',6101,'',0,'','Mpanda',1),(1569,'BI0005',6101,'',0,'','Rugazi',1),(1570,'BI0006',6102,'',0,'','Muha',1),(1571,'BI0007',6102,'',0,'','Mukaza',1),(1572,'BI0008',6102,'',0,'','Ntahangwa',1),(1573,'BI0009',6103,'',0,'','Isale',1),(1574,'BI0010',6103,'',0,'','Kabezi',1),(1575,'BI0011',6103,'',0,'','Kanyosha',1),(1576,'BI0012',6103,'',0,'','Mubimbi',1),(1577,'BI0013',6103,'',0,'','Mugongomanga',1),(1578,'BI0014',6103,'',0,'','Mukike',1),(1579,'BI0015',6103,'',0,'','Mutambu',1),(1580,'BI0016',6103,'',0,'','Mutimbuzi',1),(1581,'BI0017',6103,'',0,'','Nyabiraba',1),(1582,'BI0018',6104,'',0,'','Bururi',1),(1583,'BI0019',6104,'',0,'','Matana',1),(1584,'BI0020',6104,'',0,'','Mugamba',1),(1585,'BI0021',6104,'',0,'','Rutovu',1),(1586,'BI0022',6104,'',0,'','Songa',1),(1587,'BI0023',6104,'',0,'','Vyanda',1),(1588,'BI0024',6105,'',0,'','Cankuzo',1),(1589,'BI0025',6105,'',0,'','Cendajuru',1),(1590,'BI0026',6105,'',0,'','Gisagara',1),(1591,'BI0027',6105,'',0,'','Kigamba',1),(1592,'BI0028',6105,'',0,'','Mishiha',1),(1593,'BI0029',6106,'',0,'','Buganda',1),(1594,'BI0030',6106,'',0,'','Bukinanyana',1),(1595,'BI0031',6106,'',0,'','Mabayi',1),(1596,'BI0032',6106,'',0,'','Mugina',1),(1597,'BI0033',6106,'',0,'','Murwi',1),(1598,'BI0034',6106,'',0,'','Rugombo',1),(1599,'BI0035',6107,'',0,'','Bugendana',1),(1600,'BI0036',6107,'',0,'','Bukirasazi',1),(1601,'BI0037',6107,'',0,'','Buraza',1),(1602,'BI0038',6107,'',0,'','Giheta',1),(1603,'BI0039',6107,'',0,'','Gishubi',1),(1604,'BI0040',6107,'',0,'','Gitega',1),(1605,'BI0041',6107,'',0,'','Itaba',1),(1606,'BI0042',6107,'',0,'','Makebuko',1),(1607,'BI0043',6107,'',0,'','Mutaho',1),(1608,'BI0044',6107,'',0,'','Nyanrusange',1),(1609,'BI0045',6107,'',0,'','Ryansoro',1),(1610,'BI0046',6108,'',0,'','Bugenyuzi',1),(1611,'BI0047',6108,'',0,'','Buhiga',1),(1612,'BI0048',6108,'',0,'','Gihogazi',1),(1613,'BI0049',6108,'',0,'','Gitaramuka',1),(1614,'BI0050',6108,'',0,'','Mutumba',1),(1615,'BI0051',6108,'',0,'','Nyabikere',1),(1616,'BI0052',6108,'',0,'','Shombo',1),(1617,'BI0053',6109,'',0,'','Butaganzwa',1),(1618,'BI0054',6109,'',0,'','Gahombo',1),(1619,'BI0055',6109,'',0,'','Gatara',1),(1620,'BI0056',6109,'',0,'','Kabarore',1),(1621,'BI0057',6109,'',0,'','Kayanza',1),(1622,'BI0058',6109,'',0,'','Matongo',1),(1623,'BI0059',6109,'',0,'','Muhanga',1),(1624,'BI0060',6109,'',0,'','Muruta',1),(1625,'BI0061',6109,'',0,'','Rango',1),(1626,'BI0062',6110,'',0,'','Bugabira',1),(1627,'BI0063',6110,'',0,'','Busoni',1),(1628,'BI0064',6110,'',0,'','Bwambarangwe',1),(1629,'BI0065',6110,'',0,'','Gitobe',1),(1630,'BI0066',6110,'',0,'','Kirundo',1),(1631,'BI0067',6110,'',0,'','Ntega',1),(1632,'BI0068',6110,'',0,'','Vumbi',1),(1633,'BI0069',6111,'',0,'','Kayogoro',1),(1634,'BI0070',6111,'',0,'','Kibago',1),(1635,'BI0071',6111,'',0,'','Mabanda',1),(1636,'BI0072',6111,'',0,'','Makamba',1),(1637,'BI0073',6111,'',0,'','Nyanza-Lac',1),(1638,'BI0074',6111,'',0,'','Vugizo',1),(1639,'BI0075',6112,'',0,'','Bukeye',1),(1640,'BI0076',6112,'',0,'','Kiganda',1),(1641,'BI0077',6112,'',0,'','Mbuye',1),(1642,'BI0078',6112,'',0,'','Muramvya',1),(1643,'BI0079',6112,'',0,'','Rutegama',1),(1644,'BI0080',6113,'',0,'','Buhinyuza',1),(1645,'BI0081',6113,'',0,'','Butihinda',1),(1646,'BI0082',6113,'',0,'','Gashoho',1),(1647,'BI0083',6113,'',0,'','Gasorwe',1),(1648,'BI0084',6113,'',0,'','Giteranyi',1),(1649,'BI0085',6113,'',0,'','Muyinga',1),(1650,'BI0086',6113,'',0,'','Mwakiro',1),(1651,'BI0087',6114,'',0,'','Bisoro',1),(1652,'BI0088',6114,'',0,'','Gisozi',1),(1653,'BI0089',6114,'',0,'','Kayokwe',1),(1654,'BI0090',6114,'',0,'','Ndava',1),(1655,'BI0091',6114,'',0,'','Nyabihanga',1),(1656,'BI0092',6114,'',0,'','Rusaka',1),(1657,'BI0093',6115,'',0,'','Busiga',1),(1658,'BI0094',6115,'',0,'','Gashikanwa',1),(1659,'BI0095',6115,'',0,'','Kiremba',1),(1660,'BI0096',6115,'',0,'','Marangara',1),(1661,'BI0097',6115,'',0,'','Mwumba',1),(1662,'BI0098',6115,'',0,'','Ngozi',1),(1663,'BI0099',6115,'',0,'','Nyamurenza',1),(1664,'BI0100',6115,'',0,'','Ruhororo',1),(1665,'BI0101',6115,'',0,'','Tangara',1),(1666,'BI0102',6116,'',0,'','Bugarama',1),(1667,'BI0103',6116,'',0,'','Burambi',1),(1668,'BI0104',6116,'',0,'','Buyengero',1),(1669,'BI0105',6116,'',0,'','Muhuta',1),(1670,'BI0106',6116,'',0,'','Rumonge',1),(1671,'BI0107',6117,'',0,'','Bukemba',1),(1672,'BI0108',6117,'',0,'','Giharo',1),(1673,'BI0109',6117,'',0,'','Gitanga',1),(1674,'BI0110',6117,'',0,'','Mpinga-Kayove',1),(1675,'BI0111',6117,'',0,'','Musongati',1),(1676,'BI0112',6117,'',0,'','Rutana',1),(1677,'BI0113',6118,'',0,'','Butaganzwa',1),(1678,'BI0114',6118,'',0,'','Butezi',1),(1679,'BI0115',6118,'',0,'','Bweru',1),(1680,'BI0116',6118,'',0,'','Gisuru',1),(1681,'BI0117',6118,'',0,'','Kinyinya',1),(1682,'BI0118',6118,'',0,'','Nyabitsinda',1),(1683,'BI0119',6118,'',0,'','Ruyigi',1),(1684,'AE-1',22701,'',0,'','Abu Dhabi',1),(1685,'AE-2',22701,'',0,'','Dubai',1),(1686,'AE-3',22701,'',0,'','Ajman',1),(1687,'AE-4',22701,'',0,'','Fujairah',1),(1688,'AE-5',22701,'',0,'','Ras al-Khaimah',1),(1689,'AE-6',22701,'',0,'','Sharjah',1),(1690,'AE-7',22701,'',0,'','Umm al-Quwain',1);

--
