-- Table structure for table `llx_c_currencies`
--

CREATE TABLE `llx_c_currencies` (
  `code_iso` varchar(3) NOT NULL,
  `label` varchar(128) DEFAULT NULL,
  `unicode` varchar(32) DEFAULT NULL,
  `active` tinyint(4) NOT NULL DEFAULT 1,
  PRIMARY KEY (`code_iso`),
  UNIQUE KEY `uk_c_currencies_code_iso` (`code_iso`)
) ENGINE=InnoDB DEFAULT CHARSET=utf8 COLLATE=utf8_unicode_ci;

--
-- Dumping data for table `llx_c_currencies`
--

INSERT INTO `llx_c_currencies` (`code_iso`, `label`, `unicode`, `active`) VALUES ('AED','United Arab Emirates Dirham',NULL,1),('AFN','Afghanistan Afghani','[1547]',1),('ALL','Albania Lek','[76,101,107]',1),('ANG','Netherlands Antilles Guilder','[402]',1),('AOA','Angola Kwanza',NULL,1),('ARP','Pesos argentins',NULL,0),('ARS','Argentino Peso','[36]',1),('ATS','Shiliing autrichiens',NULL,0),('AUD','Australia Dollar','[36]',1),('AWG','Aruba Guilder','[402]',1),('AZN','Azerbaijan New Manat','[1084,1072,1085]',1),('BAM','Bosnia and Herzegovina Convertible Marka','[75,77]',1),('BBD','Barbados Dollar','[36]',1),('BDT','Bangladeshi Taka','[2547]',1),('BEF','Francs belges',NULL,0),('BGN','Bulgaria Lev','[1083,1074]',1),('BHD','Bahrain',NULL,1),('BIF','Burundi Franc',NULL,1),('BMD','Bermuda Dollar','[36]',1),('BND','Brunei Darussalam Dollar','[36]',1),('BOB','Bolivia Boliviano','[66,115]',1),('BRL','Brazil Real','[82,36]',1),('BSD','Bahamas Dollar','[36]',1),('BWP','Botswana Pula','[80]',1),('BYR','Belarus Ruble','[112,46]',1),('BZD','Belize Dollar','[66,90,36]',1),('CAD','Canada Dollar','[36]',1),('CHF','Switzerland Franc','[67,72,70]',1),('CLP','Chile Peso','[36]',1),('CNY','China Yuan Renminbi','[165]',1),('COP','Colombia Peso','[36]',1),('CRC','Costa Rica Colon','[8353]',1),('CUP','Cuba Peso','[8369]',1),('CVE','Cap Verde Escudo','[4217]',1),('CZK','Czech Republic Koruna','[75,269]',1),('DEM','Deutsche Mark',NULL,0),('DKK','Denmark Krone','[107,114]',1),('DOP','Dominican Republic Peso','[82,68,36]',1),('DZD','Algeria Dinar',NULL,1),('ECS','Ecuador Sucre','[83,47,46]',1),('EEK','Estonia Kroon','[107,114]',1),('EGP','Egypt Pound','[163]',1),('ESP','Pesete',NULL,0),('ETB','Ethiopian Birr',NULL,1),('EUR','Euro Member Countries','[8364]',1),('FIM','Mark finlandais',NULL,0),('FJD','Fiji Dollar','[36]',1),('FKP','Falkland Islands (Malvinas) Pound','[163]',1),('FRF','Francs francais',NULL,0),('GBP','United Kingdom Pound','[163]',1),('GGP','Guernsey Pound','[163]',1),('GHC','Ghana Cedis','[162]',1),('GIP','Gibraltar Pound','[163]',1),('GNF','Guinea Franc','[70,71]',1),('GRD','Drachme (grece)',NULL,0),('GTQ','Guatemala Quetzal','[81]',1),('GYD','Guyana Dollar','[36]',1),('HKD','Hong Kong Dollar','[36]',1),('HNL','Honduras Lempira','[76]',1),('HRK','Croatia Kuna','[107,110]',1),('HUF','Hungary Forint','[70,116]',1),('IDR','Indonesia Rupiah','[82,112]',1),('IEP','Livres irlandaises',NULL,0),('ILS','Israel Shekel','[8362]',1),('IMP','Isle of Man Pound','[163]',1),('INR','India Rupee','[8377]',1),('IRR','Iran Rial','[65020]',1),('ISK','Iceland Krona','[107,114]',1),('ITL','Lires',NULL,0),('JEP','Jersey Pound','[163]',1),('JMD','Jamaica Dollar','[74,36]',1),('JPY','Japan Yen','[165]',1),('KES','Kenya Shilling',NULL,1),('KGS','Kyrgyzstan Som','[1083,1074]',1),('KHR','Cambodia Riel','[6107]',1),('KPW','Korea (North) Won','[8361]',1),('KRW','Korea (South) Won','[8361]',1),('KYD','Cayman Islands Dollar','[36]',1),('KZT','Kazakhstan Tenge','[1083,1074]',1),('LAK','Laos Kip','[8365]',1),('LBP','Lebanon Pound','[163]',1),('LKR','Sri Lanka Rupee','[8360]',1),('LRD','Liberia Dollar','[36]',1),('LTL','Lithuania Litas','[76,116]',1),('LUF','Francs luxembourgeois',NULL,0),('LVL','Latvia Lat','[76,115]',1),('MAD','Morocco Dirham',NULL,1),('MDL','Moldova Leu',NULL,1),('MGA','Ariary',NULL,1),('MKD','Macedonia Denar','[1076,1077,1085]',1),('MMK','Myanmar Kyat','[75]',1),('MNT','Mongolia Tughrik','[8366]',1),('MRO','Mauritania Ouguiya',NULL,1),('MUR','Mauritius Rupee','[8360]',1),('MXN','Mexico Peso','[36]',1),('MXP','Pesos Mexicans',NULL,0),('MYR','Malaysia Ringgit','[82,77]',1),('MZN','Mozambique Metical','[77,84]',1),('NAD','Namibia Dollar','[36]',1),('NGN','Nigeria Naira','[8358]',1),('NIO','Nicaragua Cordoba','[67,36]',1),('NLG','Florins',NULL,0),('NOK','Norway Krone','[107,114]',1),('NPR','Nepal Rupee','[8360]',1),('NZD','New Zealand Dollar','[36]',1),('OMR','Oman Rial','[65020]',1),('PAB','Panama Balboa','[66,47,46]',1),('PEN','Perú Sol','[83,47]',1),('PHP','Philippines Peso','[8369]',1),('PKR','Pakistan Rupee','[8360]',1),('PLN','Poland Zloty','[122,322]',1),('PTE','Escudos',NULL,0),('PYG','Paraguay Guarani','[71,115]',1),('QAR','Qatar Riyal','[65020]',1),('RON','Romania New Leu','[108,101,105]',1),('RSD','Serbia Dinar','[1044,1080,1085,46]',1),('RUB','Russia Ruble','[1088,1091,1073]',1),('SAR','Saudi Arabia Riyal','[65020]',1),('SBD','Solomon Islands Dollar','[36]',1),('SCR','Seychelles Rupee','[8360]',1),('SEK','Sweden Krona','[107,114]',1),('SGD','Singapore Dollar','[36]',1),('SHP','Saint Helena Pound','[163]',1),('SKK','Couronnes slovaques',NULL,0),('SOS','Somalia Shilling','[83]',1),('SRD','Suriname Dollar','[36]',1),('SUR','Rouble',NULL,0),('SVC','El Salvador Colon','[36]',1),('SYP','Syria Pound','[163]',1),('THB','Thailand Baht','[3647]',1),('TND','Tunisia Dinar',NULL,1),('TRL','Turkey Lira','[84,76]',0),('TRY','Turkey Lira','[8356]',1),('TTD','Trinidad and Tobago Dollar','[84,84,36]',1),('TVD','Tuvalu Dollar','[36]',1),('TWD','Taiwan New Dollar','[78,84,36]',1),('UAH','Ukraine Hryvna','[8372]',1),('USD','United States Dollar','[36]',1),('UYU','Uruguay Peso','[36,85]',1),('UZS','Uzbekistan Som','[1083,1074]',1),('VEF','Venezuela Bolivar Fuerte','[66,115]',1),('VND','Viet Nam Dong','[8363]',1),('XAF','Communaute Financiere Africaine (BEAC) CFA Franc',NULL,1),('XCD','East Caribbean Dollar','[36]',1),('XEU','Ecus',NULL,0),('XOF','Communaute Financiere Africaine (BCEAO) Franc',NULL,1),('XPF','Franc CFP','[70]',1),('YER','Yemen Rial','[65020]',1),('ZAR','South Africa Rand','[82]',1),('ZWD','Zimbabwe Dollar','[90,36]',1);

--
-- Table structure for table `llx_c_departements`
--

CREATE TABLE `llx_c_departements` (
  `rowid` int(11) NOT NULL AUTO_INCREMENT,
  `code_departement` varchar(6) NOT NULL,
  `fk_region` int(11) DEFAULT NULL,
  `cheflieu` varchar(50) DEFAULT NULL,
  `tncc` int(11) DEFAULT NULL,
  `ncc` varchar(50) DEFAULT NULL,
  `nom` varchar(50) DEFAULT NULL,
  `active` tinyint(4) NOT NULL DEFAULT 1,
  PRIMARY KEY (`rowid`),
  UNIQUE KEY `uk_departements` (`code_departement`,`fk_region`),
  KEY `idx_departements_fk_region` (`fk_region`),
  CONSTRAINT `fk_departements_fk_region` FOREIGN KEY (`fk_region`) REFERENCES `llx_c_regions` (`code_region`)
) ENGINE=InnoDB AUTO_INCREMENT=1691 DEFAULT CHARSET=utf8 COLLATE=utf8_unicode_ci;

--
-- Dumping data for table `llx_c_departements`
--

INSERT INTO `llx_c_departements` (`rowid`, `code_departement`, `fk_region`, `cheflieu`, `tncc`, `ncc`, `nom`, `active`) VALUES (1,'0',0,'0',0,'-','-',1),(2,'01',1301,'',0,'','Adrar',1),(3,'02',1301,'',0,'','Chlef',1),(4,'03',1301,'',0,'','Laghouat',1),(5,'04',1301,'',0,'','Oum El Bouaghi',1),(6,'05',1301,'',0,'','Batna',1),(7,'06',1301,'',0,'','Béjaïa',1),(8,'07',1301,'',0,'','Biskra',1),(9,'08',1301,'',0,'','Béchar',1),(10,'09',1301,'',0,'','Blida',1),(11,'10',1301,'',0,'','Bouira',1),(12,'11',1301,'',0,'','Tamanrasset',1),(13,'12',1301,'',0,'','Tébessa',1),(14,'13',1301,'',0,'','Tlemcen',1),(15,'14',1301,'',0,'','Tiaret',1),(16,'15',1301,'',0,'','Tizi Ouzou',1),(17,'16',1301,'',0,'','Alger',1),(18,'17',1301,'',0,'','Djelfa',1),(19,'18',1301,'',0,'','Jijel',1),(20,'19',1301,'',0,'','Sétif',1),(21,'20',1301,'',0,'','Saïda',1),(22,'21',1301,'',0,'','Skikda',1),(23,'22',1301,'',0,'','Sidi Bel Abbès',1),(24,'23',1301,'',0,'','Annaba',1),(25,'24',1301,'',0,'','Guelma',1),(26,'25',1301,'',0,'','Constantine',1),(27,'26',1301,'',0,'','Médéa',1),(28,'27',1301,'',0,'','Mostaganem',1),(29,'28',1301,'',0,'','M\'Sila',1),(30,'29',1301,'',0,'','Mascara',1),(31,'30',1301,'',0,'','Ouargla',1),(32,'31',1301,'',0,'','Oran',1),(33,'32',1301,'',0,'','El Bayadh',1),(34,'33',1301,'',0,'','Illizi',1),(35,'34',1301,'',0,'','Bordj Bou Arreridj',1),(36,'35',1301,'',0,'','Boumerdès',1),(37,'36',1301,'',0,'','El Tarf',1),(38,'37',1301,'',0,'','Tindouf',1),(39,'38',1301,'',0,'','Tissemsilt',1),(40,'39',1301,'',0,'','El Oued',1),(41,'40',1301,'',0,'','Khenchela',1),(42,'41',1301,'',0,'','Souk Ahras',1),(43,'42',1301,'',0,'','Tipaza',1),(44,'43',1301,'',0,'','Mila',1),(45,'44',1301,'',0,'','Aïn Defla',1),(46,'45',1301,'',0,'','Naâma',1),(47,'46',1301,'',0,'','Aïn Témouchent',1),(48,'47',1301,'',0,'','Ghardaïa',1),(49,'48',1301,'',0,'','Relizane',1),(50,'49',1301,'',0,'','Timimoun',1),(51,'50',1301,'',0,'','Bordj Badji Mokhtar',1),(52,'51',1301,'',0,'','Ouled Djellal',1),(53,'52',1301,'',0,'','Béni Abbès',1),(54,'53',1301,'',0,'','In Salah',1),(55,'54',1301,'',0,'','In Guezzam',1),(56,'55',1301,'',0,'','Touggourt',1),(57,'56',1301,'',0,'','Djanet',1),(58,'57',1301,'',0,'','El M\'Ghair',1),(59,'58',1301,'',0,'','El Ménéa',1),(60,'AD-002',34000,'AD100',NULL,NULL,'Canillo',1),(61,'AD-003',34000,'AD200',NULL,NULL,'Encamp',1),(62,'AD-004',34000,'AD400',NULL,NULL,'La Massana',1),(63,'AD-005',34000,'AD300',NULL,NULL,'Ordino',1),(64,'AD-006',34000,'AD600',NULL,NULL,'Sant Julià de Lòria',1),(65,'AD-007',34000,'AD500',NULL,NULL,'Andorra la Vella',1),(66,'AD-008',34000,'AD700',NULL,NULL,'Escaldes-Engordany',1),(67,'AO-ABO',35001,NULL,NULL,'BENGO','Bengo',1),(68,'AO-BGU',35001,NULL,NULL,'BENGUELA','Benguela',1),(69,'AO-BIE',35001,NULL,NULL,'BIÉ','Bié',1),(70,'AO-CAB',35001,NULL,NULL,'CABINDA','Cabinda',1),(71,'AO-CCU',35001,NULL,NULL,'KUANDO KUBANGO','Kuando Kubango',1),(72,'AO-CNO',35001,NULL,NULL,'KWANZA NORTE','Kwanza Norte',1),(73,'AO-CUS',35001,NULL,NULL,'KWANZA SUL','Kwanza Sul',1),(74,'AO-CNN',35001,NULL,NULL,'CUNENE','Cunene',1),(75,'AO-HUA',35001,NULL,NULL,'HUAMBO','Huambo',1),(76,'AO-HUI',35001,NULL,NULL,'HUÍLA','Huila',1),(77,'AO-LUA',35001,NULL,NULL,'LUANDA','Luanda',1),(78,'AO-LNO',35001,NULL,NULL,'LUNDA-NORTE','Lunda-Norte',1),(79,'AO-LSU',35001,NULL,NULL,'LUNDA-SUL','Lunda-Sul',1),(80,'AO-MAL',35001,NULL,NULL,'MALANGE','Malange',1),(81,'AO-MOX',35001,NULL,NULL,'MOXICO','Moxico',1),(82,'AO-NAM',35001,NULL,NULL,'NAMÍBE','Namíbe',1),(83,'AO-UIG',35001,NULL,NULL,'UÍGE','Uíge',1),(84,'AO-ZAI',35001,NULL,NULL,'ZAÍRE','Zaíre',1),(85,'2301',2301,'',0,'CATAMARCA','Catamarca',1),(86,'2302',2301,'',0,'JUJUY','Jujuy',1),(87,'2303',2301,'',0,'TUCAMAN','Tucamán',1),(88,'2304',2301,'',0,'SANTIAGO DEL ESTERO','Santiago del Estero',1),(89,'2305',2301,'',0,'SALTA','Salta',1),(90,'2306',2302,'',0,'CHACO','Chaco',1),(91,'2307',2302,'',0,'CORRIENTES','Corrientes',1),(92,'2308',2302,'',0,'ENTRE RIOS','Entre Ríos',1),(93,'2309',2302,'',0,'FORMOSA','Formosa',1),(94,'2310',2302,'',0,'SANTA FE','Santa Fe',1),(95,'2311',2303,'',0,'LA RIOJA','La Rioja',1),(96,'2312',2303,'',0,'MENDOZA','Mendoza',1),(97,'2313',2303,'',0,'SAN JUAN','San Juan',1),(98,'2314',2303,'',0,'SAN LUIS','San Luis',1),(99,'2315',2304,'',0,'CORDOBA','Córdoba',1),(100,'2316',2304,'',0,'BUENOS AIRES','Buenos Aires',1),(101,'2317',2304,'',0,'CABA','Caba',1),(102,'2318',2305,'',0,'LA PAMPA','La Pampa',1),(103,'2319',2305,'',0,'NEUQUEN','Neuquén',1),(104,'2320',2305,'',0,'RIO NEGRO','Río Negro',1),(105,'2321',2305,'',0,'CHUBUT','Chubut',1),(106,'2322',2305,'',0,'SANTA CRUZ','Santa Cruz',1),(107,'2323',2305,'',0,'TIERRA DEL FUEGO','Tierra del Fuego',1),(108,'2324',2305,'',0,'ISLAS MALVINAS','Islas Malvinas',1),(109,'2325',2305,'',0,'ANTARTIDA','Antártida',1),(110,'2326',2305,'',0,'MISIONES','Misiones',1),(111,'NSW',2801,'',1,'','New South Wales',1),(112,'VIC',2801,'',1,'','Victoria',1),(113,'QLD',2801,'',1,'','Queensland',1),(114,'SA',2801,'',1,'','South Australia',1),(115,'ACT',2801,'',1,'','Australia Capital Territory',1),(116,'TAS',2801,'',1,'','Tasmania',1),(117,'WA',2801,'',1,'','Western Australia',1),(118,'NT',2801,'',1,'','Northern Territory',1),(119,'B',4101,NULL,NULL,'BURGENLAND','Burgenland',1),(120,'K',4101,NULL,NULL,'KAERNTEN','Kärnten',1),(121,'N',4101,NULL,NULL,'NIEDEROESTERREICH','Niederösterreich',1),(122,'O',4101,NULL,NULL,'OBEROESTERREICH','Oberösterreich',1),(123,'S',4101,NULL,NULL,'SALZBURG','Salzburg',1),(124,'ST',4101,NULL,NULL,'STEIERMARK','Steiermark',1),(125,'T',4101,NULL,NULL,'TIROL','Tirol',1),(126,'V',4101,NULL,NULL,'VORARLBERG','Vorarlberg',1),(127,'W',4101,NULL,NULL,'WIEN','Wien',1),(128,'CC',4601,'Oistins',0,'CC','Christ Church',1),(129,'SA',4601,'Greenland',0,'SA','Saint Andrew',1),(130,'SG',4601,'Bulkeley',0,'SG','Saint George',1),(131,'JA',4601,'Holetown',0,'JA','Saint James',1),(132,'SJ',4601,'Four Roads',0,'SJ','Saint John',1),(133,'SB',4601,'Bathsheba',0,'SB','Saint Joseph',1),(134,'SL',4601,'Crab Hill',0,'SL','Saint Lucy',1),(135,'SM',4601,'Bridgetown',0,'SM','Saint Michael',1),(136,'SP',4601,'Speightstown',0,'SP','Saint Peter',1),(137,'SC',4601,'Crane',0,'SC','Saint Philip',1),(138,'ST',4601,'Hillaby',0,'ST','Saint Thomas',1),(139,'01',201,'',1,'ANVERS','Anvers',1),(140,'02',203,'',3,'BRUXELLES-CAPITALE','Bruxelles-Capitale',1),(141,'03',202,'',2,'BRABANT-WALLON','Brabant-Wallon',1),(142,'04',201,'',1,'BRABANT-FLAMAND','Brabant-Flamand',1),(143,'05',201,'',1,'FLANDRE-OCCIDENTALE','Flandre-Occidentale',1),(144,'06',201,'',1,'FLANDRE-ORIENTALE','Flandre-Orientale',1),(145,'07',202,'',2,'HAINAUT','Hainaut',1),(146,'08',202,'',2,'LIEGE','Liège',1),(147,'09',202,'',1,'LIMBOURG','Limbourg',1),(148,'10',202,'',2,'LUXEMBOURG','Luxembourg',1),(149,'11',202,'',2,'NAMUR','Namur',1),(150,'AC',5601,'ACRE',0,'AC','Acre',1),(151,'AL',5601,'ALAGOAS',0,'AL','Alagoas',1),(152,'AP',5601,'AMAPA',0,'AP','Amapá',1),(153,'AM',5601,'AMAZONAS',0,'AM','Amazonas',1),(154,'BA',5601,'BAHIA',0,'BA','Bahia',1),(155,'CE',5601,'CEARA',0,'CE','Ceará',1),(156,'ES',5601,'ESPIRITO SANTO',0,'ES','Espirito Santo',1),(157,'GO',5601,'GOIAS',0,'GO','Goiás',1),(158,'MA',5601,'MARANHAO',0,'MA','Maranhão',1),(159,'MT',5601,'MATO GROSSO',0,'MT','Mato Grosso',1),(160,'MS',5601,'MATO GROSSO DO SUL',0,'MS','Mato Grosso do Sul',1),(161,'MG',5601,'MINAS GERAIS',0,'MG','Minas Gerais',1),(162,'PA',5601,'PARA',0,'PA','Pará',1),(163,'PB',5601,'PARAIBA',0,'PB','Paraiba',1),(164,'PR',5601,'PARANA',0,'PR','Paraná',1),(165,'PE',5601,'PERNAMBUCO',0,'PE','Pernambuco',1),(166,'PI',5601,'PIAUI',0,'PI','Piauí',1),(167,'RJ',5601,'RIO DE JANEIRO',0,'RJ','Rio de Janeiro',1),(168,'RN',5601,'RIO GRANDE DO NORTE',0,'RN','Rio Grande do Norte',1),(169,'RS',5601,'RIO GRANDE DO SUL',0,'RS','Rio Grande do Sul',1),(170,'RO',5601,'RONDONIA',0,'RO','Rondônia',1),(171,'RR',5601,'RORAIMA',0,'RR','Roraima',1),(172,'SC',5601,'SANTA CATARINA',0,'SC','Santa Catarina',1),(173,'SE',5601,'SERGIPE',0,'SE','Sergipe',1),(174,'SP',5601,'SAO PAULO',0,'SP','Sao Paulo',1),(175,'TO',5601,'TOCANTINS',0,'TO','Tocantins',1),(176,'DF',5601,'DISTRITO FEDERAL',0,'DF','Distrito Federal',1),(177,'ON',1401,'',1,'','Ontario',1),(178,'QC',1401,'',1,'','Quebec',1),(179,'NS',1401,'',1,'','Nova Scotia',1),(180,'NB',1401,'',1,'','New Brunswick',1),(181,'MB',1401,'',1,'','Manitoba',1),(182,'BC',1401,'',1,'','British Columbia',1),(183,'PE',1401,'',1,'','Prince Edward Island',1),(184,'SK',1401,'',1,'','Saskatchewan',1),(185,'AB',1401,'',1,'','Alberta',1),(186,'NL',1401,'',1,'','Newfoundland and Labrador',1),(187,'011',6701,'',0,'011','Iquique',1),(188,'014',6701,'',0,'014','Tamarugal',1),(189,'021',6702,'',0,'021','Antofagasa',1),(190,'022',6702,'',0,'022','El Loa',1),(191,'023',6702,'',0,'023','Tocopilla',1),(192,'031',6703,'',0,'031','Copiapó',1),(193,'032',6703,'',0,'032','Chañaral',1),(194,'033',6703,'',0,'033','Huasco',1),(195,'041',6704,'',0,'041','Elqui',1),(196,'042',6704,'',0,'042','Choapa',1),(197,'043',6704,'',0,'043','Limarí',1),(198,'051',6705,'',0,'051','Valparaíso',1),(199,'052',6705,'',0,'052','Isla de Pascua',1),(200,'053',6705,'',0,'053','Los Andes',1),(201,'054',6705,'',0,'054','Petorca',1),(202,'055',6705,'',0,'055','Quillota',1),(203,'056',6705,'',0,'056','San Antonio',1),(204,'057',6705,'',0,'057','San Felipe de Aconcagua',1),(205,'058',6705,'',0,'058','Marga Marga',1),(206,'061',6706,'',0,'061','Cachapoal',1),(207,'062',6706,'',0,'062','Cardenal Caro',1),(208,'063',6706,'',0,'063','Colchagua',1),(209,'071',6707,'',0,'071','Talca',1),(210,'072',6707,'',0,'072','Cauquenes',1),(211,'073',6707,'',0,'073','Curicó',1),(212,'074',6707,'',0,'074','Linares',1),(213,'081',6708,'',0,'081','Concepción',1),(214,'082',6708,'',0,'082','Arauco',1),(215,'083',6708,'',0,'083','Biobío',1),(216,'084',6708,'',0,'084','Ñuble',1),(217,'091',6709,'',0,'091','Cautín',1),(218,'092',6709,'',0,'092','Malleco',1),(219,'101',6710,'',0,'101','Llanquihue',1),(220,'102',6710,'',0,'102','Chiloé',1),(221,'103',6710,'',0,'103','Osorno',1),(222,'104',6710,'',0,'104','Palena',1),(223,'111',6711,'',0,'111','Coihaique',1),(224,'112',6711,'',0,'112','Aisén',1),(225,'113',6711,'',0,'113','Capitán Prat',1),(226,'114',6711,'',0,'114','General Carrera',1),(227,'121',6712,'',0,'121','Magallanes',1),(228,'122',6712,'',0,'122','Antártica Chilena',1),(229,'123',6712,'',0,'123','Tierra del Fuego',1),(230,'124',6712,'',0,'124','Última Esperanza',1),(231,'131',6713,'',0,'131','Santiago',1),(232,'132',6713,'',0,'132','Cordillera',1),(233,'133',6713,'',0,'133','Chacabuco',1),(234,'134',6713,'',0,'134','Maipo',1),(235,'135',6713,'',0,'135','Melipilla',1),(236,'136',6713,'',0,'136','Talagante',1),(237,'141',6714,'',0,'141','Valdivia',1),(238,'142',6714,'',0,'142','Ranco',1),(239,'151',6715,'',0,'151','Arica',1),(240,'152',6715,'',0,'152','Parinacota',1),(241,'ANT',7001,'',0,'ANT','Antioquia',1),(242,'BOL',7001,'',0,'BOL','Bolívar',1),(243,'BOY',7001,'',0,'BOY','Boyacá',1),(244,'CAL',7001,'',0,'CAL','Caldas',1),(245,'CAU',7001,'',0,'CAU','Cauca',1),(246,'CUN',7001,'',0,'CUN','Cundinamarca',1),(247,'HUI',7001,'',0,'HUI','Huila',1),(248,'LAG',7001,'',0,'LAG','La Guajira',1),(249,'MET',7001,'',0,'MET','Meta',1),(250,'NAR',7001,'',0,'NAR','Nariño',1),(251,'NDS',7001,'',0,'NDS','Norte de Santander',1),(252,'SAN',7001,'',0,'SAN','Santander',1),(253,'SUC',7001,'',0,'SUC','Sucre',1),(254,'TOL',7001,'',0,'TOL','Tolima',1),(255,'VAC',7001,'',0,'VAC','Valle del Cauca',1),(256,'RIS',7001,'',0,'RIS','Risalda',1),(257,'ATL',7001,'',0,'ATL','Atlántico',1),(258,'COR',7001,'',0,'COR','Córdoba',1),(259,'SAP',7001,'',0,'SAP','San Andrés, Providencia y Santa Catalina',1),(260,'ARA',7001,'',0,'ARA','Arauca',1),(261,'CAS',7001,'',0,'CAS','Casanare',1),(262,'AMA',7001,'',0,'AMA','Amazonas',1),(263,'CAQ',7001,'',0,'CAQ','Caquetá',1),(264,'CHO',7001,'',0,'CHO','Chocó',1),(265,'GUA',7001,'',0,'GUA','Guainía',1),(266,'GUV',7001,'',0,'GUV','Guaviare',1),(267,'PUT',7001,'',0,'PUT','Putumayo',1),(268,'QUI',7001,'',0,'QUI','Quindío',1),(269,'VAU',7001,'',0,'VAU','Vaupés',1),(270,'BOG',7001,'',0,'BOG','Bogotá',1),(271,'VID',7001,'',0,'VID','Vichada',1),(272,'CES',7001,'',0,'CES','Cesar',1),(273,'MAG',7001,'',0,'MAG','Magdalena',1),(274,'HR-01',7601,'Bjelovar',0,NULL,'Bjelovarsko-bilogorska županija',1),(275,'HR-02',7601,'Karlovac',0,NULL,'Karlovačka županija',1),(276,'HR-03',7601,'Koprivnica',0,NULL,'Koprivničko-križevačka županija',1),(277,'HR-04',7601,'Krapina',0,NULL,'Krapinsko-zagorska županija',1),(278,'HR-05',7601,'Gospić',0,NULL,'Ličko-senjska županija',1),(279,'HR-06',7601,'Čakovec',0,NULL,'Međimurska županija',1),(280,'HR-07',7601,'Rijeka',0,NULL,'Primorsko-goranska županija',1),(281,'HR-08',7601,'Sisak',0,NULL,'Sisačko-moslavačka županija',1),(282,'HR-09',7601,'Varaždin',0,NULL,'Varaždinska županija',1),(283,'HR-10',7601,'Zagreb',0,NULL,'Zagrebačka županija',1),(284,'HR-11',7601,'Zagreb',0,NULL,'Grad Zagreb',1),(285,'HR-12',7602,'Zadar',0,NULL,'Zadarska županija',1),(286,'HR-13',7602,'Šibenik',0,NULL,'Šibensko-kninska županija',1),(287,'HR-14',7602,'Split',0,NULL,'Splitsko-dalmatinska županija',1),(288,'HR-15',7602,'Dubrovnik',0,NULL,'Dubrovačko-neretvanska županija',1),(289,'HR-16',7603,'Slavonski Brod',0,NULL,'Brodsko-posavska županija',1),(290,'HR-17',7603,'Osijek',0,NULL,'Osječko-baranjska županija',1),(291,'HR-18',7603,'Požega',0,NULL,'Požeško-slavonska županija',1),(292,'HR-19',7603,'Virovitica',0,NULL,'Virovitičko-podravska županija',1),(293,'HR-20',7603,'Vukovar',0,NULL,'Vukovarsko-srijemska županija',1),(294,'HR-21',7604,'Pazin',0,NULL,'Istarska županija',1),(295,'971',1,'97105',3,'GUADELOUPE','Guadeloupe',1),(296,'972',2,'97209',3,'MARTINIQUE','Martinique',1),(297,'973',3,'97302',3,'GUYANE','Guyane',1),(298,'974',4,'97411',3,'REUNION','Réunion',1),(299,'976',6,'97601',3,'MAYOTTE','Mayotte',1),(300,'01',84,'01053',5,'AIN','Ain',1),(301,'02',32,'02408',5,'AISNE','Aisne',1),(302,'03',84,'03190',5,'ALLIER','Allier',1),(303,'04',93,'04070',4,'ALPES-DE-HAUTE-PROVENCE','Alpes-de-Haute-Provence',1),(304,'05',93,'05061',4,'HAUTES-ALPES','Hautes-Alpes',1),(305,'06',93,'06088',4,'ALPES-MARITIMES','Alpes-Maritimes',1),(306,'07',84,'07186',5,'ARDECHE','Ardèche',1),(307,'08',44,'08105',4,'ARDENNES','Ardennes',1),(308,'09',76,'09122',5,'ARIEGE','Ariège',1),(309,'10',44,'10387',5,'AUBE','Aube',1),(310,'11',76,'11069',5,'AUDE','Aude',1),(311,'12',76,'12202',5,'AVEYRON','Aveyron',1),(312,'13',93,'13055',4,'BOUCHES-DU-RHONE','Bouches-du-Rhône',1),(313,'14',28,'14118',2,'CALVADOS','Calvados',1),(314,'15',84,'15014',2,'CANTAL','Cantal',1),(315,'16',75,'16015',3,'CHARENTE','Charente',1),(316,'17',75,'17300',3,'CHARENTE-MARITIME','Charente-Maritime',1),(317,'18',24,'18033',2,'CHER','Cher',1),(318,'19',75,'19272',3,'CORREZE','Corrèze',1),(319,'2A',94,'2A004',3,'CORSE-DU-SUD','Corse-du-Sud',1),(320,'2B',94,'2B033',3,'HAUTE-CORSE','Haute-Corse',1),(321,'21',27,'21231',3,'COTE-D OR','Côte-d Or',1),(322,'22',53,'22278',4,'COTES-D ARMOR','Côtes-d Armor',1),(323,'23',75,'23096',3,'CREUSE','Creuse',1),(324,'24',75,'24322',3,'DORDOGNE','Dordogne',1),(325,'25',27,'25056',2,'DOUBS','Doubs',1),(326,'26',84,'26362',3,'DROME','Drôme',1),(327,'27',28,'27229',5,'EURE','Eure',1),(328,'28',24,'28085',1,'EURE-ET-LOIR','Eure-et-Loir',1),(329,'29',53,'29232',2,'FINISTERE','Finistère',1),(330,'30',76,'30189',2,'GARD','Gard',1),(331,'31',76,'31555',3,'HAUTE-GARONNE','Haute-Garonne',1),(332,'32',76,'32013',2,'GERS','Gers',1),(333,'33',75,'33063',3,'GIRONDE','Gironde',1),(334,'34',76,'34172',5,'HERAULT','Hérault',1),(335,'35',53,'35238',1,'ILLE-ET-VILAINE','Ille-et-Vilaine',1),(336,'36',24,'36044',5,'INDRE','Indre',1),(337,'37',24,'37261',1,'INDRE-ET-LOIRE','Indre-et-Loire',1),(338,'38',84,'38185',5,'ISERE','Isère',1),(339,'39',27,'39300',2,'JURA','Jura',1),(340,'40',75,'40192',4,'LANDES','Landes',1),(341,'41',24,'41018',0,'LOIR-ET-CHER','Loir-et-Cher',1),(342,'42',84,'42218',3,'LOIRE','Loire',1),(343,'43',84,'43157',3,'HAUTE-LOIRE','Haute-Loire',1),(344,'44',52,'44109',3,'LOIRE-ATLANTIQUE','Loire-Atlantique',1),(345,'45',24,'45234',2,'LOIRET','Loiret',1),(346,'46',76,'46042',2,'LOT','Lot',1),(347,'47',75,'47001',0,'LOT-ET-GARONNE','Lot-et-Garonne',1),(348,'48',76,'48095',3,'LOZERE','Lozère',1),(349,'49',52,'49007',0,'MAINE-ET-LOIRE','Maine-et-Loire',1),(350,'50',28,'50502',3,'MANCHE','Manche',1),(351,'51',44,'51108',3,'MARNE','Marne',1),(352,'52',44,'52121',3,'HAUTE-MARNE','Haute-Marne',1),(353,'53',52,'53130',3,'MAYENNE','Mayenne',1),(354,'54',44,'54395',0,'MEURTHE-ET-MOSELLE','Meurthe-et-Moselle',1),(355,'55',44,'55029',3,'MEUSE','Meuse',1),(356,'56',53,'56260',2,'MORBIHAN','Morbihan',1),(357,'57',44,'57463',3,'MOSELLE','Moselle',1),(358,'58',27,'58194',3,'NIEVRE','Nièvre',1),(359,'59',32,'59350',2,'NORD','Nord',1),(360,'60',32,'60057',5,'OISE','Oise',1),(361,'61',28,'61001',5,'ORNE','Orne',1),(362,'62',32,'62041',2,'PAS-DE-CALAIS','Pas-de-Calais',1),(363,'63',84,'63113',2,'PUY-DE-DOME','Puy-de-Dôme',1),(364,'64',75,'64445',4,'PYRENEES-ATLANTIQUES','Pyrénées-Atlantiques',1),(365,'65',76,'65440',4,'HAUTES-PYRENEES','Hautes-Pyrénées',1),(366,'66',76,'66136',4,'PYRENEES-ORIENTALES','Pyrénées-Orientales',1),(367,'67',44,'67482',2,'BAS-RHIN','Bas-Rhin',1),(368,'68',44,'68066',2,'HAUT-RHIN','Haut-Rhin',1),(369,'69',84,'69123',2,'RHONE','Rhône',1),(370,'70',27,'70550',3,'HAUTE-SAONE','Haute-Saône',1),(371,'71',27,'71270',0,'SAONE-ET-LOIRE','Saône-et-Loire',1),(372,'72',52,'72181',3,'SARTHE','Sarthe',1),(373,'73',84,'73065',3,'SAVOIE','Savoie',1),(374,'74',84,'74010',3,'HAUTE-SAVOIE','Haute-Savoie',1),(375,'75',11,'75056',0,'PARIS','Paris',1),(376,'76',28,'76540',3,'SEINE-MARITIME','Seine-Maritime',1),(377,'77',11,'77288',0,'SEINE-ET-MARNE','Seine-et-Marne',1),(378,'78',11,'78646',4,'YVELINES','Yvelines',1),(379,'79',75,'79191',4,'DEUX-SEVRES','Deux-Sèvres',1),(380,'80',32,'80021',3,'SOMME','Somme',1),(381,'81',76,'81004',2,'TARN','Tarn',1),(382,'82',76,'82121',0,'TARN-ET-GARONNE','Tarn-et-Garonne',1),(383,'83',93,'83137',2,'VAR','Var',1),(384,'84',93,'84007',0,'VAUCLUSE','Vaucluse',1),(385,'85',52,'85191',3,'VENDEE','Vendée',1),(386,'86',75,'86194',3,'VIENNE','Vienne',1),(387,'87',75,'87085',3,'HAUTE-VIENNE','Haute-Vienne',1),(388,'88',44,'88160',4,'VOSGES','Vosges',1),(389,'89',27,'89024',5,'YONNE','Yonne',1),(390,'90',27,'90010',0,'TERRITOIRE DE BELFORT','Territoire de Belfort',1),(391,'91',11,'91228',5,'ESSONNE','Essonne',1),(392,'92',11,'92050',4,'HAUTS-DE-SEINE','Hauts-de-Seine',1),(393,'93',11,'93008',3,'SEINE-SAINT-DENIS','Seine-Saint-Denis',1),(394,'94',11,'94028',2,'VAL-DE-MARNE','Val-de-Marne',1),(395,'95',11,'95500',2,'VAL-D OISE','Val-d Oise',1),(396,'BW',501,NULL,NULL,'BADEN-WÜRTTEMBERG','Baden-Württemberg',1),(397,'BY',501,NULL,NULL,'BAYERN','Bayern',1),(398,'BE',501,NULL,NULL,'BERLIN','Berlin',1),(399,'BB',501,NULL,NULL,'BRANDENBURG','Brandenburg',1),(400,'HB',501,NULL,NULL,'BREMEN','Bremen',1),(401,'HH',501,NULL,NULL,'HAMBURG','Hamburg',1),(402,'HE',501,NULL,NULL,'HESSEN','Hessen',1),(403,'MV',501,NULL,NULL,'MECKLENBURG-VORPOMMERN','Mecklenburg-Vorpommern',1),(404,'NI',501,NULL,NULL,'NIEDERSACHSEN','Niedersachsen',1),(405,'NW',501,NULL,NULL,'NORDRHEIN-WESTFALEN','Nordrhein-Westfalen',1),(406,'RP',501,NULL,NULL,'RHEINLAND-PFALZ','Rheinland-Pfalz',1),(407,'SL',501,NULL,NULL,'SAARLAND','Saarland',1),(408,'SN',501,NULL,NULL,'SACHSEN','Sachsen',1),(409,'ST',501,NULL,NULL,'SACHSEN-ANHALT','Sachsen-Anhalt',1),(410,'SH',501,NULL,NULL,'SCHLESWIG-HOLSTEIN','Schleswig-Holstein',1),(411,'TH',501,NULL,NULL,'THÜRINGEN','Thüringen',1),(412,'AT',11401,'',0,'AT','Atlántida',1),(413,'CH',11401,'',0,'CH','Choluteca',1),(414,'CL',11401,'',0,'CL','Colón',1),(415,'CM',11401,'',0,'CM','Comayagua',1),(416,'CO',11401,'',0,'CO','Copán',1),(417,'CR',11401,'',0,'CR','Cortés',1),(418,'EP',11401,'',0,'EP','El Paraíso',1),(419,'FM',11401,'',0,'FM','Francisco Morazán',1),(420,'GD',11401,'',0,'GD','Gracias a Dios',1),(421,'IN',11401,'',0,'IN','Intibucá',1),(422,'IB',11401,'',0,'IB','Islas de la Bahía',1),(423,'LP',11401,'',0,'LP','La Paz',1),(424,'LM',11401,'',0,'LM','Lempira',1),(425,'OC',11401,'',0,'OC','Ocotepeque',1),(426,'OL',11401,'',0,'OL','Olancho',1),(427,'SB',11401,'',0,'SB','Santa Bárbara',1),(428,'VL',11401,'',0,'VL','Valle',1),(429,'YO',11401,'',0,'YO','Yoro',1),(430,'DC',11401,'',0,'DC','Distrito Central',1),(431,'HU-BU',180100,'HU101',NULL,NULL,'Budapest',1),(432,'HU-PE',180100,'HU102',NULL,NULL,'Pest',1),(433,'HU-FE',182100,'HU211',NULL,NULL,'Fejér',1),(434,'HU-KE',182100,'HU212',NULL,NULL,'Komárom-Esztergom',1),(435,'HU-VE',182100,'HU213',NULL,NULL,'Veszprém',1),(436,'HU-GS',182200,'HU221',NULL,NULL,'Győr-Moson-Sopron',1),(437,'HU-VA',182200,'HU222',NULL,NULL,'Vas',1),(438,'HU-ZA',182200,'HU223',NULL,NULL,'Zala',1),(439,'HU-BA',182300,'HU231',NULL,NULL,'Baranya',1),(440,'HU-SO',182300,'HU232',NULL,NULL,'Somogy',1),(441,'HU-TO',182300,'HU233',NULL,NULL,'Tolna',1),(442,'HU-BZ',183100,'HU311',NULL,NULL,'Borsod-Abaúj-Zemplén',1),(443,'HU-HE',183100,'HU312',NULL,NULL,'Heves',1),(444,'HU-NO',183100,'HU313',NULL,NULL,'Nógrád',1),(445,'HU-HB',183200,'HU321',NULL,NULL,'Hajdú-Bihar',1),(446,'HU-JN',183200,'HU322',NULL,NULL,'Jász-Nagykun-Szolnok',1),(447,'HU-SZ',183200,'HU323',NULL,NULL,'Szabolcs-Szatmár-Bereg',1),(448,'HU-BK',183300,'HU331',NULL,NULL,'Bács-Kiskun',1),(449,'HU-BE',183300,'HU332',NULL,NULL,'Békés',1),(450,'HU-CS',183300,'HU333',NULL,NULL,'Csongrád',1),(451,'AG',315,NULL,NULL,NULL,'AGRIGENTO',1),(452,'AL',312,NULL,NULL,NULL,'ALESSANDRIA',1),(453,'AN',310,NULL,NULL,NULL,'ANCONA',1),(454,'AO',319,NULL,NULL,NULL,'AOSTA',1),(455,'AR',316,NULL,NULL,NULL,'AREZZO',1),(456,'AP',310,NULL,NULL,NULL,'ASCOLI PICENO',1),(457,'AT',312,NULL,NULL,NULL,'ASTI',1),(458,'AV',304,NULL,NULL,NULL,'AVELLINO',1),(459,'BA',313,NULL,NULL,NULL,'BARI',1),(460,'BT',313,NULL,NULL,NULL,'BARLETTA-ANDRIA-TRANI',1),(461,'BL',320,NULL,NULL,NULL,'BELLUNO',1),(462,'BN',304,NULL,NULL,NULL,'BENEVENTO',1),(463,'BG',309,NULL,NULL,NULL,'BERGAMO',1),(464,'BI',312,NULL,NULL,NULL,'BIELLA',1),(465,'BO',305,NULL,NULL,NULL,'BOLOGNA',1),(466,'BZ',317,NULL,NULL,NULL,'BOLZANO',1),(467,'BS',309,NULL,NULL,NULL,'BRESCIA',1),(468,'BR',313,NULL,NULL,NULL,'BRINDISI',1),(469,'CA',314,NULL,NULL,NULL,'CAGLIARI',1),(470,'CL',315,NULL,NULL,NULL,'CALTANISSETTA',1),(471,'CB',311,NULL,NULL,NULL,'CAMPOBASSO',1),(472,'CI',314,NULL,NULL,NULL,'CARBONIA-IGLESIAS',1),(473,'CE',304,NULL,NULL,NULL,'CASERTA',1),(474,'CT',315,NULL,NULL,NULL,'CATANIA',1),(475,'CZ',303,NULL,NULL,NULL,'CATANZARO',1),(476,'CH',301,NULL,NULL,NULL,'CHIETI',1),(477,'CO',309,NULL,NULL,NULL,'COMO',1),(478,'CS',303,NULL,NULL,NULL,'COSENZA',1),(479,'CR',309,NULL,NULL,NULL,'CREMONA',1),(480,'KR',303,NULL,NULL,NULL,'CROTONE',1),(481,'CN',312,NULL,NULL,NULL,'CUNEO',1),(482,'EN',315,NULL,NULL,NULL,'ENNA',1),(483,'FM',310,NULL,NULL,NULL,'FERMO',1),(484,'FE',305,NULL,NULL,NULL,'FERRARA',1),(485,'FI',316,NULL,NULL,NULL,'FIRENZE',1),(486,'FG',313,NULL,NULL,NULL,'FOGGIA',1),(487,'FC',305,NULL,NULL,NULL,'FORLI-CESENA',1),(488,'FR',307,NULL,NULL,NULL,'FROSINONE',1),(489,'GE',308,NULL,NULL,NULL,'GENOVA',1),(490,'GO',306,NULL,NULL,NULL,'GORIZIA',1),(491,'GR',316,NULL,NULL,NULL,'GROSSETO',1),(492,'IM',308,NULL,NULL,NULL,'IMPERIA',1),(493,'IS',311,NULL,NULL,NULL,'ISERNIA',1),(494,'SP',308,NULL,NULL,NULL,'LA SPEZIA',1),(495,'AQ',301,NULL,NULL,NULL,'L AQUILA',1),(496,'LT',307,NULL,NULL,NULL,'LATINA',1),(497,'LE',313,NULL,NULL,NULL,'LECCE',1),(498,'LC',309,NULL,NULL,NULL,'LECCO',1),(499,'LI',316,NULL,NULL,NULL,'LIVORNO',1),(500,'LO',309,NULL,NULL,NULL,'LODI',1),(501,'LU',316,NULL,NULL,NULL,'LUCCA',1),(502,'MC',310,NULL,NULL,NULL,'MACERATA',1),(503,'MN',309,NULL,NULL,NULL,'MANTOVA',1),(504,'MS',316,NULL,NULL,NULL,'MASSA-CARRARA',1),(505,'MT',302,NULL,NULL,NULL,'MATERA',1),(506,'VS',314,NULL,NULL,NULL,'MEDIO CAMPIDANO',1),(507,'ME',315,NULL,NULL,NULL,'MESSINA',1),(508,'MI',309,NULL,NULL,NULL,'MILANO',1),(509,'MB',309,NULL,NULL,NULL,'MONZA e BRIANZA',1),(510,'MO',305,NULL,NULL,NULL,'MODENA',1),(511,'NA',304,NULL,NULL,NULL,'NAPOLI',1),(512,'NO',312,NULL,NULL,NULL,'NOVARA',1),(513,'NU',314,NULL,NULL,NULL,'NUORO',1),(514,'OG',314,NULL,NULL,NULL,'OGLIASTRA',1),(515,'OT',314,NULL,NULL,NULL,'OLBIA-TEMPIO',1),(516,'OR',314,NULL,NULL,NULL,'ORISTANO',1),(517,'PD',320,NULL,NULL,NULL,'PADOVA',1),(518,'PA',315,NULL,NULL,NULL,'PALERMO',1),(519,'PR',305,NULL,NULL,NULL,'PARMA',1),(520,'PV',309,NULL,NULL,NULL,'PAVIA',1),(521,'PG',318,NULL,NULL,NULL,'PERUGIA',1),(522,'PU',310,NULL,NULL,NULL,'PESARO e URBINO',1),(523,'PE',301,NULL,NULL,NULL,'PESCARA',1),(524,'PC',305,NULL,NULL,NULL,'PIACENZA',1),(525,'PI',316,NULL,NULL,NULL,'PISA',1),(526,'PT',316,NULL,NULL,NULL,'PISTOIA',1),(527,'PN',306,NULL,NULL,NULL,'PORDENONE',1),(528,'PZ',302,NULL,NULL,NULL,'POTENZA',1),(529,'PO',316,NULL,NULL,NULL,'PRATO',1),(530,'RG',315,NULL,NULL,NULL,'RAGUSA',1),(531,'RA',305,NULL,NULL,NULL,'RAVENNA',1),(532,'RC',303,NULL,NULL,NULL,'REGGIO CALABRIA',1),(533,'RE',305,NULL,NULL,NULL,'REGGIO NELL EMILIA',1),(534,'RI',307,NULL,NULL,NULL,'RIETI',1),(535,'RN',305,NULL,NULL,NULL,'RIMINI',1),(536,'RM',307,NULL,NULL,NULL,'ROMA',1),(537,'RO',320,NULL,NULL,NULL,'ROVIGO',1),(538,'SA',304,NULL,NULL,NULL,'SALERNO',1),(539,'SS',314,NULL,NULL,NULL,'SASSARI',1),(540,'SV',308,NULL,NULL,NULL,'SAVONA',1),(541,'SI',316,NULL,NULL,NULL,'SIENA',1),(542,'SR',315,NULL,NULL,NULL,'SIRACUSA',1),(543,'SO',309,NULL,NULL,NULL,'SONDRIO',1),(544,'TA',313,NULL,NULL,NULL,'TARANTO',1),(545,'TE',301,NULL,NULL,NULL,'TERAMO',1),(546,'TR',318,NULL,NULL,NULL,'TERNI',1),(547,'TO',312,NULL,NULL,NULL,'TORINO',1),(548,'TP',315,NULL,NULL,NULL,'TRAPANI',1),(549,'TN',317,NULL,NULL,NULL,'TRENTO',1),(550,'TV',320,NULL,NULL,NULL,'TREVISO',1),(551,'TS',306,NULL,NULL,NULL,'TRIESTE',1),(552,'UD',306,NULL,NULL,NULL,'UDINE',1),(553,'VA',309,NULL,NULL,NULL,'VARESE',1),(554,'VE',320,NULL,NULL,NULL,'VENEZIA',1),(555,'VB',312,NULL,NULL,NULL,'VERBANO-CUSIO-OSSOLA',1),(556,'VC',312,NULL,NULL,NULL,'VERCELLI',1),(557,'VR',320,NULL,NULL,NULL,'VERONA',1),(558,'VV',303,NULL,NULL,NULL,'VIBO VALENTIA',1),(559,'VI',320,NULL,NULL,NULL,'VICENZA',1),(560,'VT',307,NULL,NULL,NULL,'VITERBO',1),(561,'LU0001',14001,'',0,'','Clervaux',1),(562,'LU0002',14001,'',0,'','Diekirch',1),(563,'LU0003',14001,'',0,'','Redange',1),(564,'LU0004',14001,'',0,'','Vianden',1),(565,'LU0005',14001,'',0,'','Wiltz',1),(566,'LU0006',14002,'',0,'','Echternach',1),(567,'LU0007',14002,'',0,'','Grevenmacher',1),(568,'LU0008',14002,'',0,'','Remich',1),(569,'LU0009',14003,'',0,'','Capellen',1),(570,'LU0010',14003,'',0,'','Esch-sur-Alzette',1),(571,'LU0011',14003,'',0,'','Luxembourg',1),(572,'LU0012',14003,'',0,'','Mersch',1),(573,'MA',1209,'',0,'','Province de Benslimane',1),(574,'MA1',1209,'',0,'','Province de Berrechid',1),(575,'MA2',1209,'',0,'','Province de Khouribga',1),(576,'MA3',1209,'',0,'','Province de Settat',1),(577,'MA4',1210,'',0,'','Province d\'El Jadida',1),(578,'MA5',1210,'',0,'','Province de Safi',1),(579,'MA6',1210,'',0,'','Province de Sidi Bennour',1),(580,'MA7',1210,'',0,'','Province de Youssoufia',1),(581,'MA6B',1205,'',0,'','Préfecture de Fès',1),(582,'MA7B',1205,'',0,'','Province de Boulemane',1),(583,'MA8',1205,'',0,'','Province de Moulay Yacoub',1),(584,'MA9',1205,'',0,'','Province de Sefrou',1),(585,'MA8A',1202,'',0,'','Province de Kénitra',1),(586,'MA9A',1202,'',0,'','Province de Sidi Kacem',1),(587,'MA10',1202,'',0,'','Province de Sidi Slimane',1),(588,'MA11',1208,'',0,'','Préfecture de Casablanca',1),(589,'MA12',1208,'',0,'','Préfecture de Mohammédia',1),(590,'MA13',1208,'',0,'','Province de Médiouna',1),(591,'MA14',1208,'',0,'','Province de Nouaceur',1),(592,'MA15',1214,'',0,'','Province d\'Assa-Zag',1),(593,'MA16',1214,'',0,'','Province d\'Es-Semara',1),(594,'MA17A',1214,'',0,'','Province de Guelmim',1),(595,'MA18',1214,'',0,'','Province de Tata',1),(596,'MA19',1214,'',0,'','Province de Tan-Tan',1),(597,'MA15',1215,'',0,'','Province de Boujdour',1),(598,'MA16',1215,'',0,'','Province de Lâayoune',1),(599,'MA17',1215,'',0,'','Province de Tarfaya',1),(600,'MA18',1211,'',0,'','Préfecture de Marrakech',1),(601,'MA19',1211,'',0,'','Province d\'Al Haouz',1),(602,'MA20',1211,'',0,'','Province de Chichaoua',1),(603,'MA21',1211,'',0,'','Province d\'El Kelâa des Sraghna',1),(604,'MA22',1211,'',0,'','Province d\'Essaouira',1),(605,'MA23',1211,'',0,'','Province de Rehamna',1),(606,'MA24',1206,'',0,'','Préfecture de Meknès',1),(607,'MA25',1206,'',0,'','Province d’El Hajeb',1),(608,'MA26',1206,'',0,'','Province d\'Errachidia',1),(609,'MA27',1206,'',0,'','Province d’Ifrane',1),(610,'MA28',1206,'',0,'','Province de Khénifra',1),(611,'MA29',1206,'',0,'','Province de Midelt',1),(612,'MA30',1204,'',0,'','Préfecture d\'Oujda-Angad',1),(613,'MA31',1204,'',0,'','Province de Berkane',1),(614,'MA32',1204,'',0,'','Province de Driouch',1),(615,'MA33',1204,'',0,'','Province de Figuig',1),(616,'MA34',1204,'',0,'','Province de Jerada',1),(617,'MA35',1204,'',0,'','Province de Nador',1),(618,'MA36',1204,'',0,'','Province de Taourirt',1),(619,'MA37',1216,'',0,'','Province d\'Aousserd',1),(620,'MA38',1216,'',0,'','Province d\'Oued Ed-Dahab',1),(621,'MA39',1207,'',0,'','Préfecture de Rabat',1),(622,'MA40',1207,'',0,'','Préfecture de Skhirat-Témara',1),(623,'MA41',1207,'',0,'','Préfecture de Salé',1),(624,'MA42',1207,'',0,'','Province de Khémisset',1),(625,'MA43',1213,'',0,'','Préfecture d\'Agadir Ida-Outanane',1),(626,'MA44',1213,'',0,'','Préfecture d\'Inezgane-Aït Melloul',1),(627,'MA45',1213,'',0,'','Province de Chtouka-Aït Baha',1),(628,'MA46',1213,'',0,'','Province d\'Ouarzazate',1),(629,'MA47',1213,'',0,'','Province de Sidi Ifni',1),(630,'MA48',1213,'',0,'','Province de Taroudant',1),(631,'MA49',1213,'',0,'','Province de Tinghir',1),(632,'MA50',1213,'',0,'','Province de Tiznit',1),(633,'MA51',1213,'',0,'','Province de Zagora',1),(634,'MA52',1212,'',0,'','Province d\'Azilal',1),(635,'MA53',1212,'',0,'','Province de Beni Mellal',1),(636,'MA54',1212,'',0,'','Province de Fquih Ben Salah',1),(637,'MA55',1201,'',0,'','Préfecture de M\'diq-Fnideq',1),(638,'MA56',1201,'',0,'','Préfecture de Tanger-Asilah',1),(639,'MA57',1201,'',0,'','Province de Chefchaouen',1),(640,'MA58',1201,'',0,'','Province de Fahs-Anjra',1),(641,'MA59',1201,'',0,'','Province de Larache',1),(642,'MA60',1201,'',0,'','Province d\'Ouezzane',1),(643,'MA61',1201,'',0,'','Province de Tétouan',1),(644,'MA62',1203,'',0,'','Province de Guercif',1),(645,'MA63',1203,'',0,'','Province d\'Al Hoceïma',1),(646,'MA64',1203,'',0,'','Province de Taounate',1),(647,'MA65',1203,'',0,'','Province de Taza',1),(648,'MA6A',1205,'',0,'','Préfecture de Fès',1),(649,'MA7A',1205,'',0,'','Province de Boulemane',1),(650,'MA15A',1214,'',0,'','Province d\'Assa-Zag',1),(651,'MA16A',1214,'',0,'','Province d\'Es-Semara',1),(652,'MA18A',1211,'',0,'','Préfecture de Marrakech',1),(653,'MA19A',1214,'',0,'','Province de Tan-Tan',1),(654,'MA19B',1214,'',0,'','Province de Tan-Tan',1),(655,'GR',1701,NULL,NULL,NULL,'Groningen',1),(656,'FR',1701,NULL,NULL,NULL,'Friesland',1),(657,'DR',1701,NULL,NULL,NULL,'Drenthe',1),(658,'OV',1701,NULL,NULL,NULL,'Overijssel',1),(659,'GD',1701,NULL,NULL,NULL,'Gelderland',1),(660,'FL',1701,NULL,NULL,NULL,'Flevoland',1),(661,'UT',1701,NULL,NULL,NULL,'Utrecht',1),(662,'NH',1701,NULL,NULL,NULL,'Noord-Holland',1),(663,'ZH',1701,NULL,NULL,NULL,'Zuid-Holland',1),(664,'ZL',1701,NULL,NULL,NULL,'Zeeland',1),(665,'NB',1701,NULL,NULL,NULL,'Noord-Brabant',1),(666,'LB',1701,NULL,NULL,NULL,'Limburg',1),(667,'PA-1',17801,'',0,'','Bocas del Toro',1),(668,'PA-2',17801,'',0,'','Coclé',1),(669,'PA-3',17801,'',0,'','Colón',1),(670,'PA-4',17801,'',0,'','Chiriquí',1),(671,'PA-5',17801,'',0,'','Darién',1),(672,'PA-6',17801,'',0,'','Herrera',1),(673,'PA-7',17801,'',0,'','Los Santos',1),(674,'PA-8',17801,'',0,'','Panamá',1),(675,'PA-9',17801,'',0,'','Veraguas',1),(676,'PA-13',17801,'',0,'','Panamá Oeste',1),(677,'0101',18101,'',0,'','Chachapoyas',1),(678,'0102',18101,'',0,'','Bagua',1),(679,'0103',18101,'',0,'','Bongará',1),(680,'0104',18101,'',0,'','Condorcanqui',1),(681,'0105',18101,'',0,'','Luya',1),(682,'0106',18101,'',0,'','Rodríguez de Mendoza',1),(683,'0107',18101,'',0,'','Utcubamba',1),(684,'0201',18102,'',0,'','Huaraz',1),(685,'0202',18102,'',0,'','Aija',1),(686,'0203',18102,'',0,'','Antonio Raymondi',1),(687,'0204',18102,'',0,'','Asunción',1),(688,'0205',18102,'',0,'','Bolognesi',1),(689,'0206',18102,'',0,'','Carhuaz',1),(690,'0207',18102,'',0,'','Carlos Fermín Fitzcarrald',1),(691,'0208',18102,'',0,'','Casma',1),(692,'0209',18102,'',0,'','Corongo',1),(693,'0210',18102,'',0,'','Huari',1),(694,'0211',18102,'',0,'','Huarmey',1),(695,'0212',18102,'',0,'','Huaylas',1),(696,'0213',18102,'',0,'','Mariscal Luzuriaga',1),(697,'0214',18102,'',0,'','Ocros',1),(698,'0215',18102,'',0,'','Pallasca',1),(699,'0216',18102,'',0,'','Pomabamba',1),(700,'0217',18102,'',0,'','Recuay',1),(701,'0218',18102,'',0,'','Papá',1),(702,'0219',18102,'',0,'','Sihuas',1),(703,'0220',18102,'',0,'','Yungay',1),(704,'0301',18103,'',0,'','Abancay',1),(705,'0302',18103,'',0,'','Andahuaylas',1),(706,'0303',18103,'',0,'','Antabamba',1),(707,'0304',18103,'',0,'','Aymaraes',1),(708,'0305',18103,'',0,'','Cotabambas',1),(709,'0306',18103,'',0,'','Chincheros',1),(710,'0307',18103,'',0,'','Grau',1),(711,'0401',18104,'',0,'','Arequipa',1),(712,'0402',18104,'',0,'','Camaná',1),(713,'0403',18104,'',0,'','Caravelí',1),(714,'0404',18104,'',0,'','Castilla',1),(715,'0405',18104,'',0,'','Caylloma',1),(716,'0406',18104,'',0,'','Condesuyos',1),(717,'0407',18104,'',0,'','Islay',1),(718,'0408',18104,'',0,'','La Unión',1),(719,'0501',18105,'',0,'','Huamanga',1),(720,'0502',18105,'',0,'','Cangallo',1),(721,'0503',18105,'',0,'','Huanca Sancos',1),(722,'0504',18105,'',0,'','Huanta',1),(723,'0505',18105,'',0,'','La Mar',1),(724,'0506',18105,'',0,'','Lucanas',1),(725,'0507',18105,'',0,'','Parinacochas',1),(726,'0508',18105,'',0,'','Páucar del Sara Sara',1),(727,'0509',18105,'',0,'','Sucre',1),(728,'0510',18105,'',0,'','Víctor Fajardo',1),(729,'0511',18105,'',0,'','Vilcas Huamán',1),(730,'0601',18106,'',0,'','Cajamarca',1),(731,'0602',18106,'',0,'','Cajabamba',1),(732,'0603',18106,'',0,'','Celendín',1),(733,'0604',18106,'',0,'','Chota',1),(734,'0605',18106,'',0,'','Contumazá',1),(735,'0606',18106,'',0,'','Cutervo',1),(736,'0607',18106,'',0,'','Hualgayoc',1),(737,'0608',18106,'',0,'','Jaén',1),(738,'0609',18106,'',0,'','San Ignacio',1),(739,'0610',18106,'',0,'','San Marcos',1),(740,'0611',18106,'',0,'','San Miguel',1),(741,'0612',18106,'',0,'','San Pablo',1),(742,'0613',18106,'',0,'','Santa Cruz',1),(743,'0701',18107,'',0,'','Callao',1),(744,'0801',18108,'',0,'','Cusco',1),(745,'0802',18108,'',0,'','Acomayo',1),(746,'0803',18108,'',0,'','Anta',1),(747,'0804',18108,'',0,'','Calca',1),(748,'0805',18108,'',0,'','Canas',1),(749,'0806',18108,'',0,'','Canchis',1),(750,'0807',18108,'',0,'','Chumbivilcas',1),(751,'0808',18108,'',0,'','Espinar',1),(752,'0809',18108,'',0,'','La Convención',1),(753,'0810',18108,'',0,'','Paruro',1),(754,'0811',18108,'',0,'','Paucartambo',1),(755,'0812',18108,'',0,'','Quispicanchi',1),(756,'0813',18108,'',0,'','Urubamba',1),(757,'0901',18109,'',0,'','Huancavelica',1),(758,'0902',18109,'',0,'','Acobamba',1),(759,'0903',18109,'',0,'','Angaraes',1),(760,'0904',18109,'',0,'','Castrovirreyna',1),(761,'0905',18109,'',0,'','Churcampa',1),(762,'0906',18109,'',0,'','Huaytará',1),(763,'0907',18109,'',0,'','Tayacaja',1),(764,'1001',18110,'',0,'','Huánuco',1),(765,'1002',18110,'',0,'','Ambón',1),(766,'1003',18110,'',0,'','Dos de Mayo',1),(767,'1004',18110,'',0,'','Huacaybamba',1),(768,'1005',18110,'',0,'','Huamalíes',1),(769,'1006',18110,'',0,'','Leoncio Prado',1),(770,'1007',18110,'',0,'','Marañón',1),(771,'1008',18110,'',0,'','Pachitea',1),(772,'1009',18110,'',0,'','Puerto Inca',1),(773,'1010',18110,'',0,'','Lauricocha',1),(774,'1011',18110,'',0,'','Yarowilca',1),(775,'1101',18111,'',0,'','Ica',1),(776,'1102',18111,'',0,'','Chincha',1),(777,'1103',18111,'',0,'','Nazca',1),(778,'1104',18111,'',0,'','Palpa',1),(779,'1105',18111,'',0,'','Pisco',1),(780,'1201',18112,'',0,'','Huancayo',1),(781,'1202',18112,'',0,'','Concepción',1),(782,'1203',18112,'',0,'','Chanchamayo',1),(783,'1204',18112,'',0,'','Jauja',1),(784,'1205',18112,'',0,'','Junín',1),(785,'1206',18112,'',0,'','Satipo',1),(786,'1207',18112,'',0,'','Tarma',1),(787,'1208',18112,'',0,'','Yauli',1),(788,'1209',18112,'',0,'','Chupaca',1),(789,'1301',18113,'',0,'','Trujillo',1),(790,'1302',18113,'',0,'','Ascope',1),(791,'1303',18113,'',0,'','Bolívar',1),(792,'1304',18113,'',0,'','Chepén',1),(793,'1305',18113,'',0,'','Julcán',1),(794,'1306',18113,'',0,'','Otuzco',1),(795,'1307',18113,'',0,'','Pacasmayo',1),(796,'1308',18113,'',0,'','Pataz',1),(797,'1309',18113,'',0,'','Sánchez Carrión',1),(798,'1310',18113,'',0,'','Santiago de Chuco',1),(799,'1311',18113,'',0,'','Gran Chimú',1),(800,'1312',18113,'',0,'','Virú',1),(801,'1401',18114,'',0,'','Chiclayo',1),(802,'1402',18114,'',0,'','Ferreñafe',1),(803,'1403',18114,'',0,'','Lambayeque',1),(804,'1501',18115,'',0,'','Lima',1),(805,'1502',18116,'',0,'','Huaura',1),(806,'1503',18116,'',0,'','Barranca',1),(807,'1504',18116,'',0,'','Cajatambo',1),(808,'1505',18116,'',0,'','Canta',1),(809,'1506',18116,'',0,'','Cañete',1),(810,'1507',18116,'',0,'','Huaral',1),(811,'1508',18116,'',0,'','Huarochirí',1),(812,'1509',18116,'',0,'','Oyón',1),(813,'1510',18116,'',0,'','Yauyos',1),(814,'1601',18117,'',0,'','Maynas',1),(815,'1602',18117,'',0,'','Alto Amazonas',1),(816,'1603',18117,'',0,'','Loreto',1),(817,'1604',18117,'',0,'','Mariscal Ramón Castilla',1),(818,'1605',18117,'',0,'','Requena',1),(819,'1606',18117,'',0,'','Ucayali',1),(820,'1607',18117,'',0,'','Datem del Marañón',1),(821,'1701',18118,'',0,'','Tambopata',1),(822,'1702',18118,'',0,'','Manú',1),(823,'1703',18118,'',0,'','Tahuamanu',1),(824,'1801',18119,'',0,'','Mariscal Nieto',1),(825,'1802',18119,'',0,'','General Sánchez Cerro',1),(826,'1803',18119,'',0,'','Ilo',1),(827,'1901',18120,'',0,'','Pasco',1),(828,'1902',18120,'',0,'','Daniel Alcides Carrión',1),(829,'1903',18120,'',0,'','Oxapampa',1),(830,'2001',18121,'',0,'','Piura',1),(831,'2002',18121,'',0,'','Ayabaca',1),(832,'2003',18121,'',0,'','Huancabamba',1),(833,'2004',18121,'',0,'','Morropón',1),(834,'2005',18121,'',0,'','Paita',1),(835,'2006',18121,'',0,'','Sullana',1),(836,'2007',18121,'',0,'','Talara',1),(837,'2008',18121,'',0,'','Sechura',1),(838,'2101',18122,'',0,'','Puno',1),(839,'2102',18122,'',0,'','Azángaro',1),(840,'2103',18122,'',0,'','Carabaya',1),(841,'2104',18122,'',0,'','Chucuito',1),(842,'2105',18122,'',0,'','El Collao',1),(843,'2106',18122,'',0,'','Huancané',1),(844,'2107',18122,'',0,'','Lampa',1),(845,'2108',18122,'',0,'','Melgar',1),(846,'2109',18122,'',0,'','Moho',1),(847,'2110',18122,'',0,'','San Antonio de Putina',1),(848,'2111',18122,'',0,'','San Román',1),(849,'2112',18122,'',0,'','Sandia',1),(850,'2113',18122,'',0,'','Yunguyo',1),(851,'2201',18123,'',0,'','Moyobamba',1),(852,'2202',18123,'',0,'','Bellavista',1),(853,'2203',18123,'',0,'','El Dorado',1),(854,'2204',18123,'',0,'','Huallaga',1),(855,'2205',18123,'',0,'','Lamas',1),(856,'2206',18123,'',0,'','Mariscal Cáceres',1),(857,'2207',18123,'',0,'','Picota',1),(858,'2208',18123,'',0,'','La Rioja',1),(859,'2209',18123,'',0,'','San Martín',1),(860,'2210',18123,'',0,'','Tocache',1),(861,'2301',18124,'',0,'','Tacna',1),(862,'2302',18124,'',0,'','Candarave',1),(863,'2303',18124,'',0,'','Jorge Basadre',1),(864,'2304',18124,'',0,'','Tarata',1),(865,'2401',18125,'',0,'','Tumbes',1),(866,'2402',18125,'',0,'','Contralmirante Villar',1),(867,'2403',18125,'',0,'','Zarumilla',1),(868,'2501',18126,'',0,'','Coronel Portillo',1),(869,'2502',18126,'',0,'','Atalaya',1),(870,'2503',18126,'',0,'','Padre Abad',1),(871,'2504',18126,'',0,'','Purús',1),(872,'PT-AV',15001,NULL,NULL,'AVEIRO','Aveiro',1),(873,'PT-AC',15002,NULL,NULL,'AZORES','Azores',1),(874,'PT-BE',15001,NULL,NULL,'BEJA','Beja',1),(875,'PT-BR',15001,NULL,NULL,'BRAGA','Braga',1),(876,'PT-BA',15001,NULL,NULL,'BRAGANCA','Bragança',1),(877,'PT-CB',15001,NULL,NULL,'CASTELO BRANCO','Castelo Branco',1),(878,'PT-CO',15001,NULL,NULL,'COIMBRA','Coimbra',1),(879,'PT-EV',15001,NULL,NULL,'EVORA','Évora',1),(880,'PT-FA',15001,NULL,NULL,'FARO','Faro',1),(881,'PT-GU',15001,NULL,NULL,'GUARDA','Guarda',1),(882,'PT-LE',15001,NULL,NULL,'LEIRIA','Leiria',1),(883,'PT-LI',15001,NULL,NULL,'LISBON','Lisboa',1),(884,'PT-AML',15001,NULL,NULL,'AREA METROPOLITANA LISBOA','Área Metropolitana de Lisboa',1),(885,'PT-MA',15002,NULL,NULL,'MADEIRA','Madeira',1),(886,'PT-PA',15001,NULL,NULL,'PORTALEGRE','Portalegre',1),(887,'PT-PO',15001,NULL,NULL,'PORTO','Porto',1),(888,'PT-SA',15001,NULL,NULL,'SANTAREM','Santarém',1),(889,'PT-SE',15001,NULL,NULL,'SETUBAL','Setúbal',1),(890,'PT-VC',15001,NULL,NULL,'VIANA DO CASTELO','Viana Do Castelo',1),(891,'PT-VR',15001,NULL,NULL,'VILA REAL','Vila Real',1),(892,'PT-VI',15001,NULL,NULL,'VISEU','Viseu',1),(893,'AB',18801,'',0,'','Alba',1),(894,'AR',18801,'',0,'','Arad',1),(895,'AG',18801,'',0,'','Argeș',1),(896,'BC',18801,'',0,'','Bacău',1),(897,'BH',18801,'',0,'','Bihor',1),(898,'BN',18801,'',0,'','Bistrița-Năsăud',1),(899,'BT',18801,'',0,'','Botoșani',1),(900,'BV',18801,'',0,'','Brașov',1),(901,'BR',18801,'',0,'','Brăila',1),(902,'BU',18801,'',0,'','Bucuresti',1),(903,'BZ',18801,'',0,'','Buzău',1),(904,'CL',18801,'',0,'','Călărași',1),(905,'CS',18801,'',0,'','Caraș-Severin',1),(906,'CJ',18801,'',0,'','Cluj',1),(907,'CT',18801,'',0,'','Constanța',1),(908,'CV',18801,'',0,'','Covasna',1),(909,'DB',18801,'',0,'','Dâmbovița',1),(910,'DJ',18801,'',0,'','Dolj',1),(911,'GL',18801,'',0,'','Galați',1),(912,'GR',18801,'',0,'','Giurgiu',1),(913,'GJ',18801,'',0,'','Gorj',1),(914,'HR',18801,'',0,'','Harghita',1),(915,'HD',18801,'',0,'','Hunedoara',1),(916,'IL',18801,'',0,'','Ialomița',1),(917,'IS',18801,'',0,'','Iași',1),(918,'IF',18801,'',0,'','Ilfov',1),(919,'MM',18801,'',0,'','Maramureș',1),(920,'MH',18801,'',0,'','Mehedinți',1),(921,'MS',18801,'',0,'','Mureș',1),(922,'NT',18801,'',0,'','Neamț',1),(923,'OT',18801,'',0,'','Olt',1),(924,'PH',18801,'',0,'','Prahova',1),(925,'SM',18801,'',0,'','Satu Mare',1),(926,'SJ',18801,'',0,'','Sălaj',1),(927,'SB',18801,'',0,'','Sibiu',1),(928,'SV',18801,'',0,'','Suceava',1),(929,'TR',18801,'',0,'','Teleorman',1),(930,'TM',18801,'',0,'','Timiș',1),(931,'TL',18801,'',0,'','Tulcea',1),(932,'VS',18801,'',0,'','Vaslui',1),(933,'VL',18801,'',0,'','Vâlcea',1),(934,'VN',18801,'',0,'','Vrancea',1),(935,'SS',8601,'',0,'','San Salvador',1),(936,'LL',8601,'',0,'','La Libertad',1),(937,'CH',8601,'',0,'','Chalatenango',1),(938,'CA',8601,'',0,'','Cabañas',1),(939,'LP',8601,'',0,'','La Paz',1),(940,'SV',8601,'',0,'','San Vicente',1),(941,'CU',8601,'',0,'','Cuscatlan',1),(942,'US',8602,'',0,'','Usulutan',1),(943,'SM',8602,'',0,'','San Miguel',1),(944,'MO',8602,'',0,'','Morazan',1),(945,'LU',8602,'',0,'','La Union',1),(946,'AH',8603,'',0,'','Ahuachapan',1),(947,'SA',8603,'',0,'','Santa Ana',1),(948,'SO',8603,'',0,'','Sonsonate',1),(949,'SI031',20203,NULL,NULL,'MURA','Mura',1),(950,'SI032',20203,NULL,NULL,'DRAVA','Drava',1),(951,'SI033',20203,NULL,NULL,'CARINTHIA','Carinthia',1),(952,'SI034',20203,NULL,NULL,'SAVINJA','Savinja',1),(953,'SI035',20203,NULL,NULL,'CENTRAL SAVA','Central Sava',1),(954,'SI036',20203,NULL,NULL,'LOWER SAVA','Lower Sava',1),(955,'SI037',20203,NULL,NULL,'SOUTHEAST SLOVENIA','Southeast Slovenia',1),(956,'SI038',20203,NULL,NULL,'LITTORAL–INNER CARNIOLA','Littoral–Inner Carniola',1),(957,'SI041',20204,NULL,NULL,'CENTRAL SLOVENIA','Central Slovenia',1),(958,'SI038',20204,NULL,NULL,'UPPER CARNIOLA','Upper Carniola',1),(959,'SI043',20204,NULL,NULL,'GORIZIA','Gorizia',1),(960,'SI044',20204,NULL,NULL,'COASTAL–KARST','Coastal–Karst',1),(961,'AG',601,NULL,NULL,'ARGOVIE','Argovie',1),(962,'AI',601,NULL,NULL,'APPENZELL RHODES INTERIEURES','Appenzell Rhodes intérieures',1),(963,'AR',601,NULL,NULL,'APPENZELL RHODES EXTERIEURES','Appenzell Rhodes extérieures',1),(964,'BE',601,NULL,NULL,'BERNE','Berne',1),(965,'BL',601,NULL,NULL,'BALE CAMPAGNE','Bâle Campagne',1),(966,'BS',601,NULL,NULL,'BALE VILLE','Bâle Ville',1),(967,'FR',601,NULL,NULL,'FRIBOURG','Fribourg',1),(968,'GE',601,NULL,NULL,'GENEVE','Genève',1),(969,'GL',601,NULL,NULL,'GLARIS','Glaris',1),(970,'GR',601,NULL,NULL,'GRISONS','Grisons',1),(971,'JU',601,NULL,NULL,'JURA','Jura',1),(972,'LU',601,NULL,NULL,'LUCERNE','Lucerne',1),(973,'NE',601,NULL,NULL,'NEUCHATEL','Neuchâtel',1),(974,'NW',601,NULL,NULL,'NIDWALD','Nidwald',1),(975,'OW',601,NULL,NULL,'OBWALD','Obwald',1),(976,'SG',601,NULL,NULL,'SAINT-GALL','Saint-Gall',1),(977,'SH',601,NULL,NULL,'SCHAFFHOUSE','Schaffhouse',1),(978,'SO',601,NULL,NULL,'SOLEURE','Soleure',1),(979,'SZ',601,NULL,NULL,'SCHWYZ','Schwyz',1),(980,'TG',601,NULL,NULL,'THURGOVIE','Thurgovie',1),(981,'TI',601,NULL,NULL,'TESSIN','Tessin',1),(982,'UR',601,NULL,NULL,'URI','Uri',1),(983,'VD',601,NULL,NULL,'VAUD','Vaud',1),(984,'VS',601,NULL,NULL,'VALAIS','Valais',1),(985,'ZG',601,NULL,NULL,'ZUG','Zug',1),(986,'ZH',601,NULL,NULL,'ZURICH','Zürich',1),(987,'TW-KLU',21301,'KLU',NULL,NULL,'基隆市',1),(988,'TW-TPE',21301,'TPE',NULL,NULL,'臺北市',1),(989,'TW-TPH',21301,'TPH',NULL,NULL,'新北市',1),(990,'TW-TYC',21301,'TYC',NULL,NULL,'桃園市',1),(991,'TW-HSH',21301,'HSH',NULL,NULL,'新竹縣',1),(992,'TW-HSC',21301,'HSC',NULL,NULL,'新竹市',1),(993,'TW-MAL',21301,'MAL',NULL,NULL,'苗栗縣',1),(994,'TW-MAC',21301,'MAC',NULL,NULL,'苗栗市',1),(995,'TW-TXG',21301,'TXG',NULL,NULL,'臺中市',1),(996,'TW-CWH',21301,'CWH',NULL,NULL,'彰化縣',1),(997,'TW-CWS',21301,'CWS',NULL,NULL,'彰化市',1),(998,'TW-NTC',21301,'NTC',NULL,NULL,'南投市',1),(999,'TW-NTO',21301,'NTO',NULL,NULL,'南投縣',1),(1000,'TW-YLH',21301,'YLH',NULL,NULL,'雲林縣',1),(1001,'TW-CHY',21301,'CHY',NULL,NULL,'嘉義縣',1),(1002,'TW-CYI',21301,'CYI',NULL,NULL,'嘉義市',1),(1003,'TW-TNN',21301,'TNN',NULL,NULL,'臺南市',1),(1004,'TW-KHH',21301,'KHH',NULL,NULL,'高雄市',1),(1005,'TW-IUH',21301,'IUH',NULL,NULL,'屏東縣',1),(1006,'TW-PTS',21301,'PTS',NULL,NULL,'屏東市',1),(1007,'TW-ILN',21301,'ILN',NULL,NULL,'宜蘭縣',1),(1008,'TW-ILC',21301,'ILC',NULL,NULL,'宜蘭市',1),(1009,'TW-HWA',21301,'HWA',NULL,NULL,'花蓮縣',1),(1010,'TW-HWC',21301,'HWC',NULL,NULL,'花蓮市',1),(1011,'TW-TTC',21301,'TTC',NULL,NULL,'臺東市',1),(1012,'TW-TTT',21301,'TTT',NULL,NULL,'臺東縣',1),(1013,'TW-PEH',21301,'PEH',NULL,NULL,'澎湖縣',1),(1014,'TW-GNI',21301,'GNI',NULL,NULL,'綠島',1),(1015,'TW-KYD',21301,'KYD',NULL,NULL,'蘭嶼',1),(1016,'TW-KMN',21301,'KMN',NULL,NULL,'金門縣',1),(1017,'TW-LNN',21301,'LNN',NULL,NULL,'連江縣',1),(1018,'TN01',1001,'',0,'','Ariana',1),(1019,'TN02',1001,'',0,'','Béja',1),(1020,'TN03',1001,'',0,'','Ben Arous',1),(1021,'TN04',1001,'',0,'','Bizerte',1),(1022,'TN05',1001,'',0,'','Gabès',1),(1023,'TN06',1001,'',0,'','Gafsa',1),(1024,'TN07',1001,'',0,'','Jendouba',1),(1025,'TN08',1001,'',0,'','Kairouan',1),(1026,'TN09',1001,'',0,'','Kasserine',1),(1027,'TN10',1001,'',0,'','Kébili',1),(1028,'TN11',1001,'',0,'','La Manouba',1),(1029,'TN12',1001,'',0,'','Le Kef',1),(1030,'TN13',1001,'',0,'','Mahdia',1),(1031,'TN14',1001,'',0,'','Médenine',1),(1032,'TN15',1001,'',0,'','Monastir',1),(1033,'TN16',1001,'',0,'','Nabeul',1),(1034,'TN17',1001,'',0,'','Sfax',1),(1035,'TN18',1001,'',0,'','Sidi Bouzid',1),(1036,'TN19',1001,'',0,'','Siliana',1),(1037,'TN20',1001,'',0,'','Sousse',1),(1038,'TN21',1001,'',0,'','Tataouine',1),(1039,'TN22',1001,'',0,'','Tozeur',1),(1040,'TN23',1001,'',0,'','Tunis',1),(1041,'TN24',1001,'',0,'','Zaghouan',1),(1042,'AL',1101,'',0,'ALABAMA','Alabama',1),(1043,'AK',1101,'',0,'ALASKA','Alaska',1),(1044,'AZ',1101,'',0,'ARIZONA','Arizona',1),(1045,'AR',1101,'',0,'ARKANSAS','Arkansas',1),(1046,'CA',1101,'',0,'CALIFORNIA','California',1),(1047,'CO',1101,'',0,'COLORADO','Colorado',1),(1048,'CT',1101,'',0,'CONNECTICUT','Connecticut',1),(1049,'DE',1101,'',0,'DELAWARE','Delaware',1),(1050,'FL',1101,'',0,'FLORIDA','Florida',1),(1051,'GA',1101,'',0,'GEORGIA','Georgia',1),(1052,'HI',1101,'',0,'HAWAII','Hawaii',1),(1053,'ID',1101,'',0,'IDAHO','Idaho',1),(1054,'IL',1101,'',0,'ILLINOIS','Illinois',1),(1055,'IN',1101,'',0,'INDIANA','Indiana',1),(1056,'IA',1101,'',0,'IOWA','Iowa',1),(1057,'KS',1101,'',0,'KANSAS','Kansas',1),(1058,'KY',1101,'',0,'KENTUCKY','Kentucky',1),(1059,'LA',1101,'',0,'LOUISIANA','Louisiana',1),(1060,'ME',1101,'',0,'MAINE','Maine',1),(1061,'MD',1101,'',0,'MARYLAND','Maryland',1),(1062,'MA',1101,'',0,'MASSACHUSSETTS','Massachusetts',1),(1063,'MI',1101,'',0,'MICHIGAN','Michigan',1),(1064,'MN',1101,'',0,'MINNESOTA','Minnesota',1),(1065,'MS',1101,'',0,'MISSISSIPPI','Mississippi',1),(1066,'MO',1101,'',0,'MISSOURI','Missouri',1),(1067,'MT',1101,'',0,'MONTANA','Montana',1),(1068,'NE',1101,'',0,'NEBRASKA','Nebraska',1),(1069,'NV',1101,'',0,'NEVADA','Nevada',1),(1070,'NH',1101,'',0,'NEW HAMPSHIRE','New Hampshire',1),(1071,'NJ',1101,'',0,'NEW JERSEY','New Jersey',1),(1072,'NM',1101,'',0,'NEW MEXICO','New Mexico',1),(1073,'NY',1101,'',0,'NEW YORK','New York',1),(1074,'NC',1101,'',0,'NORTH CAROLINA','North Carolina',1),(1075,'ND',1101,'',0,'NORTH DAKOTA','North Dakota',1),(1076,'OH',1101,'',0,'OHIO','Ohio',1),(1077,'OK',1101,'',0,'OKLAHOMA','Oklahoma',1),(1078,'OR',1101,'',0,'OREGON','Oregon',1),(1079,'PA',1101,'',0,'PENNSYLVANIA','Pennsylvania',1),(1080,'RI',1101,'',0,'RHODE ISLAND','Rhode Island',1),(1081,'SC',1101,'',0,'SOUTH CAROLINA','South Carolina',1),(1082,'SD',1101,'',0,'SOUTH DAKOTA','South Dakota',1),(1083,'TN',1101,'',0,'TENNESSEE','Tennessee',1),(1084,'TX',1101,'',0,'TEXAS','Texas',1),(1085,'UT',1101,'',0,'UTAH','Utah',1),(1086,'VT',1101,'',0,'VERMONT','Vermont',1),(1087,'VA',1101,'',0,'VIRGINIA','Virginia',1),(1088,'WA',1101,'',0,'WASHINGTON','Washington',1),(1089,'WV',1101,'',0,'WEST VIRGINIA','West Virginia',1),(1090,'WI',1101,'',0,'WISCONSIN','Wisconsin',1),(1091,'WY',1101,'',0,'WYOMING','Wyoming',1),(1092,'001',5201,'',0,'','Belisario Boeto',1),(1093,'002',5201,'',0,'','Hernando Siles',1),(1094,'003',5201,'',0,'','Jaime Zudáñez',1),(1095,'004',5201,'',0,'','Juana Azurduy de Padilla',1),(1096,'005',5201,'',0,'','Luis Calvo',1),(1097,'006',5201,'',0,'','Nor Cinti',1),(1098,'007',5201,'',0,'','Oropeza',1),(1099,'008',5201,'',0,'','Sud Cinti',1),(1100,'009',5201,'',0,'','Tomina',1),(1101,'010',5201,'',0,'','Yamparáez',1),(1102,'011',5202,'',0,'','Abel Iturralde',1),(1103,'012',5202,'',0,'','Aroma',1),(1104,'013',5202,'',0,'','Bautista Saavedra',1),(1105,'014',5202,'',0,'','Caranavi',1),(1106,'015',5202,'',0,'','Eliodoro Camacho',1),(1107,'016',5202,'',0,'','Franz Tamayo',1),(1108,'017',5202,'',0,'','Gualberto Villarroel',1),(1109,'018',5202,'',0,'','Ingaví',1),(1110,'019',5202,'',0,'','Inquisivi',1),(1111,'020',5202,'',0,'','José Ramón Loayza',1),(1112,'021',5202,'',0,'','Larecaja',1),(1113,'022',5202,'',0,'','Los Andes (Bolivia)',1),(1114,'023',5202,'',0,'','Manco Kapac',1),(1115,'024',5202,'',0,'','Muñecas',1),(1116,'025',5202,'',0,'','Nor Yungas',1),(1117,'026',5202,'',0,'','Omasuyos',1),(1118,'027',5202,'',0,'','Pacajes',1),(1119,'028',5202,'',0,'','Pedro Domingo Murillo',1),(1120,'029',5202,'',0,'','Sud Yungas',1),(1121,'030',5202,'',0,'','General José Manuel Pando',1),(1122,'031',5203,'',0,'','Arani',1),(1123,'032',5203,'',0,'','Arque',1),(1124,'033',5203,'',0,'','Ayopaya',1),(1125,'034',5203,'',0,'','Bolívar (Bolivia)',1),(1126,'035',5203,'',0,'','Campero',1),(1127,'036',5203,'',0,'','Capinota',1),(1128,'037',5203,'',0,'','Cercado (Cochabamba)',1),(1129,'038',5203,'',0,'','Esteban Arze',1),(1130,'039',5203,'',0,'','Germán Jordán',1),(1131,'040',5203,'',0,'','José Carrasco',1),(1132,'041',5203,'',0,'','Mizque',1),(1133,'042',5203,'',0,'','Punata',1),(1134,'043',5203,'',0,'','Quillacollo',1),(1135,'044',5203,'',0,'','Tapacarí',1),(1136,'045',5203,'',0,'','Tiraque',1),(1137,'046',5203,'',0,'','Chapare',1),(1138,'047',5204,'',0,'','Carangas',1),(1139,'048',5204,'',0,'','Cercado (Oruro)',1),(1140,'049',5204,'',0,'','Eduardo Avaroa',1),(1141,'050',5204,'',0,'','Ladislao Cabrera',1),(1142,'051',5204,'',0,'','Litoral de Atacama',1),(1143,'052',5204,'',0,'','Mejillones',1),(1144,'053',5204,'',0,'','Nor Carangas',1),(1145,'054',5204,'',0,'','Pantaleón Dalence',1),(1146,'055',5204,'',0,'','Poopó',1),(1147,'056',5204,'',0,'','Sabaya',1),(1148,'057',5204,'',0,'','Sajama',1),(1149,'058',5204,'',0,'','San Pedro de Totora',1),(1150,'059',5204,'',0,'','Saucarí',1),(1151,'060',5204,'',0,'','Sebastián Pagador',1),(1152,'061',5204,'',0,'','Sud Carangas',1),(1153,'062',5204,'',0,'','Tomás Barrón',1),(1154,'063',5205,'',0,'','Alonso de Ibáñez',1),(1155,'064',5205,'',0,'','Antonio Quijarro',1),(1156,'065',5205,'',0,'','Bernardino Bilbao',1),(1157,'066',5205,'',0,'','Charcas (Potosí)',1),(1158,'067',5205,'',0,'','Chayanta',1),(1159,'068',5205,'',0,'','Cornelio Saavedra',1),(1160,'069',5205,'',0,'','Daniel Campos',1),(1161,'070',5205,'',0,'','Enrique Baldivieso',1),(1162,'071',5205,'',0,'','José María Linares',1),(1163,'072',5205,'',0,'','Modesto Omiste',1),(1164,'073',5205,'',0,'','Nor Chichas',1),(1165,'074',5205,'',0,'','Nor Lípez',1),(1166,'075',5205,'',0,'','Rafael Bustillo',1),(1167,'076',5205,'',0,'','Sud Chichas',1),(1168,'077',5205,'',0,'','Sud Lípez',1),(1169,'078',5205,'',0,'','Tomás Frías',1),(1170,'079',5206,'',0,'','Aniceto Arce',1),(1171,'080',5206,'',0,'','Burdet O\'Connor',1),(1172,'081',5206,'',0,'','Cercado (Tarija)',1),(1173,'082',5206,'',0,'','Eustaquio Méndez',1),(1174,'083',5206,'',0,'','José María Avilés',1),(1175,'084',5206,'',0,'','Gran Chaco',1),(1176,'085',5207,'',0,'','Andrés Ibáñez',1),(1177,'086',5207,'',0,'','Caballero',1),(1178,'087',5207,'',0,'','Chiquitos',1),(1179,'088',5207,'',0,'','Cordillera (Bolivia)',1),(1180,'089',5207,'',0,'','Florida',1),(1181,'090',5207,'',0,'','Germán Busch',1),(1182,'091',5207,'',0,'','Guarayos',1),(1183,'092',5207,'',0,'','Ichilo',1),(1184,'093',5207,'',0,'','Obispo Santistevan',1),(1185,'094',5207,'',0,'','Sara',1),(1186,'095',5207,'',0,'','Vallegrande',1),(1187,'096',5207,'',0,'','Velasco',1),(1188,'097',5207,'',0,'','Warnes',1),(1189,'098',5207,'',0,'','Ángel Sandóval',1),(1190,'099',5207,'',0,'','Ñuflo de Chaves',1),(1191,'100',5208,'',0,'','Cercado (Beni)',1),(1192,'101',5208,'',0,'','Iténez',1),(1193,'102',5208,'',0,'','Mamoré',1),(1194,'103',5208,'',0,'','Marbán',1),(1195,'104',5208,'',0,'','Moxos',1),(1196,'105',5208,'',0,'','Vaca Díez',1),(1197,'106',5208,'',0,'','Yacuma',1),(1198,'107',5208,'',0,'','General José Ballivián Segurola',1),(1199,'108',5209,'',0,'','Abuná',1),(1200,'109',5209,'',0,'','Madre de Dios',1),(1201,'110',5209,'',0,'','Manuripi',1),(1202,'111',5209,'',0,'','Nicolás Suárez',1),(1203,'112',5209,'',0,'','General Federico Román',1),(1204,'VI',419,'01',19,'ALAVA','Álava',1),(1205,'AB',404,'02',4,'ALBACETE','Albacete',1),(1206,'A',411,'03',11,'ALICANTE','Alicante',1),(1207,'AL',401,'04',1,'ALMERIA','Almería',1),(1208,'O',418,'33',18,'ASTURIAS','Asturias',1),(1209,'AV',403,'05',3,'AVILA','Ávila',1),(1210,'BA',412,'06',12,'BADAJOZ','Badajoz',1),(1211,'B',406,'08',6,'BARCELONA','Barcelona',1),(1212,'BU',403,'09',8,'BURGOS','Burgos',1),(1213,'CC',412,'10',12,'CACERES','Cáceres',1),(1214,'CA',401,'11',1,'CADIZ','Cádiz',1),(1215,'S',410,'39',10,'CANTABRIA','Cantabria',1),(1216,'CS',411,'12',11,'CASTELLON','Castellón',1),(1217,'CE',407,'51',7,'CEUTA','Ceuta',1),(1218,'CR',404,'13',4,'CIUDAD REAL','Ciudad Real',1),(1219,'CO',401,'14',1,'CORDOBA','Córdoba',1),(1220,'CU',404,'16',4,'CUENCA','Cuenca',1),(1221,'GI',406,'17',6,'GERONA','Gerona',1),(1222,'GR',401,'18',1,'GRANADA','Granada',1),(1223,'GU',404,'19',4,'GUADALAJARA','Guadalajara',1),(1224,'SS',419,'20',19,'GUIPUZCOA','Guipúzcoa',1),(1225,'H',401,'21',1,'HUELVA','Huelva',1),(1226,'HU',402,'22',2,'HUESCA','Huesca',1),(1227,'PM',414,'07',14,'ISLAS BALEARES','Islas Baleares',1),(1228,'J',401,'23',1,'JAEN','Jaén',1),(1229,'C',413,'15',13,'LA CORUÑA','La Coruña',1),(1230,'LO',415,'26',15,'LA RIOJA','La Rioja',1),(1231,'GC',405,'35',5,'LAS PALMAS','Las Palmas',1),(1232,'LE',403,'24',3,'LEON','León',1),(1233,'L',406,'25',6,'LERIDA','Lérida',1),(1234,'LU',413,'27',13,'LUGO','Lugo',1),(1235,'M',416,'28',16,'MADRID','Madrid',1),(1236,'MA',401,'29',1,'MALAGA','Málaga',1),(1237,'ML',409,'52',9,'MELILLA','Melilla',1),(1238,'MU',417,'30',17,'MURCIA','Murcia',1),(1239,'NA',408,'31',8,'NAVARRA','Navarra',1),(1240,'OR',413,'32',13,'ORENSE','Orense',1),(1241,'P',403,'34',3,'PALENCIA','Palencia',1),(1242,'PO',413,'36',13,'PONTEVEDRA','Pontevedra',1),(1243,'SA',403,'37',3,'SALAMANCA','Salamanca',1),(1244,'TF',405,'38',5,'STA. CRUZ DE TENERIFE','Santa Cruz de Tenerife',1),(1245,'SG',403,'40',3,'SEGOVIA','Segovia',1),(1246,'SE',401,'41',1,'SEVILLA','Sevilla',1),(1247,'SO',403,'42',3,'SORIA','Soria',1),(1248,'T',406,'43',6,'TARRAGONA','Tarragona',1),(1249,'TE',402,'44',2,'TERUEL','Teruel',1),(1250,'TO',404,'45',5,'TOLEDO','Toledo',1),(1251,'V',411,'46',11,'VALENCIA','Valencia',1),(1252,'VA',403,'47',3,'VALLADOLID','Valladolid',1),(1253,'BI',419,'48',19,'VIZCAYA','Vizcaya',1),(1254,'ZA',403,'49',3,'ZAMORA','Zamora',1),(1255,'Z',402,'50',1,'ZARAGOZA','Zaragoza',1),(1256,'66',10201,'',0,'','Αθήνα',1),(1257,'67',10205,'',0,'','Δράμα',1),(1258,'01',10205,'',0,'','Έβρος',1),(1259,'02',10205,'',0,'','Θάσος',1),(1260,'03',10205,'',0,'','Καβάλα',1),(1261,'04',10205,'',0,'','Ξάνθη',1),(1262,'05',10205,'',0,'','Ροδόπη',1),(1263,'06',10203,'',0,'','Ημαθία',1),(1264,'07',10203,'',0,'','Θεσσαλονίκη',1),(1265,'08',10203,'',0,'','Κιλκίς',1),(1266,'09',10203,'',0,'','Πέλλα',1),(1267,'10',10203,'',0,'','Πιερία',1),(1268,'11',10203,'',0,'','Σέρρες',1),(1269,'12',10203,'',0,'','Χαλκιδική',1),(1270,'13',10206,'',0,'','Άρτα',1),(1271,'14',10206,'',0,'','Θεσπρωτία',1),(1272,'15',10206,'',0,'','Ιωάννινα',1),(1273,'16',10206,'',0,'','Πρέβεζα',1),(1274,'17',10213,'',0,'','Γρεβενά',1),(1275,'18',10213,'',0,'','Καστοριά',1),(1276,'19',10213,'',0,'','Κοζάνη',1),(1277,'20',10213,'',0,'','Φλώρινα',1),(1278,'21',10212,'',0,'','Καρδίτσα',1),(1279,'22',10212,'',0,'','Λάρισα',1),(1280,'23',10212,'',0,'','Μαγνησία',1),(1281,'24',10212,'',0,'','Τρίκαλα',1),(1282,'25',10212,'',0,'','Σποράδες',1),(1283,'26',10212,'',0,'','Βοιωτία',1),(1284,'27',10202,'',0,'','Εύβοια',1),(1285,'28',10202,'',0,'','Ευρυτανία',1),(1286,'29',10202,'',0,'','Φθιώτιδα',1),(1287,'30',10202,'',0,'','Φωκίδα',1),(1288,'31',10209,'',0,'','Αργολίδα',1),(1289,'32',10209,'',0,'','Αρκαδία',1),(1290,'33',10209,'',0,'','Κορινθία',1),(1291,'34',10209,'',0,'','Λακωνία',1),(1292,'35',10209,'',0,'','Μεσσηνία',1),(1293,'36',10211,'',0,'','Αιτωλοακαρνανία',1),(1294,'37',10211,'',0,'','Αχαΐα',1),(1295,'38',10211,'',0,'','Ηλεία',1),(1296,'39',10207,'',0,'','Ζάκυνθος',1),(1297,'40',10207,'',0,'','Κέρκυρα',1),(1298,'41',10207,'',0,'','Κεφαλληνία',1),(1299,'42',10207,'',0,'','Ιθάκη',1),(1300,'43',10207,'',0,'','Λευκάδα',1),(1301,'44',10208,'',0,'','Ικαρία',1),(1302,'45',10208,'',0,'','Λέσβος',1),(1303,'46',10208,'',0,'','Λήμνος',1),(1304,'47',10208,'',0,'','Σάμος',1),(1305,'48',10208,'',0,'','Χίος',1),(1306,'49',10210,'',0,'','Άνδρος',1),(1307,'50',10210,'',0,'','Θήρα',1),(1308,'51',10210,'',0,'','Κάλυμνος',1),(1309,'52',10210,'',0,'','Κάρπαθος',1),(1310,'53',10210,'',0,'','Κέα-Κύθνος',1),(1311,'54',10210,'',0,'','Κω',1),(1312,'55',10210,'',0,'','Μήλος',1),(1313,'56',10210,'',0,'','Μύκονος',1),(1314,'57',10210,'',0,'','Νάξος',1),(1315,'58',10210,'',0,'','Πάρος',1),(1316,'59',10210,'',0,'','Ρόδος',1),(1317,'60',10210,'',0,'','Σύρος',1),(1318,'61',10210,'',0,'','Τήνος',1),(1319,'62',10204,'',0,'','Ηράκλειο',1),(1320,'63',10204,'',0,'','Λασίθι',1),(1321,'64',10204,'',0,'','Ρέθυμνο',1),(1322,'65',10204,'',0,'','Χανιά',1),(1323,'701',701,NULL,0,NULL,'Bedfordshire',1),(1324,'702',701,NULL,0,NULL,'Berkshire',1),(1325,'703',701,NULL,0,NULL,'Bristol, City of',1),(1326,'704',701,NULL,0,NULL,'Buckinghamshire',1),(1327,'705',701,NULL,0,NULL,'Cambridgeshire',1),(1328,'706',701,NULL,0,NULL,'Cheshire',1),(1329,'707',701,NULL,0,NULL,'Cleveland',1),(1330,'708',701,NULL,0,NULL,'Cornwall',1),(1331,'709',701,NULL,0,NULL,'Cumberland',1),(1332,'710',701,NULL,0,NULL,'Cumbria',1),(1333,'711',701,NULL,0,NULL,'Derbyshire',1),(1334,'712',701,NULL,0,NULL,'Devon',1),(1335,'713',701,NULL,0,NULL,'Dorset',1),(1336,'714',701,NULL,0,NULL,'Co. Durham',1),(1337,'715',701,NULL,0,NULL,'East Riding of Yorkshire',1),(1338,'716',701,NULL,0,NULL,'East Sussex',1),(1339,'717',701,NULL,0,NULL,'Essex',1),(1340,'718',701,NULL,0,NULL,'Gloucestershire',1),(1341,'719',701,NULL,0,NULL,'Greater Manchester',1),(1342,'720',701,NULL,0,NULL,'Hampshire',1),(1343,'721',701,NULL,0,NULL,'Hertfordshire',1),(1344,'722',701,NULL,0,NULL,'Hereford and Worcester',1),(1345,'723',701,NULL,0,NULL,'Herefordshire',1),(1346,'724',701,NULL,0,NULL,'Huntingdonshire',1),(1347,'725',701,NULL,0,NULL,'Isle of Man',1),(1348,'726',701,NULL,0,NULL,'Isle of Wight',1),(1349,'727',701,NULL,0,NULL,'Jersey',1),(1350,'728',701,NULL,0,NULL,'Kent',1),(1351,'729',701,NULL,0,NULL,'Lancashire',1),(1352,'730',701,NULL,0,NULL,'Leicestershire',1),(1353,'731',701,NULL,0,NULL,'Lincolnshire',1),(1354,'732',701,NULL,0,NULL,'London - City of London',1),(1355,'733',701,NULL,0,NULL,'Merseyside',1),(1356,'734',701,NULL,0,NULL,'Middlesex',1),(1357,'735',701,NULL,0,NULL,'Norfolk',1),(1358,'736',701,NULL,0,NULL,'North Yorkshire',1),(1359,'737',701,NULL,0,NULL,'North Riding of Yorkshire',1),(1360,'738',701,NULL,0,NULL,'Northamptonshire',1),(1361,'739',701,NULL,0,NULL,'Northumberland',1),(1362,'740',701,NULL,0,NULL,'Nottinghamshire',1),(1363,'741',701,NULL,0,NULL,'Oxfordshire',1),(1364,'742',701,NULL,0,NULL,'Rutland',1),(1365,'743',701,NULL,0,NULL,'Shropshire',1),(1366,'744',701,NULL,0,NULL,'Somerset',1),(1367,'745',701,NULL,0,NULL,'Staffordshire',1),(1368,'746',701,NULL,0,NULL,'Suffolk',1),(1369,'747',701,NULL,0,NULL,'Surrey',1),(1370,'748',701,NULL,0,NULL,'Sussex',1),(1371,'749',701,NULL,0,NULL,'Tyne and Wear',1),(1372,'750',701,NULL,0,NULL,'Warwickshire',1),(1373,'751',701,NULL,0,NULL,'West Midlands',1),(1374,'752',701,NULL,0,NULL,'West Sussex',1),(1375,'753',701,NULL,0,NULL,'West Yorkshire',1),(1376,'754',701,NULL,0,NULL,'West Riding of Yorkshire',1),(1377,'755',701,NULL,0,NULL,'Wiltshire',1),(1378,'756',701,NULL,0,NULL,'Worcestershire',1),(1379,'757',701,NULL,0,NULL,'Yorkshire',1),(1380,'758',702,NULL,0,NULL,'Anglesey',1),(1381,'759',702,NULL,0,NULL,'Breconshire',1),(1382,'760',702,NULL,0,NULL,'Caernarvonshire',1),(1383,'761',702,NULL,0,NULL,'Cardiganshire',1),(1384,'762',702,NULL,0,NULL,'Carmarthenshire',1),(1385,'763',702,NULL,0,NULL,'Ceredigion',1),(1386,'764',702,NULL,0,NULL,'Denbighshire',1),(1387,'765',702,NULL,0,NULL,'Flintshire',1),(1388,'766',702,NULL,0,NULL,'Glamorgan',1),(1389,'767',702,NULL,0,NULL,'Gwent',1),(1390,'768',702,NULL,0,NULL,'Gwynedd',1),(1391,'769',702,NULL,0,NULL,'Merionethshire',1),(1392,'770',702,NULL,0,NULL,'Monmouthshire',1),(1393,'771',702,NULL,0,NULL,'Mid Glamorgan',1),(1394,'772',702,NULL,0,NULL,'Montgomeryshire',1),(1395,'773',702,NULL,0,NULL,'Pembrokeshire',1),(1396,'774',702,NULL,0,NULL,'Powys',1),(1397,'775',702,NULL,0,NULL,'Radnorshire',1),(1398,'776',702,NULL,0,NULL,'South Glamorgan',1),(1399,'777',703,NULL,0,NULL,'Aberdeen, City of',1),(1400,'778',703,NULL,0,NULL,'Angus',1),(1401,'779',703,NULL,0,NULL,'Argyll',1),(1402,'780',703,NULL,0,NULL,'Ayrshire',1),(1403,'781',703,NULL,0,NULL,'Banffshire',1),(1404,'782',703,NULL,0,NULL,'Berwickshire',1),(1405,'783',703,NULL,0,NULL,'Bute',1),(1406,'784',703,NULL,0,NULL,'Caithness',1),(1407,'785',703,NULL,0,NULL,'Clackmannanshire',1),(1408,'786',703,NULL,0,NULL,'Dumfriesshire',1),(1409,'787',703,NULL,0,NULL,'Dumbartonshire',1),(1410,'788',703,NULL,0,NULL,'Dundee, City of',1),(1411,'789',703,NULL,0,NULL,'East Lothian',1),(1412,'790',703,NULL,0,NULL,'Fife',1),(1413,'791',703,NULL,0,NULL,'Inverness',1),(1414,'792',703,NULL,0,NULL,'Kincardineshire',1),(1415,'793',703,NULL,0,NULL,'Kinross-shire',1),(1416,'794',703,NULL,0,NULL,'Kirkcudbrightshire',1),(1417,'795',703,NULL,0,NULL,'Lanarkshire',1),(1418,'796',703,NULL,0,NULL,'Midlothian',1),(1419,'797',703,NULL,0,NULL,'Morayshire',1),(1420,'798',703,NULL,0,NULL,'Nairnshire',1),(1421,'799',703,NULL,0,NULL,'Orkney',1),(1422,'800',703,NULL,0,NULL,'Peebleshire',1),(1423,'801',703,NULL,0,NULL,'Perthshire',1),(1424,'802',703,NULL,0,NULL,'Renfrewshire',1),(1425,'803',703,NULL,0,NULL,'Ross & Cromarty',1),(1426,'804',703,NULL,0,NULL,'Roxburghshire',1),(1427,'805',703,NULL,0,NULL,'Selkirkshire',1),(1428,'806',703,NULL,0,NULL,'Shetland',1),(1429,'807',703,NULL,0,NULL,'Stirlingshire',1),(1430,'808',703,NULL,0,NULL,'Sutherland',1),(1431,'809',703,NULL,0,NULL,'West Lothian',1),(1432,'810',703,NULL,0,NULL,'Wigtownshire',1),(1433,'811',704,NULL,0,NULL,'Antrim',1),(1434,'812',704,NULL,0,NULL,'Armagh',1),(1435,'813',704,NULL,0,NULL,'Co. Down',1),(1436,'814',704,NULL,0,NULL,'Co. Fermanagh',1),(1437,'815',704,NULL,0,NULL,'Co. Londonderry',1),(1438,'AN',11701,NULL,0,'AN','Andaman & Nicobar',1),(1439,'AP',11701,NULL,0,'AP','Andhra Pradesh',1),(1440,'AR',11701,NULL,0,'AR','Arunachal Pradesh',1),(1441,'AS',11701,NULL,0,'AS','Assam',1),(1442,'BR',11701,NULL,0,'BR','Bihar',1),(1443,'CG',11701,NULL,0,'CG','Chattisgarh',1),(1444,'CH',11701,NULL,0,'CH','Chandigarh',1),(1445,'DD',11701,NULL,0,'DD','Daman & Diu',1),(1446,'DL',11701,NULL,0,'DL','Delhi',1),(1447,'DN',11701,NULL,0,'DN','Dadra and Nagar Haveli',1),(1448,'GA',11701,NULL,0,'GA','Goa',1),(1449,'GJ',11701,NULL,0,'GJ','Gujarat',1),(1450,'HP',11701,NULL,0,'HP','Himachal Pradesh',1),(1451,'HR',11701,NULL,0,'HR','Haryana',1),(1452,'JH',11701,NULL,0,'JH','Jharkhand',1),(1453,'JK',11701,NULL,0,'JK','Jammu & Kashmir',1),(1454,'KA',11701,NULL,0,'KA','Karnataka',1),(1455,'KL',11701,NULL,0,'KL','Kerala',1),(1456,'LD',11701,NULL,0,'LD','Lakshadweep',1),(1457,'MH',11701,NULL,0,'MH','Maharashtra',1),(1458,'ML',11701,NULL,0,'ML','Meghalaya',1),(1459,'MN',11701,NULL,0,'MN','Manipur',1),(1460,'MP',11701,NULL,0,'MP','Madhya Pradesh',1),(1461,'MZ',11701,NULL,0,'MZ','Mizoram',1),(1462,'NL',11701,NULL,0,'NL','Nagaland',1),(1463,'OR',11701,NULL,0,'OR','Orissa',1),(1464,'PB',11701,NULL,0,'PB','Punjab',1),(1465,'PY',11701,NULL,0,'PY','Puducherry',1),(1466,'RJ',11701,NULL,0,'RJ','Rajasthan',1),(1467,'SK',11701,NULL,0,'SK','Sikkim',1),(1468,'TE',11701,NULL,0,'TE','Telangana',1),(1469,'TN',11701,NULL,0,'TN','Tamil Nadu',1),(1470,'TR',11701,NULL,0,'TR','Tripura',1),(1471,'UL',11701,NULL,0,'UL','Uttarakhand',1),(1472,'UP',11701,NULL,0,'UP','Uttar Pradesh',1),(1473,'WB',11701,NULL,0,'WB','West Bengal',1),(1474,'BA',11801,NULL,0,'BA','Bali',1),(1475,'BB',11801,NULL,0,'BB','Bangka Belitung',1),(1476,'BT',11801,NULL,0,'BT','Banten',1),(1477,'BE',11801,NULL,0,'BA','Bengkulu',1),(1478,'YO',11801,NULL,0,'YO','DI Yogyakarta',1),(1479,'JK',11801,NULL,0,'JK','DKI Jakarta',1),(1480,'GO',11801,NULL,0,'GO','Gorontalo',1),(1481,'JA',11801,NULL,0,'JA','Jambi',1),(1482,'JB',11801,NULL,0,'JB','Jawa Barat',1),(1483,'JT',11801,NULL,0,'JT','Jawa Tengah',1),(1484,'JI',11801,NULL,0,'JI','Jawa Timur',1),(1485,'KB',11801,NULL,0,'KB','Kalimantan Barat',1),(1486,'KS',11801,NULL,0,'KS','Kalimantan Selatan',1),(1487,'KT',11801,NULL,0,'KT','Kalimantan Tengah',1),(1488,'KI',11801,NULL,0,'KI','Kalimantan Timur',1),(1489,'KU',11801,NULL,0,'KU','Kalimantan Utara',1),(1490,'KR',11801,NULL,0,'KR','Kepulauan Riau',1),(1491,'LA',11801,NULL,0,'LA','Lampung',1),(1492,'MA',11801,NULL,0,'MA','Maluku',1),(1493,'MU',11801,NULL,0,'MU','Maluku Utara',1),(1494,'AC',11801,NULL,0,'AC','Nanggroe Aceh Darussalam',1),(1495,'NB',11801,NULL,0,'NB','Nusa Tenggara Barat',1),(1496,'NT',11801,NULL,0,'NT','Nusa Tenggara Timur',1),(1497,'PA',11801,NULL,0,'PA','Papua',1),(1498,'PB',11801,NULL,0,'PB','Papua Barat',1),(1499,'RI',11801,NULL,0,'RI','Riau',1),(1500,'SR',11801,NULL,0,'SR','Sulawesi Barat',1),(1501,'SN',11801,NULL,0,'SN','Sulawesi Selatan',1),(1502,'ST',11801,NULL,0,'ST','Sulawesi Tengah',1),(1503,'SG',11801,NULL,0,'SG','Sulawesi Tenggara',1),(1504,'SA',11801,NULL,0,'SA','Sulawesi Utara',1),(1505,'SB',11801,NULL,0,'SB','Sumatera Barat',1),(1506,'SS',11801,NULL,0,'SS','Sumatera Selatan',1),(1507,'SU',11801,NULL,0,'SU','Sumatera Utara	',1),(1508,'CMX',15401,'',0,'CMX','Ciudad de México',1),(1509,'AGS',15401,'',0,'AGS','Aguascalientes',1),(1510,'BCN',15401,'',0,'BCN','Baja California Norte',1),(1511,'BCS',15401,'',0,'BCS','Baja California Sur',1),(1512,'CAM',15401,'',0,'CAM','Campeche',1),(1513,'CHP',15401,'',0,'CHP','Chiapas',1),(1514,'CHI',15401,'',0,'CHI','Chihuahua',1),(1515,'COA',15401,'',0,'COA','Coahuila',1),(1516,'COL',15401,'',0,'COL','Colima',1),(1517,'DUR',15401,'',0,'DUR','Durango',1),(1518,'GTO',15401,'',0,'GTO','Guanajuato',1),(1519,'GRO',15401,'',0,'GRO','Guerrero',1),(1520,'HGO',15401,'',0,'HGO','Hidalgo',1),(1521,'JAL',15401,'',0,'JAL','Jalisco',1),(1522,'MEX',15401,'',0,'MEX','México',1),(1523,'MIC',15401,'',0,'MIC','Michoacán de Ocampo',1),(1524,'MOR',15401,'',0,'MOR','Morelos',1),(1525,'NAY',15401,'',0,'NAY','Nayarit',1),(1526,'NLE',15401,'',0,'NLE','Nuevo León',1),(1527,'OAX',15401,'',0,'OAX','Oaxaca',1),(1528,'PUE',15401,'',0,'PUE','Puebla',1),(1529,'QRO',15401,'',0,'QRO','Querétaro',1),(1530,'ROO',15401,'',0,'ROO','Quintana Roo',1),(1531,'SLP',15401,'',0,'SLP','San Luis Potosí',1),(1532,'SIN',15401,'',0,'SIN','Sinaloa',1),(1533,'SON',15401,'',0,'SON','Sonora',1),(1534,'TAB',15401,'',0,'TAB','Tabasco',1),(1535,'TAM',15401,'',0,'TAM','Tamaulipas',1),(1536,'TLX',15401,'',0,'TLX','Tlaxcala',1),(1537,'VER',15401,'',0,'VER','Veracruz',1),(1538,'YUC',15401,'',0,'YUC','Yucatán',1),(1539,'ZAC',15401,'',0,'ZAC','Zacatecas',1),(1540,'VE-L',23201,'',0,'VE-L','Mérida',1),(1541,'VE-T',23201,'',0,'VE-T','Trujillo',1),(1542,'VE-E',23201,'',0,'VE-E','Barinas',1),(1543,'VE-M',23202,'',0,'VE-M','Miranda',1),(1544,'VE-W',23202,'',0,'VE-W','Vargas',1),(1545,'VE-A',23202,'',0,'VE-A','Distrito Capital',1),(1546,'VE-D',23203,'',0,'VE-D','Aragua',1),(1547,'VE-G',23203,'',0,'VE-G','Carabobo',1),(1548,'VE-I',23204,'',0,'VE-I','Falcón',1),(1549,'VE-K',23204,'',0,'VE-K','Lara',1),(1550,'VE-U',23204,'',0,'VE-U','Yaracuy',1),(1551,'VE-F',23205,'',0,'VE-F','Bolívar',1),(1552,'VE-X',23205,'',0,'VE-X','Amazonas',1),(1553,'VE-Y',23205,'',0,'VE-Y','Delta Amacuro',1),(1554,'VE-O',23206,'',0,'VE-O','Nueva Esparta',1),(1555,'VE-Z',23206,'',0,'VE-Z','Dependencias Federales',1),(1556,'VE-C',23207,'',0,'VE-C','Apure',1),(1557,'VE-J',23207,'',0,'VE-J','Guárico',1),(1558,'VE-H',23207,'',0,'VE-H','Cojedes',1),(1559,'VE-P',23207,'',0,'VE-P','Portuguesa',1),(1560,'VE-B',23208,'',0,'VE-B','Anzoátegui',1),(1561,'VE-N',23208,'',0,'VE-N','Monagas',1),(1562,'VE-R',23208,'',0,'VE-R','Sucre',1),(1563,'VE-V',23209,'',0,'VE-V','Zulia',1),(1564,'VE-S',23209,'',0,'VE-S','Táchira',1),(1565,'BI0001',6101,'',0,'','Bubanza',1),(1566,'BI0002',6101,'',0,'','Gihanga',1),(1567,'BI0003',6101,'',0,'','Musigati',1),(1568,'BI0004',6101,'',0,'','Mpanda',1),(1569,'BI0005',6101,'',0,'','Rugazi',1),(1570,'BI0006',6102,'',0,'','Muha',1),(1571,'BI0007',6102,'',0,'','Mukaza',1),(1572,'BI0008',6102,'',0,'','Ntahangwa',1),(1573,'BI0009',6103,'',0,'','Isale',1),(1574,'BI0010',6103,'',0,'','Kabezi',1),(1575,'BI0011',6103,'',0,'','Kanyosha',1),(1576,'BI0012',6103,'',0,'','Mubimbi',1),(1577,'BI0013',6103,'',0,'','Mugongomanga',1),(1578,'BI0014',6103,'',0,'','Mukike',1),(1579,'BI0015',6103,'',0,'','Mutambu',1),(1580,'BI0016',6103,'',0,'','Mutimbuzi',1),(1581,'BI0017',6103,'',0,'','Nyabiraba',1),(1582,'BI0018',6104,'',0,'','Bururi',1),(1583,'BI0019',6104,'',0,'','Matana',1),(1584,'BI0020',6104,'',0,'','Mugamba',1),(1585,'BI0021',6104,'',0,'','Rutovu',1),(1586,'BI0022',6104,'',0,'','Songa',1),(1587,'BI0023',6104,'',0,'','Vyanda',1),(1588,'BI0024',6105,'',0,'','Cankuzo',1),(1589,'BI0025',6105,'',0,'','Cendajuru',1),(1590,'BI0026',6105,'',0,'','Gisagara',1),(1591,'BI0027',6105,'',0,'','Kigamba',1),(1592,'BI0028',6105,'',0,'','Mishiha',1),(1593,'BI0029',6106,'',0,'','Buganda',1),(1594,'BI0030',6106,'',0,'','Bukinanyana',1),(1595,'BI0031',6106,'',0,'','Mabayi',1),(1596,'BI0032',6106,'',0,'','Mugina',1),(1597,'BI0033',6106,'',0,'','Murwi',1),(1598,'BI0034',6106,'',0,'','Rugombo',1),(1599,'BI0035',6107,'',0,'','Bugendana',1),(1600,'BI0036',6107,'',0,'','Bukirasazi',1),(1601,'BI0037',6107,'',0,'','Buraza',1),(1602,'BI0038',6107,'',0,'','Giheta',1),(1603,'BI0039',6107,'',0,'','Gishubi',1),(1604,'BI0040',6107,'',0,'','Gitega',1),(1605,'BI0041',6107,'',0,'','Itaba',1),(1606,'BI0042',6107,'',0,'','Makebuko',1),(1607,'BI0043',6107,'',0,'','Mutaho',1),(1608,'BI0044',6107,'',0,'','Nyanrusange',1),(1609,'BI0045',6107,'',0,'','Ryansoro',1),(1610,'BI0046',6108,'',0,'','Bugenyuzi',1),(1611,'BI0047',6108,'',0,'','Buhiga',1),(1612,'BI0048',6108,'',0,'','Gihogazi',1),(1613,'BI0049',6108,'',0,'','Gitaramuka',1),(1614,'BI0050',6108,'',0,'','Mutumba',1),(1615,'BI0051',6108,'',0,'','Nyabikere',1),(1616,'BI0052',6108,'',0,'','Shombo',1),(1617,'BI0053',6109,'',0,'','Butaganzwa',1),(1618,'BI0054',6109,'',0,'','Gahombo',1),(1619,'BI0055',6109,'',0,'','Gatara',1),(1620,'BI0056',6109,'',0,'','Kabarore',1),(1621,'BI0057',6109,'',0,'','Kayanza',1),(1622,'BI0058',6109,'',0,'','Matongo',1),(1623,'BI0059',6109,'',0,'','Muhanga',1),(1624,'BI0060',6109,'',0,'','Muruta',1),(1625,'BI0061',6109,'',0,'','Rango',1),(1626,'BI0062',6110,'',0,'','Bugabira',1),(1627,'BI0063',6110,'',0,'','Busoni',1),(1628,'BI0064',6110,'',0,'','Bwambarangwe',1),(1629,'BI0065',6110,'',0,'','Gitobe',1),(1630,'BI0066',6110,'',0,'','Kirundo',1),(1631,'BI0067',6110,'',0,'','Ntega',1),(1632,'BI0068',6110,'',0,'','Vumbi',1),(1633,'BI0069',6111,'',0,'','Kayogoro',1),(1634,'BI0070',6111,'',0,'','Kibago',1),(1635,'BI0071',6111,'',0,'','Mabanda',1),(1636,'BI0072',6111,'',0,'','Makamba',1),(1637,'BI0073',6111,'',0,'','Nyanza-Lac',1),(1638,'BI0074',6111,'',0,'','Vugizo',1),(1639,'BI0075',6112,'',0,'','Bukeye',1),(1640,'BI0076',6112,'',0,'','Kiganda',1),(1641,'BI0077',6112,'',0,'','Mbuye',1),(1642,'BI0078',6112,'',0,'','Muramvya',1),(1643,'BI0079',6112,'',0,'','Rutegama',1),(1644,'BI0080',6113,'',0,'','Buhinyuza',1),(1645,'BI0081',6113,'',0,'','Butihinda',1),(1646,'BI0082',6113,'',0,'','Gashoho',1),(1647,'BI0083',6113,'',0,'','Gasorwe',1),(1648,'BI0084',6113,'',0,'','Giteranyi',1),(1649,'BI0085',6113,'',0,'','Muyinga',1),(1650,'BI0086',6113,'',0,'','Mwakiro',1),(1651,'BI0087',6114,'',0,'','Bisoro',1),(1652,'BI0088',6114,'',0,'','Gisozi',1),(1653,'BI0089',6114,'',0,'','Kayokwe',1),(1654,'BI0090',6114,'',0,'','Ndava',1),(1655,'BI0091',6114,'',0,'','Nyabihanga',1),(1656,'BI0092',6114,'',0,'','Rusaka',1),(1657,'BI0093',6115,'',0,'','Busiga',1),(1658,'BI0094',6115,'',0,'','Gashikanwa',1),(1659,'BI0095',6115,'',0,'','Kiremba',1),(1660,'BI0096',6115,'',0,'','Marangara',1),(1661,'BI0097',6115,'',0,'','Mwumba',1),(1662,'BI0098',6115,'',0,'','Ngozi',1),(1663,'BI0099',6115,'',0,'','Nyamurenza',1),(1664,'BI0100',6115,'',0,'','Ruhororo',1),(1665,'BI0101',6115,'',0,'','Tangara',1),(1666,'BI0102',6116,'',0,'','Bugarama',1),(1667,'BI0103',6116,'',0,'','Burambi',1),(1668,'BI0104',6116,'',0,'','Buyengero',1),(1669,'BI0105',6116,'',0,'','Muhuta',1),(1670,'BI0106',6116,'',0,'','Rumonge',1),(1671,'BI0107',6117,'',0,'','Bukemba',1),(1672,'BI0108',6117,'',0,'','Giharo',1),(1673,'BI0109',6117,'',0,'','Gitanga',1),(1674,'BI0110',6117,'',0,'','Mpinga-Kayove',1),(1675,'BI0111',6117,'',0,'','Musongati',1),(1676,'BI0112',6117,'',0,'','Rutana',1),(1677,'BI0113',6118,'',0,'','Butaganzwa',1),(1678,'BI0114',6118,'',0,'','Butezi',1),(1679,'BI0115',6118,'',0,'','Bweru',1),(1680,'BI0116',6118,'',0,'','Gisuru',1),(1681,'BI0117',6118,'',0,'','Kinyinya',1),(1682,'BI0118',6118,'',0,'','Nyabitsinda',1),(1683,'BI0119',6118,'',0,'','Ruyigi',1),(1684,'AE-1',22701,'',0,'','Abu Dhabi',1),(1685,'AE-2',22701,'',0,'','Dubai',1),(1686,'AE-3',22701,'',0,'','Ajman',1),(1687,'AE-4',22701,'',0,'','Fujairah',1),(1688,'AE-5',22701,'',0,'','Ras al-Khaimah',1),(1689,'AE-6',22701,'',0,'','Sharjah',1),(1690,'AE-7',22701,'',0,'','Umm al-Quwain',1);

--
-- Table structure for table `llx_c_ecotaxe`
--

CREATE TABLE `llx_c_ecotaxe` (
  `rowid` int(11) NOT NULL AUTO_INCREMENT,
  `code` varchar(64) NOT NULL,
  `label` varchar(255) DEFAULT NULL,
  `price` double(24,8) DEFAULT NULL,
  `organization` varchar(255) DEFAULT NULL,
  `fk_pays` int(11) NOT NULL,
  `active` tinyint(4) NOT NULL DEFAULT 1,
  PRIMARY KEY (`rowid`),
  UNIQUE KEY `uk_c_ecotaxe` (`code`)
) ENGINE=InnoDB AUTO_INCREMENT=20 DEFAULT CHARSET=utf8 COLLATE=utf8_unicode_ci;

--
-- Dumping data for table `llx_c_ecotaxe`
--

INSERT INTO `llx_c_ecotaxe` (`rowid`, `code`, `label`, `price`, `organization`, `fk_pays`, `active`) VALUES (1,'25040','PETIT APPAREILS MENAGERS',0.25000000,'Eco-systèmes',1,1),(2,'25050','TRES PETIT APPAREILS MENAGERS',0.08000000,'Eco-systèmes',1,1),(3,'32070','ECRAN POIDS < 5 KG',2.08000000,'Eco-systèmes',1,1),(4,'32080','ECRAN POIDS > 5 KG',1.25000000,'Eco-systèmes',1,1),(5,'32051','ORDINATEUR PORTABLE',0.42000000,'Eco-systèmes',1,1),(6,'32061','TABLETTE INFORMATIQUE',0.84000000,'Eco-systèmes',1,1),(7,'36011','ORDINATEUR FIXE (UC)',1.15000000,'Eco-systèmes',1,1),(8,'36021','IMPRIMANTES',0.83000000,'Eco-systèmes',1,1),(9,'36030','IT (INFORMATIQUE ET TELECOMS)',0.83000000,'Eco-systèmes',1,1),(10,'36040','PETIT IT (CLAVIERS / SOURIS)',0.08000000,'Eco-systèmes',1,1),(11,'36050','TELEPHONIE MOBILE',0.02000000,'Eco-systèmes',1,1),(12,'36060','CONNECTIQUE CABLES',0.02000000,'Eco-systèmes',1,1),(13,'45010','GROS MATERIEL GRAND PUBLIC (TELEAGRANDISSEURS)',1.67000000,'Eco-systèmes',1,1),(14,'45020','MOYEN MATERIEL GRAND PUBLIC (LOUPES ELECTRONIQUES)',0.42000000,'Eco-systèmes',1,1),(15,'45030','PETIT MATERIEL GRAND PUBLIC (VIE QUOTIDIENNE)',0.08000000,'Eco-systèmes',1,1),(16,'75030','JOUETS < 0,5 KG',0.08000000,'Eco-systèmes',1,1),(17,'75040','JOUETS ENTRE 0,5 KG ET 10 KG',0.17000000,'Eco-systèmes',1,1),(18,'74050','JOUETS > 10 KG',1.67000000,'Eco-systèmes',1,1),(19,'85010','EQUIPEMENT MEDICAL < 0,5 KG',0.08000000,'Eco-systèmes',1,1);

--
-- Table structure for table `llx_c_effectif`
--

CREATE TABLE `llx_c_effectif` (
  `id` int(11) NOT NULL,
  `code` varchar(12) NOT NULL,
  `libelle` varchar(128) DEFAULT NULL,
  `active` tinyint(4) NOT NULL DEFAULT 1,
  `module` varchar(32) DEFAULT NULL,
  PRIMARY KEY (`id`),
  UNIQUE KEY `uk_c_effectif` (`code`)
) ENGINE=InnoDB DEFAULT CHARSET=utf8 COLLATE=utf8_unicode_ci;

--
-- Dumping data for table `llx_c_effectif`
--

INSERT INTO `llx_c_effectif` (`id`, `code`, `libelle`, `active`, `module`) VALUES (0,'EF0','-',1,NULL),(1,'EF1-5','1 - 5',1,NULL),(2,'EF6-10','6 - 10',1,NULL),(3,'EF11-50','11 - 50',1,NULL),(4,'EF51-100','51 - 100',1,NULL),(5,'EF101-500','101 - 500',1,NULL),(6,'EF500-','> 500',1,NULL);

--
-- Table structure for table `llx_c_email_senderprofile`
--

CREATE TABLE `llx_c_email_senderprofile` (
  `rowid` int(11) NOT NULL AUTO_INCREMENT,
  `entity` int(11) NOT NULL DEFAULT 1,
  `private` smallint(6) NOT NULL DEFAULT 0,
  `date_creation` datetime DEFAULT NULL,
  `tms` timestamp NOT NULL DEFAULT current_timestamp() ON UPDATE current_timestamp(),
  `label` varchar(255) DEFAULT NULL,
  `email` varchar(255) NOT NULL,
  `signature` text DEFAULT NULL,
  `position` smallint(6) DEFAULT 0,
  `active` tinyint(4) NOT NULL DEFAULT 1,
  PRIMARY KEY (`rowid`),
  UNIQUE KEY `uk_c_email_senderprofile` (`entity`,`label`,`email`)
) ENGINE=InnoDB DEFAULT CHARSET=utf8 COLLATE=utf8_unicode_ci;

--
-- Dumping data for table `llx_c_email_senderprofile`
--


--
-- Table structure for table `llx_c_email_templates`
--

CREATE TABLE `llx_c_email_templates` (
  `rowid` int(11) NOT NULL AUTO_INCREMENT,
  `entity` int(11) NOT NULL DEFAULT 1,
  `module` varchar(32) DEFAULT NULL,
  `type_template` varchar(32) DEFAULT NULL,
  `lang` varchar(6) DEFAULT '',
  `private` smallint(6) NOT NULL DEFAULT 0,
  `fk_user` int(11) DEFAULT NULL,
  `datec` datetime DEFAULT NULL,
  `tms` timestamp NOT NULL DEFAULT current_timestamp() ON UPDATE current_timestamp(),
  `label` varchar(180) DEFAULT NULL,
  `position` smallint(6) DEFAULT NULL,
  `enabled` varchar(255) DEFAULT '1',
  `active` tinyint(4) NOT NULL DEFAULT 1,
  `email_from` varchar(255) DEFAULT NULL,
  `email_to` varchar(255) DEFAULT NULL,
  `email_tocc` varchar(255) DEFAULT NULL,
  `email_tobcc` varchar(255) DEFAULT NULL,
  `topic` text DEFAULT NULL,
  `joinfiles` text DEFAULT NULL,
  `content` mediumtext DEFAULT NULL,
  `content_lines` text DEFAULT NULL,
  `defaultfortype` smallint(6) DEFAULT 0,
  PRIMARY KEY (`rowid`),
  UNIQUE KEY `uk_c_email_templates` (`entity`,`label`,`lang`),
  KEY `idx_type` (`type_template`)
) ENGINE=InnoDB AUTO_INCREMENT=56 DEFAULT CHARSET=utf8 COLLATE=utf8_unicode_ci;

--
-- Dumping data for table `llx_c_email_templates`
--

INSERT INTO `llx_c_email_templates` (`rowid`, `entity`, `module`, `type_template`, `lang`, `private`, `fk_user`, `datec`, `tms`, `label`, `position`, `enabled`, `active`, `email_from`, `email_to`, `email_tocc`, `email_tobcc`, `topic`, `joinfiles`, `content`, `content_lines`, `defaultfortype`) VALUES (1,0,'banque','thirdparty','',0,NULL,NULL,'2023-01-03 09:40:51','(YourSEPAMandate)',1,'isModEnabled(\"societe\") && isModEnabled(\"banque\") && isModEnabled(\"prelevement\")',0,NULL,NULL,NULL,NULL,'__(YourSEPAMandate)__','0','__(Hello)__,<br><br>\n\n__(FindYourSEPAMandate)__ :<br>\n__MYCOMPANY_NAME__<br>\n__MYCOMPANY_FULLADDRESS__<br><br>\n__(Sincerely)__<br>\n__USER_SIGNATURE__',NULL,0),(2,0,'adherent','member','',0,NULL,NULL,'2023-01-03 09:40:51','(SendingEmailOnAutoSubscription)',10,'isModEnabled(\"adherent\")',1,NULL,NULL,NULL,NULL,'[__[MAIN_INFO_SOCIETE_NOM]__] __(YourMembershipRequestWasReceived)__','0','__(Hello)__ __MEMBER_FULLNAME__,<br><br>\n\n__(ThisIsContentOfYourMembershipRequestWasReceived)__<br>\n<br>__ONLINE_PAYMENT_TEXT_AND_URL__<br>\n<br><br>\n__(Sincerely)__<br>__USER_SIGNATURE__',NULL,0),(3,0,'adherent','member','',0,NULL,NULL,'2023-01-03 09:40:51','(SendingEmailOnMemberValidation)',20,'isModEnabled(\"adherent\")',1,NULL,NULL,NULL,NULL,'[__[MAIN_INFO_SOCIETE_NOM]__] __(YourMembershipWasValidated)__','0','__(Hello)__ __MEMBER_FULLNAME__,<br><br>\n\n__(ThisIsContentOfYourMembershipWasValidated)__<br>__(FirstName)__ : __MEMBER_FIRSTNAME__<br>__(LastName)__ : __MEMBER_LASTNAME__<br>__(ID)__ : __MEMBER_ID__<br>\n<br>__ONLINE_PAYMENT_TEXT_AND_URL__<br>\n<br><br>\n__(Sincerely)__<br>__USER_SIGNATURE__',NULL,0),(4,0,'adherent','member','',0,NULL,NULL,'2023-01-03 09:40:51','(SendingEmailOnNewSubscription)',30,'isModEnabled(\"adherent\")',1,NULL,NULL,NULL,NULL,'[__[MAIN_INFO_SOCIETE_NOM]__] __(YourSubscriptionWasRecorded)__','1','__(Hello)__ __MEMBER_FULLNAME__,<br><br>\n\n__(ThisIsContentOfYourSubscriptionWasRecorded)__<br>\n\n<br><br>\n__(Sincerely)__<br>__USER_SIGNATURE__',NULL,0),(5,0,'adherent','member','',0,NULL,NULL,'2023-01-03 09:40:51','(SendingReminderForExpiredSubscription)',40,'isModEnabled(\"adherent\")',1,NULL,NULL,NULL,NULL,'[__[MAIN_INFO_SOCIETE_NOM]__] __(SubscriptionReminderEmail)__','0','__(Hello)__ __MEMBER_FULLNAME__,<br><br>\n\n__(ThisIsContentOfSubscriptionReminderEmail)__<br>\n<br>__ONLINE_PAYMENT_TEXT_AND_URL__<br>\n<br><br>\n__(Sincerely)__<br>__USER_SIGNATURE__',NULL,0),(6,0,'adherent','member','',0,NULL,NULL,'2023-01-03 09:40:51','(SendingEmailOnCancelation)',50,'isModEnabled(\"adherent\")',1,NULL,NULL,NULL,NULL,'[__[MAIN_INFO_SOCIETE_NOM]__] __(YourMembershipWasCanceled)__','0','__(Hello)__ __MEMBER_FULLNAME__,<br><br>\n\n__(YourMembershipWasCanceled)__<br>\n<br><br>\n__(Sincerely)__<br>__USER_SIGNATURE__',NULL,0),(7,0,'adherent','member','',0,NULL,NULL,'2023-01-03 09:40:51','(SendingAnEMailToMember)',60,'isModEnabled(\"adherent\")',1,NULL,NULL,NULL,NULL,'[__[MAIN_INFO_SOCIETE_NOM]__] __(CardContent)__','0','__(Hello)__,<br><br>\n\n__(ThisIsContentOfYourCard)__<br>\n__(ID)__ : __ID__<br>\n__(Civility)__ : __MEMBER_CIVILITY__<br>\n__(Firstname)__ : __MEMBER_FIRSTNAME__<br>\n__(Lastname)__ : __MEMBER_LASTNAME__<br>\n__(Fullname)__ : __MEMBER_FULLNAME__<br>\n__(Company)__ : __MEMBER_COMPANY__<br>\n__(Address)__ : __MEMBER_ADDRESS__<br>\n__(Zip)__ : __MEMBER_ZIP__<br>\n__(Town)__ : __MEMBER_TOWN__<br>\n__(Country)__ : __MEMBER_COUNTRY__<br>\n__(Email)__ : __MEMBER_EMAIL__<br>\n__(Birthday)__ : __MEMBER_BIRTH__<br>\n__(Photo)__ : __MEMBER_PHOTO__<br>\n__(Login)__ : __MEMBER_LOGIN__<br>\n__(Phone)__ : __MEMBER_PHONE__<br>\n__(PhonePerso)__ : __MEMBER_PHONEPRO__<br>\n__(PhoneMobile)__ : __MEMBER_PHONEMOBILE__<br><br>\n__(Sincerely)__<br>__USER_SIGNATURE__',NULL,0),(8,0,'recruitment','recruitmentcandidature_send','',0,NULL,NULL,'2023-01-03 09:40:51','(AnswerCandidature)',100,'isModEnabled(\"recruitment\")',1,NULL,NULL,NULL,NULL,'[__[MAIN_INFO_SOCIETE_NOM]__] __(YourCandidature)__','0','__(Hello)__ __CANDIDATE_FULLNAME__,<br><br>\n\n__(YourCandidatureAnswerMessage)__<br>__ONLINE_INTERVIEW_SCHEDULER_TEXT_AND_URL__\n<br><br>\n__(Sincerely)__<br>__USER_SIGNATURE__',NULL,0),(9,0,'','conferenceorbooth','',0,NULL,NULL,'2023-01-03 09:40:51','(EventOrganizationEmailAskConf)',10,'1',1,NULL,NULL,NULL,NULL,'[__[MAIN_INFO_SOCIETE_NOM]__] __(EventOrganizationEmailAskConf)__',NULL,'__(Hello)__,<br /><br />__(OrganizationEventConfRequestWasReceived)__<br /><br /><br />__(Sincerely)__<br />__USER_SIGNATURE__',NULL,0),(10,0,'','conferenceorbooth','',0,NULL,NULL,'2023-01-03 09:40:51','(EventOrganizationEmailAskBooth)',20,'1',1,NULL,NULL,NULL,NULL,'[__[MAIN_INFO_SOCIETE_NOM]__] __(EventOrganizationEmailAskBooth)__',NULL,'__(Hello)__,<br /><br />__(OrganizationEventBoothRequestWasReceived)__<br /><br /><br />__(Sincerely)__<br />__USER_SIGNATURE__',NULL,0),(11,0,'','conferenceorbooth','',0,NULL,NULL,'2023-01-03 09:40:51','(EventOrganizationEmailBoothPayment)',30,'1',1,NULL,NULL,NULL,NULL,'[__[MAIN_INFO_SOCIETE_NOM]__] __(EventOrganizationEmailBoothPayment)__',NULL,'__(Hello)__,<br /><br />__(OrganizationEventPaymentOfBoothWasReceived)__<br /><br /><br />__(Sincerely)__<br />__USER_SIGNATURE__',NULL,0),(12,0,'','conferenceorbooth','',0,NULL,NULL,'2023-01-03 09:40:51','(EventOrganizationEmailRegistrationPayment)',40,'1',1,NULL,NULL,NULL,NULL,'[__[MAIN_INFO_SOCIETE_NOM]__] __(EventOrganizationEmailRegistrationPayment)__',NULL,'__(Hello)__,<br /><br />__(OrganizationEventPaymentOfRegistrationWasReceived)__<br /><br />__(Sincerely)__<br />__USER_SIGNATURE__',NULL,0),(13,0,'','conferenceorbooth','',0,NULL,NULL,'2023-01-03 09:40:51','(EventOrganizationMassEmailAttendees)',50,'1',1,NULL,NULL,NULL,NULL,'[__[MAIN_INFO_SOCIETE_NOM]__] __(EventOrganizationMassEmailAttendees)__',NULL,'__(Hello)__,<br /><br />__(OrganizationEventBulkMailToAttendees)__<br /><br />__(Sincerely)__<br />__USER_SIGNATURE__',NULL,0),(14,0,'','conferenceorbooth','',0,NULL,NULL,'2023-01-03 09:40:51','(EventOrganizationMassEmailSpeakers)',60,'1',1,NULL,NULL,NULL,NULL,'[__[MAIN_INFO_SOCIETE_NOM]__] __(EventOrganizationMassEmailSpeakers)__',NULL,'__(Hello)__,<br /><br />__(OrganizationEventBulkMailToSpeakers)__<br /><br />__(Sincerely)__<br />__USER_SIGNATURE__',NULL,0),(15,0,'partnership','partnership_send','',0,NULL,NULL,'2023-01-03 09:40:51','(SendingEmailOnPartnershipWillSoonBeCanceled)',100,'1',1,NULL,NULL,NULL,NULL,'[__[MAIN_INFO_SOCIETE_NOM]__] - __(YourPartnershipWillSoonBeCanceledTopic)__','0','<body>\n <p>__(Hello)__,<br><br>\n__(YourPartnershipWillSoonBeCanceledContent)__</p>\n<br />\n\n<br />\n\n            __(Sincerely)__ <br />\n            __[MAIN_INFO_SOCIETE_NOM]__ <br />\n </body>\n',NULL,0),(16,0,'partnership','partnership_send','',0,NULL,NULL,'2023-01-03 09:40:51','(SendingEmailOnPartnershipCanceled)',100,'1',1,NULL,NULL,NULL,NULL,'[__[MAIN_INFO_SOCIETE_NOM]__] - __(YourPartnershipCanceledTopic)__','0','<body>\n <p>__(Hello)__,<br><br>\n__(YourPartnershipCanceledContent)__</p>\n<br />\n\n<br />\n\n            __(Sincerely)__ <br />\n            __[MAIN_INFO_SOCIETE_NOM]__ <br />\n </body>\n',NULL,0),(17,0,'partnership','partnership_send','',0,NULL,NULL,'2023-01-03 09:40:51','(SendingEmailOnPartnershipRefused)',100,'1',1,NULL,NULL,NULL,NULL,'[__[MAIN_INFO_SOCIETE_NOM]__] - __(YourPartnershipRefusedTopic)__','0','<body>\n <p>__(Hello)__,<br><br>\n__(YourPartnershipRefusedContent)__</p>\n<br />\n\n<br />\n\n            __(Sincerely)__ <br />\n            __[MAIN_INFO_SOCIETE_NOM]__ <br />\n </body>\n',NULL,0),(18,0,'partnership','partnership_send','',0,NULL,NULL,'2023-01-03 09:40:51','(SendingEmailOnPartnershipAccepted)',100,'1',1,NULL,NULL,NULL,NULL,'[__[MAIN_INFO_SOCIETE_NOM]__] - __(YourPartnershipAcceptedTopic)__','0','<body>\n <p>__(Hello)__,<br><br>\n__(YourPartnershipAcceptedContent)__</p>\n<br />\n\n<br />\n\n            __(Sincerely)__ <br />\n            __[MAIN_INFO_SOCIETE_NOM]__ <br />\n </body>\n',NULL,0),(19,1,NULL,'facture_send','',0,NULL,NULL,'2023-01-12 10:29:09','FACTURE',1,'1',1,NULL,NULL,NULL,NULL,'Facture bières La TUTE __REF__','1','Bonjour,&nbsp;<br />\r\n<br />\r\nVeuillez trouver ci-joint la facture __REF__<br />\r\n<br />\r\n__USER_SIGNATURE__<br />\r\n<br />\r\n&nbsp;',NULL,0);

--
-- Table structure for table `llx_c_exp_tax_cat`
--

CREATE TABLE `llx_c_exp_tax_cat` (
  `rowid` int(11) NOT NULL AUTO_INCREMENT,
  `label` varchar(128) DEFAULT NULL,
  `entity` int(11) NOT NULL DEFAULT 1,
  `active` int(11) NOT NULL DEFAULT 1,
  PRIMARY KEY (`rowid`)
) ENGINE=InnoDB AUTO_INCREMENT=29 DEFAULT CHARSET=utf8 COLLATE=utf8_unicode_ci;

--
-- Dumping data for table `llx_c_exp_tax_cat`
--

INSERT INTO `llx_c_exp_tax_cat` (`rowid`, `label`, `entity`, `active`) VALUES (1,'ExpAutoCat',1,0),(2,'ExpCycloCat',1,0),(3,'ExpMotoCat',1,0),(4,'ExpAuto3CV',1,1),(5,'ExpAuto4CV',1,1),(6,'ExpAuto5CV',1,1),(7,'ExpAuto6CV',1,1),(8,'ExpAuto7CV',1,1),(9,'ExpAuto8CV',1,1),(10,'ExpAuto9CV',1,0),(11,'ExpAuto10CV',1,0),(12,'ExpAuto11CV',1,0),(13,'ExpAuto12CV',1,0),(14,'ExpAuto3PCV',1,0),(15,'ExpAuto4PCV',1,0),(16,'ExpAuto5PCV',1,0),(17,'ExpAuto6PCV',1,0),(18,'ExpAuto7PCV',1,0),(19,'ExpAuto8PCV',1,0),(20,'ExpAuto9PCV',1,0),(21,'ExpAuto10PCV',1,0),(22,'ExpAuto11PCV',1,0),(23,'ExpAuto12PCV',1,0),(24,'ExpAuto13PCV',1,0),(25,'ExpCyclo',1,0),(26,'ExpMoto12CV',1,0),(27,'ExpMoto345CV',1,0),(28,'ExpMoto5PCV',1,0);

--
-- Table structure for table `llx_c_exp_tax_range`
--

CREATE TABLE `llx_c_exp_tax_range` (
  `rowid` int(11) NOT NULL AUTO_INCREMENT,
  `fk_c_exp_tax_cat` int(11) NOT NULL DEFAULT 1,
  `range_ik` double NOT NULL DEFAULT 0,
  `entity` int(11) NOT NULL DEFAULT 1,
  `active` int(11) NOT NULL DEFAULT 1,
  PRIMARY KEY (`rowid`)
) ENGINE=InnoDB AUTO_INCREMENT=16 DEFAULT CHARSET=utf8 COLLATE=utf8_unicode_ci;

--
-- Dumping data for table `llx_c_exp_tax_range`
--

INSERT INTO `llx_c_exp_tax_range` (`rowid`, `fk_c_exp_tax_cat`, `range_ik`, `entity`, `active`) VALUES (1,4,0,1,1),(2,4,5000,1,1),(3,4,20000,1,1),(4,5,0,1,1),(5,5,5000,1,1),(6,5,20000,1,1),(7,6,0,1,1),(8,6,5000,1,1),(9,6,20000,1,1),(10,7,0,1,1),(11,7,5000,1,1),(12,7,20000,1,1),(13,8,0,1,1),(14,8,5000,1,1),(15,8,20000,1,1);

--
-- Table structure for table `llx_c_field_list`
--

CREATE TABLE `llx_c_field_list` (
  `rowid` int(11) NOT NULL AUTO_INCREMENT,
  `tms` timestamp NOT NULL DEFAULT current_timestamp() ON UPDATE current_timestamp(),
  `element` varchar(64) NOT NULL,
  `entity` int(11) NOT NULL DEFAULT 1,
  `name` varchar(32) NOT NULL,
  `alias` varchar(32) NOT NULL,
  `title` varchar(32) NOT NULL,
  `align` varchar(6) DEFAULT 'left',
  `sort` tinyint(4) NOT NULL DEFAULT 1,
  `search` tinyint(4) NOT NULL DEFAULT 0,
  `visible` tinyint(4) NOT NULL DEFAULT 1,
  `enabled` varchar(255) DEFAULT '1',
  `rang` int(11) DEFAULT 0,
  PRIMARY KEY (`rowid`)
) ENGINE=InnoDB DEFAULT CHARSET=utf8 COLLATE=utf8_unicode_ci;

--
-- Dumping data for table `llx_c_field_list`
--


--
-- Table structure for table `llx_c_format_cards`
--

CREATE TABLE `llx_c_format_cards` (
  `rowid` int(11) NOT NULL AUTO_INCREMENT,
  `code` varchar(50) NOT NULL,
  `name` varchar(50) NOT NULL,
  `paper_size` varchar(20) NOT NULL,
  `orientation` varchar(1) NOT NULL,
  `metric` varchar(5) NOT NULL,
  `leftmargin` double(24,8) NOT NULL,
  `topmargin` double(24,8) NOT NULL,
  `nx` int(11) NOT NULL,
  `ny` int(11) NOT NULL,
  `spacex` double(24,8) NOT NULL,
  `spacey` double(24,8) NOT NULL,
  `width` double(24,8) NOT NULL,
  `height` double(24,8) NOT NULL,
  `font_size` int(11) NOT NULL,
  `custom_x` double(24,8) NOT NULL,
  `custom_y` double(24,8) NOT NULL,
  `active` int(11) NOT NULL,
  PRIMARY KEY (`rowid`)
) ENGINE=InnoDB AUTO_INCREMENT=12 DEFAULT CHARSET=utf8 COLLATE=utf8_unicode_ci;

--
-- Dumping data for table `llx_c_format_cards`
--

INSERT INTO `llx_c_format_cards` (`rowid`, `code`, `name`, `paper_size`, `orientation`, `metric`, `leftmargin`, `topmargin`, `nx`, `ny`, `spacex`, `spacey`, `width`, `height`, `font_size`, `custom_x`, `custom_y`, `active`) VALUES (1,'5160','Avery-5160, WL-875WX','letter','P','mm',5.58165000,12.70000000,3,10,3.55600000,0.00000000,65.87490000,25.40000000,7,0.00000000,0.00000000,1),(2,'5161','Avery-5161, WL-75WX','letter','P','mm',4.44500000,12.70000000,2,10,3.96800000,0.00000000,101.60000000,25.40000000,7,0.00000000,0.00000000,1),(3,'5162','Avery-5162, WL-100WX','letter','P','mm',3.87350000,22.35200000,2,7,4.95400000,0.00000000,101.60000000,33.78100000,8,0.00000000,0.00000000,1),(4,'5163','Avery-5163, WL-125WX','letter','P','mm',4.57200000,12.70000000,2,5,3.55600000,0.00000000,101.60000000,50.80000000,10,0.00000000,0.00000000,1),(5,'5164','Avery-5164 (inch)','letter','P','in',0.14800000,0.50000000,2,3,0.20310000,0.00000000,4.00000000,3.33000000,12,0.00000000,0.00000000,0),(6,'8600','Avery-8600','letter','P','mm',7.10000000,19.00000000,3,10,9.50000000,3.10000000,66.60000000,25.40000000,7,0.00000000,0.00000000,1),(7,'99012','DYMO 99012 89*36mm','custom','L','mm',1.00000000,1.00000000,1,1,0.00000000,0.00000000,36.00000000,89.00000000,10,36.00000000,89.00000000,1),(8,'99014','DYMO 99014 101*54mm','custom','L','mm',1.00000000,1.00000000,1,1,0.00000000,0.00000000,54.00000000,101.00000000,10,54.00000000,101.00000000,1),(9,'AVERYC32010','Avery-C32010','A4','P','mm',15.00000000,13.00000000,2,5,10.00000000,0.00000000,85.00000000,54.00000000,10,0.00000000,0.00000000,1),(10,'CARD','Dolibarr Business cards','A4','P','mm',15.00000000,15.00000000,2,5,0.00000000,0.00000000,85.00000000,54.00000000,10,0.00000000,0.00000000,1),(11,'L7163','Avery-L7163','A4','P','mm',5.00000000,15.00000000,2,7,2.50000000,0.00000000,99.10000000,38.10000000,8,0.00000000,0.00000000,1);

--
-- Table structure for table `llx_c_forme_juridique`
--

CREATE TABLE `llx_c_forme_juridique` (
  `rowid` int(11) NOT NULL AUTO_INCREMENT,
  `code` int(11) NOT NULL,
  `fk_pays` int(11) NOT NULL,
  `libelle` varchar(255) DEFAULT NULL,
  `isvatexempted` tinyint(4) NOT NULL DEFAULT 0,
  `active` tinyint(4) NOT NULL DEFAULT 1,
  `module` varchar(32) DEFAULT NULL,
  `position` int(11) NOT NULL DEFAULT 0,
  PRIMARY KEY (`rowid`),
  UNIQUE KEY `uk_c_forme_juridique` (`code`)
) ENGINE=InnoDB AUTO_INCREMENT=338 DEFAULT CHARSET=utf8 COLLATE=utf8_unicode_ci;

--
-- Dumping data for table `llx_c_forme_juridique`
--

INSERT INTO `llx_c_forme_juridique` (`rowid`, `code`, `fk_pays`, `libelle`, `isvatexempted`, `active`, `module`, `position`) VALUES (1,0,0,'-',0,1,NULL,0),(2,2301,23,'Monotributista',0,1,NULL,0),(3,2302,23,'Sociedad Civil',0,1,NULL,0),(4,2303,23,'Sociedades Comerciales',0,1,NULL,0),(5,2304,23,'Sociedades de Hecho',0,1,NULL,0),(6,2305,23,'Sociedades Irregulares',0,1,NULL,0),(7,2306,23,'Sociedad Colectiva',0,1,NULL,0),(8,2307,23,'Sociedad en Comandita Simple',0,1,NULL,0),(9,2308,23,'Sociedad de Capital e Industria',0,1,NULL,0),(10,2309,23,'Sociedad Accidental o en participación',0,1,NULL,0),(11,2310,23,'Sociedad de Responsabilidad Limitada',0,1,NULL,0),(12,2311,23,'Sociedad Anónima',0,1,NULL,0),(13,2312,23,'Sociedad Anónima con Participación Estatal Mayoritaria',0,1,NULL,0),(14,2313,23,'Sociedad en Comandita por Acciones (arts. 315 a 324, LSC)',0,1,NULL,0),(15,4100,41,'GmbH - Gesellschaft mit beschränkter Haftung',0,1,NULL,0),(16,4101,41,'GesmbH - Gesellschaft mit beschränkter Haftung',0,1,NULL,0),(17,4102,41,'AG - Aktiengesellschaft',0,1,NULL,0),(18,4103,41,'EWIV - Europäische wirtschaftliche Interessenvereinigung',0,1,NULL,0),(19,4104,41,'KEG - Kommanditerwerbsgesellschaft',0,1,NULL,0),(20,4105,41,'OEG - Offene Erwerbsgesellschaft',0,1,NULL,0),(21,4106,41,'OHG - Offene Handelsgesellschaft',0,1,NULL,0),(22,4107,41,'AG & Co KG - Kommanditgesellschaft',0,1,NULL,0),(23,4108,41,'GmbH & Co KG - Kommanditgesellschaft',0,1,NULL,0),(24,4109,41,'KG - Kommanditgesellschaft',0,1,NULL,0),(25,4110,41,'OG - Offene Gesellschaft',0,1,NULL,0),(26,4111,41,'GbR - Gesellschaft nach bürgerlichem Recht',0,1,NULL,0),(27,4112,41,'GesbR - Gesellschaft nach bürgerlichem Recht',0,1,NULL,0),(28,4113,41,'GesnbR - Gesellschaft nach bürgerlichem Recht',0,1,NULL,0),(29,4114,41,'e.U. - eingetragener Einzelunternehmer',0,1,NULL,0),(30,200,2,'Indépendant',0,1,NULL,0),(31,201,2,'SRL - Société à responsabilité limitée',0,1,NULL,0),(32,202,2,'SA   - Société Anonyme',0,1,NULL,0),(33,203,2,'SCRL - Société coopérative à responsabilité limitée',0,1,NULL,0),(34,204,2,'ASBL - Association sans but Lucratif',0,1,NULL,0),(35,205,2,'SCRI - Société coopérative à responsabilité illimitée',0,1,NULL,0),(36,206,2,'SCS  - Société en commandite simple',0,1,NULL,0),(37,207,2,'SCA  - Société en commandite par action',0,1,NULL,0),(38,208,2,'SNC  - Société en nom collectif',0,1,NULL,0),(39,209,2,'GIE  - Groupement d intérêt économique',0,1,NULL,0),(40,210,2,'GEIE - Groupement européen d intérêt économique',0,1,NULL,0),(41,220,2,'Eenmanszaak',0,1,NULL,0),(42,221,2,'BVBA - Besloten vennootschap met beperkte aansprakelijkheid',0,1,NULL,0),(43,222,2,'NV   - Naamloze Vennootschap',0,1,NULL,0),(44,223,2,'CVBA - Coöperatieve vennootschap met beperkte aansprakelijkheid',0,1,NULL,0),(45,224,2,'VZW  - Vereniging zonder winstoogmerk',0,1,NULL,0),(46,225,2,'CVOA - Coöperatieve vennootschap met onbeperkte aansprakelijkheid ',0,1,NULL,0),(47,226,2,'GCV  - Gewone commanditaire vennootschap',0,1,NULL,0),(48,227,2,'Comm.VA - Commanditaire vennootschap op aandelen',0,1,NULL,0),(49,228,2,'VOF  - Vennootschap onder firma',0,1,NULL,0),(50,229,2,'VS0  - Vennootschap met sociaal oogmerk',0,1,NULL,0),(51,11,1,'Artisan Commerçant (EI)',0,1,NULL,0),(52,12,1,'Commerçant (EI)',0,1,NULL,0),(53,13,1,'Artisan (EI)',0,1,NULL,0),(54,14,1,'Officier public ou ministériel',0,1,NULL,0),(55,15,1,'Profession libérale (EI)',0,1,NULL,0),(56,16,1,'Exploitant agricole',0,1,NULL,0),(57,17,1,'Agent commercial',0,1,NULL,0),(58,18,1,'Associé Gérant de société',0,1,NULL,0),(59,19,1,'Personne physique',0,1,NULL,0),(60,21,1,'Indivision',0,1,NULL,0),(61,22,1,'Société créée de fait',0,1,NULL,0),(62,23,1,'Société en participation',0,1,NULL,0),(63,24,1,'Société coopérative d\'interet collectif (SCIC)',0,1,NULL,0),(64,25,1,'Société coopérative de production à responsabilité limitée (SCOP)',0,1,NULL,0),(65,27,1,'Paroisse hors zone concordataire',0,1,NULL,0),(66,29,1,'Groupement de droit privé non doté de la personnalité morale',0,1,NULL,0),(67,31,1,'Personne morale de droit étranger, immatriculée au RCS',0,1,NULL,0),(68,32,1,'Personne morale de droit étranger, non immatriculée au RCS',0,1,NULL,0),(69,35,1,'Régime auto-entrepreneur',0,1,NULL,0),(70,41,1,'Etablissement public ou régie à caractère industriel ou commercial',0,1,NULL,0),(71,51,1,'Société coopérative commerciale particulière',0,1,NULL,0),(72,52,1,'Société en nom collectif',0,1,NULL,0),(73,53,1,'Société en commandite',0,1,NULL,0),(74,54,1,'Société à responsabilité limitée (SARL)',0,1,NULL,0),(75,55,1,'Société anonyme à conseil d administration',0,1,NULL,0),(76,56,1,'Société anonyme à directoire',0,1,NULL,0),(77,57,1,'Société par actions simplifiée (SAS)',0,1,NULL,0),(78,58,1,'Entreprise Unipersonnelle à Responsabilité Limitée (EURL)',0,1,NULL,0),(79,59,1,'Société par actions simplifiée unipersonnelle (SASU)',0,1,NULL,0),(80,60,1,'Entreprise Individuelle à Responsabilité Limitée (EIRL)',0,1,NULL,0),(81,61,1,'Caisse d\'épargne et de prévoyance',0,1,NULL,0),(82,62,1,'Groupement d\'intérêt économique (GIE)',0,1,NULL,0),(83,63,1,'Société coopérative agricole',0,1,NULL,0),(84,64,1,'Société non commerciale d assurances',0,1,NULL,0),(85,65,1,'Société civile',0,1,NULL,0),(86,69,1,'Personnes de droit privé inscrites au RCS',0,1,NULL,0),(87,71,1,'Administration de l état',0,1,NULL,0),(88,72,1,'Collectivité territoriale',0,1,NULL,0),(89,73,1,'Etablissement public administratif',0,1,NULL,0),(90,74,1,'Personne morale de droit public administratif',0,1,NULL,0),(91,81,1,'Organisme gérant régime de protection social à adhésion obligatoire',0,1,NULL,0),(92,82,1,'Organisme mutualiste',0,1,NULL,0),(93,83,1,'Comité d entreprise',0,1,NULL,0),(94,84,1,'Organisme professionnel',0,1,NULL,0),(95,85,1,'Organisme de retraite à adhésion non obligatoire',0,1,NULL,0),(96,91,1,'Syndicat de propriétaires',0,1,NULL,0),(97,92,1,'Association loi 1901 ou assimilé',0,1,NULL,0),(98,93,1,'Fondation',0,1,NULL,0),(99,99,1,'Personne morale de droit privé',0,1,NULL,0),(100,500,5,'GmbH - Gesellschaft mit beschränkter Haftung',0,1,NULL,0),(101,501,5,'AG - Aktiengesellschaft ',0,1,NULL,0),(102,502,5,'GmbH&Co. KG - Gesellschaft mit beschränkter Haftung & Compagnie Kommanditgesellschaft',0,1,NULL,0),(103,503,5,'Gewerbe - Personengesellschaft',0,1,NULL,0),(104,504,5,'UG - Unternehmergesellschaft -haftungsbeschränkt-',0,1,NULL,0),(105,505,5,'GbR - Gesellschaft des bürgerlichen Rechts',0,1,NULL,0),(106,506,5,'KG - Kommanditgesellschaft',0,1,NULL,0),(107,507,5,'Ltd. - Limited Company',0,1,NULL,0),(108,508,5,'OHG - Offene Handelsgesellschaft',0,1,NULL,0),(109,509,5,'eG - eingetragene Genossenschaft',0,1,NULL,0),(110,8001,80,'Aktieselvskab A/S',0,1,NULL,0),(111,8002,80,'Anparts Selvskab ApS',0,1,NULL,0),(112,8003,80,'Personlig ejet selvskab',0,1,NULL,0),(113,8004,80,'Iværksætterselvskab IVS',0,1,NULL,0),(114,8005,80,'Interessentskab I/S',0,1,NULL,0),(115,8006,80,'Holdingselskab',0,1,NULL,0),(116,8007,80,'Selskab Med Begrænset Hæftelse SMBA',0,1,NULL,0),(117,8008,80,'Kommanditselskab K/S',0,1,NULL,0),(118,8009,80,'SPE-selskab',0,1,NULL,0),(119,10201,102,'Ατομική επιχείρηση',0,1,NULL,0),(120,10202,102,'Εταιρική  επιχείρηση',0,1,NULL,0),(121,10203,102,'Ομόρρυθμη Εταιρεία Ο.Ε',0,1,NULL,0),(122,10204,102,'Ετερόρρυθμη Εταιρεία Ε.Ε',0,1,NULL,0),(123,10205,102,'Εταιρεία Περιορισμένης Ευθύνης Ε.Π.Ε',0,1,NULL,0),(124,10206,102,'Ανώνυμη Εταιρεία Α.Ε',0,1,NULL,0),(125,10207,102,'Ανώνυμη ναυτιλιακή εταιρεία Α.Ν.Ε',0,1,NULL,0),(126,10208,102,'Συνεταιρισμός',0,1,NULL,0),(127,10209,102,'Συμπλοιοκτησία',0,1,NULL,0),(128,301,3,'Società semplice',0,1,NULL,0),(129,302,3,'Società in nome collettivo s.n.c.',0,1,NULL,0),(130,303,3,'Società in accomandita semplice s.a.s.',0,1,NULL,0),(131,304,3,'Società per azioni s.p.a.',0,1,NULL,0),(132,305,3,'Società a responsabilità limitata s.r.l.',0,1,NULL,0),(133,306,3,'Società in accomandita per azioni s.a.p.a.',0,1,NULL,0),(134,307,3,'Società cooperativa a r.l.',0,1,NULL,0),(135,308,3,'Società consortile',0,1,NULL,0),(136,309,3,'Società europea',0,1,NULL,0),(137,310,3,'Società cooperativa europea',0,1,NULL,0),(138,311,3,'Società unipersonale',0,1,NULL,0),(139,312,3,'Società di professionisti',0,1,NULL,0),(140,313,3,'Società di fatto',0,1,NULL,0),(141,315,3,'Società apparente',0,1,NULL,0),(142,316,3,'Impresa individuale ',0,1,NULL,0),(143,317,3,'Impresa coniugale',0,1,NULL,0),(144,318,3,'Impresa familiare',0,1,NULL,0),(145,319,3,'Consorzio cooperativo',0,1,NULL,0),(146,320,3,'Società cooperativa sociale',0,1,NULL,0),(147,321,3,'Società cooperativa di consumo',0,1,NULL,0),(148,322,3,'Società cooperativa agricola',0,1,NULL,0),(149,323,3,'A.T.I. Associazione temporanea di imprese',0,1,NULL,0),(150,324,3,'R.T.I. Raggruppamento temporaneo di imprese',0,1,NULL,0),(151,325,3,'Studio associato',0,1,NULL,0),(152,600,6,'Raison Individuelle',0,1,NULL,0),(153,601,6,'Société Simple',0,1,NULL,0),(154,602,6,'Société en nom collectif',0,1,NULL,0),(155,603,6,'Société en commandite',0,1,NULL,0),(156,604,6,'Société anonyme (SA)',0,1,NULL,0),(157,605,6,'Société en commandite par actions',0,1,NULL,0),(158,606,6,'Société à responsabilité limitée (SARL)',0,1,NULL,0),(159,607,6,'Société coopérative',0,1,NULL,0),(160,608,6,'Association',0,1,NULL,0),(161,609,6,'Fondation',0,1,NULL,0),(162,700,7,'Sole Trader',0,1,NULL,0),(163,701,7,'Partnership',0,1,NULL,0),(164,702,7,'Private Limited Company by shares (LTD)',0,1,NULL,0),(165,703,7,'Public Limited Company',0,1,NULL,0),(166,704,7,'Workers Cooperative',0,1,NULL,0),(167,705,7,'Limited Liability Partnership',0,1,NULL,0),(168,706,7,'Franchise',0,1,NULL,0),(169,1000,10,'Société à responsabilité limitée (SARL)',0,1,NULL,0),(170,1001,10,'Société en Nom Collectif (SNC)',0,1,NULL,0),(171,1002,10,'Société en Commandite Simple (SCS)',0,1,NULL,0),(172,1003,10,'société en participation',0,1,NULL,0),(173,1004,10,'Société Anonyme (SA)',0,1,NULL,0),(174,1005,10,'Société Unipersonnelle à Responsabilité Limitée (SUARL)',0,1,NULL,0),(175,1006,10,'Groupement d\'intérêt économique (GEI)',0,1,NULL,0),(176,1007,10,'Groupe de sociétés',0,1,NULL,0),(177,1701,17,'Eenmanszaak',0,1,NULL,0),(178,1702,17,'Maatschap',0,1,NULL,0),(179,1703,17,'Vennootschap onder firma',0,1,NULL,0),(180,1704,17,'Commanditaire vennootschap',0,1,NULL,0),(181,1705,17,'Besloten vennootschap (BV)',0,1,NULL,0),(182,1706,17,'Naamloze Vennootschap (NV)',0,1,NULL,0),(183,1707,17,'Vereniging',0,1,NULL,0),(184,1708,17,'Stichting',0,1,NULL,0),(185,1709,17,'Coöperatie met beperkte aansprakelijkheid (BA)',0,1,NULL,0),(186,1710,17,'Coöperatie met uitgesloten aansprakelijkheid (UA)',0,1,NULL,0),(187,1711,17,'Coöperatie met wettelijke aansprakelijkheid (WA)',0,1,NULL,0),(188,1712,17,'Onderlinge waarborgmaatschappij',0,1,NULL,0),(189,401,4,'Empresario Individual',0,1,NULL,0),(190,402,4,'Comunidad de Bienes',0,1,NULL,0),(191,403,4,'Sociedad Civil',0,1,NULL,0),(192,404,4,'Sociedad Colectiva',0,1,NULL,0),(193,405,4,'Sociedad Limitada',0,1,NULL,0),(194,406,4,'Sociedad Anónima',0,1,NULL,0),(195,407,4,'Sociedad Comanditaria por Acciones',0,1,NULL,0),(196,408,4,'Sociedad Comanditaria Simple',0,1,NULL,0),(197,409,4,'Sociedad Laboral',0,1,NULL,0),(198,410,4,'Sociedad Cooperativa',0,1,NULL,0),(199,411,4,'Sociedad de Garantía Recíproca',0,1,NULL,0),(200,412,4,'Entidad de Capital-Riesgo',0,1,NULL,0),(201,413,4,'Agrupación de Interés Económico',0,1,NULL,0),(202,414,4,'Sociedad de Inversión Mobiliaria',0,1,NULL,0),(203,415,4,'Agrupación sin Ánimo de Lucro',0,1,NULL,0),(204,15201,152,'Mauritius Private Company Limited By Shares',0,1,NULL,0),(205,15202,152,'Mauritius Company Limited By Guarantee',0,1,NULL,0),(206,15203,152,'Mauritius Public Company Limited By Shares',0,1,NULL,0),(207,15204,152,'Mauritius Foreign Company',0,1,NULL,0),(208,15205,152,'Mauritius GBC1 (Offshore Company)',0,1,NULL,0),(209,15206,152,'Mauritius GBC2 (International Company)',0,1,NULL,0),(210,15207,152,'Mauritius General Partnership',0,1,NULL,0),(211,15208,152,'Mauritius Limited Partnership',0,1,NULL,0),(212,15209,152,'Mauritius Sole Proprietorship',0,1,NULL,0),(213,15210,152,'Mauritius Trusts',0,1,NULL,0),(214,15401,154,'601 - General de Ley Personas Morales',0,1,NULL,0),(215,15402,154,'603 - Personas Morales con Fines no Lucrativos',0,1,NULL,0),(216,15403,154,'605 - Sueldos y Salarios e Ingresos Asimilados a Salarios',0,1,NULL,0),(217,15404,154,'606 - Arrendamiento',0,1,NULL,0),(218,15405,154,'607 - Régimen de Enajenación o Adquisición de Bienes',0,1,NULL,0),(219,15406,154,'608 - Demás ingresos',0,1,NULL,0),(220,15407,154,'610 - Residentes en el Extranjero sin Establecimiento Permanente en México',0,1,NULL,0),(221,15408,154,'611 - Ingresos por Dividendos (socios y accionistas)',0,1,NULL,0),(222,15409,154,'612 - Personas Físicas con Actividades Empresariales y Profesionales',0,1,NULL,0),(223,15410,154,'614 - Ingresos por intereses',0,1,NULL,0),(224,15411,154,'615 - Régimen de los ingresos por obtención de premios',0,1,NULL,0),(225,15412,154,'616 - Sin obligaciones fiscales',0,1,NULL,0),(226,15413,154,'620 - Sociedades Cooperativas de Producción que optan por diferir sus ingresos',0,1,NULL,0),(227,15414,154,'621 - Incorporación Fiscal',0,1,NULL,0),(228,15415,154,'622 - Actividades Agrícolas, Ganaderas, Silvícolas y Pesqueras',0,1,NULL,0),(229,15416,154,'623 - Opcional para Grupos de Sociedades',0,1,NULL,0),(230,15417,154,'624 - Coordinados',0,1,NULL,0),(231,15418,154,'625 - Régimen de las Actividades Empresariales con ingresos a través de Plataformas Tecnológicas',0,1,NULL,0),(232,15419,154,'626 - Régimen Simplificado de Confianza',0,1,NULL,0),(233,14001,140,'Entreprise individuelle',0,1,NULL,0),(234,14002,140,'Société en nom collectif (SENC)',0,1,NULL,0),(235,14003,140,'Société en commandite simple (SECS)',0,1,NULL,0),(236,14004,140,'Société en commandite par actions (SECA)',0,1,NULL,0),(237,14005,140,'Société à responsabilité limitée (SARL)',0,1,NULL,0),(238,14006,140,'Société anonyme (SA)',0,1,NULL,0),(239,14007,140,'Société coopérative (SC)',0,1,NULL,0),(240,14008,140,'Société européenne (SE)',0,1,NULL,0),(241,18801,188,'AFJ - Alte forme juridice',0,1,NULL,0),(242,18802,188,'ASF - Asociatie familialã',0,1,NULL,0),(243,18803,188,'CON - Concesiune',0,1,NULL,0),(244,18804,188,'CRL - Soc civilã profesionala cu pers. juridica si rãspundere limitata (SPRL)',0,1,NULL,0),(245,18805,188,'INC - Închiriere',0,1,NULL,0),(246,18806,188,'LOC - Locaţie de gestiune',0,1,NULL,0),(247,18807,188,'OC1 - Organizaţie cooperatistã meşteşugãreascã',0,1,NULL,0),(248,18808,188,'OC2 - Organizaţie cooperatistã de consum',0,1,NULL,0),(249,18809,188,'OC3 - Organizaţie cooperatistã de credit',0,1,NULL,0),(250,18810,188,'PFA - Persoanã fizicã independentã',0,1,NULL,0),(251,18811,188,'RA - Regie autonomã',0,1,NULL,0),(252,18812,188,'SA - Societate comercialã pe acţiuni',0,1,NULL,0),(253,18813,188,'SCS - Societate comercialã în comanditã simplã',0,1,NULL,0),(254,18814,188,'SNC - Societate comercialã în nume colectiv',0,1,NULL,0),(255,18815,188,'SPI - Societate profesionala practicieni in insolventa (SPPI)',0,1,NULL,0),(256,18816,188,'SRL - Societate comercialã cu rãspundere limitatã',0,1,NULL,0),(257,18817,188,'URL - Intreprindere profesionala unipersonala cu rãspundere limitata (IPURL)',0,1,NULL,0),(258,17801,178,'Empresa individual',0,1,NULL,0),(259,17802,178,'Asociación General',0,1,NULL,0),(260,17803,178,'Sociedad de Responsabilidad Limitada',0,1,NULL,0),(261,17804,178,'Sociedad Civil',0,1,NULL,0),(262,17805,178,'Sociedad Anónima',0,1,NULL,0),(263,1300,13,'Personne physique',0,1,NULL,0),(264,1301,13,'Société à responsabilité limitée (SARL)',0,1,NULL,0),(265,1302,13,'Entreprise unipersonnelle à responsabilité limitée (EURL)',0,1,NULL,0),(266,1303,13,'Société en Nom Collectif (SNC)',0,1,NULL,0),(267,1304,13,'société par actions (SPA)',0,1,NULL,0),(268,1305,13,'Société en Commandite Simple (SCS)',0,1,NULL,0),(269,1306,13,'Société en commandite par actions (SCA)',0,1,NULL,0),(270,1307,13,'Société en participation',0,1,NULL,0),(271,1308,13,'Groupe de sociétés',0,1,NULL,0),(272,2001,20,'Aktiebolag',0,1,NULL,0),(273,2002,20,'Publikt aktiebolag (AB publ)',0,1,NULL,0),(274,2003,20,'Ekonomisk förening (ek. för.)',0,1,NULL,0),(275,2004,20,'Bostadsrättsförening (BRF)',0,1,NULL,0),(276,2005,20,'Hyresrättsförening (HRF)',0,1,NULL,0),(277,2006,20,'Kooperativ',0,1,NULL,0),(278,2007,20,'Enskild firma (EF)',0,1,NULL,0),(279,2008,20,'Handelsbolag (HB)',0,1,NULL,0),(280,2009,20,'Kommanditbolag (KB)',0,1,NULL,0),(281,2010,20,'Enkelt bolag',0,1,NULL,0),(282,2011,20,'Ideell förening',0,1,NULL,0),(283,2012,20,'Stiftelse',0,1,NULL,0),(284,6100,61,'Indépendant - Personne physique',0,1,NULL,0),(285,6101,61,'Société Unipersonnelle',0,1,NULL,0),(286,6102,61,'Société de personne à responsabilité limité (SPRL)',0,1,NULL,0),(287,6103,61,'Société anonyme (SA)',0,1,NULL,0),(288,6104,61,'Société coopérative',0,1,NULL,0),(289,7601,76,'Društvo s ograničenom odgovornošću (d.o.o.)',0,1,NULL,0),(290,7602,76,'Jednostavno društvo s ograničenom odgovornošću (j.d.o.o.)',0,1,NULL,0),(291,7603,76,'Dioničko društvo (d.d.)',0,1,NULL,0),(292,7604,76,'Obrt',0,1,NULL,0),(293,7605,76,'Javno trgovačko društvo (j.t.d.)',0,1,NULL,0),(294,7606,76,'Komanditno društvo (k.d.)',0,1,NULL,0),(295,7607,76,'Gospodarsko interesno udruženje (GIU)',0,1,NULL,0),(296,7608,76,'Predstavništvo',0,1,NULL,0),(297,7609,76,'Državno tijelo',0,1,NULL,0),(298,7610,76,'Kućna radinost',0,1,NULL,0),(299,7611,76,'Sporedno zanimanje',0,1,NULL,0);

--
-- Table structure for table `llx_c_holiday_types`
--

CREATE TABLE `llx_c_holiday_types` (
  `rowid` int(11) NOT NULL AUTO_INCREMENT,
  `code` varchar(16) NOT NULL,
  `label` varchar(255) NOT NULL,
  `affect` int(11) NOT NULL,
  `delay` int(11) NOT NULL,
  `newbymonth` double(8,5) NOT NULL DEFAULT 0.00000,
  `fk_country` int(11) DEFAULT NULL,
  `block_if_negative` int(11) NOT NULL DEFAULT 0,
  `sortorder` smallint(6) DEFAULT NULL,
  `active` int(11) DEFAULT 1,
  PRIMARY KEY (`rowid`),
  UNIQUE KEY `uk_c_holiday_types` (`code`)
) ENGINE=InnoDB AUTO_INCREMENT=76 DEFAULT CHARSET=utf8 COLLATE=utf8_unicode_ci;

--
-- Dumping data for table `llx_c_holiday_types`
--

INSERT INTO `llx_c_holiday_types` (`rowid`, `code`, `label`, `affect`, `delay`, `newbymonth`, `fk_country`, `block_if_negative`, `sortorder`, `active`) VALUES (1,'LEAVE_SICK','Sick leave',0,0,0.00000,NULL,0,1,1),(2,'LEAVE_OTHER','Other leave',0,0,0.00000,NULL,0,2,1),(3,'LEAVE_PAID','Paid vacation',1,7,0.00000,NULL,0,3,0),(4,'LEAVE_RTT_FR','RTT',1,7,0.83000,1,0,4,1),(5,'LEAVE_PAID_FR','Paid vacation',1,30,2.08334,1,0,5,1),(6,'5D1Y','Κανονική άδεια(Πενθήμερο 1ο έτος)',1,0,1.66700,102,0,6,1),(7,'5D2Y','Κανονική άδεια(Πενθήμερο 2ο έτος)',1,0,1.75000,102,0,7,1),(8,'5D3-10Y','Κανονική άδεια(Πενθήμερο 3ο έως 10ο έτος)',1,0,1.83300,102,0,8,1),(9,'5D10-25Y','Κανονική άδεια(Πενθήμερο 10ο έως 25ο έτος)',1,0,2.08300,102,0,9,1),(10,'5D25+Y','Κανονική άδεια(Πενθήμερο 25+ έτη)',1,0,2.16600,102,0,10,1),(11,'6D1Y','Κανονική άδεια(Εξαήμερο 1ο έτος)',1,0,2.00000,102,0,11,1),(12,'6D2Y','Κανονική άδεια(Εξαήμερο 2ο έτος)',1,0,2.08300,102,0,12,1),(13,'6D3-10Y','Κανονική άδεια(Εξαήμερο 3ο έως 10ο έτος)',1,0,2.16600,102,0,13,1),(14,'6D10-25Y','Κανονική άδεια(Εξαήμερο 10ο έως 25ο έτος)',1,0,2.08300,102,0,14,1),(15,'6D25+Y','Κανονική άδεια(Εξαήμερο 25+ έτη)',1,0,2.16600,102,0,15,1),(16,'5D-WED','Πενθήμερη άδεια γάμου(με αποδοχές)',0,0,0.00000,102,0,16,0),(17,'6D-WED','Εξαήμερη άδεια γάμου(με αποδοχές)',0,0,0.00000,102,0,17,0),(18,'7D-AR','Επταήμερη άδεια ιατρικώς υποβοηθούμενης αναπαραγωγής(με αποδοχές)',0,0,0.00000,102,0,18,0),(19,'1D-BC','Μονοήμερη άδεια προγεννητικών εξετάσεων(με αποδοχές)',0,0,0.00000,102,0,19,0),(20,'1D-GYN','Μονοήμερη άδεια γυναικολογικού ελέγχου(με αποδοχές)',0,0,0.00000,102,0,20,0),(21,'149D-ML','Άδεια Μητρότητας (Άδεια κύησης – λοχείας)56 ημέρες πριν-93 ημέρες μετα(με αποδοχές)',0,0,0.00000,102,0,21,0),(22,'14D-PL','14ήμερη Άδεια πατρότητας(με αποδοχές)',0,0,0.00000,102,0,22,0),(23,'1-2H-CC','Άδεια φροντίδας παιδιών (μειωμένο ωράριο  https://www.kepea.gr/aarticle.php?id=1984)',0,0,0.00000,102,0,23,0),(24,'9M-M','Ειδική άδεια προστασίας μητρότητας 9 μηνών(χωρίς αποδοχές)',0,0,0.00000,102,0,24,0),(25,'4M-M','Τετράμηνη γονική Άδεια Ανατροφής Τέκνων(χωρίς αποδοχές)',0,0,0.00000,102,0,25,0),(26,'6-8D-SP','Εξαήμερη ή Οκταήμερη Άδεια για μονογονεϊκές οικογένειες(με αποδοχές)',0,0,0.00000,102,0,26,0),(27,'6-8-14D-FC','Άδεια για ασθένεια μελών οικογένειας(χωρίς αποδοχές, 6 ημέρες/έτος ένα παιδί - 8 ημέρες/έτος δύο παιδιά και σε 14 ημέρες/έτος τρία (3) παιδιά και πάνω',0,0,0.00000,102,0,27,0),(28,'10D-CD','Δεκαήμερη Γονική Άδεια για παιδί με σοβαρά νοσήματα και λόγω νοσηλείας παιδιών(με αποδοχές)',0,0,0.00000,102,0,28,0),(29,'30D-CD','Άδεια λόγω νοσηλείας των παιδιών(έως 30 ημέρες/έτος χωρίς αποδοχές)',0,0,0.00000,102,0,29,0),(30,'5D-CG','Άδεια φροντιστή(έως 5 ημέρες/έτος χωρίς αποδοχές)',0,0,0.00000,102,0,30,0),(31,'2D-CG','Άδεια απουσίας από την εργασία για λόγους ανωτέρας βίας(έως 2 ημέρες/έτος με αποδοχές)',0,0,0.00000,102,0,31,0),(32,'2D-SC','Άδεια για παρακολούθηση σχολικής επίδοσης(έως 2 ημέρες/έτος με αποδοχές)',0,0,0.00000,102,0,32,0),(33,'1D-BD','Μονοήμερη άδεια αιμοδοσίας(με αποδοχές)',0,0,0.00000,102,0,33,0),(34,'22D-BT','Άδεια για μετάγγιση αίματος & αιμοκάθαρση(έως 22 ημέρες/έτος με αποδοχές)',0,0,0.00000,102,0,34,0),(35,'30D-HIV','Άδεια λόγω AIDS(έως ένα (1) μήνα/έτος με αποδοχές)',0,0,0.00000,102,0,35,0),(36,'20D-CD','Άδεια πενθούντων γονέων(20 ημέρες με αποδοχές)',0,0,0.00000,102,0,36,0),(37,'2D-FD','Άδεια λόγω θανάτου συγγενούς(2 ημέρες με αποδοχές)',0,0,0.00000,102,0,37,0),(38,'DIS','Άδειες αναπήρων(30 ημέρες με αποδοχές)',0,0,0.00000,102,0,38,0),(39,'SE','Άδεια εξετάσεων μαθητών, σπουδαστών, φοιτητών(30 ημέρες χωρίς αποδοχές)',0,0,0.00000,102,0,39,0),(40,'NOT PAID','Άδεια άνευ αποδοχών(έως ένα (1) έτος)',0,0,0.00000,102,0,40,0);

--
-- Table structure for table `llx_c_hrm_department`
--

CREATE TABLE `llx_c_hrm_department` (
  `rowid` int(11) NOT NULL,
  `pos` tinyint(4) NOT NULL DEFAULT 0,
  `code` varchar(16) NOT NULL,
  `label` varchar(128) DEFAULT NULL,
  `active` tinyint(4) NOT NULL DEFAULT 1,
  PRIMARY KEY (`rowid`)
) ENGINE=InnoDB DEFAULT CHARSET=utf8 COLLATE=utf8_unicode_ci;

--
-- Dumping data for table `llx_c_hrm_department`
--

INSERT INTO `llx_c_hrm_department` (`rowid`, `pos`, `code`, `label`, `active`) VALUES (1,5,'MANAGEMENT','Management',1),(3,15,'TRAINING','Training',1),(4,20,'IT','Inform. Technology (IT)',0),(5,25,'MARKETING','Marketing',0),(6,30,'SALES','Sales',1),(7,35,'LEGAL','Legal',0),(8,40,'FINANCIAL','Financial accounting',1),(9,45,'HUMANRES','Human resources',1),(10,50,'PURCHASING','Purchasing',1),(12,60,'CUSTOMSERV','Customer service',0),(14,70,'LOGISTIC','Logistics',1),(15,75,'CONSTRUCT','Engineering/design',0),(16,80,'PRODUCTION','Production',1),(17,85,'QUALITY','Quality assurance',0);

--
-- Table structure for table `llx_c_hrm_function`
--

CREATE TABLE `llx_c_hrm_function` (
  `rowid` int(11) NOT NULL,
  `pos` tinyint(4) NOT NULL DEFAULT 0,
  `code` varchar(16) NOT NULL,
  `label` varchar(128) DEFAULT NULL,
  `c_level` tinyint(4) NOT NULL DEFAULT 0,
  `active` tinyint(4) NOT NULL DEFAULT 1,
  PRIMARY KEY (`rowid`)
) ENGINE=InnoDB DEFAULT CHARSET=utf8 COLLATE=utf8_unicode_ci;

--
-- Dumping data for table `llx_c_hrm_function`
--

INSERT INTO `llx_c_hrm_function` (`rowid`, `pos`, `code`, `label`, `c_level`, `active`) VALUES (1,5,'EXECBOARD','Executive board',0,1),(2,10,'MANAGDIR','Managing director',1,1),(3,15,'ACCOUNTMANAG','Account manager',0,1),(4,20,'ENGAGDIR','Engagement director',1,1),(5,25,'DIRECTOR','Director',1,1),(6,30,'PROJMANAG','Project manager',0,1),(7,35,'DEPHEAD','Department head',0,1),(8,40,'SECRETAR','Secretary',0,1),(9,45,'EMPLOYEE','Department employee',0,1);

--
-- Table structure for table `llx_c_hrm_public_holiday`
--

CREATE TABLE `llx_c_hrm_public_holiday` (
  `id` int(11) NOT NULL AUTO_INCREMENT,
  `entity` int(11) NOT NULL DEFAULT 0,
  `fk_country` int(11) DEFAULT NULL,
  `fk_departement` int(11) DEFAULT NULL,
  `code` varchar(62) DEFAULT NULL,
  `dayrule` varchar(64) DEFAULT '',
  `day` int(11) DEFAULT NULL,
  `month` int(11) DEFAULT NULL,
  `year` int(11) DEFAULT NULL,
  `active` int(11) DEFAULT 1,
  `import_key` varchar(14) DEFAULT NULL,
  PRIMARY KEY (`id`),
  UNIQUE KEY `uk_c_hrm_public_holiday` (`entity`,`code`),
  UNIQUE KEY `uk_c_hrm_public_holiday2` (`entity`,`fk_country`,`dayrule`,`day`,`month`,`year`)
) ENGINE=InnoDB AUTO_INCREMENT=74 DEFAULT CHARSET=utf8 COLLATE=utf8_unicode_ci;

--
-- Dumping data for table `llx_c_hrm_public_holiday`
--

INSERT INTO `llx_c_hrm_public_holiday` (`id`, `entity`, `fk_country`, `fk_departement`, `code`, `dayrule`, `day`, `month`, `year`, `active`, `import_key`) VALUES (1,0,0,NULL,'NEWYEARDAY1','',1,1,0,1,NULL),(2,0,0,NULL,'LABORDAY1','',1,5,0,1,NULL),(3,0,0,NULL,'ASSOMPTIONDAY1','',15,8,0,1,NULL),(4,0,0,NULL,'CHRISTMASDAY1','',25,12,0,1,NULL),(5,0,1,NULL,'FR-VICTORYDAY','',8,5,0,1,NULL),(6,0,1,NULL,'FR-NATIONALDAY','',14,7,0,1,NULL),(7,0,1,NULL,'FR-ASSOMPTION','',15,8,0,1,NULL),(8,0,1,NULL,'FR-TOUSSAINT','',1,11,0,1,NULL),(9,0,1,NULL,'FR-ARMISTICE','',11,11,0,1,NULL),(10,0,1,NULL,'FR-EASTER','eastermonday',0,0,0,1,NULL),(11,0,1,NULL,'FR-ASCENSION','ascension',0,0,0,1,NULL),(12,0,1,NULL,'FR-PENTECOST','pentecost',0,0,0,1,NULL),(13,0,3,NULL,'IT-LIBEAZIONE','',25,4,0,1,NULL),(14,0,3,NULL,'IT-EPIPHANY','',1,6,0,1,NULL),(15,0,3,NULL,'IT-REPUBBLICA','',2,6,0,1,NULL),(16,0,3,NULL,'IT-TUTTISANTIT','',1,11,0,1,NULL),(17,0,3,NULL,'IT-IMMACULE','',8,12,0,1,NULL),(18,0,3,NULL,'IT-SAINTSTEFAN','',26,12,0,1,NULL),(19,0,4,NULL,'ES-EASTER','easter',0,0,0,1,NULL),(20,0,4,NULL,'ES-REYE','',1,6,0,1,NULL),(21,0,4,NULL,'ES-HISPANIDAD','',12,10,0,1,NULL),(22,0,4,NULL,'ES-TOUSSAINT','',1,11,0,1,NULL),(23,0,4,NULL,'ES-CONSTITUIZION','',6,12,0,1,NULL),(24,0,4,NULL,'ES-IMMACULE','',8,12,0,1,NULL),(25,0,5,NULL,'DE-NEUJAHR','',1,1,0,1,NULL),(26,0,5,NULL,'DE-HL3KOEN--TLW','',6,1,0,0,NULL),(27,0,5,NULL,'DE-INTFRAUENTAG--TLW','',8,3,0,0,NULL),(28,0,5,NULL,'DE-KARFREITAG','goodfriday',0,0,0,1,NULL),(29,0,5,NULL,'DE-OSTERMONTAG','eastermonday',0,0,0,1,NULL),(30,0,5,NULL,'DE-TAGDERARBEIT','',1,5,0,1,NULL),(31,0,5,NULL,'DE-HIMMELFAHRT','ascension',0,0,0,1,NULL),(32,0,5,NULL,'DE-PFINGSTEN','pentecotemonday',0,0,0,1,NULL),(33,0,5,NULL,'DE-FRONLEICHNAM--TLW','fronleichnam',0,0,0,0,NULL),(34,0,5,NULL,'DE-MARIAEHIMMEL--TLW','',15,8,0,0,NULL),(35,0,5,NULL,'DE-WELTKINDERTAG--TLW','',20,9,0,0,NULL),(36,0,5,NULL,'DE-TAGDERDEUTEINHEIT','',3,10,0,1,NULL),(37,0,5,NULL,'DE-REFORMATIONSTAG--TLW','',31,10,0,0,NULL),(38,0,5,NULL,'DE-ALLERHEILIGEN--TLW','',1,11,0,0,NULL),(39,0,5,NULL,'DE-WEIHNACHTSTAG1','',25,12,0,1,NULL),(40,0,5,NULL,'DE-WEIHNACHTSTAG2','',26,12,0,1,NULL),(41,0,41,NULL,'AT-EASTER','eastermonday',0,0,0,1,NULL),(42,0,41,NULL,'AT-ASCENSION','ascension',0,0,0,1,NULL),(43,0,41,NULL,'AT-PENTECOST','pentecost',0,0,0,1,NULL),(44,0,41,NULL,'AT-FRONLEICHNAM','fronleichnam',0,0,0,1,NULL),(45,0,41,NULL,'AT-KONEGIE','',1,6,0,1,NULL),(46,0,41,NULL,'AT-26OKT','',26,10,0,1,NULL),(47,0,41,NULL,'AT-TOUSSAINT','',1,11,0,1,NULL),(48,0,41,NULL,'AT-IMMACULE','',8,12,0,1,NULL),(49,0,41,NULL,'AT-24DEC','',24,12,0,1,NULL),(50,0,41,NULL,'AT-SAINTSTEFAN','',26,12,0,1,NULL),(51,0,41,NULL,'AT-Silvester','',31,12,0,1,NULL),(52,0,117,NULL,'IN-REPUBLICDAY','',26,1,0,1,NULL),(53,0,117,NULL,'IN-GANDI','',2,10,0,1,NULL),(54,0,2,NULL,'BE-VICTORYDAY','',8,5,0,1,NULL),(55,0,2,NULL,'BE-NATIONALDAY','',21,7,0,1,NULL),(56,0,2,NULL,'BE-ASSOMPTION','',15,8,0,1,NULL),(57,0,2,NULL,'BE-TOUSSAINT','',1,11,0,1,NULL),(58,0,2,NULL,'BE-ARMISTICE','',11,11,0,1,NULL),(59,0,2,NULL,'BE-EASTER','eastermonday',0,0,0,1,NULL),(60,0,2,NULL,'BE-ASCENSION','ascension',0,0,0,1,NULL),(61,0,2,NULL,'BE-PENTECOST','pentecost',0,0,0,1,NULL),(62,0,102,NULL,'GR-ΠΡΩΤΟΧΡΟΝΙΑ','',1,1,0,1,NULL),(63,0,102,NULL,'GR-ΘΕΟΦΑΝΕΙΑ','',6,1,0,1,NULL),(64,0,102,NULL,'GR-25Η ΜΑΡΤΙΟΥ','',25,3,0,1,NULL),(65,0,102,NULL,'GR-ΠΡΩΤΟΜΑΓΙΑ','',1,5,0,1,NULL),(66,0,102,NULL,'GR-ΚΑΘΑΡΑ ΔΕΥΤΕΡΑ','ΚΑΘΑΡΑ_ΔΕΥΤΕΡΑ',0,0,0,1,NULL),(67,0,102,NULL,'GR-ΜΕΓΑΛΗ ΠΑΡΑΣΚΕΥΗ','ΜΕΓΑΛΗ_ΠΑΡΑΣΚΕΥΗ',0,0,0,1,NULL),(68,0,102,NULL,'GR-ΔΕΥΤΕΡΑ ΤΟΥ ΠΑΣΧΑ','ΔΕΥΤΕΡΑ_ΤΟΥ_ΠΑΣΧΑ',0,0,0,1,NULL),(69,0,102,NULL,'GR-ΤΟΥ ΑΓΙΟΥ ΠΝΕΥΜΑΤΟΣ','ΤΟΥ_ΑΓΙΟΥ_ΠΝΕΥΜΑΤΟΣ',0,0,0,1,NULL),(70,0,102,NULL,'GR-ΚΟΙΜΗΣΗ ΤΗΣ ΘΕΟΤΟΚΟΥ','',15,8,0,1,NULL),(71,0,102,NULL,'GR-28Η ΟΚΤΩΒΡΙΟΥ','',28,10,0,1,NULL),(72,0,102,NULL,'GR-ΧΡΙΣΤΟΥΓΕΝΝΑ','',25,12,0,1,NULL),(73,0,102,NULL,'GR-ΣΥΝΑΞΗ ΘΕΟΤΟΚΟΥ','',26,12,0,1,NULL);

--
-- Table structure for table `llx_c_incoterms`
--

CREATE TABLE `llx_c_incoterms` (
  `rowid` int(11) NOT NULL AUTO_INCREMENT,
  `code` varchar(3) NOT NULL,
  `label` varchar(100) DEFAULT NULL,
  `libelle` varchar(255) NOT NULL,
  `active` tinyint(4) NOT NULL DEFAULT 1,
  PRIMARY KEY (`rowid`),
  UNIQUE KEY `uk_c_incoterms` (`code`)
) ENGINE=InnoDB AUTO_INCREMENT=13 DEFAULT CHARSET=utf8 COLLATE=utf8_unicode_ci;

--
-- Dumping data for table `llx_c_incoterms`
--

INSERT INTO `llx_c_incoterms` (`rowid`, `code`, `label`, `libelle`, `active`) VALUES (1,'EXW','Ex Works','Ex Works, au départ non chargé, non dédouané sortie d\'usine (uniquement adapté aux flux domestiques, nationaux)',1),(2,'FCA','Free Carrier','Free Carrier, marchandises dédouanées et chargées dans le pays de départ, chez le vendeur ou chez le commissionnaire de transport de l\'acheteur',1),(3,'FAS','Free Alongside Ship','Free Alongside Ship, sur le quai du port de départ',1),(4,'FOB','Free On Board','Free On Board, chargé sur le bateau, les frais de chargement dans celui-ci étant fonction du liner term indiqué par la compagnie maritime (à la charge du vendeur)',1),(5,'CFR','Cost and Freight','Cost and Freight, chargé dans le bateau, livraison au port de départ, frais payés jusqu\'au port d\'arrivée, sans assurance pour le transport, non déchargé du navire à destination (les frais de déchargement sont inclus ou non au port d\'arrivée)',1),(6,'CIF','Cost, Insurance, Freight','Cost, Insurance and Freight, chargé sur le bateau, frais jusqu\'au port d\'arrivée, avec l\'assurance marchandise transportée souscrite par le vendeur pour le compte de l\'acheteur',1),(7,'CPT','Carriage Paid To','Carriage Paid To, livraison au premier transporteur, frais jusqu\'au déchargement du mode de transport, sans assurance pour le transport',1),(8,'CIP','Carriage Insurance Paid','Carriage and Insurance Paid to, idem CPT, avec assurance marchandise transportée souscrite par le vendeur pour le compte de l\'acheteur',1),(9,'DAT','Delivered At Terminal','Delivered At Terminal, marchandises (déchargées) livrées sur quai, dans un terminal maritime, fluvial, aérien, routier ou ferroviaire désigné (dédouanement import, et post-acheminement payés par l\'acheteur)',1),(10,'DAP','Delivered At Place','Delivered At Place, marchandises (non déchargées) mises à disposition de l\'acheteur dans le pays d\'importation au lieu précisé dans le contrat (déchargement, dédouanement import payé par l\'acheteur)',1),(11,'DDP','Delivered Duty Paid','Delivered Duty Paid, marchandises (non déchargées) livrées à destination finale, dédouanement import et taxes à la charge du vendeur ; l\'acheteur prend en charge uniquement le déchargement (si exclusion des taxes type TVA, le préciser clairement)',1),(12,'DPU','Delivered at Place Unloaded','Delivered at Place unloaded',1);

--
-- Table structure for table `llx_c_input_method`
--

CREATE TABLE `llx_c_input_method` (
  `rowid` int(11) NOT NULL AUTO_INCREMENT,
  `code` varchar(30) DEFAULT NULL,
  `libelle` varchar(128) DEFAULT NULL,
  `active` tinyint(4) NOT NULL DEFAULT 1,
  `module` varchar(32) DEFAULT NULL,
  PRIMARY KEY (`rowid`),
  UNIQUE KEY `uk_c_input_method` (`code`)
) ENGINE=InnoDB AUTO_INCREMENT=6 DEFAULT CHARSET=utf8 COLLATE=utf8_unicode_ci;

--
-- Dumping data for table `llx_c_input_method`
--

INSERT INTO `llx_c_input_method` (`rowid`, `code`, `libelle`, `active`, `module`) VALUES (1,'OrderByMail','Courrier',1,NULL),(2,'OrderByFax','Fax',1,NULL),(3,'OrderByEMail','EMail',1,NULL),(4,'OrderByPhone','Téléphone',1,NULL),(5,'OrderByWWW','En ligne',1,NULL);

--
-- Table structure for table `llx_c_input_reason`
--

CREATE TABLE `llx_c_input_reason` (
  `rowid` int(11) NOT NULL AUTO_INCREMENT,
  `code` varchar(30) DEFAULT NULL,
  `label` varchar(128) DEFAULT NULL,
  `active` tinyint(4) NOT NULL DEFAULT 1,
  `module` varchar(32) DEFAULT NULL,
  PRIMARY KEY (`rowid`),
  UNIQUE KEY `uk_c_input_reason` (`code`)
) ENGINE=InnoDB AUTO_INCREMENT=13 DEFAULT CHARSET=utf8 COLLATE=utf8_unicode_ci;

--
-- Dumping data for table `llx_c_input_reason`
--

INSERT INTO `llx_c_input_reason` (`rowid`, `code`, `label`, `active`, `module`) VALUES (1,'SRC_INTE','Web site',1,NULL),(2,'SRC_CAMP_MAIL','Mailing campaign',1,NULL),(3,'SRC_CAMP_PHO','Phone campaign',1,NULL),(4,'SRC_CAMP_FAX','Fax campaign',1,NULL),(5,'SRC_COMM','Commercial contact',1,NULL),(6,'SRC_SHOP','Shop contact',1,NULL),(7,'SRC_CAMP_EMAIL','EMailing campaign',1,NULL),(8,'SRC_WOM','Word of mouth',1,NULL),(9,'SRC_PARTNER','Partner',1,NULL),(10,'SRC_EMPLOYEE','Employee',1,NULL),(11,'SRC_SPONSORING','Sponsorship',1,NULL),(12,'SRC_CUSTOMER','Incoming contact of a customer',1,NULL);

--
-- Table structure for table `llx_c_invoice_subtype`
--

CREATE TABLE `llx_c_invoice_subtype` (
  `rowid` int(11) NOT NULL AUTO_INCREMENT,
  `entity` int(11) DEFAULT 1,
  `fk_country` int(11) NOT NULL,
  `code` varchar(4) DEFAULT NULL,
  `label` varchar(100) DEFAULT NULL,
  `active` tinyint(4) NOT NULL DEFAULT 1,
  PRIMARY KEY (`rowid`),
  UNIQUE KEY `uk_c_invoice_subtype` (`entity`,`code`)
) ENGINE=InnoDB AUTO_INCREMENT=43 DEFAULT CHARSET=utf8 COLLATE=utf8_unicode_ci;

--
-- Dumping data for table `llx_c_invoice_subtype`
--

INSERT INTO `llx_c_invoice_subtype` (`rowid`, `entity`, `fk_country`, `code`, `label`, `active`) VALUES (1,1,102,'1.1','Τιμολόγιο Πώλησης',1),(2,1,102,'1.2','Τιμολόγιο Πώλησης / Ενδοκοινοτικές Παραδόσεις',1),(3,1,102,'1.3','Τιμολόγιο Πώλησης / Παραδόσεις Τρίτων Χωρών',1),(4,1,102,'1.4','Τιμολόγιο Πώλησης / Πώληση για Λογαριασμό Τρίτων',0),(5,1,102,'1.5','Τιμολόγιο Πώλησης / Εκκαθάριση Πωλήσεων Τρίτων - Αμοιβή από Πωλήσεις Τρίτων',0),(6,1,102,'1.6','Τιμολόγιο Πώλησης / Συμπληρωματικό Παραστατικό',0),(7,1,102,'2.1','Τιμολόγιο Παροχής',1),(8,1,102,'2.2','Τιμολόγιο Παροχής / Ενδοκοινοτική Παροχή Υπηρεσιών',1),(9,1,102,'2.3','Τιμολόγιο Παροχής / Παροχή Υπηρεσιών σε λήπτη Τρίτης Χώρας',1),(10,1,102,'2.4','Τιμολόγιο Παροχής / Συμπληρωματικό Παραστατικό',0),(11,1,102,'3.1','Τίτλος Κτήσης (μη υπόχρεος Εκδότης)',0),(12,1,102,'3.2','Τίτλος Κτήσης (άρνηση έκδοσης από υπόχρεο Εκδότη)',0),(13,1,102,'6.1','Στοιχείο Αυτοπαράδοσης',0),(14,1,102,'6.2','Στοιχείο Ιδιοχρησιμοποίησης',0),(15,1,102,'7.1','Συμβόλαιο - Έσοδο',0),(16,1,102,'8.1','Ενοίκια - Έσοδο',0),(17,1,102,'8.2','Ειδικό Στοιχείο – Απόδειξης Είσπραξης Φόρου Διαμονής',0),(18,1,102,'11.1','ΑΛΠ',1),(19,1,102,'11.2','ΑΠΥ',1),(20,1,102,'11.3','Απλοποιημένο Τιμολόγιο',0),(21,1,102,'11.5','Απόδειξη Λιανικής Πώλησης για Λογ/σμό Τρίτων',0);

--
-- Table structure for table `llx_c_lead_status`
--

CREATE TABLE `llx_c_lead_status` (
  `rowid` int(11) NOT NULL AUTO_INCREMENT,
  `code` varchar(10) DEFAULT NULL,
  `label` varchar(128) DEFAULT NULL,
  `position` int(11) DEFAULT NULL,
  `percent` double(5,2) DEFAULT NULL,
  `active` tinyint(4) NOT NULL DEFAULT 1,
  PRIMARY KEY (`rowid`),
  UNIQUE KEY `uk_c_lead_status_code` (`code`)
) ENGINE=InnoDB AUTO_INCREMENT=8 DEFAULT CHARSET=utf8 COLLATE=utf8_unicode_ci;

--
-- Dumping data for table `llx_c_lead_status`
--

INSERT INTO `llx_c_lead_status` (`rowid`, `code`, `label`, `position`, `percent`, `active`) VALUES (1,'PROSP','Prospection',10,0.00,1),(2,'QUAL','Qualification',20,20.00,1),(3,'PROPO','Proposal',30,40.00,1),(4,'NEGO','Negotiation',40,60.00,1),(5,'PENDING','Pending',50,50.00,0),(6,'WON','Won',60,100.00,1),(7,'LOST','Lost',70,0.00,1);

--
-- Table structure for table `llx_c_paiement`
--

CREATE TABLE `llx_c_paiement` (
  `id` int(11) NOT NULL AUTO_INCREMENT,
  `entity` int(11) NOT NULL DEFAULT 1,
  `code` varchar(6) NOT NULL,
  `libelle` varchar(128) DEFAULT NULL,
  `type` smallint(6) DEFAULT NULL,
  `active` tinyint(4) NOT NULL DEFAULT 1,
  `accountancy_code` varchar(32) DEFAULT NULL,
  `module` varchar(32) DEFAULT NULL,
  `position` int(11) NOT NULL DEFAULT 0,
  PRIMARY KEY (`id`),
  UNIQUE KEY `uk_c_paiement_code` (`entity`,`code`)
) ENGINE=InnoDB AUTO_INCREMENT=106 DEFAULT CHARSET=utf8 COLLATE=utf8_unicode_ci;

--
-- Dumping data for table `llx_c_paiement`
--

INSERT INTO `llx_c_paiement` (`id`, `entity`, `code`, `libelle`, `type`, `active`, `accountancy_code`, `module`, `position`) VALUES (1,1,'TIP','TIP',2,0,NULL,NULL,0),(2,1,'VIR','Transfer',2,1,NULL,NULL,0),(3,1,'PRE','Debit order',2,1,NULL,NULL,0),(4,1,'LIQ','Cash',2,1,NULL,NULL,0),(6,1,'CB','Credit card',2,1,NULL,NULL,0),(7,1,'CHQ','Cheque',2,1,NULL,NULL,0),(50,1,'VAD','Online payment',2,0,NULL,NULL,0),(51,1,'TRA','Traite',2,0,NULL,NULL,0),(52,1,'LCR','LCR',2,0,NULL,NULL,0),(53,1,'FAC','Factor',2,0,NULL,NULL,0),(100,1,'KLA','Klarna',1,0,NULL,NULL,0),(101,1,'SOF','Sofort',1,0,NULL,NULL,0),(102,1,'BANCON','Bancontact',1,0,NULL,NULL,0),(103,1,'IDE','iDeal',1,0,NULL,NULL,0),(104,1,'GIR','Giropay',1,0,NULL,NULL,0),(105,1,'PPL','PayPal',1,0,NULL,NULL,0);

--
-- Table structure for table `llx_c_paper_format`
--

CREATE TABLE `llx_c_paper_format` (
  `rowid` int(11) NOT NULL AUTO_INCREMENT,
  `code` varchar(16) NOT NULL,
  `label` varchar(128) DEFAULT NULL,
  `width` float(6,2) DEFAULT 0.00,
  `height` float(6,2) DEFAULT 0.00,
  `unit` varchar(5) NOT NULL,
  `active` tinyint(4) NOT NULL DEFAULT 1,
  `module` varchar(32) DEFAULT NULL,
  PRIMARY KEY (`rowid`)
) ENGINE=InnoDB AUTO_INCREMENT=226 DEFAULT CHARSET=utf8 COLLATE=utf8_unicode_ci;

--
-- Dumping data for table `llx_c_paper_format`
--

INSERT INTO `llx_c_paper_format` (`rowid`, `code`, `label`, `width`, `height`, `unit`, `active`, `module`) VALUES (1,'EU4A0','Format 4A0',1682.00,2378.00,'mm',1,NULL),(2,'EU2A0','Format 2A0',1189.00,1682.00,'mm',1,NULL),(3,'EUA0','Format A0',840.00,1189.00,'mm',1,NULL),(4,'EUA1','Format A1',594.00,840.00,'mm',1,NULL),(5,'EUA2','Format A2',420.00,594.00,'mm',1,NULL),(6,'EUA3','Format A3',297.00,420.00,'mm',1,NULL),(7,'EUA4','Format A4',210.00,297.00,'mm',1,NULL),(8,'EUA5','Format A5',148.00,210.00,'mm',1,NULL),(9,'EUA6','Format A6',105.00,148.00,'mm',1,NULL),(100,'USLetter','Format Letter (A)',216.00,279.00,'mm',1,NULL),(105,'USLegal','Format Legal',216.00,356.00,'mm',1,NULL),(110,'USExecutive','Format Executive',190.00,254.00,'mm',1,NULL),(115,'USLedger','Format Ledger/Tabloid (B)',279.00,432.00,'mm',1,NULL),(200,'CAP1','Format Canadian P1',560.00,860.00,'mm',1,NULL),(205,'CAP2','Format Canadian P2',430.00,560.00,'mm',1,NULL),(210,'CAP3','Format Canadian P3',280.00,430.00,'mm',1,NULL),(215,'CAP4','Format Canadian P4',215.00,280.00,'mm',1,NULL),(220,'CAP5','Format Canadian P5',140.00,215.00,'mm',1,NULL),(225,'CAP6','Format Canadian P6',107.00,140.00,'mm',1,NULL);

--
-- Table structure for table `llx_c_payment_term`
--

CREATE TABLE `llx_c_payment_term` (
  `rowid` int(11) NOT NULL AUTO_INCREMENT,
  `entity` int(11) NOT NULL DEFAULT 1,
  `code` varchar(16) DEFAULT NULL,
  `sortorder` smallint(6) DEFAULT NULL,
  `active` tinyint(4) DEFAULT 1,
  `libelle` varchar(255) DEFAULT NULL,
  `libelle_facture` text DEFAULT NULL,
  `type_cdr` tinyint(4) DEFAULT NULL,
  `nbjour` smallint(6) DEFAULT NULL,
  `decalage` smallint(6) DEFAULT NULL,
  `deposit_percent` varchar(63) DEFAULT NULL,
  `module` varchar(32) DEFAULT NULL,
  `position` int(11) NOT NULL DEFAULT 0,
  PRIMARY KEY (`rowid`),
  UNIQUE KEY `uk_c_payment_term_code` (`entity`,`code`)
) ENGINE=InnoDB AUTO_INCREMENT=16 DEFAULT CHARSET=utf8 COLLATE=utf8_unicode_ci;

--
-- Dumping data for table `llx_c_payment_term`
--

INSERT INTO `llx_c_payment_term` (`rowid`, `entity`, `code`, `sortorder`, `active`, `libelle`, `libelle_facture`, `type_cdr`, `nbjour`, `decalage`, `deposit_percent`, `module`, `position`) VALUES (1,1,'RECEP',1,1,'Due upon receipt','Due upon receipt',0,1,NULL,NULL,NULL,0),(2,1,'30D',2,1,'30 days','Due in 30 days',0,30,NULL,NULL,NULL,0),(3,1,'30DENDMONTH',3,0,'30 days end of month','Due in 30 days, end of month',1,30,NULL,NULL,NULL,0),(4,1,'60D',4,1,'60 days','Due in 60 days, end of month',0,60,NULL,NULL,NULL,0),(5,1,'60DENDMONTH',5,0,'60 days end of month','Due in 60 days, end of month',1,60,NULL,NULL,NULL,0),(6,1,'PT_ORDER',6,0,'Due on order','Due on order',0,1,NULL,NULL,NULL,0),(7,1,'PT_DELIVERY',7,0,'Due on delivery','Due on delivery',0,1,NULL,NULL,NULL,0),(8,1,'PT_5050',8,0,'50 and 50','50% on order, 50% on delivery',0,1,NULL,NULL,NULL,0),(9,1,'10D',9,0,'10 days','Due in 10 days',0,10,NULL,NULL,NULL,0),(10,1,'10DENDMONTH',10,0,'10 days end of month','Due in 10 days, end of month',1,10,NULL,NULL,NULL,0),(11,1,'14D',11,0,'14 days','Due in 14 days',0,14,NULL,NULL,NULL,0),(12,1,'14DENDMONTH',12,0,'14 days end of month','Due in 14 days, end of month',1,14,NULL,NULL,NULL,0),(13,1,'DEP30PCTDEL',13,0,'__DEPOSIT_PERCENT__% deposit','__DEPOSIT_PERCENT__% deposit, remainder on delivery',0,1,NULL,'30',NULL,0);

--
-- Table structure for table `llx_c_price_expression`
--

CREATE TABLE `llx_c_price_expression` (
  `rowid` int(11) NOT NULL AUTO_INCREMENT,
  `title` varchar(20) NOT NULL,
  `expression` varchar(255) NOT NULL,
  PRIMARY KEY (`rowid`)
) ENGINE=InnoDB DEFAULT CHARSET=utf8 COLLATE=utf8_unicode_ci;

--
-- Dumping data for table `llx_c_price_expression`
--


--
-- Table structure for table `llx_c_price_global_variable`
--

CREATE TABLE `llx_c_price_global_variable` (
  `rowid` int(11) NOT NULL AUTO_INCREMENT,
  `code` varchar(20) NOT NULL,
  `description` text DEFAULT NULL,
  `value` double(24,8) DEFAULT 0.00000000,
  PRIMARY KEY (`rowid`)
) ENGINE=InnoDB DEFAULT CHARSET=utf8 COLLATE=utf8_unicode_ci;

--
-- Dumping data for table `llx_c_price_global_variable`
--


--
-- Table structure for table `llx_c_price_global_variable_updater`
--

CREATE TABLE `llx_c_price_global_variable_updater` (
  `rowid` int(11) NOT NULL AUTO_INCREMENT,
  `type` int(11) NOT NULL,
  `description` text DEFAULT NULL,
  `parameters` text DEFAULT NULL,
  `fk_variable` int(11) NOT NULL,
  `update_interval` int(11) DEFAULT 0,
  `next_update` int(11) DEFAULT 0,
  `last_status` text DEFAULT NULL,
  PRIMARY KEY (`rowid`)
) ENGINE=InnoDB DEFAULT CHARSET=utf8 COLLATE=utf8_unicode_ci;

--
-- Dumping data for table `llx_c_price_global_variable_updater`
--


--
-- Table structure for table `llx_c_product_nature`
--

CREATE TABLE `llx_c_product_nature` (
  `rowid` int(11) NOT NULL AUTO_INCREMENT,
  `code` tinyint(4) NOT NULL,
  `label` varchar(128) DEFAULT NULL,
  `active` tinyint(4) NOT NULL DEFAULT 1,
  PRIMARY KEY (`rowid`),
  UNIQUE KEY `uk_c_product_nature` (`code`)
) ENGINE=InnoDB AUTO_INCREMENT=3 DEFAULT CHARSET=utf8 COLLATE=utf8_unicode_ci;

--
-- Dumping data for table `llx_c_product_nature`
--

INSERT INTO `llx_c_product_nature` (`rowid`, `code`, `label`, `active`) VALUES (1,0,'RowMaterial',1),(2,1,'Finished',1);

--
-- Table structure for table `llx_c_productbatch_qcstatus`
--

CREATE TABLE `llx_c_productbatch_qcstatus` (
  `rowid` int(11) NOT NULL AUTO_INCREMENT,
  `entity` int(11) NOT NULL DEFAULT 1,
  `code` varchar(16) NOT NULL,
  `label` varchar(128) DEFAULT NULL,
  `active` int(11) NOT NULL DEFAULT 1,
  PRIMARY KEY (`rowid`),
  UNIQUE KEY `uk_c_productbatch_qcstatus` (`code`,`entity`)
) ENGINE=InnoDB AUTO_INCREMENT=3 DEFAULT CHARSET=utf8 COLLATE=utf8_unicode_ci;

--
-- Dumping data for table `llx_c_productbatch_qcstatus`
--

INSERT INTO `llx_c_productbatch_qcstatus` (`rowid`, `entity`, `code`, `label`, `active`) VALUES (1,1,'OK','InWorkingOrder',1),(2,1,'KO','OutOfOrder',1);

--
-- Table structure for table `llx_c_propalst`
--

CREATE TABLE `llx_c_propalst` (
  `id` smallint(6) NOT NULL,
  `code` varchar(12) NOT NULL,
  `label` varchar(128) DEFAULT NULL,
  `active` tinyint(4) NOT NULL DEFAULT 1,
  `sortorder` smallint(6) DEFAULT 0,
  PRIMARY KEY (`id`),
  UNIQUE KEY `uk_c_propalst` (`code`)
) ENGINE=InnoDB DEFAULT CHARSET=utf8 COLLATE=utf8_unicode_ci;

--
-- Dumping data for table `llx_c_propalst`
--

INSERT INTO `llx_c_propalst` (`id`, `code`, `label`, `active`, `sortorder`) VALUES (0,'PR_DRAFT','Brouillon',1,0),(1,'PR_OPEN','Ouverte',1,0),(2,'PR_SIGNED','Signée',1,0),(3,'PR_NOTSIGNED','Non Signée',1,0),(4,'PR_FAC','Facturée',1,0);

--
-- Table structure for table `llx_c_prospectcontactlevel`
--

CREATE TABLE `llx_c_prospectcontactlevel` (
  `code` varchar(12) NOT NULL,
  `label` varchar(128) DEFAULT NULL,
  `sortorder` smallint(6) DEFAULT NULL,
  `active` smallint(6) NOT NULL DEFAULT 1,
  `module` varchar(32) DEFAULT NULL,
  PRIMARY KEY (`code`)
) ENGINE=InnoDB DEFAULT CHARSET=utf8 COLLATE=utf8_unicode_ci;

--
-- Dumping data for table `llx_c_prospectcontactlevel`
--

INSERT INTO `llx_c_prospectcontactlevel` (`code`, `label`, `sortorder`, `active`, `module`) VALUES ('PL_HIGH','High',4,1,NULL),('PL_LOW','Low',2,1,NULL),('PL_MEDIUM','Medium',3,1,NULL),('PL_NONE','None',1,1,NULL);

--
-- Table structure for table `llx_c_prospectlevel`
--

CREATE TABLE `llx_c_prospectlevel` (
  `code` varchar(12) NOT NULL,
  `label` varchar(128) DEFAULT NULL,
  `sortorder` smallint(6) DEFAULT NULL,
  `active` smallint(6) NOT NULL DEFAULT 1,
  `module` varchar(32) DEFAULT NULL,
  PRIMARY KEY (`code`)
) ENGINE=InnoDB DEFAULT CHARSET=utf8 COLLATE=utf8_unicode_ci;

--
-- Dumping data for table `llx_c_prospectlevel`
--

INSERT INTO `llx_c_prospectlevel` (`code`, `label`, `sortorder`, `active`, `module`) VALUES ('PL_HIGH','High',4,1,NULL),('PL_LOW','Low',2,1,NULL),('PL_MEDIUM','Medium',3,1,NULL),('PL_NONE','None',1,1,NULL);

--
-- Table structure for table `llx_c_recruitment_origin`
--

CREATE TABLE `llx_c_recruitment_origin` (
  `rowid` int(11) NOT NULL AUTO_INCREMENT,
  `code` varchar(32) NOT NULL,
  `label` varchar(128) DEFAULT NULL,
  `active` tinyint(4) NOT NULL DEFAULT 1,
  PRIMARY KEY (`rowid`)
) ENGINE=InnoDB DEFAULT CHARSET=utf8 COLLATE=utf8_unicode_ci;

--
-- Dumping data for table `llx_c_recruitment_origin`
--


--
-- Table structure for table `llx_c_regions`
--

CREATE TABLE `llx_c_regions` (
  `rowid` int(11) NOT NULL AUTO_INCREMENT,
  `code_region` int(11) NOT NULL,
  `fk_pays` int(11) NOT NULL,
  `cheflieu` varchar(50) DEFAULT NULL,
  `tncc` int(11) DEFAULT NULL,
  `nom` varchar(100) DEFAULT NULL,
  `active` tinyint(4) NOT NULL DEFAULT 1,
  PRIMARY KEY (`rowid`),
  UNIQUE KEY `uk_code_region` (`code_region`),
  KEY `idx_c_regions_fk_pays` (`fk_pays`),
  CONSTRAINT `fk_c_regions_fk_pays` FOREIGN KEY (`fk_pays`) REFERENCES `llx_c_country` (`rowid`)
) ENGINE=InnoDB AUTO_INCREMENT=295 DEFAULT CHARSET=utf8 COLLATE=utf8_unicode_ci;

--
-- Dumping data for table `llx_c_regions`
--

INSERT INTO `llx_c_regions` (`rowid`, `code_region`, `fk_pays`, `cheflieu`, `tncc`, `nom`, `active`) VALUES (1,0,0,'0',0,'-',1),(2,1301,13,'',0,'Algerie',1),(3,34000,34,'AD',NULL,'Andorra',1),(4,35001,35,'AO',NULL,'Angola',1),(5,2301,23,'',0,'Norte',1),(6,2302,23,'',0,'Litoral',1),(7,2303,23,'',0,'Cuyana',1),(8,2304,23,'',0,'Central',1),(9,2305,23,'',0,'Patagonia',1),(10,2801,28,'',0,'Australia',1),(11,4101,41,'',0,'Österreich',1),(12,4601,46,'',0,'Barbados',1),(13,201,2,'',1,'Flandre',1),(14,202,2,'',2,'Wallonie',1),(15,203,2,'',3,'Bruxelles-Capitale',1),(16,5201,52,'',0,'Chuquisaca',1),(17,5202,52,'',0,'La Paz',1),(18,5203,52,'',0,'Cochabamba',1),(19,5204,52,'',0,'Oruro',1),(20,5205,52,'',0,'Potosí',1),(21,5206,52,'',0,'Tarija',1),(22,5207,52,'',0,'Santa Cruz',1),(23,5208,52,'',0,'El Beni',1),(24,5209,52,'',0,'Pando',1),(25,5601,56,'',0,'Brasil',1),(26,6101,61,'',0,'Bubanza',1),(27,6102,61,'',0,'Bujumbura Mairie',1),(28,6103,61,'',0,'Bujumbura Rural',1),(29,6104,61,'',0,'Bururi',1),(30,6105,61,'',0,'Cankuzo',1),(31,6106,61,'',0,'Cibitoke',1),(32,6107,61,'',0,'Gitega',1),(33,6108,61,'',0,'Karuzi',1),(34,6109,61,'',0,'Kayanza',1),(35,6110,61,'',0,'Kirundo',1),(36,6111,61,'',0,'Makamba',1),(37,6112,61,'',0,'Muramvya',1),(38,6113,61,'',0,'Muyinga',1),(39,6114,61,'',0,'Mwaro',1),(40,6115,61,'',0,'Ngozi',1),(41,6116,61,'',0,'Rumonge',1),(42,6117,61,'',0,'Rutana',1),(43,6118,61,'',0,'Ruyigi',1),(44,1401,14,'',0,'Canada',1),(45,6701,67,NULL,NULL,'Tarapacá',1),(46,6702,67,NULL,NULL,'Antofagasta',1),(47,6703,67,NULL,NULL,'Atacama',1),(48,6704,67,NULL,NULL,'Coquimbo',1),(49,6705,67,NULL,NULL,'Valparaíso',1),(50,6706,67,NULL,NULL,'General Bernardo O Higgins',1),(51,6707,67,NULL,NULL,'Maule',1),(52,6708,67,NULL,NULL,'Biobío',1),(53,6709,67,NULL,NULL,'Raucanía',1),(54,6710,67,NULL,NULL,'Los Lagos',1),(55,6711,67,NULL,NULL,'Aysén General Carlos Ibáñez del Campo',1),(56,6712,67,NULL,NULL,'Magallanes y Antártica Chilena',1),(57,6713,67,NULL,NULL,'Metropolitana de Santiago',1),(58,6714,67,NULL,NULL,'Los Ríos',1),(59,6715,67,NULL,NULL,'Arica y Parinacota',1),(60,901,9,'京',0,'北京市',1),(61,902,9,'津',0,'天津市',1),(62,903,9,'沪',0,'上海市',1),(63,904,9,'渝',0,'重庆市',1),(64,905,9,'冀',0,'河北省',1),(65,906,9,'晋',0,'山西省',1),(66,907,9,'辽',0,'辽宁省',1),(67,908,9,'吉',0,'吉林省',1),(68,909,9,'黑',0,'黑龙江省',1),(69,910,9,'苏',0,'江苏省',1),(70,911,9,'浙',0,'浙江省',1),(71,912,9,'皖',0,'安徽省',1),(72,913,9,'闽',0,'福建省',1),(73,914,9,'赣',0,'江西省',1),(74,915,9,'鲁',0,'山东省',1),(75,916,9,'豫',0,'河南省',1),(76,917,9,'鄂',0,'湖北省',1),(77,918,9,'湘',0,'湖南省',1),(78,919,9,'粤',0,'广东省',1),(79,920,9,'琼',0,'海南省',1),(80,921,9,'川',0,'四川省',1),(81,922,9,'贵',0,'贵州省',1),(82,923,9,'云',0,'云南省',1),(83,924,9,'陕',0,'陕西省',1),(84,925,9,'甘',0,'甘肃省',1),(85,926,9,'青',0,'青海省',1),(86,927,9,'台',0,'台湾省',1),(87,928,9,'蒙',0,'内蒙古自治区',1),(88,929,9,'桂',0,'广西壮族自治区',1),(89,930,9,'藏',0,'西藏自治区',1),(90,931,9,'宁',0,'宁夏回族自治区',1),(91,932,9,'新',0,'新疆维吾尔自治区',1),(92,933,9,'港',0,'香港特别行政区',1),(93,934,9,'澳',0,'澳门特别行政区',1),(94,7001,70,'',0,'Colombie',1),(95,7601,76,'',0,'Središnja',1),(96,7602,76,'',0,'Dalmacija',1),(97,7603,76,'',0,'Slavonija',1),(98,7604,76,'',0,'Istra',1),(99,8001,80,'',0,'Nordjylland',1),(100,8002,80,'',0,'Midtjylland',1),(101,8003,80,'',0,'Syddanmark',1),(102,8004,80,'',0,'Hovedstaden',1),(103,8005,80,'',0,'Sjælland',1),(104,1,1,'97105',3,'Guadeloupe',1),(105,2,1,'97209',3,'Martinique',1),(106,3,1,'97302',3,'Guyane',1),(107,4,1,'97411',3,'Réunion',1),(108,6,1,'97601',3,'Mayotte',1),(109,11,1,'75056',1,'Île-de-France',1),(110,24,1,'45234',2,'Centre-Val de Loire',1),(111,27,1,'21231',0,'Bourgogne-Franche-Comté',1),(112,28,1,'76540',0,'Normandie',1),(113,32,1,'59350',4,'Hauts-de-France',1),(114,44,1,'67482',2,'Grand Est',1),(115,52,1,'44109',4,'Pays de la Loire',1),(116,53,1,'35238',0,'Bretagne',1),(117,75,1,'33063',0,'Nouvelle-Aquitaine',1),(118,76,1,'31355',1,'Occitanie',1),(119,84,1,'69123',1,'Auvergne-Rhône-Alpes',1),(120,93,1,'13055',0,'Provence-Alpes-Côte d\'Azur',1),(121,94,1,'2A004',0,'Corse',1),(122,501,5,'',0,'Deutschland',1),(123,10201,102,NULL,NULL,'Αττική',1),(124,10202,102,NULL,NULL,'Στερεά Ελλάδα',1),(125,10203,102,NULL,NULL,'Κεντρική Μακεδονία',1),(126,10204,102,NULL,NULL,'Κρήτη',1),(127,10205,102,NULL,NULL,'Ανατολική Μακεδονία και Θράκη',1),(128,10206,102,NULL,NULL,'Ήπειρος',1),(129,10207,102,NULL,NULL,'Ιόνια νησιά',1),(130,10208,102,NULL,NULL,'Βόρειο Αιγαίο',1),(131,10209,102,NULL,NULL,'Πελοπόννησος',1),(132,10210,102,NULL,NULL,'Νότιο Αιγαίο',1),(133,10211,102,NULL,NULL,'Δυτική Ελλάδα',1),(134,10212,102,NULL,NULL,'Θεσσαλία',1),(135,10213,102,NULL,NULL,'Δυτική Μακεδονία',1),(136,11401,114,'',0,'Honduras',1),(137,180100,18,'HU1',NULL,'Közép-Magyarország',1),(138,182100,18,'HU21',NULL,'Közép-Dunántúl',1),(139,182200,18,'HU22',NULL,'Nyugat-Dunántúl',1),(140,182300,18,'HU23',NULL,'Dél-Dunántúl',1),(141,183100,18,'HU31',NULL,'Észak-Magyarország',1),(142,183200,18,'HU32',NULL,'Észak-Alföld',1),(143,183300,18,'HU33',NULL,'Dél-Alföld',1),(144,11701,117,'',0,'India',1),(145,11801,118,'',0,'Indonesia',1),(146,301,3,NULL,1,'Abruzzo',1),(147,302,3,NULL,1,'Basilicata',1),(148,303,3,NULL,1,'Calabria',1),(149,304,3,NULL,1,'Campania',1),(150,305,3,NULL,1,'Emilia-Romagna',1),(151,306,3,NULL,1,'Friuli-Venezia Giulia',1),(152,307,3,NULL,1,'Lazio',1),(153,308,3,NULL,1,'Liguria',1),(154,309,3,NULL,1,'Lombardia',1),(155,310,3,NULL,1,'Marche',1),(156,311,3,NULL,1,'Molise',1),(157,312,3,NULL,1,'Piemonte',1),(158,313,3,NULL,1,'Puglia',1),(159,314,3,NULL,1,'Sardegna',1),(160,315,3,NULL,1,'Sicilia',1),(161,316,3,NULL,1,'Toscana',1),(162,317,3,NULL,1,'Trentino-Alto Adige',1),(163,318,3,NULL,1,'Umbria',1),(164,319,3,NULL,1,'Valle d Aosta',1),(165,320,3,NULL,1,'Veneto',1),(166,14001,140,'',0,'Diekirch',1),(167,14002,140,'',0,'Grevenmacher',1),(168,14003,140,'',0,'Luxembourg',1),(169,15201,152,'',0,'Rivière Noire',1),(170,15202,152,'',0,'Flacq',1),(171,15203,152,'',0,'Grand Port',1),(172,15204,152,'',0,'Moka',1),(173,15205,152,'',0,'Pamplemousses',1),(174,15206,152,'',0,'Plaines Wilhems',1),(175,15207,152,'',0,'Port-Louis',1),(176,15208,152,'',0,'Rivière du Rempart',1),(177,15209,152,'',0,'Savanne',1),(178,15210,152,'',0,'Rodrigues',1),(179,15211,152,'',0,'Les îles Agaléga',1),(180,15212,152,'',0,'Les écueils des Cargados Carajos',1),(181,15401,154,'',0,'Mexique',1),(182,1201,12,'',0,'Tanger-Tétouan',1),(183,1202,12,'',0,'Gharb-Chrarda-Beni Hssen',1),(184,1203,12,'',0,'Taza-Al Hoceima-Taounate',1),(185,1204,12,'',0,'L\'Oriental',1),(186,1205,12,'',0,'Fès-Boulemane',1),(187,1206,12,'',0,'Meknès-Tafialet',1),(188,1207,12,'',0,'Rabat-Salé-Zemour-Zaër',1),(189,1208,12,'',0,'Grand Cassablanca',1),(190,1209,12,'',0,'Chaouia-Ouardigha',1),(191,1210,12,'',0,'Doukahla-Adba',1),(192,1211,12,'',0,'Marrakech-Tensift-Al Haouz',1),(193,1212,12,'',0,'Tadla-Azilal',1),(194,1213,12,'',0,'Sous-Massa-Drâa',1),(195,1214,12,'',0,'Guelmim-Es Smara',1),(196,1215,12,'',0,'Laâyoune-Boujdour-Sakia el Hamra',1),(197,1216,12,'',0,'Oued Ed-Dahab Lagouira',1),(198,1701,17,'',0,'Provincies van Nederland ',1),(199,17801,178,'',0,'Panama',1),(200,18101,181,'',0,'Amazonas',1),(201,18102,181,'',0,'Ancash',1),(202,18103,181,'',0,'Apurimac',1),(203,18104,181,'',0,'Arequipa',1),(204,18105,181,'',0,'Ayacucho',1),(205,18106,181,'',0,'Cajamarca',1),(206,18107,181,'',0,'Callao',1),(207,18108,181,'',0,'Cuzco',1),(208,18109,181,'',0,'Huancavelica',1),(209,18110,181,'',0,'Huanuco',1),(210,18111,181,'',0,'Ica',1),(211,18112,181,'',0,'Junin',1),(212,18113,181,'',0,'La Libertad',1),(213,18114,181,'',0,'Lambayeque',1),(214,18115,181,'',0,'Lima Metropolitana',1),(215,18116,181,'',0,'Lima',1),(216,18117,181,'',0,'Loreto',1),(217,18118,181,'',0,'Madre de Dios',1),(218,18119,181,'',0,'Moquegua',1),(219,18120,181,'',0,'Pasco',1),(220,18121,181,'',0,'Piura',1),(221,18122,181,'',0,'Puno',1),(222,18123,181,'',0,'San Martín',1),(223,18124,181,'',0,'Tacna',1),(224,18125,181,'',0,'Tumbes',1),(225,18126,181,'',0,'Ucayali',1),(226,15001,25,'PT',NULL,'Portugal',1),(227,15002,25,'PT9',NULL,'Azores-Madeira',1),(228,18801,188,'',0,'Romania',1),(229,8601,86,NULL,NULL,'Central',1),(230,8602,86,NULL,NULL,'Oriental',1),(231,8603,86,NULL,NULL,'Occidental',1),(232,20203,202,'SI03',NULL,'East Slovenia',1),(233,20204,202,'SI04',NULL,'West Slovenia',1),(234,401,4,'',0,'Andalucia',1),(235,402,4,'',0,'Aragón',1),(236,403,4,'',0,'Castilla y León',1),(237,404,4,'',0,'Castilla la Mancha',1),(238,405,4,'',0,'Canarias',1),(239,406,4,'',0,'Cataluña',1),(240,407,4,'',0,'Comunidad de Ceuta',1),(241,408,4,'',0,'Comunidad Foral de Navarra',1),(242,409,4,'',0,'Comunidad de Melilla',1),(243,410,4,'',0,'Cantabria',1),(244,411,4,'',0,'Comunidad Valenciana',1),(245,412,4,'',0,'Extemadura',1),(246,413,4,'',0,'Galicia',1),(247,414,4,'',0,'Islas Baleares',1),(248,415,4,'',0,'La Rioja',1),(249,416,4,'',0,'Comunidad de Madrid',1),(250,417,4,'',0,'Región de Murcia',1),(251,418,4,'',0,'Principado de Asturias',1),(252,419,4,'',0,'Pais Vasco',1),(253,420,4,'',0,'Otros',1),(254,601,6,'',1,'Cantons',1),(255,21301,213,'TW',NULL,'Taiwan',1),(256,1001,10,'',0,'Ariana',1),(257,1002,10,'',0,'Béja',1),(258,1003,10,'',0,'Ben Arous',1),(259,1004,10,'',0,'Bizerte',1),(260,1005,10,'',0,'Gabès',1),(261,1006,10,'',0,'Gafsa',1),(262,1007,10,'',0,'Jendouba',1),(263,1008,10,'',0,'Kairouan',1),(264,1009,10,'',0,'Kasserine',1),(265,1010,10,'',0,'Kébili',1),(266,1011,10,'',0,'La Manouba',1),(267,1012,10,'',0,'Le Kef',1),(268,1013,10,'',0,'Mahdia',1),(269,1014,10,'',0,'Médenine',1),(270,1015,10,'',0,'Monastir',1),(271,1016,10,'',0,'Nabeul',1),(272,1017,10,'',0,'Sfax',1),(273,1018,10,'',0,'Sidi Bouzid',1),(274,1019,10,'',0,'Siliana',1),(275,1020,10,'',0,'Sousse',1),(276,1021,10,'',0,'Tataouine',1),(277,1022,10,'',0,'Tozeur',1),(278,1023,10,'',0,'Tunis',1),(279,1024,10,'',0,'Zaghouan',1),(280,22701,227,'',0,'United Arab Emirates',1),(281,701,7,'',0,'England',1),(282,702,7,'',0,'Wales',1),(283,703,7,'',0,'Scotland',1),(284,704,7,'',0,'Northern Ireland',1),(285,1101,11,'',0,'United-States',1),(286,23201,232,'',0,'Los Andes',1),(287,23202,232,'',0,'Capital',1),(288,23203,232,'',0,'Central',1),(289,23204,232,'',0,'Cento Occidental',1),(290,23205,232,'',0,'Guayana',1),(291,23206,232,'',0,'Insular',1),(292,23207,232,'',0,'Los Llanos',1),(293,23208,232,'',0,'Nor-Oriental',1),(294,23209,232,'',0,'Zuliana',1);

--
-- Table structure for table `llx_c_revenuestamp`
--

CREATE TABLE `llx_c_revenuestamp` (
  `rowid` int(11) NOT NULL AUTO_INCREMENT,
  `fk_pays` int(11) NOT NULL,
  `taux` double NOT NULL,
  `revenuestamp_type` varchar(16) NOT NULL DEFAULT 'fixed',
  `note` varchar(128) DEFAULT NULL,
  `active` tinyint(4) NOT NULL DEFAULT 1,
  `accountancy_code_sell` varchar(32) DEFAULT NULL,
  `accountancy_code_buy` varchar(32) DEFAULT NULL,
  PRIMARY KEY (`rowid`)
) ENGINE=InnoDB AUTO_INCREMENT=1543 DEFAULT CHARSET=utf8 COLLATE=utf8_unicode_ci;

--
-- Dumping data for table `llx_c_revenuestamp`
--

INSERT INTO `llx_c_revenuestamp` (`rowid`, `fk_pays`, `taux`, `revenuestamp_type`, `note`, `active`, `accountancy_code_sell`, `accountancy_code_buy`) VALUES (101,10,0.4,'fixed','Revenue stamp tunisia',1,NULL,NULL),(1541,154,1.5,'percent','Revenue stamp mexico',1,NULL,NULL),(1542,154,3,'percent','Revenue stamp mexico',1,NULL,NULL);

--
-- Table structure for table `llx_c_shipment_mode`
--

CREATE TABLE `llx_c_shipment_mode` (
  `rowid` int(11) NOT NULL AUTO_INCREMENT,
  `entity` int(11) NOT NULL DEFAULT 1,
  `tms` timestamp NOT NULL DEFAULT current_timestamp() ON UPDATE current_timestamp(),
  `code` varchar(30) NOT NULL,
  `libelle` varchar(128) DEFAULT NULL,
  `description` text DEFAULT NULL,
  `tracking` varchar(255) DEFAULT NULL,
  `active` tinyint(4) DEFAULT 0,
  `module` varchar(32) DEFAULT NULL,
  PRIMARY KEY (`rowid`),
  UNIQUE KEY `uk_c_shipment_mode` (`code`,`entity`)
) ENGINE=InnoDB AUTO_INCREMENT=15 DEFAULT CHARSET=utf8 COLLATE=utf8_unicode_ci;

--
-- Dumping data for table `llx_c_shipment_mode`
--

INSERT INTO `llx_c_shipment_mode` (`rowid`, `entity`, `tms`, `code`, `libelle`, `description`, `tracking`, `active`, `module`) VALUES (1,1,'2023-01-03 09:40:51','CATCH','In-Store Collection','In-store collection by the customer','',1,NULL),(2,1,'2023-01-03 09:40:51','TRANS','Generic transport service','Generic transport service','',1,NULL),(3,1,'2023-01-03 09:40:51','COLSUI','Colissimo Suivi','Colissimo Suivi','https://www.laposte.fr/outils/suivre-vos-envois?code={TRACKID}',0,NULL),(4,1,'2023-01-03 09:40:51','LETTREMAX','Lettre Max','Courrier Suivi et Lettre Max','https://www.laposte.fr/outils/suivre-vos-envois?code={TRACKID}',0,NULL),(5,1,'2023-01-03 09:40:51','UPS','UPS','United Parcel Service','http://wwwapps.ups.com/etracking/tracking.cgi?InquiryNumber2=&InquiryNumber3=&tracknums_displayed=3&loc=fr_FR&TypeOfInquiryNumber=T&HTMLVersion=4.0&InquiryNumber22=&InquiryNumber32=&track=Track&Suivi.x=64&Suivi.y=7&Suivi=Valider&InquiryNumber1={TRACKID}',1,NULL),(6,1,'2023-01-03 09:40:51','KIALA','KIALA','Relais Kiala','http://www.kiala.fr/tnt/delivery/{TRACKID}',0,NULL),(7,1,'2023-01-03 09:40:51','GLS','GLS','General Logistics Systems','https://gls-group.eu/FR/fr/suivi-colis?match={TRACKID}',0,NULL),(8,1,'2023-01-03 09:40:51','CHRONO','Chronopost','Chronopost','http://www.chronopost.fr/expedier/inputLTNumbersNoJahia.do?listeNumeros={TRACKID}',0,NULL),(9,1,'2023-01-03 09:40:51','INPERSON','In person at your site',NULL,NULL,0,NULL),(10,1,'2023-01-03 09:40:51','FEDEX','Fedex',NULL,'https://www.fedex.com/apps/fedextrack/index.html?tracknumbers={TRACKID}',0,NULL),(11,1,'2023-01-03 09:40:51','TNT','TNT',NULL,'https://www.tnt.com/express/fr_fr/site/outils-expedition/suivi.html?searchType=con&cons=={TRACKID}',0,NULL),(12,1,'2023-01-03 09:40:51','DHL','DHL',NULL,'https://www.dhl.com/fr-fr/home/tracking/tracking-global-forwarding.html?submit=1&tracking-id={TRACKID}',0,NULL),(13,1,'2023-01-03 09:40:51','DPD','DPD',NULL,'https://www.dpd.fr/trace/{TRACKID}',0,NULL),(14,1,'2023-01-03 09:40:51','MAINFREIGHT','Mainfreight',NULL,'https://www.mainfreight.com/track?{TRACKID}',0,NULL);

--
-- Table structure for table `llx_c_shipment_package_type`
--

CREATE TABLE `llx_c_shipment_package_type` (
  `rowid` int(11) NOT NULL AUTO_INCREMENT,
  `label` varchar(128) DEFAULT NULL,
  `description` varchar(255) DEFAULT NULL,
  `active` int(11) NOT NULL DEFAULT 1,
  `entity` int(11) NOT NULL DEFAULT 1,
  PRIMARY KEY (`rowid`)
) ENGINE=InnoDB DEFAULT CHARSET=utf8 COLLATE=utf8_unicode_ci;

--
-- Dumping data for table `llx_c_shipment_package_type`
--


--
-- Table structure for table `llx_c_socialnetworks`
--

CREATE TABLE `llx_c_socialnetworks` (
  `rowid` int(11) NOT NULL AUTO_INCREMENT,
  `entity` int(11) NOT NULL DEFAULT 1,
  `code` varchar(100) DEFAULT NULL,
  `label` varchar(150) DEFAULT NULL,
  `url` text DEFAULT NULL,
  `icon` varchar(20) DEFAULT NULL,
  `active` tinyint(4) NOT NULL DEFAULT 1,
  PRIMARY KEY (`rowid`),
  UNIQUE KEY `idx_c_socialnetworks_code_entity` (`entity`,`code`)
) ENGINE=InnoDB AUTO_INCREMENT=34 DEFAULT CHARSET=utf8 COLLATE=utf8_unicode_ci;

--
-- Dumping data for table `llx_c_socialnetworks`
--

INSERT INTO `llx_c_socialnetworks` (`rowid`, `entity`, `code`, `label`, `url`, `icon`, `active`) VALUES (1,1,'500px','500px','{socialid}','fa-500px',0),(2,1,'dailymotion','Dailymotion','{socialid}','',0),(3,1,'diaspora','Diaspora','{socialid}','',0),(4,1,'discord','Discord','{socialid}','fa-discord',0),(5,1,'facebook','Facebook','https://www.facebook.com/{socialid}','fa-facebook',1),(6,1,'flickr','Flickr','{socialid}','fa-flickr',0),(7,1,'gifycat','Gificat','{socialid}','',0),(8,1,'giphy','Giphy','{socialid}','',0),(9,1,'github','GitHub','https://www.github.com/{socialid}','',0),(10,1,'googleplus','GooglePlus','https://www.googleplus.com/{socialid}','fa-google-plus',0),(11,1,'instagram','Instagram','https://www.instagram.com/{socialid}','fa-instagram',1),(12,1,'linkedin','LinkedIn','https://www.linkedin.com/{socialid}','fa-linkedin',1),(13,1,'mastodon','Mastodon','{socialid}','',0),(14,1,'meetup','Meetup','{socialid}','fa-meetup',0),(15,1,'periscope','Periscope','{socialid}','',0),(16,1,'pinterest','Pinterest','{socialid}','fa-pinterest',0),(17,1,'quora','Quora','{socialid}','',0),(18,1,'reddit','Reddit','{socialid}','fa-reddit',0),(19,1,'slack','Slack','{socialid}','fa-slack',0),(20,1,'snapchat','Snapchat','{socialid}','fa-snapchat',1),(21,1,'skype','Skype','https://www.skype.com/{socialid}','fa-skype',1),(22,1,'tripadvisor','Tripadvisor','{socialid}','',0),(23,1,'tumblr','Tumblr','https://www.tumblr.com/{socialid}','fa-tumblr',0),(24,1,'twitch','Twitch','{socialid}','',0),(25,1,'twitter','Twitter','https://www.twitter.com/{socialid}','fa-twitter',1),(26,1,'vero','Vero','https://vero.co/{socialid}','',0),(27,1,'viadeo','Viadeo','https://fr.viadeo.com/fr/{socialid}','fa-viadeo',0),(28,1,'viber','Viber','{socialid}','',0),(29,1,'vimeo','Vimeo','{socialid}','',0),(30,1,'whatsapp','Whatsapp','{socialid}','fa-whatsapp',1),(31,1,'wikipedia','Wikipedia','{socialid}','',0),(32,1,'xing','Xing','{socialid}','fa-xing',0),(33,1,'youtube','Youtube','https://www.youtube.com/{socialid}','fa-youtube',1);

--
-- Table structure for table `llx_c_stcomm`
--

CREATE TABLE `llx_c_stcomm` (
  `id` int(11) NOT NULL,
  `code` varchar(24) NOT NULL,
  `libelle` varchar(128) DEFAULT NULL,
  `picto` varchar(128) DEFAULT NULL,
  `active` tinyint(4) NOT NULL DEFAULT 1,
  `sortorder` smallint(6) DEFAULT 0,
  PRIMARY KEY (`id`),
  UNIQUE KEY `uk_c_stcomm` (`code`)
) ENGINE=InnoDB DEFAULT CHARSET=utf8 COLLATE=utf8_unicode_ci;

--
-- Dumping data for table `llx_c_stcomm`
--

INSERT INTO `llx_c_stcomm` (`id`, `code`, `libelle`, `picto`, `active`, `sortorder`) VALUES (-1,'ST_NO','Do not contact',NULL,1,0),(0,'ST_NEVER','Never contacted',NULL,1,0),(1,'ST_TODO','To contact',NULL,1,0),(2,'ST_PEND','Contact in progress',NULL,1,0),(3,'ST_DONE','Contacted',NULL,1,0);

--
-- Table structure for table `llx_c_stcommcontact`
--

CREATE TABLE `llx_c_stcommcontact` (
  `id` int(11) NOT NULL,
  `code` varchar(12) NOT NULL,
  `libelle` varchar(128) DEFAULT NULL,
  `picto` varchar(128) DEFAULT NULL,
  `active` tinyint(4) NOT NULL DEFAULT 1,
  PRIMARY KEY (`id`),
  UNIQUE KEY `uk_c_stcommcontact` (`code`)
) ENGINE=InnoDB DEFAULT CHARSET=utf8 COLLATE=utf8_unicode_ci;

--
-- Dumping data for table `llx_c_stcommcontact`
--

INSERT INTO `llx_c_stcommcontact` (`id`, `code`, `libelle`, `picto`, `active`) VALUES (-1,'ST_NO','Do not contact',NULL,1),(0,'ST_NEVER','Never contacted',NULL,1),(1,'ST_TODO','To contact',NULL,1),(2,'ST_PEND','Contact in progress',NULL,1),(3,'ST_DONE','Contacted',NULL,1);

--
-- Table structure for table `llx_c_ticket_category`
--

CREATE TABLE `llx_c_ticket_category` (
  `rowid` int(11) NOT NULL AUTO_INCREMENT,
  `entity` int(11) DEFAULT 1,
  `code` varchar(32) NOT NULL,
  `label` varchar(128) NOT NULL,
  `public` int(11) DEFAULT 0,
  `use_default` int(11) DEFAULT 1,
  `fk_parent` int(11) NOT NULL DEFAULT 0,
  `force_severity` varchar(32) DEFAULT NULL,
  `description` varchar(255) DEFAULT NULL,
  `pos` int(11) NOT NULL DEFAULT 0,
  `active` int(11) DEFAULT 1,
  PRIMARY KEY (`rowid`),
  UNIQUE KEY `uk_code` (`code`,`entity`)
) ENGINE=InnoDB AUTO_INCREMENT=2 DEFAULT CHARSET=utf8 COLLATE=utf8_unicode_ci;

--
-- Dumping data for table `llx_c_ticket_category`
--

INSERT INTO `llx_c_ticket_category` (`rowid`, `entity`, `code`, `label`, `public`, `use_default`, `fk_parent`, `force_severity`, `description`, `pos`, `active`) VALUES (1,1,'OTHER','Other',0,1,0,NULL,NULL,10,1);

--
-- Table structure for table `llx_c_ticket_resolution`
--

CREATE TABLE `llx_c_ticket_resolution` (
  `rowid` int(11) NOT NULL AUTO_INCREMENT,
  `entity` int(11) DEFAULT 1,
  `code` varchar(32) NOT NULL,
  `pos` varchar(32) NOT NULL,
  `label` varchar(128) NOT NULL,
  `active` int(11) DEFAULT 1,
  `use_default` int(11) DEFAULT 1,
  `description` varchar(255) DEFAULT NULL,
  PRIMARY KEY (`rowid`),
  UNIQUE KEY `uk_code` (`code`,`entity`)
) ENGINE=InnoDB AUTO_INCREMENT=4 DEFAULT CHARSET=utf8 COLLATE=utf8_unicode_ci;

--
-- Dumping data for table `llx_c_ticket_resolution`
--

INSERT INTO `llx_c_ticket_resolution` (`rowid`, `entity`, `code`, `pos`, `label`, `active`, `use_default`, `description`) VALUES (1,1,'SOLVED','10','Solved',1,0,NULL),(2,1,'CANCELED','50','Canceled',1,0,NULL),(3,1,'OTHER','90','Other',1,0,NULL);

--
-- Table structure for table `llx_c_ticket_severity`
--

CREATE TABLE `llx_c_ticket_severity` (
  `rowid` int(11) NOT NULL AUTO_INCREMENT,
  `entity` int(11) DEFAULT 1,
  `code` varchar(32) NOT NULL,
  `pos` varchar(32) NOT NULL,
  `label` varchar(128) NOT NULL,
  `color` varchar(10) DEFAULT NULL,
  `active` int(11) DEFAULT 1,
  `use_default` int(11) DEFAULT 1,
  `description` varchar(255) DEFAULT NULL,
  PRIMARY KEY (`rowid`),
  UNIQUE KEY `uk_code` (`code`,`entity`)
) ENGINE=InnoDB AUTO_INCREMENT=5 DEFAULT CHARSET=utf8 COLLATE=utf8_unicode_ci;

--
-- Dumping data for table `llx_c_ticket_severity`
--

INSERT INTO `llx_c_ticket_severity` (`rowid`, `entity`, `code`, `pos`, `label`, `color`, `active`, `use_default`, `description`) VALUES (1,1,'LOW','10','Low','',1,0,NULL),(2,1,'NORMAL','20','Normal','',1,1,NULL),(3,1,'HIGH','30','High','',1,0,NULL),(4,1,'BLOCKING','40','Critical / blocking','',1,0,NULL);

--
-- Table structure for table `llx_c_ticket_type`
--

CREATE TABLE `llx_c_ticket_type` (
  `rowid` int(11) NOT NULL AUTO_INCREMENT,
  `entity` int(11) DEFAULT 1,
  `code` varchar(32) NOT NULL,
  `pos` varchar(32) NOT NULL,
  `label` varchar(128) NOT NULL,
  `active` int(11) DEFAULT 1,
  `use_default` int(11) DEFAULT 1,
  `description` varchar(255) DEFAULT NULL,
  PRIMARY KEY (`rowid`),
  UNIQUE KEY `uk_code` (`code`,`entity`)
) ENGINE=InnoDB AUTO_INCREMENT=8 DEFAULT CHARSET=utf8 COLLATE=utf8_unicode_ci;

--
-- Dumping data for table `llx_c_ticket_type`
--

INSERT INTO `llx_c_ticket_type` (`rowid`, `entity`, `code`, `pos`, `label`, `active`, `use_default`, `description`) VALUES (1,1,'COM','10','Commercial question',1,0,NULL),(2,1,'HELP','15','Request for functionnal help',1,0,NULL),(3,1,'ISSUE','20','Issue or bug',1,0,NULL),(4,1,'PROBLEM','22','Problem',0,0,NULL),(5,1,'REQUEST','25','Change or enhancement request',1,0,NULL),(6,1,'PROJECT','30','Project',0,0,NULL),(7,1,'OTHER','40','Other',1,1,NULL);

--
-- Table structure for table `llx_c_transport_mode`
--

CREATE TABLE `llx_c_transport_mode` (
  `rowid` int(11) NOT NULL AUTO_INCREMENT,
  `entity` int(11) NOT NULL DEFAULT 1,
  `code` varchar(3) NOT NULL,
  `label` varchar(255) NOT NULL,
  `active` tinyint(4) NOT NULL DEFAULT 1,
  PRIMARY KEY (`rowid`),
  UNIQUE KEY `uk_c_transport_mode` (`code`,`entity`)
) ENGINE=InnoDB AUTO_INCREMENT=9 DEFAULT CHARSET=utf8 COLLATE=utf8_unicode_ci;

--
-- Dumping data for table `llx_c_transport_mode`
--

INSERT INTO `llx_c_transport_mode` (`rowid`, `entity`, `code`, `label`, `active`) VALUES (1,1,'MAR','Transport maritime (y compris camions ou wagons sur bateau)',1),(2,1,'TRA','Transport par chemin de fer (y compris camions sur wagon)',1),(3,1,'ROU','Transport par route',1),(4,1,'AIR','Transport par air',1),(5,1,'POS','Envois postaux',1),(6,1,'OLE','Installations de transport fixe (oléoduc)',1),(7,1,'NAV','Transport par navigation intérieure',1),(8,1,'PRO','Propulsion propre',1);

--
-- Table structure for table `llx_c_tva`
--

CREATE TABLE `llx_c_tva` (
  `rowid` int(11) NOT NULL AUTO_INCREMENT,
  `fk_pays` int(11) NOT NULL,
  `code` varchar(10) DEFAULT '',
  `taux` double NOT NULL,
  `localtax1` varchar(20) NOT NULL DEFAULT '0',
  `localtax1_type` varchar(10) NOT NULL DEFAULT '0',
  `localtax2` varchar(20) NOT NULL DEFAULT '0',
  `localtax2_type` varchar(10) NOT NULL DEFAULT '0',
  `recuperableonly` int(11) NOT NULL DEFAULT 0,
  `note` varchar(128) DEFAULT NULL,
  `active` tinyint(4) NOT NULL DEFAULT 1,
  `accountancy_code_sell` varchar(32) DEFAULT NULL,
  `accountancy_code_buy` varchar(32) DEFAULT NULL,
  `use_default` tinyint(4) DEFAULT 0,
  PRIMARY KEY (`rowid`),
  UNIQUE KEY `uk_c_tva_id` (`fk_pays`,`code`,`taux`,`recuperableonly`)
) ENGINE=InnoDB AUTO_INCREMENT=2468 DEFAULT CHARSET=utf8 COLLATE=utf8_unicode_ci;

--
-- Dumping data for table `llx_c_tva`
--

INSERT INTO `llx_c_tva` (`rowid`, `fk_pays`, `code`, `taux`, `localtax1`, `localtax1_type`, `localtax2`, `localtax2_type`, `recuperableonly`, `note`, `active`, `accountancy_code_sell`, `accountancy_code_buy`, `use_default`) VALUES (12,1,'',20,'0','0','0','0',0,'VAT rate - standard (France hors DOM-TOM)',1,'44571','44566',0),(13,1,'',10,'0','0','0','0',0,'VAT rate - reduced',1,NULL,'44566',0),(14,1,'',5.5,'0','0','0','0',0,'VAT rate - reduced (France hors DOM-TOM)',1,'445711','44566',0),(15,1,'',2.1,'0','0','0','0',0,'VAT rate - super-reduced',0,NULL,NULL,0),(16,1,'85',8.5,'0','0','0','0',0,'VAT rate - standard (DOM sauf Guyane et Saint-Martin)',0,NULL,NULL,0),(17,1,'85NPR',8.5,'0','0','0','0',1,'VAT rate - standard (DOM sauf Guyane et Saint-Martin), non perçu par le vendeur mais récupérable par acheteur',0,NULL,NULL,0),(18,1,'85NPROM',8.5,'2','3','0','0',1,'VAT rate - standard (DOM sauf Guyane et Saint-Martin), NPR, Octroi de Mer',0,NULL,NULL,0),(19,1,'85NPROMOMR',8.5,'2','3','2.5','3',1,'VAT rate - standard (DOM sauf Guyane et Saint-Martin), NPR, Octroi de Mer et Octroi de Mer Regional',0,NULL,NULL,0),(21,2,'',0,'0','0','0','0',0,'VAT rate 0 ou non applicable',1,NULL,NULL,0),(22,2,'',6,'0','0','0','0',0,'VAT rate - reduced',1,NULL,NULL,0),(23,2,'',21,'0','0','0','0',0,'VAT rate - standard',1,NULL,NULL,0),(24,2,'',12,'0','0','0','0',0,'VAT rate - reduced',1,NULL,NULL,0),(31,3,'',0,'0','0','0','0',0,'VAT rate 0',1,NULL,NULL,0),(32,3,'',10,'0','0','0','0',0,'VAT rate - reduced',1,NULL,NULL,0),(33,3,'',4,'0','0','0','0',0,'VAT rate - super-reduced',1,NULL,NULL,0),(34,3,'',22,'0','0','0','0',0,'VAT rate - standard',1,NULL,NULL,0),(41,4,'',0,'0','3','-19:-15:-9','5',0,'VAT rate 0',1,NULL,NULL,0),(42,4,'',10,'1.4','3','-19:-15:-9','5',0,'VAT rate - reduced',1,NULL,NULL,0),(43,4,'',4,'0.5','3','-19:-15:-9','5',0,'VAT rate - super-reduced',1,NULL,NULL,0),(44,4,'',21,'5.2','3','-19:-15:-9','5',0,'VAT rate - standard',1,NULL,NULL,0),(51,5,'',0,'0','0','0','0',0,'No VAT',1,NULL,NULL,0),(52,5,'',7,'0','0','0','0',0,'ermäßigte USt.',1,NULL,NULL,0),(54,5,'',5.5,'0','0','0','0',0,'USt. Forst',0,NULL,NULL,0),(55,5,'',10.7,'0','0','0','0',0,'USt. Landwirtschaft',0,NULL,NULL,0),(56,5,'',19,'0','0','0','0',0,'allgemeine Ust.',1,NULL,NULL,0),(61,6,'',0,'0','0','0','0',0,'VAT rate 0',1,NULL,NULL,0),(62,6,'',3.7,'0','0','0','0',0,'VAT rate - reduced',1,NULL,NULL,0),(63,6,'',2.5,'0','0','0','0',0,'VAT rate - super-reduced',1,NULL,NULL,0),(64,6,'',7.7,'0','0','0','0',0,'VAT rate - standard',1,NULL,NULL,0),(71,7,'',0,'0','0','0','0',0,'VAT rate 0',1,NULL,NULL,0),(72,7,'',17.5,'0','0','0','0',0,'VAT rate - standard before 2011',1,NULL,NULL,0),(73,7,'',5,'0','0','0','0',0,'VAT rate - reduced',1,NULL,NULL,0),(74,7,'',20,'0','0','0','0',0,'VAT rate - standard',1,NULL,NULL,0),(81,8,'',0,'0','0','0','0',0,'VAT rate 0',1,NULL,NULL,0),(82,8,'',23,'0','0','0','0',0,'VAT rate - standard',1,NULL,NULL,0),(83,8,'',13.5,'0','0','0','0',0,'VAT rate - reduced',1,NULL,NULL,0),(84,8,'',9,'0','0','0','0',0,'VAT rate - reduced',1,NULL,NULL,0),(85,8,'',4.8,'0','0','0','0',0,'VAT rate - reduced',1,NULL,NULL,0),(91,9,'',0,'0','0','0','0',0,'VAT rate 0',1,NULL,NULL,0),(92,9,'',13,'0','0','0','0',0,'VAT rate - reduced 0',1,NULL,NULL,0),(93,9,'',3,'0','0','0','0',0,'VAT rate -  super-reduced 0',1,NULL,NULL,0),(94,9,'',17,'0','0','0','0',0,'VAT rate - standard',1,NULL,NULL,0),(101,10,'',0,'0','0','0','0',0,'VAT rate 0',1,NULL,NULL,0),(102,10,'',12,'0','0','0','0',0,'VAT 12%',1,NULL,NULL,0),(103,10,'',18,'0','0','0','0',0,'VAT 18%',1,NULL,NULL,0),(104,10,'',7.5,'0','0','0','0',0,'VAT 6% Majoré à 25% (7.5%)',1,NULL,NULL,0),(105,10,'',15,'0','0','0','0',0,'VAT 12% Majoré à 25% (15%)',1,NULL,NULL,0),(106,10,'',22.5,'0','0','0','0',0,'VAT 18% Majoré à 25% (22.5%)',1,NULL,NULL,0),(107,10,'',6,'0','0','0','0',0,'VAT 6%',1,NULL,NULL,0),(108,10,'',18.18,'1','4','0','0',0,'VAT 18%+FODEC',1,NULL,NULL,0),(111,11,'',0,'0','0','0','0',0,'No Sales Tax',1,NULL,NULL,0),(112,11,'',4,'0','0','0','0',0,'Sales Tax 4%',1,NULL,NULL,0),(113,11,'',6,'0','0','0','0',0,'Sales Tax 6%',1,NULL,NULL,0),(121,12,'',0,'0','0','0','0',0,'VAT rate 0',1,NULL,NULL,0),(122,12,'',14,'0','0','0','0',0,'VAT rate - reduced',1,NULL,NULL,0),(123,12,'',10,'0','0','0','0',0,'VAT rate - reduced',1,NULL,NULL,0),(124,12,'',7,'0','0','0','0',0,'VAT rate - super-reduced',1,NULL,NULL,0),(125,12,'',20,'0','0','0','0',0,'VAT rate - standard',1,NULL,NULL,0),(131,13,'',0,'0','0','0','0',0,'TVA 0%',1,NULL,NULL,0),(132,13,'',9,'0','0','0','0',0,'TVA 9%',1,NULL,NULL,0),(133,13,'',19,'0','0','0','0',0,'TVA 19%',1,NULL,NULL,0),(141,14,'',0,'0','0','0','0',0,'VAT rate 0',1,NULL,NULL,0),(142,14,'',7,'0','0','0','0',0,'VAT rate - standard',1,NULL,NULL,0),(143,14,'',5,'9.975','1','0','0',0,'GST/TPS and PST/TVQ rate for Province',1,NULL,NULL,0),(171,17,'',0,'0','0','0','0',0,'0 BTW tarief',1,NULL,NULL,0),(172,17,'',6,'0','0','0','0',0,'Verlaagd BTW tarief',1,NULL,NULL,0),(173,17,'',19,'0','0','0','0',0,'Algemeen BTW tarief',1,NULL,NULL,0),(174,17,'',21,'0','0','0','0',0,'Algemeen BTW tarief (vanaf 1 oktober 2012)',0,NULL,NULL,0),(201,20,'',0,'0','0','0','0',0,'VAT rate 0',1,NULL,NULL,0),(202,20,'',12,'0','0','0','0',0,'VAT rate - reduced',1,NULL,NULL,0),(203,20,'',6,'0','0','0','0',0,'VAT rate - super-reduced',1,NULL,NULL,0),(204,20,'',25,'0','0','0','0',0,'VAT rate - standard',1,NULL,NULL,0),(211,21,'',0,'0','0','0','0',0,'IVA Rate 0',1,NULL,NULL,0),(212,21,'',18,'7.5','2','0','0',0,'IVA standard rate',1,NULL,NULL,0),(221,22,'',0,'0','0','0','0',0,'VAT rate 0',1,NULL,NULL,0),(222,22,'',10,'0','0','0','0',0,'VAT rate - reduced',1,NULL,NULL,0),(223,22,'',18,'0','0','0','0',0,'VAT rate - standard',1,NULL,NULL,0),(231,23,'',0,'0','0','0','0',0,'IVA Rate 0',1,NULL,NULL,0),(232,23,'',10.5,'0','0','0','0',0,'IVA reduced rate',1,NULL,NULL,0),(233,23,'',21,'0','0','0','0',0,'IVA standard rate',1,NULL,NULL,0),(241,24,'',0,'0','0','0','0',0,'VAT rate 0',1,NULL,NULL,0),(242,24,'',19.25,'0','0','0','0',0,'VAT rate - standard',1,NULL,NULL,0),(251,25,'',0,'0','0','0','0',0,'VAT rate 0',1,NULL,NULL,0),(252,25,'',13,'0','0','0','0',0,'VAT rate - reduced',1,NULL,NULL,0),(253,25,'',23,'0','0','0','0',0,'VAT rate - standard',1,NULL,NULL,0),(254,25,'',6,'0','0','0','0',0,'VAT rate - reduced',1,NULL,NULL,0),(261,26,'',0,'0','0','0','0',0,'VAT rate 0',1,NULL,NULL,0),(262,26,'',5,'0','0','0','0',0,'VAT rate 5',1,NULL,NULL,0),(271,27,'',0,'0','0','0','0',0,'VAT rate 0 ou non applicable',1,NULL,NULL,0),(272,27,'',8.5,'0','0','0','0',0,'VAT rate - standard (DOM sauf Guyane et Saint-Martin)',0,NULL,NULL,0),(273,27,'',8.5,'0','0','0','0',1,'VAT rate - standard (DOM sauf Guyane et Saint-Martin), non perçu par le vendeur mais récupérable par acheteur',0,NULL,NULL,0),(274,27,'',5.5,'0','0','0','0',0,'VAT rate - reduced (France hors DOM-TOM)',0,NULL,NULL,0),(275,27,'',19.6,'0','0','0','0',0,'VAT rate - standard (France hors DOM-TOM)',1,NULL,NULL,0),(276,27,'',2.1,'0','0','0','0',0,'VAT rate - super-reduced',1,NULL,NULL,0),(277,27,'',7,'0','0','0','0',0,'VAT rate - reduced',1,NULL,NULL,0),(281,28,'',0,'0','0','0','0',0,'VAT rate 0',1,NULL,NULL,0),(282,28,'',10,'0','0','0','0',0,'VAT rate - standard',1,NULL,NULL,0),(351,35,'',0,'0','0','0','0',0,'VAT rate 0',1,NULL,NULL,0),(352,35,'',7,'0','0','0','0',0,'VAT rate - reduced',1,NULL,NULL,0),(353,35,'',14,'0','0','0','0',0,'VAT rate - standard',1,NULL,NULL,0),(411,41,'',0,'0','0','0','0',0,'VAT rate 0',1,NULL,NULL,0),(412,41,'',10,'0','0','0','0',0,'VAT rate - reduced',1,NULL,NULL,0),(413,41,'',20,'0','0','0','0',0,'VAT rate - standard',1,NULL,NULL,0),(461,46,'',0,'0','0','0','0',0,'No VAT',1,NULL,NULL,0),(462,46,'',15,'0','0','0','0',0,'VAT 15%',1,NULL,NULL,0),(463,46,'',7.5,'0','0','0','0',0,'VAT 7.5%',1,NULL,NULL,0),(561,56,'',0,'0','0','0','0',0,'VAT rate - reduced',1,NULL,NULL,0),(591,59,'',0,'0','0','0','0',0,'VAT rate 0',1,NULL,NULL,0),(592,59,'',7,'0','0','0','0',0,'VAT rate - reduced',1,NULL,NULL,0),(593,59,'',20,'0','0','0','0',0,'VAT rate - standard',1,NULL,NULL,0),(671,67,'',0,'0','0','0','0',0,'VAT rate 0',1,NULL,NULL,0),(672,67,'',19,'0','0','0','0',0,'VAT rate - standard',1,NULL,NULL,0),(721,72,'',0,'0','0','0','0',0,'VAT rate 0',1,NULL,NULL,0),(722,72,'',18,'0.9','1','0','0',0,'VAT rate 18+0.9',1,NULL,NULL,0),(761,76,'',25,'0','0','0','0',0,'PDV 25%',1,NULL,NULL,0),(762,76,'',13,'0','0','0','0',0,'PDV 13%',1,NULL,NULL,0),(763,76,'',5,'0','0','0','0',0,'PDV 5%',1,NULL,NULL,0),(764,76,'',0,'0','0','0','0',0,'PDV 0%',1,NULL,NULL,0),(781,78,'',0,'0','0','0','0',0,'VAT rate 0',1,NULL,NULL,0),(782,78,'',9,'0','0','0','0',0,'VAT rate 9',1,NULL,NULL,0),(783,78,'',5,'0','0','0','0',0,'VAT rate 5',1,NULL,NULL,0),(784,78,'',19,'0','0','0','0',0,'VAT rate - standard',1,NULL,NULL,0),(801,80,'',0,'0','0','0','0',0,'VAT rate 0',1,NULL,NULL,0),(802,80,'',25,'0','0','0','0',0,'VAT rate - standard',1,NULL,NULL,0),(861,86,'',0,'0','0','0','0',0,'SIN IVA',1,NULL,NULL,0),(862,86,'',13,'0','0','0','0',0,'IVA 13',1,NULL,NULL,0),(1021,102,'',0,'0','0','0','0',0,'Μηδενικό Φ.Π.Α.',1,NULL,NULL,0),(1022,102,'',24,'0','0','0','0',0,'Κανονικός Φ.Π.Α.',1,NULL,NULL,0),(1023,102,'',13,'0','0','0','0',0,'Μειωμένος Φ.Π.Α.',1,NULL,NULL,0),(1024,102,'',6,'0','0','0','0',0,'Υπερμειωμένος Φ.Π.Α.',1,NULL,NULL,0),(1025,102,'',16,'0','0','0','0',0,'Νήσων κανονικός Φ.Π.Α.',1,NULL,NULL,0),(1026,102,'',9,'0','0','0','0',0,'Νήσων μειωμένος Φ.Π.Α.',1,NULL,NULL,0),(1027,102,'',4,'0','0','0','0',0,'Νήσων υπερμειωμένος Φ.Π.Α.',1,NULL,NULL,0),(1028,102,'',17,'0','0','0','0',0,'Νήσων υπερμειωμένος Φ.Π.Α.',1,NULL,NULL,0),(1141,114,'',0,'0','0','0','0',0,'No ISV',1,NULL,NULL,0),(1142,114,'',12,'0','0','0','0',0,'ISV 12%',1,NULL,NULL,0),(1161,116,'',0,'0','0','0','0',0,'VAT rate 0',1,NULL,NULL,0),(1162,116,'',7,'0','0','0','0',0,'VAT rate - reduced',1,NULL,NULL,0),(1163,116,'',25.5,'0','0','0','0',0,'VAT rate - standard',1,NULL,NULL,0),(1171,117,'',0,'0','0','0','0',0,'VAT rate 0',0,NULL,NULL,0),(1172,117,'C+S-5',0,'2.5','1','2.5','1',0,'CGST+SGST - Same state sales',1,NULL,NULL,0),(1173,117,'I-5',5,'0','0','0','0',0,'IGST',1,NULL,NULL,0),(1174,117,'C+S-12',0,'6','1','6','1',0,'CGST+SGST - Same state sales',1,NULL,NULL,0),(1175,117,'I-12',12,'0','0','0','0',0,'IGST',1,NULL,NULL,0),(1176,117,'C+S-18',0,'9','1','9','1',0,'CGST+SGST - Same state sales',1,NULL,NULL,0),(1177,117,'I-18',18,'0','0','0','0',0,'IGST',1,NULL,NULL,0),(1178,117,'C+S-28',0,'14','1','14','1',0,'CGST+SGST - Same state sales',1,NULL,NULL,0),(1179,117,'I-28',28,'0','0','0','0',0,'IGST',1,NULL,NULL,0),(1231,123,'',0,'0','0','0','0',0,'VAT rate 0',1,NULL,NULL,0),(1232,123,'',5,'0','0','0','0',0,'VAT rate 5',1,NULL,NULL,0),(1401,140,'',0,'0','0','0','0',0,'VAT rate 0',1,NULL,NULL,0),(1402,140,'',14,'0','0','0','0',0,'VAT rate - intermediary',1,NULL,NULL,0),(1403,140,'',8,'0','0','0','0',0,'VAT rate - reduced',1,NULL,NULL,0),(1404,140,'',3,'0','0','0','0',0,'VAT rate - super-reduced',1,NULL,NULL,0),(1405,140,'',17,'0','0','0','0',0,'VAT rate - standard',1,NULL,NULL,0),(1471,147,'',0,'0','0','0','0',0,'VAT rate 0',1,NULL,NULL,0),(1472,147,'',18,'0','0','0','0',0,'VAT rate - standard',1,NULL,NULL,0),(1481,148,'',0,'0','0','0','0',0,'VAT rate 0',1,NULL,NULL,0),(1482,148,'',7,'0','0','0','0',0,'VAT rate - reduced',1,NULL,NULL,0),(1483,148,'',5,'0','0','0','0',0,'VAT rate - super-reduced',1,NULL,NULL,0),(1484,148,'',18,'0','0','0','0',0,'VAT rate - standard',1,NULL,NULL,0),(1511,151,'',0,'0','0','0','0',0,'VAT rate 0',1,NULL,NULL,0),(1512,151,'',14,'0','0','0','0',0,'VAT rate 14',1,NULL,NULL,0),(1521,152,'',0,'0','0','0','0',0,'VAT rate 0',1,NULL,NULL,0),(1522,152,'',15,'0','0','0','0',0,'VAT rate 15',1,NULL,NULL,0),(1541,154,'',0,'0','0','0','0',0,'No VAT',1,NULL,NULL,0),(1542,154,'',16,'0','0','0','0',0,'VAT 16%',1,NULL,NULL,0),(1543,154,'',10,'0','0','0','0',0,'VAT Frontero',1,NULL,NULL,0),(1651,165,'',0,'0','0','0','0',0,'VAT rate 0',1,NULL,NULL,0),(1652,165,'',3,'0','0','0','0',0,'VAT standard 3',1,NULL,NULL,0),(1653,165,'',6,'0','0','0','0',0,'VAT standard 6',1,NULL,NULL,0),(1654,165,'',11,'0','0','0','0',0,'VAT rate - standard',1,NULL,NULL,0),(1655,165,'',22,'0','0','0','0',0,'VAT standard high',1,NULL,NULL,0),(1661,166,'',0,'0','0','0','0',0,'VAT rate 0',1,NULL,NULL,0),(1662,166,'',15,'0','0','0','0',0,'VAT rate - standard',1,NULL,NULL,0),(1691,169,'',0,'0','0','0','0',0,'VAT rate 0',1,NULL,NULL,0),(1692,169,'',5,'0','0','0','0',0,'VAT rate - standard',1,NULL,NULL,0),(1731,173,'',0,'0','0','0','0',0,'VAT rate 0',1,NULL,NULL,0),(1732,173,'',14,'0','0','0','0',0,'VAT rate - reduced',1,NULL,NULL,0),(1733,173,'',8,'0','0','0','0',0,'VAT rate - reduced',1,NULL,NULL,0),(1734,173,'',25,'0','0','0','0',0,'VAT rate - standard',1,NULL,NULL,0),(1781,178,'',0,'0','0','0','0',0,'ITBMS Rate 0',1,NULL,NULL,0),(1782,178,'',7,'0','0','0','0',0,'ITBMS standard rate',1,NULL,NULL,0),(1811,181,'',0,'0','0','0','0',0,'VAT rate 0',1,NULL,NULL,0),(1818,181,'',18,'0','0','0','0',0,'VAT rate - standard',1,NULL,NULL,0),(1841,184,'',0,'0','0','0','0',0,'VAT rate 0',1,NULL,NULL,0),(1842,184,'',8,'0','0','0','0',0,'VAT rate - reduced',1,NULL,NULL,0),(1843,184,'',3,'0','0','0','0',0,'VAT rate - reduced',1,NULL,NULL,0),(1844,184,'',23,'0','0','0','0',0,'VAT rate - standard',1,NULL,NULL,0),(1881,188,'',0,'0','0','0','0',0,'VAT rate 0',1,NULL,NULL,0),(1882,188,'',9,'0','0','0','0',0,'VAT rate - reduced',1,NULL,NULL,0),(1883,188,'',19,'0','0','0','0',0,'VAT rate - standard',1,NULL,NULL,0),(1884,188,'',5,'0','0','0','0',0,'VAT rate - reduced',1,NULL,NULL,0),(1931,193,'',0,'0','0','0','0',0,'No VAT in SPM',1,NULL,NULL,0),(2011,201,'',0,'0','0','0','0',0,'VAT rate 0',1,NULL,NULL,0),(2012,201,'',10,'0','0','0','0',0,'VAT rate - reduced',1,NULL,NULL,0),(2013,201,'',19,'0','0','0','0',0,'VAT rate - standard',1,NULL,NULL,0),(2021,202,'',0,'0','0','0','0',0,'VAT rate 0',1,NULL,NULL,0),(2022,202,'',9.5,'0','0','0','0',0,'VAT rate - reduced',1,NULL,NULL,0),(2023,202,'',22,'0','0','0','0',0,'VAT rate - standard',1,NULL,NULL,0),(2051,205,'',0,'0','0','0','0',0,'VAT rate 0',1,NULL,NULL,0),(2052,205,'',15,'0','0','0','0',0,'VAT rate - standard',1,NULL,NULL,0),(2071,207,'',0,'0','0','0','0',0,'VAT 0',1,NULL,NULL,0),(2072,207,'',15,'0','0','0','0',0,'VAT 15%',1,NULL,NULL,0),(2131,213,'',0,'0','0','0','0',0,'VAT 0',1,NULL,NULL,0),(2132,213,'',5,'0','0','0','0',0,'VAT 5%',1,NULL,NULL,0),(2261,226,'',0,'0','0','0','0',0,'VAT rate 0',1,NULL,NULL,0),(2262,226,'',20,'0','0','0','0',0,'VAT standart rate',1,NULL,NULL,0),(2321,232,'',0,'0','0','0','0',0,'No VAT',1,NULL,NULL,0),(2322,232,'',12,'0','0','0','0',0,'VAT 12%',1,NULL,NULL,0),(2323,232,'',8,'0','0','0','0',0,'VAT 8%',1,NULL,NULL,0),(2331,233,'',0,'0','0','0','0',0,'Thuế GTGT đươc khấu trừ 0%',1,NULL,NULL,0),(2332,233,'',5,'0','0','0','0',0,'Thuế GTGT đươc khấu trừ 5%',1,NULL,NULL,0),(2333,233,'',8,'0','0','0','0',0,'Thuế GTGT đươc khấu trừ 8%',1,NULL,NULL,0),(2334,233,'',10,'0','0','0','0',0,'Thuế GTGT đươc khấu trừ 10%',1,NULL,NULL,0),(2335,61,'',0,'0','0','0','0',0,'No VAT',1,NULL,NULL,0),(2336,61,'',10,'0','0','0','0',0,'VAT 10%',1,NULL,NULL,0),(2337,61,'',18,'0','0','0','0',0,'VAT 18%',1,NULL,NULL,0),(2461,246,'',0,'0','0','0','0',0,'VAT rate 0',1,NULL,NULL,0),(2463,1,'TVAVP',20,'0','0','0','0',0,'TVA VP',1,NULL,'445661',0),(2464,1,'TVACOM20',20,'0','0','0','0',0,'TVA COM FERM\'ENVIE',1,'44566','44566',0),(2465,1,'',0,'0','0','0','0',0,NULL,1,'44571','44566',0),(2466,1,'TVACOM55',20,'0','0','0','0',0,'TVA COM FERM\'ENVIE 5,5',1,'44566','44566',0),(2467,1,'Immo',20,'0','0','0','0',0,'TVA Immo',1,NULL,'44562',0);

--
-- Table structure for table `llx_c_type_contact`
--

CREATE TABLE `llx_c_type_contact` (
  `rowid` int(11) NOT NULL AUTO_INCREMENT,
  `element` varchar(30) NOT NULL,
  `source` varchar(8) NOT NULL DEFAULT 'external',
  `code` varchar(32) NOT NULL,
  `libelle` varchar(128) DEFAULT NULL,
  `active` tinyint(4) NOT NULL DEFAULT 1,
  `module` varchar(32) DEFAULT NULL,
  `position` int(11) NOT NULL DEFAULT 0,
  PRIMARY KEY (`rowid`),
  UNIQUE KEY `uk_c_type_contact_id` (`element`,`source`,`code`)
) ENGINE=InnoDB AUTO_INCREMENT=110130 DEFAULT CHARSET=utf8 COLLATE=utf8_unicode_ci;

--
-- Dumping data for table `llx_c_type_contact`
--

INSERT INTO `llx_c_type_contact` (`rowid`, `element`, `source`, `code`, `libelle`, `active`, `module`, `position`) VALUES (1,'contrat','internal','SALESREPSIGN','Commercial signataire du contrat',1,NULL,0),(2,'contrat','internal','SALESREPFOLL','Commercial suivi du contrat',1,NULL,0),(3,'contrat','external','BILLING','Contact client facturation contrat',1,NULL,0),(4,'contrat','external','CUSTOMER','Contact client suivi contrat',1,NULL,0),(5,'contrat','external','SALESREPSIGN','Contact client signataire contrat',1,NULL,0),(6,'propal','internal','SALESREPFOLL','Commercial à l\'origine de la propale',1,NULL,0),(7,'propal','external','BILLING','Contact client facturation propale',1,NULL,0),(8,'propal','external','CUSTOMER','Contact client suivi propale',1,NULL,0),(9,'propal','external','SHIPPING','Contact client livraison propale',1,NULL,0),(10,'facture','internal','SALESREPFOLL','Responsable suivi du paiement',1,NULL,0),(11,'facture','external','BILLING','Contact client facturation',1,NULL,0),(12,'facture','external','SHIPPING','Contact client livraison',1,NULL,0),(13,'facture','external','SERVICE','Contact client prestation',1,NULL,0),(14,'invoice_supplier','internal','SALESREPFOLL','Responsable suivi du paiement',1,NULL,0),(15,'invoice_supplier','external','BILLING','Contact fournisseur facturation',1,NULL,0),(16,'invoice_supplier','external','SHIPPING','Contact fournisseur livraison',1,NULL,0),(17,'invoice_supplier','external','SERVICE','Contact fournisseur prestation',1,NULL,0),(18,'agenda','internal','ACTOR','Responsable',1,NULL,0),(19,'agenda','internal','GUEST','Guest',1,NULL,0),(20,'agenda','external','ACTOR','Responsable',1,NULL,0),(21,'agenda','external','GUEST','Guest',1,NULL,0),(22,'commande','internal','SALESREPFOLL','Responsable suivi de la commande',1,NULL,0),(23,'commande','external','BILLING','Contact client facturation commande',1,NULL,0),(24,'commande','external','CUSTOMER','Contact client suivi commande',1,NULL,0),(25,'commande','external','SHIPPING','Contact client livraison commande',1,NULL,0),(26,'fichinter','internal','INTERREPFOLL','Responsable suivi de l\'intervention',1,NULL,0),(27,'fichinter','internal','INTERVENING','Intervenant',1,NULL,0),(28,'fichinter','external','BILLING','Contact client facturation intervention',1,NULL,0),(29,'fichinter','external','CUSTOMER','Contact client suivi de l\'intervention',1,NULL,0),(30,'order_supplier','internal','SALESREPFOLL','Responsable suivi de la commande',1,NULL,0),(31,'order_supplier','internal','SHIPPING','Responsable réception de la commande',1,NULL,0),(32,'order_supplier','external','BILLING','Contact fournisseur facturation commande',1,NULL,0),(33,'order_supplier','external','CUSTOMER','Contact fournisseur suivi commande',1,NULL,0),(34,'order_supplier','external','SHIPPING','Contact fournisseur livraison commande',1,NULL,0),(35,'dolresource','internal','USERINCHARGE','In charge of resource',1,NULL,0),(36,'dolresource','external','THIRDINCHARGE','In charge of resource',1,NULL,0),(37,'ticket','internal','SUPPORTTEC','Utilisateur contact support',1,NULL,0),(38,'ticket','internal','CONTRIBUTOR','Intervenant',1,NULL,0),(39,'ticket','external','SUPPORTCLI','Contact client suivi incident',1,NULL,0),(40,'ticket','external','CONTRIBUTOR','Intervenant',1,NULL,0),(41,'project','internal','PROJECTLEADER','Chef de Projet',1,NULL,0),(42,'project','internal','PROJECTCONTRIBUTOR','Intervenant',1,NULL,0),(43,'project','external','PROJECTLEADER','Chef de Projet',1,NULL,0),(44,'project','external','PROJECTCONTRIBUTOR','Intervenant',1,NULL,0),(45,'project_task','internal','TASKEXECUTIVE','Responsable',1,NULL,0),(46,'project_task','internal','TASKCONTRIBUTOR','Intervenant',1,NULL,0),(47,'project_task','external','TASKEXECUTIVE','Responsable',1,NULL,0),(48,'project_task','external','TASKCONTRIBUTOR','Intervenant',1,NULL,0),(49,'supplier_proposal','internal','SALESREPFOLL','Responsable suivi de la demande',1,NULL,0),(50,'supplier_proposal','external','BILLING','Contact fournisseur facturation',1,NULL,0),(51,'supplier_proposal','external','SHIPPING','Contact fournisseur livraison',1,NULL,0),(52,'supplier_proposal','external','SERVICE','Contact fournisseur prestation',1,NULL,0),(53,'conferenceorbooth','internal','MANAGER','Conference or Booth manager',1,NULL,0),(54,'conferenceorbooth','external','SPEAKER','Conference Speaker',1,NULL,0),(55,'conferenceorbooth','external','RESPONSIBLE','Booth responsible',1,NULL,0),(56,'bonderetour','internal','SALESREPFOLL','Responsable suivi du bon de retour',1,NULL,0),(57,'bonderetour','external','CUSTOMER','Contact suivi du bon de retour',1,NULL,0),(58,'bonderetour','external','BRRECIPIENT','Destinataire du bon de retour',1,NULL,1);

--
-- Table structure for table `llx_c_type_container`
--

CREATE TABLE `llx_c_type_container` (
  `rowid` int(11) NOT NULL AUTO_INCREMENT,
  `code` varchar(32) NOT NULL,
  `entity` int(11) NOT NULL DEFAULT 1,
  `label` varchar(128) DEFAULT NULL,
  `module` varchar(32) DEFAULT NULL,
  `active` tinyint(4) NOT NULL DEFAULT 1,
  PRIMARY KEY (`rowid`),
  UNIQUE KEY `uk_c_type_container_id` (`code`,`entity`)
) ENGINE=InnoDB AUTO_INCREMENT=6 DEFAULT CHARSET=utf8 COLLATE=utf8_unicode_ci;

--
-- Dumping data for table `llx_c_type_container`
--

INSERT INTO `llx_c_type_container` (`rowid`, `code`, `entity`, `label`, `module`, `active`) VALUES (1,'page',1,'Page','system',1),(2,'banner',1,'Banner','system',1),(3,'blogpost',1,'BlogPost','system',1),(4,'menu',1,'Menu','system',1),(5,'other',1,'Other','system',1);

--
-- Table structure for table `llx_c_type_fees`
--

CREATE TABLE `llx_c_type_fees` (
  `id` int(11) NOT NULL AUTO_INCREMENT,
  `code` varchar(12) NOT NULL,
  `label` varchar(128) DEFAULT NULL,
  `type` int(11) DEFAULT 0,
  `accountancy_code` varchar(32) DEFAULT NULL,
  `active` tinyint(4) NOT NULL DEFAULT 1,
  `module` varchar(32) DEFAULT NULL,
  `position` int(11) NOT NULL DEFAULT 0,
  PRIMARY KEY (`id`),
  UNIQUE KEY `uk_c_type_fees` (`code`)
) ENGINE=InnoDB AUTO_INCREMENT=26 DEFAULT CHARSET=utf8 COLLATE=utf8_unicode_ci;

--
-- Dumping data for table `llx_c_type_fees`
--

INSERT INTO `llx_c_type_fees` (`id`, `code`, `label`, `type`, `accountancy_code`, `active`, `module`, `position`) VALUES (1,'TF_OTHER','Other',0,NULL,1,NULL,0),(2,'TF_TRIP','Transportation',0,NULL,1,NULL,0),(3,'TF_LUNCH','Lunch',0,'6257',1,NULL,0),(4,'EX_KME','ExpLabelKm',0,NULL,1,NULL,0),(5,'EX_FUE','ExpLabelFuelCV',0,NULL,0,NULL,0),(6,'EX_HOT','ExpLabelHotel',0,NULL,0,NULL,0),(7,'EX_PAR','ExpLabelParkingCV',0,NULL,0,NULL,0),(8,'EX_TOL','ExpLabelTollCV',0,NULL,0,NULL,0),(9,'EX_TAX','ExpLabelVariousTaxes',0,NULL,0,NULL,0),(10,'EX_IND','ExpLabelIndemnityTransSubscrip',0,NULL,0,NULL,0),(11,'EX_SUM','ExpLabelMaintenanceSupply',0,NULL,0,NULL,0),(12,'EX_SUO','ExpLabelOfficeSupplies',0,NULL,0,NULL,0),(13,'EX_CAR','ExpLabelCarRental',0,NULL,0,NULL,0),(14,'EX_DOC','ExpLabelDocumentation',0,NULL,0,NULL,0),(15,'EX_CUR','ExpLabelCustomersReceiving',0,NULL,0,NULL,0),(16,'EX_OTR','ExpLabelOtherReceiving',0,NULL,0,NULL,0),(17,'EX_POS','ExpLabelPostage',0,NULL,0,NULL,0),(18,'EX_CAM','ExpLabelMaintenanceRepairCV',0,NULL,0,NULL,0),(19,'EX_EMM','ExpLabelEmployeesMeal',0,NULL,0,NULL,0),(20,'EX_GUM','ExpLabelGuestsMeal',0,NULL,0,NULL,0),(21,'EX_BRE','ExpLabelBreakfast',0,NULL,0,NULL,0),(22,'EX_FUE_VP','ExpLabelFuelPV',0,'6251',1,NULL,0),(23,'EX_TOL_VP','ExpLabelTollPV',0,'6251',0,NULL,0),(24,'EX_PAR_VP','ExpLabelParkingPV',0,NULL,0,NULL,0),(25,'EX_CAM_VP','ExpLabelMaintenanceRepairPV',0,NULL,0,NULL,0);

--
-- Table structure for table `llx_c_type_resource`
--

CREATE TABLE `llx_c_type_resource` (
  `rowid` int(11) NOT NULL AUTO_INCREMENT,
  `code` varchar(32) NOT NULL,
  `label` varchar(128) DEFAULT NULL,
  `active` tinyint(4) NOT NULL DEFAULT 1,
  PRIMARY KEY (`rowid`),
  UNIQUE KEY `uk_c_type_resource_id` (`label`,`code`)
) ENGINE=InnoDB AUTO_INCREMENT=7 DEFAULT CHARSET=utf8 COLLATE=utf8_unicode_ci;

--
-- Dumping data for table `llx_c_type_resource`
--

INSERT INTO `llx_c_type_resource` (`rowid`, `code`, `label`, `active`) VALUES (1,'RES_ROOMS','Rooms',1),(2,'RES_CARS','Cars',1);

--
-- Table structure for table `llx_c_typent`
--

CREATE TABLE `llx_c_typent` (
  `id` int(11) NOT NULL,
  `code` varchar(12) NOT NULL,
  `libelle` varchar(128) DEFAULT NULL,
  `fk_country` int(11) DEFAULT NULL,
  `active` tinyint(4) NOT NULL DEFAULT 1,
  `module` varchar(32) DEFAULT NULL,
  `position` int(11) NOT NULL DEFAULT 0,
  PRIMARY KEY (`id`),
  UNIQUE KEY `uk_c_typent` (`code`)
) ENGINE=InnoDB DEFAULT CHARSET=utf8 COLLATE=utf8_unicode_ci;

--
-- Dumping data for table `llx_c_typent`
--

INSERT INTO `llx_c_typent` (`id`, `code`, `libelle`, `fk_country`, `active`, `module`, `position`) VALUES (1,'TE_STARTUP','Start-up',NULL,0,NULL,0),(2,'TE_GROUP','Grand groupe',NULL,1,NULL,0),(3,'TE_MEDIUM','PME/PMI',NULL,1,NULL,0),(4,'TE_SMALL','TPE',NULL,1,NULL,0),(5,'TE_ADMIN','Administration',NULL,1,NULL,0),(6,'TE_WHOLE','Grossiste',NULL,0,NULL,0),(7,'TE_RETAIL','Revendeur',NULL,0,NULL,0),(8,'TE_PRIVATE','Particulier',NULL,1,NULL,0),(100,'TE_OTHER','Autres',NULL,1,NULL,0),(231,'TE_A_RI','Responsable Inscripto (typo A)',23,0,NULL,0),(232,'TE_B_RNI','Responsable No Inscripto (typo B)',23,0,NULL,0),(233,'TE_C_FE','Consumidor Final/Exento (typo C)',23,0,NULL,0);

--
-- Table structure for table `llx_c_units`
--

CREATE TABLE `llx_c_units` (
  `rowid` int(11) NOT NULL AUTO_INCREMENT,
  `code` varchar(3) DEFAULT NULL,
  `sortorder` smallint(6) DEFAULT NULL,
  `scale` int(11) DEFAULT NULL,
  `label` varchar(128) DEFAULT NULL,
  `short_label` varchar(5) DEFAULT NULL,
  `unit_type` varchar(10) DEFAULT NULL,
  `active` tinyint(4) NOT NULL DEFAULT 1,
  PRIMARY KEY (`rowid`),
  UNIQUE KEY `uk_c_units_code` (`code`)
) ENGINE=InnoDB AUTO_INCREMENT=37 DEFAULT CHARSET=utf8 COLLATE=utf8_unicode_ci;

--
-- Dumping data for table `llx_c_units`
--

INSERT INTO `llx_c_units` (`rowid`, `code`, `sortorder`, `scale`, `label`, `short_label`, `unit_type`, `active`) VALUES (1,'T',100,3,'WeightUnitton','T','weight',1),(2,'KG',110,0,'WeightUnitkg','kg','weight',1),(3,'G',120,-3,'WeightUnitg','g','weight',1),(4,'MG',130,-6,'WeightUnitmg','mg','weight',1),(5,'OZ',140,98,'WeightUnitounce','Oz','weight',1),(6,'LB',150,99,'WeightUnitpound','lb','weight',1),(7,'M',200,0,'SizeUnitm','m','size',1),(8,'DM',210,-1,'SizeUnitdm','dm','size',1),(9,'CM',220,-2,'SizeUnitcm','cm','size',1),(10,'MM',230,-3,'SizeUnitmm','mm','size',1),(11,'FT',240,98,'SizeUnitfoot','ft','size',1),(12,'IN',250,99,'SizeUnitinch','in','size',1),(13,'M2',300,0,'SurfaceUnitm2','m2','surface',1),(14,'DM2',310,-2,'SurfaceUnitdm2','dm2','surface',1),(15,'CM2',320,-4,'SurfaceUnitcm2','cm2','surface',1),(16,'MM2',330,-6,'SurfaceUnitmm2','mm2','surface',1),(17,'FT2',340,98,'SurfaceUnitfoot2','ft2','surface',1),(18,'IN2',350,99,'SurfaceUnitinch2','in2','surface',1),(19,'M3',400,0,'VolumeUnitm3','m3','volume',1),(20,'DM3',410,-3,'VolumeUnitdm3','dm3','volume',1),(21,'CM3',420,-6,'VolumeUnitcm3','cm3','volume',1),(22,'MM3',430,-9,'VolumeUnitmm3','mm3','volume',1),(23,'FT3',440,88,'VolumeUnitfoot3','ft3','volume',1),(24,'IN3',450,89,'VolumeUnitinch3','in3','volume',1),(25,'OZ3',460,97,'VolumeUnitounce','Oz','volume',1),(26,'L',470,98,'VolumeUnitlitre','L','volume',1),(27,'GAL',480,99,'VolumeUnitgallon','gal','volume',1),(28,'P',500,0,'Piece','p','qty',1),(29,'SET',510,0,'Set','set','qty',1),(30,'S',600,0,'second','s','time',1),(31,'MI',610,60,'minute','i','time',1),(32,'H',620,3600,'hour','h','time',1),(33,'D',630,86400,'day','d','time',1),(34,'W',640,604800,'week','w','time',1),(35,'MO',650,2629800,'month','m','time',1),(36,'Y',660,31557600,'year','y','time',1);

--
-- Table structure for table `llx_c_ziptown`
--

CREATE TABLE `llx_c_ziptown` (
  `rowid` int(11) NOT NULL AUTO_INCREMENT,
  `code` varchar(5) DEFAULT NULL,
  `fk_county` int(11) DEFAULT NULL,
  `fk_pays` int(11) NOT NULL DEFAULT 0,
  `zip` varchar(10) NOT NULL,
  `town` varchar(180) NOT NULL,
  `active` tinyint(4) NOT NULL DEFAULT 1,
  `town_up` varchar(180) DEFAULT NULL,
  PRIMARY KEY (`rowid`),
  UNIQUE KEY `uk_ziptown_fk_pays` (`zip`,`town`,`fk_pays`),
  KEY `idx_c_ziptown_fk_county` (`fk_county`),
  KEY `idx_c_ziptown_fk_pays` (`fk_pays`),
  KEY `idx_c_ziptown_zip` (`zip`),
  CONSTRAINT `fk_c_ziptown_fk_county` FOREIGN KEY (`fk_county`) REFERENCES `llx_c_departements` (`rowid`),
  CONSTRAINT `fk_c_ziptown_fk_pays` FOREIGN KEY (`fk_pays`) REFERENCES `llx_c_country` (`rowid`)
) ENGINE=InnoDB DEFAULT CHARSET=utf8 COLLATE=utf8_unicode_ci;

--
-- Dumping data for table `llx_c_ziptown`
--


--
-- Table structure for table `llx_categorie`
--

CREATE TABLE `llx_categorie` (
  `rowid` int(11) NOT NULL AUTO_INCREMENT,
  `entity` int(11) NOT NULL DEFAULT 1,
  `fk_parent` int(11) NOT NULL DEFAULT 0,
  `label` varchar(180) NOT NULL,
  `ref_ext` varchar(255) DEFAULT NULL,
  `type` int(11) NOT NULL DEFAULT 1,
  `description` text DEFAULT NULL,
  `color` varchar(8) DEFAULT NULL,
  `fk_soc` int(11) DEFAULT NULL,
  `visible` tinyint(4) NOT NULL DEFAULT 1,
  `date_creation` datetime DEFAULT NULL,
  `tms` timestamp NOT NULL DEFAULT current_timestamp() ON UPDATE current_timestamp(),
  `fk_user_creat` int(11) DEFAULT NULL,
  `fk_user_modif` int(11) DEFAULT NULL,
  `import_key` varchar(14) DEFAULT NULL,
  PRIMARY KEY (`rowid`)
) ENGINE=InnoDB AUTO_INCREMENT=26 DEFAULT CHARSET=utf8 COLLATE=utf8_unicode_ci;

--
-- Dumping data for table `llx_categorie`
--

INSERT INTO `llx_categorie` (`rowid`, `entity`, `fk_parent`, `label`, `ref_ext`, `type`, `description`, `color`, `fk_soc`, `visible`, `date_creation`, `tms`, `fk_user_creat`, `fk_user_modif`, `import_key`) VALUES (1,1,0,'MATIERES PREMIERES',NULL,0,'','',NULL,0,'2023-01-08 17:13:42','2023-01-08 16:13:42',1,NULL,NULL),(2,1,0,'EMBALLAGE',NULL,0,'','',NULL,0,'2023-01-08 17:13:50','2023-01-08 16:13:50',1,NULL,NULL),(3,1,0,'Particuliers',NULL,2,'','',NULL,0,'2023-01-16 11:32:13','2023-01-16 10:32:13',2,NULL,NULL),(4,1,0,'Professionnels',NULL,2,'','',NULL,0,'2023-01-16 11:35:52','2023-01-16 10:35:52',2,NULL,NULL),(5,1,1,'LEVURE',NULL,0,'','',NULL,0,'2023-01-22 21:40:39','2023-01-22 20:40:39',1,NULL,NULL),(6,1,1,'HOUBLON','',0,'','',NULL,0,'2023-01-22 21:44:46','2023-01-22 20:44:52',1,1,NULL),(7,1,1,'MALT',NULL,0,'','',NULL,0,'2023-01-22 21:45:00','2023-01-22 20:45:00',1,NULL,NULL),(8,1,0,'PRODUITS ENTRETIEN',NULL,0,'','',NULL,0,'2023-01-22 21:45:17','2023-01-22 20:45:17',1,NULL,NULL),(9,1,2,'ETIQUETTES LA TUTE','',0,'','',NULL,0,'2023-01-22 21:47:52','2023-01-22 20:48:01',1,1,NULL),(10,1,2,'ETIQUETTES LILI','',0,'','',NULL,0,'2023-01-22 21:48:07','2023-01-22 20:48:12',1,1,NULL),(11,1,2,'BOUTEILLES VIDES',NULL,0,'','',NULL,0,'2023-01-22 21:48:25','2023-01-22 20:48:25',1,NULL,NULL),(12,1,2,'CARTONS',NULL,0,'','',NULL,0,'2023-01-22 21:48:44','2023-01-22 20:48:44',1,NULL,NULL),(13,1,2,'CAPSULES',NULL,0,'','',NULL,0,'2023-01-22 21:48:55','2023-01-22 20:48:55',1,NULL,NULL),(14,1,2,'COFFRETS BOIS','',0,'','',NULL,0,'2023-01-22 21:49:00','2023-01-22 20:49:05',1,1,NULL),(16,1,0,'BIERES',NULL,0,'','',NULL,0,'2023-05-17 14:05:27','2023-05-17 12:05:27',1,NULL,NULL),(17,1,2,'ETIQUETTES LA GRANGE',NULL,0,'','',NULL,0,'2023-05-24 12:04:27','2023-05-24 10:04:27',1,NULL,NULL),(18,1,0,'BIERES EN 33CL',NULL,0,'','',NULL,0,'2023-06-22 13:53:35','2023-06-22 11:53:35',1,NULL,NULL),(19,1,0,'BIERES EN 75CL',NULL,0,'','',NULL,0,'2023-06-22 14:50:55','2023-06-22 12:50:55',1,NULL,NULL),(20,1,0,'GUINGUETTE',NULL,0,'','',NULL,0,'2024-04-16 09:14:23','2024-04-16 07:14:23',1,NULL,NULL),(21,1,20,'SANS ALCOOL',NULL,0,'','',NULL,0,'2024-04-16 09:17:11','2024-04-16 07:17:11',1,NULL,NULL),(22,1,20,'BIERES',NULL,0,'','',NULL,0,'2024-04-16 09:18:12','2024-04-16 07:18:12',1,NULL,NULL),(23,1,20,'VIN',NULL,0,'','',NULL,0,'2024-04-16 09:18:20','2024-04-16 07:18:20',1,NULL,NULL),(24,1,20,'PLATS FROIDS','',0,'','',NULL,0,'2024-04-16 09:18:36','2024-04-16 07:19:36',1,1,NULL),(25,1,20,'PLATS CHAUDS',NULL,0,'','',NULL,0,'2024-04-16 09:19:01','2024-04-16 07:19:01',1,NULL,NULL);

--
-- Table structure for table `llx_categorie_account`
--

CREATE TABLE `llx_categorie_account` (
  `fk_categorie` int(11) NOT NULL,
  `fk_account` int(11) NOT NULL,
  `import_key` varchar(14) DEFAULT NULL,
  PRIMARY KEY (`fk_categorie`,`fk_account`),
  KEY `idx_categorie_account_fk_categorie` (`fk_categorie`),
  KEY `idx_categorie_account_fk_account` (`fk_account`),
  CONSTRAINT `fk_categorie_account_categorie_rowid` FOREIGN KEY (`fk_categorie`) REFERENCES `llx_categorie` (`rowid`),
  CONSTRAINT `fk_categorie_account_fk_account` FOREIGN KEY (`fk_account`) REFERENCES `llx_bank_account` (`rowid`)
) ENGINE=InnoDB DEFAULT CHARSET=utf8 COLLATE=utf8_unicode_ci;

--
-- Dumping data for table `llx_categorie_account`
--


--
-- Table structure for table `llx_categorie_actioncomm`
--

CREATE TABLE `llx_categorie_actioncomm` (
  `fk_categorie` int(11) NOT NULL,
  `fk_actioncomm` int(11) NOT NULL,
  `import_key` varchar(14) DEFAULT NULL,
  PRIMARY KEY (`fk_categorie`,`fk_actioncomm`),
  KEY `idx_categorie_actioncomm_fk_categorie` (`fk_categorie`),
  KEY `idx_categorie_actioncomm_fk_actioncomm` (`fk_actioncomm`),
  CONSTRAINT `fk_categorie_actioncomm_categorie_rowid` FOREIGN KEY (`fk_categorie`) REFERENCES `llx_categorie` (`rowid`),
  CONSTRAINT `fk_categorie_actioncomm_fk_actioncomm` FOREIGN KEY (`fk_actioncomm`) REFERENCES `llx_actioncomm` (`id`)
) ENGINE=InnoDB DEFAULT CHARSET=utf8 COLLATE=utf8_unicode_ci;

--
-- Dumping data for table `llx_categorie_actioncomm`
--


--
-- Table structure for table `llx_categorie_contact`
--

CREATE TABLE `llx_categorie_contact` (
  `fk_categorie` int(11) NOT NULL,
  `fk_socpeople` int(11) NOT NULL,
  `import_key` varchar(14) DEFAULT NULL,
  PRIMARY KEY (`fk_categorie`,`fk_socpeople`),
  KEY `idx_categorie_contact_fk_categorie` (`fk_categorie`),
  KEY `idx_categorie_contact_fk_socpeople` (`fk_socpeople`),
  CONSTRAINT `fk_categorie_contact_categorie_rowid` FOREIGN KEY (`fk_categorie`) REFERENCES `llx_categorie` (`rowid`),
  CONSTRAINT `fk_categorie_contact_fk_socpeople` FOREIGN KEY (`fk_socpeople`) REFERENCES `llx_socpeople` (`rowid`)
) ENGINE=InnoDB DEFAULT CHARSET=utf8 COLLATE=utf8_unicode_ci;

--
-- Dumping data for table `llx_categorie_contact`
--


--
-- Table structure for table `llx_categorie_fournisseur`
--

CREATE TABLE `llx_categorie_fournisseur` (
  `fk_categorie` int(11) NOT NULL,
  `fk_soc` int(11) NOT NULL,
  `import_key` varchar(14) DEFAULT NULL,
  PRIMARY KEY (`fk_categorie`,`fk_soc`),
  KEY `idx_categorie_fournisseur_fk_categorie` (`fk_categorie`),
  KEY `idx_categorie_fournisseur_fk_societe` (`fk_soc`),
  CONSTRAINT `fk_categorie_fournisseur_categorie_rowid` FOREIGN KEY (`fk_categorie`) REFERENCES `llx_categorie` (`rowid`),
  CONSTRAINT `fk_categorie_fournisseur_fk_soc` FOREIGN KEY (`fk_soc`) REFERENCES `llx_societe` (`rowid`)
) ENGINE=InnoDB DEFAULT CHARSET=utf8 COLLATE=utf8_unicode_ci;

--
-- Dumping data for table `llx_categorie_fournisseur`
--


--
-- Table structure for table `llx_categorie_lang`
--

CREATE TABLE `llx_categorie_lang` (
  `rowid` int(11) NOT NULL AUTO_INCREMENT,
  `fk_category` int(11) NOT NULL DEFAULT 0,
  `lang` varchar(5) NOT NULL DEFAULT '0',
  `label` varchar(255) NOT NULL,
  `description` text DEFAULT NULL,
  PRIMARY KEY (`rowid`),
  UNIQUE KEY `uk_category_lang` (`fk_category`,`lang`),
  CONSTRAINT `fk_category_lang_fk_category` FOREIGN KEY (`fk_category`) REFERENCES `llx_categorie` (`rowid`)
) ENGINE=InnoDB DEFAULT CHARSET=utf8 COLLATE=utf8_unicode_ci;

--
-- Dumping data for table `llx_categorie_lang`
--


--
-- Table structure for table `llx_categorie_member`
--

CREATE TABLE `llx_categorie_member` (
  `fk_categorie` int(11) NOT NULL,
  `fk_member` int(11) NOT NULL,
  PRIMARY KEY (`fk_categorie`,`fk_member`),
  KEY `idx_categorie_member_fk_categorie` (`fk_categorie`),
  KEY `idx_categorie_member_fk_member` (`fk_member`),
  CONSTRAINT `fk_categorie_member_categorie_rowid` FOREIGN KEY (`fk_categorie`) REFERENCES `llx_categorie` (`rowid`),
  CONSTRAINT `fk_categorie_member_member_rowid` FOREIGN KEY (`fk_member`) REFERENCES `llx_adherent` (`rowid`)
) ENGINE=InnoDB DEFAULT CHARSET=utf8 COLLATE=utf8_unicode_ci;

--
-- Dumping data for table `llx_categorie_member`
--


--
-- Table structure for table `llx_categorie_product`
--

CREATE TABLE `llx_categorie_product` (
  `fk_categorie` int(11) NOT NULL,
  `fk_product` int(11) NOT NULL,
  `import_key` varchar(14) DEFAULT NULL,
  PRIMARY KEY (`fk_categorie`,`fk_product`),
  KEY `idx_categorie_product_fk_categorie` (`fk_categorie`),
  KEY `idx_categorie_product_fk_product` (`fk_product`),
  CONSTRAINT `fk_categorie_product_categorie_rowid` FOREIGN KEY (`fk_categorie`) REFERENCES `llx_categorie` (`rowid`),
  CONSTRAINT `fk_categorie_product_product_rowid` FOREIGN KEY (`fk_product`) REFERENCES `llx_product` (`rowid`)
) ENGINE=InnoDB DEFAULT CHARSET=utf8 COLLATE=utf8_unicode_ci;

--
-- Dumping data for table `llx_categorie_product`
--

INSERT INTO `llx_categorie_product` (`fk_categorie`, `fk_product`, `import_key`) VALUES (1,25,NULL),(1,26,NULL),(1,27,NULL),(1,28,NULL),(1,29,NULL),(1,30,NULL),(1,31,NULL),(1,32,NULL),(1,33,NULL),(1,34,NULL),(1,35,NULL),(1,36,NULL),(1,37,NULL),(1,38,NULL),(1,39,NULL),(1,49,NULL),(1,50,NULL),(1,145,NULL),(1,146,NULL),(1,199,NULL),(1,200,NULL),(1,201,NULL),(1,202,NULL),(1,203,NULL),(1,211,NULL),(2,53,NULL),(2,54,NULL),(2,55,NULL),(2,56,NULL),(2,57,NULL),(2,58,NULL),(2,59,NULL),(2,60,NULL),(2,61,NULL),(2,62,NULL),(2,63,NULL),(2,64,NULL),(2,65,NULL),(2,66,NULL),(2,67,NULL),(2,68,NULL),(2,69,NULL),(2,70,NULL),(2,71,NULL),(2,72,NULL),(2,76,NULL),(2,77,NULL),(2,83,NULL),(2,85,NULL),(2,133,NULL),(2,134,NULL),(2,169,NULL),(2,170,NULL),(2,173,NULL),(2,174,NULL),(2,179,NULL),(2,184,NULL),(2,185,NULL),(2,186,NULL),(2,187,NULL),(2,193,NULL),(2,194,NULL),(2,195,NULL),(2,196,NULL),(2,204,NULL),(5,25,NULL),(5,26,NULL),(6,27,NULL),(6,28,NULL),(6,29,NULL),(6,30,NULL),(6,31,NULL),(6,32,NULL),(6,33,NULL),(6,34,NULL),(6,49,NULL),(6,145,NULL),(6,146,NULL),(6,199,NULL),(6,200,NULL),(6,201,NULL),(6,211,NULL),(7,35,NULL),(7,36,NULL),(7,37,NULL),(7,38,NULL),(7,39,NULL),(7,50,NULL),(7,203,NULL),(8,79,NULL),(8,81,NULL),(8,82,NULL),(9,53,NULL),(9,54,NULL),(9,55,NULL),(9,56,NULL),(9,57,NULL),(9,58,NULL),(9,59,NULL),(9,60,NULL),(9,61,NULL),(9,62,NULL),(9,63,NULL),(9,64,NULL),(9,65,NULL),(9,66,NULL),(9,133,NULL),(9,134,NULL),(10,67,NULL),(10,68,NULL),(10,69,NULL),(10,70,NULL),(11,71,NULL),(11,72,NULL),(13,77,NULL),(14,83,NULL),(14,204,NULL),(16,1,NULL),(16,2,NULL),(16,3,NULL),(16,4,NULL),(16,5,NULL),(16,6,NULL),(16,7,NULL),(16,8,NULL),(16,9,NULL),(16,10,NULL),(16,11,NULL),(16,12,NULL),(16,13,NULL),(16,14,NULL),(16,15,NULL),(16,16,NULL),(16,17,NULL),(16,18,NULL),(16,19,NULL),(16,20,NULL),(16,21,NULL),(16,127,NULL),(16,128,NULL),(16,129,NULL),(16,130,NULL),(16,171,NULL),(16,172,NULL),(16,175,NULL),(16,176,NULL),(16,180,NULL),(16,181,NULL),(16,182,NULL),(16,183,NULL),(16,188,NULL),(16,189,NULL),(16,191,NULL),(16,192,NULL),(16,206,NULL),(16,207,NULL),(16,208,NULL),(17,169,NULL),(17,170,NULL),(17,173,NULL),(17,174,NULL),(17,184,NULL),(17,185,NULL),(17,186,NULL),(17,187,NULL),(17,193,NULL),(17,194,NULL),(17,195,NULL),(17,196,NULL),(18,1,NULL),(18,4,NULL),(18,7,NULL),(18,10,NULL),(18,13,NULL),(18,16,NULL),(18,19,NULL),(18,127,NULL),(18,128,NULL),(18,129,NULL),(18,130,NULL),(18,171,NULL),(18,175,NULL),(18,182,NULL),(18,188,NULL),(18,191,NULL),(18,206,NULL),(18,207,NULL),(18,208,NULL),(19,2,NULL),(19,5,NULL),(19,8,NULL),(19,11,NULL),(19,14,NULL),(19,17,NULL),(19,20,NULL),(19,172,NULL),(19,176,NULL),(19,183,NULL),(19,189,NULL),(19,192,NULL),(20,213,NULL),(21,213,NULL);

--
-- Table structure for table `llx_categorie_project`
--

CREATE TABLE `llx_categorie_project` (
  `fk_categorie` int(11) NOT NULL,
  `fk_project` int(11) NOT NULL,
  `import_key` varchar(14) DEFAULT NULL,
  PRIMARY KEY (`fk_categorie`,`fk_project`),
  KEY `idx_categorie_project_fk_categorie` (`fk_categorie`),
  KEY `idx_categorie_project_fk_project` (`fk_project`),
  CONSTRAINT `fk_categorie_project_categorie_rowid` FOREIGN KEY (`fk_categorie`) REFERENCES `llx_categorie` (`rowid`),
  CONSTRAINT `fk_categorie_project_fk_project_rowid` FOREIGN KEY (`fk_project`) REFERENCES `llx_projet` (`rowid`)
) ENGINE=InnoDB DEFAULT CHARSET=utf8 COLLATE=utf8_unicode_ci;

--
-- Dumping data for table `llx_categorie_project`
--


--
-- Table structure for table `llx_categorie_societe`
--

CREATE TABLE `llx_categorie_societe` (
  `fk_categorie` int(11) NOT NULL,
  `fk_soc` int(11) NOT NULL,
  `import_key` varchar(14) DEFAULT NULL,
  PRIMARY KEY (`fk_categorie`,`fk_soc`),
  KEY `idx_categorie_societe_fk_categorie` (`fk_categorie`),
  KEY `idx_categorie_societe_fk_societe` (`fk_soc`),
  CONSTRAINT `fk_categorie_societe_categorie_rowid` FOREIGN KEY (`fk_categorie`) REFERENCES `llx_categorie` (`rowid`),
  CONSTRAINT `fk_categorie_societe_fk_soc` FOREIGN KEY (`fk_soc`) REFERENCES `llx_societe` (`rowid`)
) ENGINE=InnoDB DEFAULT CHARSET=utf8 COLLATE=utf8_unicode_ci;

--
-- Dumping data for table `llx_categorie_societe`
--

INSERT INTO `llx_categorie_societe` (`fk_categorie`, `fk_soc`, `import_key`) VALUES (3,1,NULL),(3,3,NULL),(3,4,NULL),(3,5,NULL),(3,6,NULL),(3,7,NULL),(3,8,NULL),(3,9,NULL),(3,10,NULL),(3,11,NULL),(3,12,NULL),(3,13,NULL),(3,14,NULL),(3,15,NULL),(3,17,NULL),(3,18,NULL),(3,19,NULL),(3,20,NULL),(3,21,NULL),(3,22,NULL),(3,23,NULL),(3,25,NULL),(3,26,NULL),(3,28,NULL),(3,29,NULL),(3,30,NULL),(3,31,NULL),(3,32,NULL),(3,33,NULL),(3,34,NULL),(3,35,NULL),(3,37,NULL),(3,38,NULL),(3,39,NULL),(3,40,NULL),(3,41,NULL),(3,43,NULL),(3,44,NULL),(3,45,NULL),(3,46,NULL),(3,47,NULL),(3,48,NULL),(3,50,NULL),(3,51,NULL),(3,53,NULL),(3,54,NULL),(3,55,NULL),(3,57,NULL),(3,58,NULL),(3,59,NULL),(3,60,NULL),(3,61,NULL),(3,63,NULL),(3,64,NULL),(3,65,NULL),(3,66,NULL),(3,67,NULL),(3,68,NULL),(3,69,NULL),(3,71,NULL),(3,72,NULL),(3,73,NULL),(3,74,NULL),(3,75,NULL),(3,76,NULL),(3,77,NULL),(3,79,NULL),(3,80,NULL),(3,81,NULL),(3,82,NULL),(3,83,NULL),(3,84,NULL),(3,85,NULL),(3,86,NULL),(3,87,NULL),(3,88,NULL),(3,90,NULL),(3,94,NULL),(3,95,NULL),(3,96,NULL),(3,97,NULL),(3,98,NULL),(3,99,NULL),(3,100,NULL),(3,101,NULL),(3,102,NULL),(3,110,NULL),(3,112,NULL),(3,113,NULL),(3,114,NULL),(3,115,NULL),(3,120,NULL),(3,121,NULL),(3,122,NULL),(3,123,NULL),(3,124,NULL),(3,125,NULL),(3,127,NULL),(3,128,NULL),(3,131,NULL),(3,132,NULL),(3,133,NULL),(3,134,NULL),(3,135,NULL),(3,136,NULL),(3,137,NULL),(3,138,NULL),(3,139,NULL),(3,140,NULL),(3,141,NULL),(3,142,NULL),(3,146,NULL),(3,153,NULL),(3,154,NULL),(3,155,NULL),(3,157,NULL),(3,158,NULL),(3,159,NULL),(3,160,NULL),(3,161,NULL),(3,162,NULL),(3,168,NULL),(3,169,NULL),(3,171,NULL),(3,172,NULL),(3,173,NULL),(3,174,NULL),(3,175,NULL),(3,176,NULL),(3,178,NULL),(3,179,NULL),(3,186,NULL),(3,188,NULL),(3,191,NULL),(3,195,NULL),(3,196,NULL),(3,197,NULL),(3,198,NULL),(3,215,NULL),(3,216,NULL),(3,217,NULL),(3,218,NULL),(3,219,NULL),(3,220,NULL),(3,221,NULL),(3,222,NULL),(3,223,NULL),(3,224,NULL),(3,226,NULL),(3,227,NULL),(3,228,NULL),(3,234,NULL),(3,235,NULL),(3,236,NULL),(3,237,NULL),(3,238,NULL),(3,239,NULL),(3,254,NULL),(3,255,NULL),(3,256,NULL),(3,297,NULL),(3,298,NULL),(3,371,NULL),(3,384,NULL),(3,406,NULL),(3,476,NULL),(3,482,NULL),(3,483,NULL),(3,484,NULL),(3,485,NULL),(3,486,NULL),(3,487,NULL),(3,488,NULL),(3,489,NULL),(3,491,NULL),(3,492,NULL),(3,493,NULL),(3,497,NULL),(3,498,NULL),(3,503,NULL),(3,511,NULL),(4,70,NULL),(4,117,NULL),(4,119,NULL),(4,145,NULL),(4,150,NULL),(4,151,NULL),(4,165,NULL),(4,184,NULL),(4,185,NULL),(4,205,NULL),(4,206,NULL),(4,211,NULL),(4,212,NULL),(4,240,NULL),(4,241,NULL),(4,243,NULL),(4,245,NULL),(4,246,NULL),(4,247,NULL),(4,250,NULL),(4,251,NULL),(4,253,NULL),(4,257,NULL),(4,258,NULL),(4,261,NULL),(4,262,NULL),(4,263,NULL),(4,265,NULL),(4,266,NULL),(4,267,NULL),(4,268,NULL),(4,271,NULL),(4,272,NULL),(4,273,NULL),(4,276,NULL),(4,277,NULL),(4,281,NULL),(4,283,NULL),(4,284,NULL),(4,285,NULL),(4,286,NULL),(4,287,NULL),(4,288,NULL),(4,289,NULL),(4,290,NULL),(4,291,NULL),(4,292,NULL),(4,293,NULL),(4,294,NULL),(4,295,NULL),(4,296,NULL),(4,300,NULL),(4,301,NULL),(4,302,NULL),(4,303,NULL),(4,304,NULL),(4,305,NULL),(4,308,NULL),(4,309,NULL),(4,310,NULL),(4,311,NULL),(4,312,NULL),(4,314,NULL),(4,316,NULL),(4,318,NULL),(4,319,NULL),(4,320,NULL),(4,321,NULL),(4,322,NULL),(4,323,NULL),(4,324,NULL),(4,325,NULL),(4,326,NULL),(4,327,NULL),(4,328,NULL),(4,329,NULL),(4,330,NULL),(4,331,NULL),(4,332,NULL),(4,333,NULL),(4,334,NULL),(4,335,NULL),(4,336,NULL),(4,337,NULL),(4,338,NULL),(4,340,NULL),(4,342,NULL),(4,343,NULL),(4,344,NULL),(4,345,NULL),(4,346,NULL),(4,347,NULL),(4,349,NULL),(4,350,NULL),(4,351,NULL),(4,352,NULL),(4,353,NULL),(4,354,NULL),(4,355,NULL),(4,356,NULL),(4,357,NULL),(4,358,NULL),(4,360,NULL),(4,361,NULL),(4,362,NULL),(4,363,NULL),(4,364,NULL),(4,365,NULL),(4,366,NULL),(4,367,NULL),(4,368,NULL),(4,369,NULL),(4,370,NULL),(4,374,NULL),(4,375,NULL),(4,378,NULL),(4,379,NULL),(4,380,NULL),(4,381,NULL),(4,382,NULL),(4,383,NULL),(4,384,NULL),(4,386,NULL),(4,387,NULL),(4,388,NULL),(4,389,NULL),(4,390,NULL),(4,391,NULL),(4,392,NULL),(4,393,NULL),(4,394,NULL),(4,395,NULL),(4,396,NULL),(4,397,NULL),(4,398,NULL),(4,399,NULL),(4,400,NULL),(4,401,NULL),(4,402,NULL),(4,403,NULL),(4,405,NULL),(4,479,NULL),(4,480,NULL),(4,481,NULL);

--
-- Table structure for table `llx_categorie_ticket`
--

CREATE TABLE `llx_categorie_ticket` (
  `fk_categorie` int(11) NOT NULL,
  `fk_ticket` int(11) NOT NULL,
  `import_key` varchar(14) DEFAULT NULL,
  PRIMARY KEY (`fk_categorie`,`fk_ticket`),
  KEY `idx_categorie_ticket_fk_categorie` (`fk_categorie`),
  KEY `idx_categorie_ticket_fk_ticket` (`fk_ticket`),
  CONSTRAINT `fk_categorie_ticket_categorie_rowid` FOREIGN KEY (`fk_categorie`) REFERENCES `llx_categorie` (`rowid`),
  CONSTRAINT `fk_categorie_ticket_ticket_rowid` FOREIGN KEY (`fk_ticket`) REFERENCES `llx_ticket` (`rowid`)
) ENGINE=InnoDB DEFAULT CHARSET=utf8 COLLATE=utf8_unicode_ci;

--
-- Dumping data for table `llx_categorie_ticket`
--


--
-- Table structure for table `llx_categorie_user`
--

CREATE TABLE `llx_categorie_user` (
  `fk_categorie` int(11) NOT NULL,
  `fk_user` int(11) NOT NULL,
  `import_key` varchar(14) DEFAULT NULL,
  PRIMARY KEY (`fk_categorie`,`fk_user`),
  KEY `idx_categorie_user_fk_categorie` (`fk_categorie`),
  KEY `idx_categorie_user_fk_user` (`fk_user`),
  CONSTRAINT `fk_categorie_user_categorie_rowid` FOREIGN KEY (`fk_categorie`) REFERENCES `llx_categorie` (`rowid`),
  CONSTRAINT `fk_categorie_user_fk_user` FOREIGN KEY (`fk_user`) REFERENCES `llx_user` (`rowid`)
) ENGINE=InnoDB DEFAULT CHARSET=utf8 COLLATE=utf8_unicode_ci;

--
-- Dumping data for table `llx_categorie_user`
--


--
-- Table structure for table `llx_categorie_warehouse`
--

CREATE TABLE `llx_categorie_warehouse` (
  `fk_categorie` int(11) NOT NULL,
  `fk_warehouse` int(11) NOT NULL,
  `import_key` varchar(14) DEFAULT NULL,
  PRIMARY KEY (`fk_categorie`,`fk_warehouse`),
  KEY `idx_categorie_warehouse_fk_categorie` (`fk_categorie`),
  KEY `idx_categorie_warehouse_fk_warehouse` (`fk_warehouse`),
  CONSTRAINT `fk_categorie_warehouse_categorie_rowid` FOREIGN KEY (`fk_categorie`) REFERENCES `llx_categorie` (`rowid`),
  CONSTRAINT `fk_categorie_warehouse_fk_warehouse_rowid` FOREIGN KEY (`fk_warehouse`) REFERENCES `llx_entrepot` (`rowid`)
) ENGINE=InnoDB DEFAULT CHARSET=utf8 COLLATE=utf8_unicode_ci;

--
-- Dumping data for table `llx_categorie_warehouse`
--


--
-- Table structure for table `llx_categories_extrafields`
--

CREATE TABLE `llx_categories_extrafields` (
  `rowid` int(11) NOT NULL AUTO_INCREMENT,
  `tms` timestamp NOT NULL DEFAULT current_timestamp() ON UPDATE current_timestamp(),
  `fk_object` int(11) NOT NULL,
  `import_key` varchar(14) DEFAULT NULL,
  PRIMARY KEY (`rowid`),
  KEY `idx_categories_extrafields` (`fk_object`)
) ENGINE=InnoDB DEFAULT CHARSET=utf8 COLLATE=utf8_unicode_ci;

--
-- Dumping data for table `llx_categories_extrafields`
--


--
-- Table structure for table `llx_chargesociales`
--

CREATE TABLE `llx_chargesociales` (
  `rowid` int(11) NOT NULL AUTO_INCREMENT,
  `ref` varchar(16) DEFAULT NULL,
  `date_ech` datetime NOT NULL,
  `libelle` varchar(80) NOT NULL,
  `entity` int(11) NOT NULL DEFAULT 1,
  `tms` timestamp NOT NULL DEFAULT current_timestamp() ON UPDATE current_timestamp(),
  `date_creation` datetime DEFAULT NULL,
  `date_valid` datetime DEFAULT NULL,
  `fk_user` int(11) DEFAULT NULL,
  `fk_user_author` int(11) DEFAULT NULL,
  `fk_user_modif` int(11) DEFAULT NULL,
  `fk_user_valid` int(11) DEFAULT NULL,
  `fk_type` int(11) NOT NULL,
  `fk_account` int(11) DEFAULT NULL,
  `fk_mode_reglement` int(11) DEFAULT NULL,
  `amount` double(24,8) NOT NULL DEFAULT 0.00000000,
  `paye` smallint(6) NOT NULL DEFAULT 0,
  `periode` date DEFAULT NULL,
  `fk_projet` int(11) DEFAULT NULL,
  `note_private` text DEFAULT NULL,
  `note_public` text DEFAULT NULL,
  `import_key` varchar(14) DEFAULT NULL,
  PRIMARY KEY (`rowid`)
) ENGINE=InnoDB AUTO_INCREMENT=104 DEFAULT CHARSET=utf8 COLLATE=utf8_unicode_ci;

--
-- Dumping data for table `llx_chargesociales`
--

INSERT INTO `llx_chargesociales` (`rowid`, `ref`, `date_ech`, `libelle`, `entity`, `tms`, `date_creation`, `date_valid`, `fk_user`, `fk_user_author`, `fk_user_modif`, `fk_user_valid`, `fk_type`, `fk_account`, `fk_mode_reglement`, `amount`, `paye`, `periode`, `fk_projet`, `note_private`, `note_public`, `import_key`) VALUES (3,NULL,'2023-01-05 00:00:00','URSSAF DEC 22',1,'2023-01-27 11:06:48','2023-01-26 11:19:53',NULL,NULL,2,2,NULL,1,1,3,1195.00000000,1,'2023-01-31',NULL,NULL,NULL,NULL),(5,NULL,'2023-01-25 00:00:00','AG2R REUNICA',1,'2023-01-26 15:34:52','2023-01-26 16:34:28',NULL,NULL,2,NULL,NULL,50,1,3,269.78000000,1,'2023-01-31',NULL,NULL,NULL,NULL),(6,NULL,'2023-01-05 00:00:00','ALPTIS',1,'2023-01-26 18:28:35','2023-01-26 19:28:04',NULL,NULL,2,NULL,NULL,4110,1,3,139.44000000,1,'2023-01-31',NULL,NULL,NULL,NULL),(7,NULL,'2023-01-23 00:00:00','PREVOYANCE',1,'2023-01-27 13:52:10','2023-01-27 14:51:55',NULL,NULL,2,NULL,NULL,30,1,3,184.56000000,1,'2023-01-31',NULL,NULL,NULL,NULL),(8,NULL,'2023-01-23 00:00:00','MALAKOFF MEDERIC',1,'2023-01-27 13:58:00','2023-01-27 14:57:38',NULL,NULL,2,NULL,NULL,40,1,3,258.90000000,1,'2023-01-31',NULL,NULL,NULL,NULL),(9,NULL,'2023-01-05 00:00:00','URSSAF JANV23 1er prelevement',1,'2023-01-30 08:40:58','2023-01-30 09:35:54',NULL,NULL,1,NULL,NULL,2,1,3,257.00000000,1,'2022-12-31',NULL,NULL,NULL,NULL),(10,NULL,'2023-01-05 00:00:00','URSSAF JANV23 2eme prelevement',1,'2023-03-01 15:29:25','2023-01-30 09:36:23',NULL,NULL,1,NULL,NULL,2,1,3,257.00000000,0,'2022-12-31',NULL,NULL,NULL,NULL),(11,NULL,'2023-02-06 00:00:00','ALPTIS',1,'2023-02-28 09:10:55','2023-02-28 10:10:31',NULL,NULL,2,NULL,NULL,4110,1,3,139.46000000,1,'2023-02-28',NULL,NULL,NULL,NULL),(12,NULL,'2023-02-27 00:00:00','AG2R REUNICA RETRAITE',1,'2023-02-28 15:09:08','2023-02-28 16:08:52',NULL,NULL,2,NULL,NULL,50,1,3,215.38000000,1,'2023-02-28',NULL,NULL,NULL,NULL),(13,NULL,'2023-02-16 00:00:00','URSSAF Fév salariés',1,'2023-03-01 15:35:08','2023-03-01 16:34:23',NULL,NULL,2,NULL,NULL,1,1,NULL,969.00000000,1,'2023-02-28',NULL,NULL,NULL,NULL),(14,NULL,'2023-02-06 00:00:00','URSSAF FEV 1er prélèvement',1,'2023-03-01 15:37:33','2023-03-01 16:37:17',NULL,NULL,2,NULL,NULL,4111,1,3,257.00000000,1,'2023-02-28',NULL,NULL,NULL,NULL),(15,NULL,'2023-02-06 00:00:00','URSSAF FEV 2ème prélèvement',1,'2023-03-01 15:38:37','2023-03-01 16:38:23',NULL,NULL,2,NULL,NULL,2,1,3,257.00000000,1,'2023-02-28',NULL,NULL,NULL,NULL),(16,NULL,'2023-03-06 00:00:00','ALPTIS',1,'2023-03-28 13:08:15','2023-03-28 15:07:57',NULL,NULL,2,NULL,NULL,4110,1,3,139.45000000,1,'2023-03-31',NULL,NULL,NULL,NULL),(17,NULL,'2023-03-06 00:00:00','URSSAF MARS Stéphane',1,'2023-03-28 13:09:34','2023-03-28 15:09:21',NULL,NULL,2,NULL,NULL,4111,1,3,257.00000000,1,'2023-03-31',NULL,NULL,NULL,NULL),(18,NULL,'2023-03-06 00:00:00','URSSAF MARS laurence',1,'2023-03-28 13:10:25','2023-03-28 15:10:15',NULL,NULL,2,NULL,NULL,2,1,3,257.00000000,1,'2023-03-31',NULL,NULL,NULL,NULL),(19,NULL,'2023-03-16 00:00:00','URSSAF MARS salariés',1,'2023-03-28 16:33:27','2023-03-28 18:33:08',NULL,NULL,2,NULL,NULL,1,1,3,1175.00000000,1,'2023-03-31',NULL,NULL,NULL,NULL),(20,NULL,'2023-02-01 00:00:00','DGFIP Prélèvement à la source',1,'2023-03-28 16:44:25','2023-03-28 18:44:12',NULL,NULL,2,NULL,NULL,25,1,3,31.00000000,1,'2023-03-31',NULL,NULL,NULL,NULL),(21,NULL,'2023-02-28 00:00:00','AG2R REUNICA RETRAITE',1,'2023-03-30 13:07:48','2023-03-30 15:07:03',NULL,NULL,2,2,NULL,50,1,3,264.32000000,1,'2023-03-31',NULL,NULL,NULL,NULL),(22,NULL,'2023-04-05 00:00:00','ALPTIS',1,'2023-04-27 15:08:49','2023-04-27 17:08:28',NULL,NULL,2,NULL,NULL,4110,1,3,139.45000000,1,'2023-05-05',NULL,NULL,NULL,NULL),(23,NULL,'2023-04-05 00:00:00','URSSAF AVRIL laurence',1,'2023-04-27 15:11:23','2023-04-27 17:11:10',NULL,NULL,2,NULL,NULL,2,1,3,257.00000000,1,'2023-05-05',NULL,NULL,NULL,NULL),(24,NULL,'2023-04-05 00:00:00','URSSAF AVRIL Stéphane',1,'2023-04-28 13:03:09','2023-04-27 17:12:13',NULL,NULL,2,NULL,NULL,4111,1,3,257.00000000,1,'2023-05-05',NULL,NULL,NULL,NULL),(25,NULL,'2023-04-18 00:00:00','URSSAF AVRIL salariés',1,'2023-04-28 12:52:45','2023-04-28 14:52:20',NULL,NULL,2,NULL,NULL,1,1,NULL,1126.00000000,1,'2023-05-18',NULL,NULL,NULL,NULL),(28,NULL,'2023-04-21 00:00:00','AG2R REUNICA RETRAITE',1,'2023-04-28 13:45:17','2023-04-28 15:32:16',NULL,NULL,2,2,NULL,50,1,NULL,252.61000000,1,'2023-05-21',NULL,NULL,NULL,NULL),(29,NULL,'2023-04-24 00:00:00','MUTUELLE HUMANIS',1,'2023-04-28 13:47:40','2023-04-28 15:41:04',NULL,NULL,2,2,NULL,30,1,NULL,269.28000000,1,'2023-05-24',NULL,NULL,NULL,NULL),(30,NULL,'2023-04-21 00:00:00','PREVOYANCE AG2R LA MONDIALE',1,'2023-04-28 13:48:54','2023-04-28 15:48:42',NULL,NULL,2,NULL,NULL,30,1,NULL,167.74000000,1,'2023-05-21',NULL,NULL,NULL,NULL),(31,NULL,'2023-04-25 00:00:00','DGFIP PASDSN',1,'2023-04-28 13:57:56','2023-04-28 15:56:55',NULL,NULL,2,NULL,NULL,25,1,NULL,31.00000000,1,'2023-05-25',NULL,NULL,NULL,NULL),(32,NULL,'2023-05-05 00:00:00','ALPTIS',1,'2023-05-30 12:39:46','2023-05-30 14:38:27',NULL,NULL,2,NULL,NULL,4110,1,3,139.45000000,1,'2023-06-05',NULL,NULL,NULL,NULL),(33,NULL,'2023-05-05 00:00:00','URSSAF MAI laurence',1,'2023-05-30 12:41:20','2023-05-30 14:41:00',NULL,NULL,2,NULL,NULL,2,1,3,257.00000000,1,'2023-06-05',NULL,NULL,NULL,NULL),(34,NULL,'2023-05-05 00:00:00','URSSAF MAI Stéphane',1,'2023-05-30 12:42:11','2023-05-30 14:42:01',NULL,NULL,2,NULL,NULL,4111,1,3,257.00000000,1,'2023-06-05',NULL,NULL,NULL,NULL),(35,NULL,'2023-05-16 00:00:00','URSSAF MAI salariés',1,'2023-05-30 16:58:55','2023-05-30 18:58:43',NULL,NULL,2,NULL,NULL,1,1,3,1329.00000000,1,'2023-05-16',NULL,NULL,NULL,NULL),(36,NULL,'2023-05-23 00:00:00','DGFIP PASDSN',1,'2023-05-30 18:03:46','2023-05-30 20:02:53',NULL,NULL,2,NULL,NULL,25,1,3,31.00000000,1,'2023-06-23',NULL,NULL,NULL,NULL),(37,NULL,'2023-05-17 00:00:00','DGFIP IS',1,'2023-05-30 18:04:45','2023-05-30 20:04:35',NULL,NULL,2,NULL,NULL,70,1,3,1520.00000000,1,'2023-05-17',NULL,NULL,NULL,NULL),(38,NULL,'2023-05-25 00:00:00','AG2R REUNICA RETRAITE',1,'2023-06-02 14:10:23','2023-05-31 11:14:22',NULL,NULL,2,NULL,NULL,50,1,3,288.52000000,1,'2023-05-25',NULL,NULL,NULL,NULL),(39,NULL,'2023-06-05 00:00:00','ALPTIS',1,'2023-06-29 09:17:33','2023-06-29 11:15:02',NULL,NULL,2,NULL,NULL,4110,1,3,139.45000000,1,'2023-06-05',NULL,NULL,NULL,NULL),(40,NULL,'2023-06-05 00:00:00','URSSAF JUIN laurence',1,'2023-06-29 09:19:27','2023-06-29 11:18:57',NULL,2,2,NULL,NULL,2,1,3,257.00000000,1,'2023-07-05',NULL,NULL,NULL,NULL),(41,NULL,'2023-06-05 00:00:00','URSSAF JUIN Stéphane',1,'2023-06-29 15:15:04','2023-06-29 17:14:52',NULL,NULL,2,NULL,NULL,4111,1,3,257.00000000,1,'2023-07-05',NULL,NULL,NULL,NULL),(42,NULL,'2023-06-16 00:00:00','URSSAF JUIN salariés',1,'2023-06-29 15:31:59','2023-06-29 17:31:47',NULL,NULL,2,NULL,NULL,1,1,3,1455.00000000,1,'2023-07-16',NULL,NULL,NULL,NULL),(43,NULL,'2023-06-21 00:00:00','DGFIP PASDSN',1,'2023-06-29 15:34:05','2023-06-29 17:33:53',NULL,NULL,2,NULL,NULL,25,1,3,34.00000000,1,'2023-07-21',NULL,NULL,NULL,NULL),(44,NULL,'2023-06-26 00:00:00','AG2R REUNICA RETRAITE',1,'2023-07-04 08:25:49','2023-06-29 17:37:47',NULL,NULL,2,NULL,NULL,50,1,3,327.44000000,1,'2023-07-26',NULL,NULL,NULL,NULL),(45,NULL,'2023-07-05 00:00:00','ALPTIS',1,'2023-07-31 08:47:49','2023-07-31 10:47:25',NULL,NULL,2,NULL,NULL,4110,1,3,139.43000000,1,'2023-08-05',NULL,NULL,NULL,NULL),(46,NULL,'2023-07-05 00:00:00','URSSAF JUILLET laurence',1,'2023-07-31 08:49:37','2023-07-31 10:49:23',NULL,2,2,NULL,NULL,2,1,3,257.00000000,1,'2023-08-08',NULL,NULL,NULL,NULL),(47,NULL,'2023-07-05 00:00:00','URSSAF JUILLET Stéphane',1,'2023-07-31 08:50:29','2023-07-31 10:50:19',NULL,NULL,2,NULL,NULL,4111,1,3,257.00000000,1,'2023-08-05',NULL,NULL,NULL,NULL),(48,NULL,'2023-07-18 00:00:00','URSSAF JUILLET salariés',1,'2023-07-31 12:21:34','2023-07-31 11:01:14',NULL,NULL,2,2,NULL,1,1,3,1454.00000000,1,'2023-07-18',NULL,NULL,NULL,NULL),(49,NULL,'2023-07-24 00:00:00','PREVOYANCE AG2R LA MONDIALE',1,'2023-07-31 12:23:12','2023-07-31 14:22:49',NULL,NULL,2,NULL,NULL,30,1,NULL,196.18000000,1,'2023-07-24',NULL,NULL,NULL,NULL),(50,NULL,'2023-07-24 00:00:00','MUTUELLE HUMANIS',1,'2023-07-31 12:24:13','2023-07-31 14:23:58',NULL,NULL,2,NULL,NULL,30,1,NULL,269.28000000,1,'2023-07-24',NULL,NULL,NULL,NULL),(51,NULL,'2023-07-25 00:00:00','DGFIP PASDSN',1,'2023-07-31 12:25:10','2023-07-31 14:24:57',NULL,NULL,2,NULL,NULL,25,1,3,34.00000000,1,'2023-07-25',NULL,NULL,NULL,NULL),(52,NULL,'2023-07-25 00:00:00','AG2R REUNICA RETRAITE',1,'2023-07-31 12:29:56','2023-07-31 14:29:44',NULL,NULL,2,NULL,NULL,50,1,3,327.71000000,1,'2023-07-25',NULL,NULL,NULL,NULL),(53,NULL,'2023-08-07 00:00:00','ALPTIS',1,'2023-08-28 15:38:50','2023-08-28 17:38:29',NULL,NULL,2,NULL,NULL,4110,1,3,139.43000000,1,'2023-09-07',NULL,NULL,NULL,NULL),(54,NULL,'2023-08-07 00:00:00','URSSAF AOUT laurence',1,'2023-08-28 15:40:43','2023-08-28 17:40:31',NULL,2,2,NULL,NULL,2,1,3,257.00000000,1,'2023-09-07',NULL,NULL,NULL,NULL),(55,NULL,'2023-08-07 00:00:00','URSSAF JUILLET Stéphane',1,'2023-08-28 15:41:27','2023-08-28 17:41:17',NULL,NULL,2,NULL,NULL,4111,1,3,257.00000000,1,'2023-09-07',NULL,NULL,NULL,NULL),(56,NULL,'2023-08-17 00:00:00','URSSAF AOUT salariés',1,'2023-08-28 15:53:03','2023-08-28 17:52:48',NULL,NULL,2,NULL,NULL,1,1,3,1461.00000000,1,'2023-09-17',NULL,NULL,NULL,NULL),(57,NULL,'2023-08-23 00:00:00','DGFIP PASDSN',1,'2023-08-28 16:11:05','2023-08-28 18:10:49',NULL,NULL,2,NULL,NULL,25,1,3,34.00000000,1,'2023-09-23',NULL,NULL,NULL,NULL),(58,NULL,'2023-08-25 00:00:00','AG2R REUNICA RETRAITE',1,'2023-08-28 16:21:06','2023-08-28 18:20:51',NULL,NULL,2,NULL,NULL,50,1,3,327.50000000,1,'2023-09-25',NULL,NULL,NULL,NULL),(59,NULL,'2023-09-01 00:00:00','ALPTIS',1,'2023-09-28 13:08:40','2023-09-28 15:08:15',NULL,NULL,2,NULL,NULL,4110,1,3,139.46000000,1,'2023-10-01',NULL,NULL,NULL,NULL),(60,NULL,'2023-09-01 00:00:00','URSSAF SEPT salariés',1,'2023-09-28 13:10:14','2023-09-28 15:09:43',NULL,NULL,2,NULL,NULL,1,1,3,1118.00000000,1,'2023-10-01',NULL,NULL,NULL,NULL),(61,NULL,'2023-09-18 00:00:00','URSSAF AOUT salariés',1,'2023-09-28 13:37:20','2023-09-28 15:36:54',NULL,NULL,2,NULL,NULL,1,1,3,1454.00000000,1,'2023-09-28',NULL,NULL,NULL,NULL),(62,NULL,'2023-09-21 00:00:00','DGFIP PASDSN',1,'2023-09-28 13:46:22','2023-09-28 15:46:12',NULL,NULL,2,NULL,NULL,25,1,3,34.00000000,1,'2023-10-21',NULL,NULL,NULL,NULL),(63,NULL,'2023-09-25 00:00:00','AG2R REUNICA RETRAITE',1,'2023-10-06 13:56:24','2023-10-06 15:56:12',NULL,NULL,2,NULL,NULL,50,1,3,327.54000000,1,'2023-10-25',NULL,NULL,NULL,NULL),(65,NULL,'2023-10-01 00:00:00','ALPTIS',1,'2023-10-26 13:52:38','2023-10-26 15:52:24',NULL,NULL,2,NULL,NULL,4110,1,3,139.44000000,1,'2023-10-31',NULL,NULL,NULL,NULL),(66,NULL,'2023-10-01 00:00:00','URSSAF OCT salariés',1,'2023-10-26 13:54:02','2023-10-26 15:53:48',NULL,NULL,2,NULL,NULL,1,1,3,1118.00000000,1,'2023-10-31',NULL,NULL,NULL,NULL),(67,NULL,'2023-10-17 00:00:00','URSSAF SEPT salariés',1,'2023-10-26 14:00:47','2023-10-26 16:00:31',NULL,NULL,2,NULL,NULL,1,1,3,1454.00000000,1,'2023-10-17',NULL,NULL,NULL,NULL),(68,NULL,'2023-10-01 00:00:00','MUTUELLE HUMANIS',1,'2023-10-26 14:15:51','2023-10-26 16:15:35',NULL,NULL,2,NULL,NULL,30,1,NULL,269.28000000,1,'2023-10-31',NULL,NULL,NULL,NULL),(69,NULL,'2023-10-01 00:00:00','DGFIP PASDSN',1,'2023-10-26 14:23:33','2023-10-26 16:23:19',NULL,NULL,2,NULL,NULL,25,1,3,49.00000000,1,'2023-10-31',NULL,NULL,NULL,NULL),(70,NULL,'2023-10-01 00:00:00','PREVOYANCE AG2R LA MONDIALE',1,'2023-10-26 14:25:30','2023-10-26 16:25:17',NULL,NULL,2,NULL,NULL,30,1,NULL,203.82000000,1,'2023-10-31',NULL,NULL,NULL,NULL),(72,NULL,'2023-10-25 00:00:00','AG2R REUNICA RETRAITE',1,'2023-10-26 14:29:41','2023-10-26 16:29:31',NULL,NULL,2,NULL,NULL,50,1,3,327.65000000,1,'2023-11-25',NULL,NULL,NULL,NULL),(73,NULL,'2023-11-01 00:00:00','ALPTIS',1,'2023-11-27 15:27:45','2023-11-27 16:27:22',NULL,NULL,2,2,NULL,4110,1,3,139.46000000,1,'2023-11-30',NULL,NULL,NULL,NULL),(74,NULL,'2023-11-01 00:00:00','URSSAF NOV salariés',1,'2023-11-27 15:28:46','2023-11-27 16:28:31',NULL,NULL,2,NULL,NULL,1,1,3,1246.00000000,1,'2023-11-30',NULL,NULL,NULL,NULL),(75,NULL,'2023-11-16 00:00:00','URSSAF OCT salariés',1,'2023-11-27 16:18:31','2023-11-27 17:18:01',NULL,NULL,2,NULL,NULL,1,1,3,1416.00000000,1,'2023-11-16',NULL,NULL,NULL,NULL),(76,NULL,'2023-11-01 00:00:00','AG2R REUNICA RETRAITE',1,'2023-11-27 16:32:11','2023-11-27 17:31:58',NULL,NULL,2,NULL,NULL,50,1,3,319.86000000,1,'2023-11-30',NULL,NULL,NULL,NULL),(77,NULL,'2023-11-01 00:00:00','DGFIP PASDSN',1,'2023-11-30 18:00:09','2023-11-30 18:59:59',NULL,NULL,2,NULL,NULL,25,1,3,49.00000000,1,'2023-11-30',NULL,NULL,NULL,NULL),(78,NULL,'2023-12-01 00:00:00','ALPTIS',1,'2023-12-28 09:54:21','2023-12-28 10:54:11',NULL,NULL,2,NULL,NULL,4110,1,3,139.44000000,1,'2023-12-31',NULL,NULL,NULL,NULL),(79,NULL,'2023-12-01 00:00:00','URSSAF DEC salariés',1,'2023-12-28 13:49:18','2023-12-28 14:49:04',NULL,NULL,2,NULL,NULL,1,1,3,1108.00000000,1,'2023-12-31',NULL,NULL,NULL,NULL),(80,NULL,'2023-11-01 00:00:00','URSSAF NOV salariés',1,'2023-12-28 13:53:56','2023-12-28 14:53:44',NULL,NULL,2,NULL,NULL,1,1,3,1455.00000000,1,'2023-11-30',NULL,NULL,NULL,NULL),(81,NULL,'2023-11-01 00:00:00','DGFIP PASDSN',1,'2023-12-28 13:58:18','2023-12-28 14:58:06',NULL,NULL,2,NULL,NULL,25,1,3,49.00000000,1,'2023-11-30',NULL,NULL,NULL,NULL),(82,NULL,'2023-12-01 00:00:00','AG2R REUNICA RETRAITE',1,'2023-12-28 13:59:50','2023-12-28 14:59:22',NULL,NULL,2,NULL,NULL,50,1,3,327.77000000,1,'2023-12-31',NULL,NULL,NULL,NULL),(83,NULL,'2023-01-01 00:00:00','IMPOT CFE',1,'2023-12-28 14:01:25','2023-12-28 15:01:15',NULL,NULL,2,NULL,NULL,12,1,3,627.00000000,1,'2023-12-31',NULL,NULL,NULL,NULL),(84,NULL,'2024-01-05 00:00:00','URSSAF JANV salariés',1,'2024-01-29 14:12:58','2024-01-29 14:50:06',NULL,NULL,2,NULL,NULL,1,1,3,89.00000000,1,'2024-01-05',NULL,NULL,NULL,NULL),(85,NULL,'2024-01-05 00:00:00','URSSAF JANV salariés',1,'2024-01-29 14:13:28','2024-01-29 14:50:32',NULL,NULL,2,NULL,NULL,1,1,3,435.00000000,1,'2024-01-05',NULL,NULL,NULL,NULL),(86,NULL,'2024-01-05 00:00:00','ALPTIS',1,'2024-01-29 14:14:28','2024-01-29 14:51:10',NULL,NULL,2,NULL,NULL,4110,1,3,151.33000000,1,'2024-01-05',NULL,NULL,NULL,NULL),(87,NULL,'2024-01-16 00:00:00','URSSAF DEC salariés',1,'2024-01-29 14:13:51','2024-01-29 14:55:44',NULL,NULL,2,NULL,NULL,1,1,3,1455.00000000,1,'2024-01-16',NULL,NULL,NULL,NULL),(88,NULL,'2024-01-22 00:00:00','MUTUELLE HUMANIS',1,'2024-01-29 14:11:56','2024-01-29 15:11:26',NULL,NULL,2,NULL,NULL,30,1,NULL,269.28000000,1,'2024-01-22',NULL,NULL,NULL,NULL),(89,NULL,'2024-01-23 00:00:00','DGFIP PASDSN',1,'2024-01-29 14:18:33','2024-01-29 15:18:20',NULL,NULL,2,NULL,NULL,25,1,3,49.00000000,1,'2024-02-23',NULL,NULL,NULL,NULL),(90,NULL,'2024-01-29 00:00:00','PREVOYANCE AG2R LA MONDIALE',1,'2024-01-29 14:20:16','2024-01-29 15:20:03',NULL,NULL,2,NULL,NULL,30,1,NULL,201.34000000,1,'2024-03-31',NULL,NULL,NULL,NULL),(91,NULL,'2024-01-29 00:00:00','AG2R REUNICA RETRAITE',1,'2024-01-29 14:23:46','2024-01-29 15:23:35',NULL,NULL,2,NULL,NULL,50,1,3,327.57000000,1,'2024-02-29',NULL,NULL,NULL,NULL),(92,NULL,'2024-02-05 00:00:00','ALPTIS',1,'2024-03-01 14:25:54','2024-03-01 15:25:14',NULL,NULL,2,NULL,NULL,4110,1,3,151.33000000,1,'2024-03-05',NULL,NULL,NULL,NULL),(93,NULL,'2024-02-01 00:00:00','URSSAF FEV salariés',1,'2024-03-01 14:27:12','2024-03-01 15:27:01',NULL,NULL,2,NULL,NULL,1,1,3,435.00000000,1,'2024-02-29',NULL,NULL,NULL,NULL),(94,NULL,'2024-02-01 00:00:00','URSSAF FEV salariés',1,'2024-03-01 14:28:04','2024-03-01 15:27:54',NULL,NULL,2,NULL,NULL,1,1,3,89.00000000,1,'2024-02-29',NULL,NULL,NULL,NULL),(95,NULL,'2024-02-01 00:00:00','URSSAF JANV salariés',1,'2024-03-01 15:27:16','2024-03-01 16:25:50',NULL,NULL,2,NULL,NULL,1,1,3,1440.00000000,1,'2024-02-29',NULL,NULL,NULL,NULL),(96,NULL,'2024-02-01 00:00:00','DGFIP PASDSN',1,'2024-03-01 15:31:17','2024-03-01 16:30:47',NULL,NULL,2,NULL,NULL,25,1,3,49.00000000,1,'2024-02-29',NULL,NULL,NULL,NULL),(97,NULL,'2024-02-01 00:00:00','AG2R REUNICA RETRAITE',1,'2024-03-01 15:32:34','2024-03-01 16:32:21',NULL,NULL,2,NULL,NULL,50,1,3,320.90000000,1,'2024-02-29',NULL,NULL,NULL,NULL),(98,NULL,'2024-03-05 00:00:00','ALPTIS',1,'2024-04-04 16:09:33','2024-04-04 18:09:10',NULL,NULL,2,NULL,NULL,4110,1,3,151.33000000,1,'2024-04-05',NULL,NULL,NULL,NULL),(99,NULL,'2024-03-05 00:00:00','URSSAF MARS salariés',1,'2024-04-04 16:10:35','2024-04-04 18:10:23',NULL,NULL,2,NULL,NULL,1,1,3,89.00000000,1,'2024-04-05',NULL,NULL,NULL,NULL),(100,NULL,'2024-03-05 00:00:00','URSSAF MARS salariés',1,'2024-04-10 16:46:47','2024-04-04 18:11:10',NULL,NULL,2,NULL,NULL,1,1,3,435.00000000,1,'2024-04-05',NULL,NULL,NULL,NULL),(101,NULL,'2024-02-01 00:00:00','URSSAF FEV salariés',1,'2024-04-04 16:18:03','2024-04-04 18:17:30',NULL,NULL,2,NULL,NULL,1,1,3,1428.00000000,1,'2024-02-29',NULL,NULL,NULL,NULL),(102,NULL,'2024-03-25 00:00:00','AG2R REUNICA RETRAITE',1,'2024-04-04 16:27:08','2024-04-04 18:26:56',NULL,NULL,2,NULL,NULL,50,1,3,320.90000000,1,'2024-03-25',NULL,NULL,NULL,NULL),(103,NULL,'2024-03-21 00:00:00','DGFIP PASDSN',1,'2024-04-09 14:48:00','2024-04-09 16:47:49',NULL,NULL,2,NULL,NULL,25,1,3,49.00000000,1,'2024-03-21',NULL,NULL,NULL,NULL);

--
