
--
-- Table structure for table `llx_societe_account`
--

CREATE TABLE `llx_societe_account` (
  `rowid` int(11) NOT NULL AUTO_INCREMENT,
  `entity` int(11) DEFAULT 1,
  `login` varchar(128) COLLATE utf8_unicode_ci NOT NULL,
  `pass_encoding` varchar(24) COLLATE utf8_unicode_ci DEFAULT NULL,
  `pass_crypted` varchar(128) COLLATE utf8_unicode_ci DEFAULT NULL,
  `pass_temp` varchar(128) COLLATE utf8_unicode_ci DEFAULT NULL,
  `fk_soc` int(11) DEFAULT NULL,
  `fk_website` int(11) DEFAULT NULL,
  `site` varchar(128) COLLATE utf8_unicode_ci DEFAULT NULL,
  `site_account` varchar(128) COLLATE utf8_unicode_ci DEFAULT NULL,
  `key_account` varchar(128) COLLATE utf8_unicode_ci DEFAULT NULL,
  `note_private` text COLLATE utf8_unicode_ci DEFAULT NULL,
  `date_last_login` datetime DEFAULT NULL,
  `date_previous_login` datetime DEFAULT NULL,
  `date_creation` datetime NOT NULL,
  `tms` timestamp NOT NULL DEFAULT current_timestamp() ON UPDATE current_timestamp(),
  `fk_user_creat` int(11) NOT NULL,
  `fk_user_modif` int(11) DEFAULT NULL,
  `import_key` varchar(14) COLLATE utf8_unicode_ci DEFAULT NULL,
  `status` int(11) DEFAULT NULL,
  PRIMARY KEY (`rowid`),
  UNIQUE KEY `uk_societe_account_login_website_soc` (`entity`,`fk_soc`,`login`,`site`,`fk_website`),
  UNIQUE KEY `uk_societe_account_key_account_soc` (`entity`,`fk_soc`,`key_account`,`site`,`fk_website`),
  KEY `idx_societe_account_rowid` (`rowid`),
  KEY `idx_societe_account_login` (`login`),
  KEY `idx_societe_account_status` (`status`),
  KEY `idx_societe_account_fk_website` (`fk_website`),
  KEY `idx_societe_account_fk_soc` (`fk_soc`),
  CONSTRAINT `llx_societe_account_fk_societe` FOREIGN KEY (`fk_soc`) REFERENCES `llx_societe` (`rowid`),
  CONSTRAINT `llx_societe_account_fk_website` FOREIGN KEY (`fk_website`) REFERENCES `llx_website` (`rowid`)
) ENGINE=InnoDB DEFAULT CHARSET=utf8 COLLATE=utf8_unicode_ci;

--
-- Dumping data for table `llx_societe_account`
--


--
-- Table structure for table `llx_societe_address`
--

CREATE TABLE `llx_societe_address` (
  `rowid` int(11) NOT NULL AUTO_INCREMENT,
  `datec` datetime DEFAULT NULL,
  `tms` timestamp NOT NULL DEFAULT current_timestamp() ON UPDATE current_timestamp(),
  `label` varchar(30) COLLATE utf8_unicode_ci DEFAULT NULL,
  `fk_soc` int(11) DEFAULT 0,
  `name` varchar(60) COLLATE utf8_unicode_ci DEFAULT NULL,
  `address` varchar(255) COLLATE utf8_unicode_ci DEFAULT NULL,
  `zip` varchar(10) COLLATE utf8_unicode_ci DEFAULT NULL,
  `town` varchar(50) COLLATE utf8_unicode_ci DEFAULT NULL,
  `fk_pays` int(11) DEFAULT 0,
  `phone` varchar(20) COLLATE utf8_unicode_ci DEFAULT NULL,
  `fax` varchar(20) COLLATE utf8_unicode_ci DEFAULT NULL,
  `note` text COLLATE utf8_unicode_ci DEFAULT NULL,
  `fk_user_creat` int(11) DEFAULT NULL,
  `fk_user_modif` int(11) DEFAULT NULL,
  PRIMARY KEY (`rowid`)
) ENGINE=InnoDB DEFAULT CHARSET=utf8 COLLATE=utf8_unicode_ci;

--
-- Dumping data for table `llx_societe_address`
--


--
-- Table structure for table `llx_societe_commerciaux`
--

CREATE TABLE `llx_societe_commerciaux` (
  `rowid` int(11) NOT NULL AUTO_INCREMENT,
  `fk_soc` int(11) DEFAULT NULL,
  `fk_user` int(11) DEFAULT NULL,
  `import_key` varchar(14) COLLATE utf8_unicode_ci DEFAULT NULL,
  PRIMARY KEY (`rowid`),
  UNIQUE KEY `uk_societe_commerciaux` (`fk_soc`,`fk_user`)
) ENGINE=InnoDB AUTO_INCREMENT=91 DEFAULT CHARSET=utf8 COLLATE=utf8_unicode_ci;

--
-- Dumping data for table `llx_societe_commerciaux`
--

INSERT INTO `llx_societe_commerciaux` (`rowid`, `fk_soc`, `fk_user`, `import_key`) VALUES (1,540,13,NULL),(2,252,15,NULL),(3,77,15,'mbisign'),(4,86,15,'mbisign'),(5,115,15,'mbisign'),(6,118,15,'mbisign'),(7,122,15,'mbisign'),(8,124,15,'mbisign'),(9,125,15,'mbisign'),(10,127,15,'mbisign'),(11,128,15,'mbisign'),(12,129,15,'mbisign'),(13,130,15,'mbisign'),(14,131,15,'mbisign'),(15,134,15,'mbisign'),(16,135,15,'mbisign'),(17,137,15,'mbisign'),(18,138,15,'mbisign'),(19,142,15,'mbisign'),(20,143,15,'mbisign'),(21,144,15,'mbisign'),(22,145,15,'mbisign'),(23,146,15,'mbisign'),(24,150,15,'mbisign'),(25,151,15,'mbisign'),(26,154,15,'mbisign'),(27,155,15,'mbisign'),(28,158,15,'mbisign'),(29,159,15,'mbisign'),(30,162,15,'mbisign'),(31,163,15,'mbisign'),(32,164,15,'mbisign'),(33,165,15,'mbisign'),(34,169,15,'mbisign'),(35,171,15,'mbisign'),(36,173,15,'mbisign'),(37,177,15,'mbisign'),(38,179,15,'mbisign'),(39,180,15,'mbisign'),(40,181,15,'mbisign'),(41,182,15,'mbisign'),(42,183,15,'mbisign'),(43,184,15,'mbisign'),(44,185,15,'mbisign'),(45,186,15,'mbisign'),(46,188,15,'mbisign'),(47,189,15,'mbisign'),(48,190,15,'mbisign'),(49,191,15,'mbisign'),(50,193,15,'mbisign'),(51,195,15,'mbisign'),(52,197,15,'mbisign'),(54,482,15,'mbisign'),(55,485,15,'mbisign'),(56,486,15,'mbisign'),(57,487,15,'mbisign'),(58,490,15,'mbisign'),(59,491,15,'mbisign'),(60,494,15,'mbisign'),(61,495,15,'mbisign'),(62,496,15,'mbisign'),(63,498,15,'mbisign'),(64,501,15,'mbisign'),(65,502,15,'mbisign'),(66,504,15,'mbisign'),(67,505,15,'mbisign'),(68,507,15,'mbisign'),(69,508,15,'mbisign'),(70,509,15,'mbisign'),(71,510,15,'mbisign'),(72,511,15,'mbisign'),(73,512,15,'mbisign'),(74,513,15,'mbisign'),(75,515,15,'mbisign'),(76,516,15,'mbisign'),(77,518,15,'mbisign'),(78,520,15,'mbisign'),(79,522,15,'mbisign'),(80,523,15,'mbisign'),(81,524,15,'mbisign'),(82,527,15,'mbisign'),(83,530,15,'mbisign'),(84,531,15,'mbisign'),(85,532,15,'mbisign'),(86,536,15,'mbisign'),(87,537,15,'mbisign'),(88,539,15,'mbisign'),(89,570,15,'mbisign'),(90,571,15,'mbisign');

--
-- Table structure for table `llx_societe_contacts`
--

CREATE TABLE `llx_societe_contacts` (
  `rowid` int(11) NOT NULL AUTO_INCREMENT,
  `entity` int(11) NOT NULL DEFAULT 1,
  `date_creation` datetime NOT NULL,
  `fk_soc` int(11) NOT NULL,
  `fk_c_type_contact` int(11) NOT NULL,
  `fk_socpeople` int(11) NOT NULL,
  `tms` timestamp NOT NULL DEFAULT current_timestamp() ON UPDATE current_timestamp(),
  `import_key` varchar(14) COLLATE utf8_unicode_ci DEFAULT NULL,
  PRIMARY KEY (`rowid`),
  UNIQUE KEY `idx_societe_contacts_idx1` (`entity`,`fk_soc`,`fk_c_type_contact`,`fk_socpeople`),
  KEY `fk_societe_contacts_fk_c_type_contact` (`fk_c_type_contact`),
  KEY `fk_societe_contacts_fk_soc` (`fk_soc`),
  KEY `fk_societe_contacts_fk_socpeople` (`fk_socpeople`),
  CONSTRAINT `fk_societe_contacts_fk_c_type_contact` FOREIGN KEY (`fk_c_type_contact`) REFERENCES `llx_c_type_contact` (`rowid`),
  CONSTRAINT `fk_societe_contacts_fk_soc` FOREIGN KEY (`fk_soc`) REFERENCES `llx_societe` (`rowid`),
  CONSTRAINT `fk_societe_contacts_fk_socpeople` FOREIGN KEY (`fk_socpeople`) REFERENCES `llx_socpeople` (`rowid`)
) ENGINE=InnoDB AUTO_INCREMENT=6 DEFAULT CHARSET=utf8 COLLATE=utf8_unicode_ci;

--
-- Dumping data for table `llx_societe_contacts`
--

INSERT INTO `llx_societe_contacts` (`rowid`, `entity`, `date_creation`, `fk_soc`, `fk_c_type_contact`, `fk_socpeople`, `tms`, `import_key`) VALUES (1,2,'2022-01-11 12:53:48',25,60,1,'2022-01-11 12:53:48',NULL),(5,2,'2022-02-08 15:16:40',504,102,38,'2022-02-08 15:16:40',NULL);

--
-- Table structure for table `llx_societe_extrafields`
--

CREATE TABLE `llx_societe_extrafields` (
  `rowid` int(11) NOT NULL AUTO_INCREMENT,
  `tms` timestamp NOT NULL DEFAULT current_timestamp() ON UPDATE current_timestamp(),
  `fk_object` int(11) NOT NULL,
  `import_key` varchar(14) COLLATE utf8_unicode_ci DEFAULT NULL,
  `signature_link` text COLLATE utf8_unicode_ci DEFAULT NULL,
  `importaspcm_numdept` int(3) DEFAULT NULL,
  PRIMARY KEY (`rowid`),
  UNIQUE KEY `uk_societe_extrafields` (`fk_object`),
  UNIQUE KEY `uk_societe_extrafields_importaspcm_numdept` (`importaspcm_numdept`)
) ENGINE=InnoDB AUTO_INCREMENT=345 DEFAULT CHARSET=utf8 COLLATE=utf8_unicode_ci;

--
-- Dumping data for table `llx_societe_extrafields`
--

INSERT INTO `llx_societe_extrafields` (`rowid`, `tms`, `fk_object`, `import_key`, `signature_link`, `importaspcm_numdept`) VALUES (1,'2021-10-06 07:32:44',1,NULL,NULL,NULL),(2,'2021-10-15 12:38:59',126,NULL,NULL,NULL),(9,'2021-11-18 15:41:50',2,NULL,NULL,NULL),(13,'2021-12-08 13:52:03',202,NULL,NULL,NULL),(14,'2021-12-08 13:59:44',39,NULL,NULL,NULL),(18,'2022-01-03 19:54:04',132,NULL,NULL,NULL),(23,'2022-01-10 21:01:33',13,NULL,NULL,NULL),(25,'2022-01-10 21:04:42',58,NULL,NULL,NULL),(28,'2022-01-10 21:06:11',67,NULL,NULL,NULL),(32,'2022-01-10 21:08:02',85,NULL,NULL,NULL),(34,'2022-01-11 15:39:31',92,NULL,NULL,NULL),(40,'2022-01-13 19:43:10',110,NULL,NULL,NULL),(42,'2022-01-13 20:40:23',500,NULL,NULL,NULL),(52,'2022-01-17 16:20:49',184,NULL,NULL,NULL),(53,'2022-01-18 09:47:54',159,NULL,NULL,NULL),(56,'2022-01-18 09:54:40',174,NULL,NULL,NULL),(57,'2022-01-18 09:55:09',175,NULL,NULL,NULL),(59,'2022-01-18 09:56:05',172,NULL,NULL,NULL),(61,'2022-01-18 09:58:18',179,NULL,NULL,NULL),(62,'2022-01-18 10:00:14',183,NULL,NULL,NULL),(63,'2022-01-18 10:06:26',192,NULL,NULL,NULL),(64,'2022-01-18 10:22:23',507,NULL,NULL,NULL),(66,'2022-01-18 10:31:28',523,NULL,NULL,NULL),(73,'2022-01-18 10:43:45',128,NULL,NULL,NULL),(76,'2022-01-18 10:45:04',130,NULL,NULL,NULL),(77,'2022-01-18 10:45:56',131,NULL,NULL,NULL),(79,'2022-01-18 10:46:25',135,NULL,NULL,NULL),(80,'2022-01-18 10:46:29',136,NULL,NULL,NULL),(81,'2022-01-18 10:51:09',137,NULL,NULL,NULL),(82,'2022-01-18 10:51:32',138,NULL,NULL,NULL),(85,'2022-01-18 10:55:04',143,NULL,NULL,NULL),(86,'2022-01-18 10:55:58',144,NULL,NULL,NULL),(87,'2022-01-18 10:56:40',145,NULL,NULL,NULL),(88,'2022-01-18 10:57:08',146,NULL,NULL,NULL),(89,'2022-01-18 10:57:21',148,NULL,NULL,NULL),(90,'2022-01-18 10:57:27',149,NULL,NULL,NULL),(91,'2022-01-18 10:57:32',150,NULL,NULL,NULL),(92,'2022-01-18 10:57:58',151,NULL,NULL,NULL),(93,'2022-01-18 10:58:03',152,NULL,NULL,NULL),(94,'2022-01-18 10:58:10',153,NULL,NULL,NULL),(96,'2022-01-18 10:59:08',155,NULL,NULL,NULL),(97,'2022-01-18 10:59:42',158,NULL,NULL,NULL),(98,'2022-01-18 10:59:49',160,NULL,NULL,NULL),(99,'2022-01-18 10:59:54',161,NULL,NULL,NULL),(100,'2022-01-18 11:00:24',162,NULL,NULL,NULL),(101,'2022-01-18 11:00:34',163,NULL,NULL,NULL),(103,'2022-01-18 11:01:38',165,NULL,NULL,NULL),(104,'2022-01-18 11:01:50',166,NULL,NULL,NULL),(105,'2022-01-18 11:01:55',167,NULL,NULL,NULL),(106,'2022-01-18 11:01:59',168,NULL,NULL,NULL),(107,'2022-01-18 11:02:07',170,NULL,NULL,NULL),(110,'2022-01-18 11:04:20',176,NULL,NULL,NULL),(112,'2022-01-18 11:04:37',178,NULL,NULL,NULL),(116,'2022-01-18 11:05:10',185,NULL,NULL,NULL),(117,'2022-01-18 11:05:15',186,NULL,NULL,NULL),(119,'2022-01-18 11:05:29',187,NULL,NULL,NULL),(120,'2022-01-18 11:05:36',188,NULL,NULL,NULL),(123,'2022-01-18 11:07:24',190,NULL,NULL,NULL),(124,'2022-01-18 11:07:32',191,NULL,NULL,NULL),(125,'2022-01-18 11:07:43',193,NULL,NULL,NULL),(126,'2022-01-18 11:07:51',194,NULL,NULL,NULL),(127,'2022-01-18 11:08:05',195,NULL,NULL,NULL),(128,'2022-01-18 11:08:12',196,NULL,NULL,NULL),(129,'2022-01-18 11:09:29',197,NULL,NULL,NULL),(130,'2022-01-18 11:09:39',198,NULL,NULL,NULL),(131,'2022-01-18 11:10:48',122,NULL,NULL,NULL),(132,'2022-01-18 11:18:18',147,NULL,NULL,NULL),(133,'2022-01-18 11:24:16',171,NULL,NULL,NULL),(134,'2022-01-18 11:30:11',119,NULL,NULL,NULL),(135,'2022-01-18 11:30:18',120,NULL,NULL,NULL),(136,'2022-01-18 11:31:05',141,NULL,NULL,NULL),(137,'2022-01-18 11:31:28',156,NULL,NULL,NULL),(138,'2022-01-18 15:01:50',223,NULL,NULL,NULL),(139,'2022-01-18 15:20:34',200,NULL,NULL,NULL),(140,'2022-01-18 15:25:55',247,NULL,NULL,NULL),(142,'2022-01-18 15:39:09',254,NULL,NULL,NULL),(143,'2022-01-18 15:49:38',233,NULL,NULL,NULL),(145,'2022-01-18 15:52:49',510,NULL,NULL,NULL),(146,'2022-01-18 15:58:49',215,NULL,NULL,NULL),(147,'2022-01-18 16:48:13',211,NULL,NULL,NULL),(148,'2022-01-18 17:27:20',508,NULL,NULL,NULL),(149,'2022-01-20 14:01:02',526,NULL,NULL,NULL),(153,'2022-01-21 08:30:42',518,NULL,NULL,NULL),(157,'2022-01-21 09:20:01',530,NULL,NULL,NULL),(158,'2022-01-21 14:22:26',509,NULL,NULL,NULL),(164,'2022-01-21 14:48:36',504,NULL,NULL,NULL),(165,'2022-01-21 15:12:03',127,NULL,NULL,NULL),(166,'2022-01-21 15:17:13',502,NULL,NULL,NULL),(167,'2022-01-21 15:18:41',494,NULL,NULL,NULL),(175,'2022-01-24 14:05:26',532,NULL,NULL,NULL),(180,'2022-01-27 09:01:29',533,NULL,NULL,NULL),(181,'2022-01-27 13:57:01',203,NULL,NULL,NULL),(188,'2022-01-31 07:50:47',524,NULL,NULL,NULL),(189,'2022-01-31 13:01:01',206,NULL,NULL,NULL),(194,'2022-02-03 11:22:23',220,NULL,NULL,NULL),(195,'2022-02-03 11:25:43',209,NULL,NULL,NULL),(196,'2022-02-03 11:28:09',208,NULL,NULL,NULL),(198,'2022-02-03 12:27:13',273,NULL,NULL,NULL),(199,'2022-02-03 13:03:11',537,NULL,NULL,NULL),(202,'2022-02-06 20:42:06',252,NULL,NULL,NULL),(203,'2022-02-07 08:39:52',531,NULL,NULL,NULL),(204,'2022-02-07 15:16:28',164,NULL,NULL,38),(205,'2022-02-07 15:16:40',520,NULL,NULL,45),(206,'2022-02-07 15:16:55',498,NULL,NULL,39),(208,'2022-02-07 15:17:25',173,NULL,NULL,43),(209,'2022-02-07 15:17:38',490,NULL,NULL,21),(210,'2022-02-07 15:18:01',505,NULL,NULL,44),(212,'2022-02-07 15:18:22',501,NULL,NULL,31),(213,'2022-02-07 15:18:32',495,NULL,NULL,20),(215,'2022-02-07 15:19:47',181,NULL,NULL,34),(218,'2022-02-07 15:20:34',169,NULL,NULL,22),(219,'2022-02-07 15:20:47',496,NULL,NULL,40),(220,'2022-02-07 15:20:56',134,NULL,NULL,46),(221,'2022-02-07 15:21:23',182,NULL,NULL,30),(222,'2022-02-07 15:21:34',482,NULL,NULL,4),(223,'2022-02-07 15:21:45',115,NULL,NULL,33),(224,'2022-02-07 15:21:57',516,NULL,NULL,25),(228,'2022-02-08 13:56:26',538,NULL,NULL,5),(230,'2022-02-08 17:22:43',511,NULL,NULL,19),(231,'2022-02-08 17:26:16',513,NULL,NULL,23),(232,'2022-02-08 17:31:09',189,NULL,NULL,36),(235,'2022-02-10 15:34:49',539,NULL,NULL,NULL),(237,'2022-02-10 17:47:19',225,NULL,NULL,NULL),(238,'2022-02-11 14:30:00',199,NULL,NULL,NULL),(240,'2022-02-14 13:54:36',253,NULL,NULL,NULL),(241,'2022-02-14 13:56:35',205,NULL,NULL,NULL),(242,'2022-02-14 14:00:08',219,NULL,NULL,NULL),(243,'2022-02-14 14:26:38',201,NULL,NULL,NULL),(245,'2022-02-14 14:48:07',541,NULL,NULL,NULL),(246,'2022-02-14 15:27:03',540,NULL,NULL,NULL),(247,'2022-02-16 16:03:33',293,NULL,NULL,NULL),(248,'2022-02-17 08:56:36',32,NULL,NULL,NULL),(251,'2022-02-21 08:06:13',251,NULL,NULL,NULL),(252,'2022-02-21 14:48:32',234,NULL,NULL,NULL),(256,'2022-02-24 13:07:03',204,NULL,NULL,NULL),(260,'2022-02-28 14:55:52',569,NULL,NULL,NULL),(261,'2022-03-01 07:52:51',230,NULL,NULL,NULL),(263,'2022-03-01 09:59:16',570,NULL,NULL,NULL),(264,'2022-03-01 14:49:44',571,NULL,NULL,NULL),(265,'2022-03-01 16:02:09',528,NULL,NULL,NULL),(266,'2022-03-02 08:36:55',103,NULL,NULL,NULL),(267,'2022-03-02 09:05:02',14,NULL,NULL,NULL),(271,'2022-03-02 10:27:31',91,NULL,NULL,NULL),(272,'2022-03-02 11:52:50',56,NULL,NULL,NULL),(273,'2022-03-02 12:35:34',101,NULL,NULL,NULL),(276,'2022-03-02 13:19:06',62,NULL,NULL,NULL),(285,'2022-03-02 13:46:30',40,NULL,NULL,NULL),(286,'2022-03-02 13:46:37',21,NULL,NULL,NULL),(288,'2022-03-02 13:47:08',41,NULL,NULL,NULL),(290,'2022-03-02 13:47:43',16,NULL,NULL,NULL),(291,'2022-03-02 13:47:53',89,NULL,NULL,NULL),(292,'2022-03-02 13:48:16',75,NULL,NULL,NULL),(293,'2022-03-02 13:48:50',72,NULL,NULL,NULL),(294,'2022-03-02 13:49:16',113,NULL,NULL,NULL),(295,'2022-03-02 14:03:31',565,NULL,NULL,NULL),(298,'2022-03-02 14:57:46',73,NULL,NULL,NULL),(299,'2022-03-02 15:43:58',69,NULL,NULL,NULL),(300,'2022-03-02 16:18:47',68,NULL,NULL,NULL),(301,'2022-03-02 16:34:52',52,NULL,NULL,NULL),(302,'2022-03-02 16:49:44',25,NULL,NULL,NULL),(303,'2022-03-03 09:50:33',529,NULL,NULL,NULL),(304,'2022-03-03 16:03:30',536,NULL,NULL,49),(306,'2022-03-04 09:59:37',86,NULL,NULL,NULL),(307,'2022-03-08 10:48:48',180,NULL,NULL,NULL),(309,'2022-03-08 14:17:41',154,NULL,NULL,17),(310,'2022-03-08 14:17:56',486,NULL,NULL,15),(312,'2022-03-10 07:54:55',534,NULL,NULL,NULL),(316,'2022-03-10 08:26:38',114,NULL,NULL,NULL),(317,'2022-03-10 09:22:34',27,NULL,NULL,NULL),(318,'2022-03-10 09:42:15',76,NULL,NULL,NULL),(319,'2022-03-10 14:51:39',485,NULL,NULL,14),(320,'2022-03-11 06:56:09',572,NULL,NULL,NULL),(321,'2022-03-15 14:47:09',573,NULL,NULL,NULL),(322,'2022-03-16 10:19:45',574,NULL,NULL,NULL),(323,'2022-03-17 08:15:00',221,NULL,NULL,NULL),(324,'2022-03-18 12:27:17',575,NULL,NULL,NULL),(325,'2022-03-22 17:49:01',45,NULL,NULL,NULL),(326,'2022-03-24 07:28:12',491,NULL,NULL,48),(327,'2022-03-25 09:05:43',118,NULL,NULL,50),(329,'2022-03-28 16:04:56',229,NULL,NULL,NULL),(330,'2022-03-29 07:16:36',142,NULL,NULL,47),(331,'2022-04-05 13:10:44',207,NULL,NULL,NULL),(332,'2022-04-08 07:55:49',129,NULL,NULL,7),(333,'2022-04-08 07:56:18',177,NULL,NULL,27),(334,'2022-04-12 13:05:48',77,NULL,NULL,NULL),(335,'2022-04-12 13:28:03',124,NULL,NULL,3),(337,'2022-04-19 07:31:42',576,NULL,NULL,NULL),(338,'2022-04-19 09:06:49',515,NULL,NULL,NULL),(339,'2022-04-25 09:12:06',214,NULL,NULL,NULL),(340,'2022-05-02 15:23:00',527,NULL,NULL,NULL),(341,'2022-05-05 10:26:13',578,NULL,NULL,NULL),(344,'2022-05-05 12:02:21',579,NULL,NULL,NULL);

--
-- Table structure for table `llx_societe_perentity`
--

CREATE TABLE `llx_societe_perentity` (
  `rowid` int(11) NOT NULL AUTO_INCREMENT,
  `fk_soc` int(11) DEFAULT NULL,
  `entity` int(11) NOT NULL DEFAULT 1,
  `accountancy_code_sell` varchar(32) COLLATE utf8_unicode_ci DEFAULT NULL,
  `accountancy_code_buy` varchar(32) COLLATE utf8_unicode_ci DEFAULT NULL,
  PRIMARY KEY (`rowid`),
  UNIQUE KEY `uk_societe_perentity` (`fk_soc`,`entity`),
  KEY `idx_societe_perentity_fk_soc` (`fk_soc`)
) ENGINE=InnoDB DEFAULT CHARSET=utf8 COLLATE=utf8_unicode_ci;

--
-- Dumping data for table `llx_societe_perentity`
--


--
-- Table structure for table `llx_societe_prices`
--

CREATE TABLE `llx_societe_prices` (
  `rowid` int(11) NOT NULL AUTO_INCREMENT,
  `fk_soc` int(11) DEFAULT 0,
  `tms` timestamp NOT NULL DEFAULT current_timestamp() ON UPDATE current_timestamp(),
  `datec` datetime DEFAULT NULL,
  `fk_user_author` int(11) DEFAULT NULL,
  `price_level` tinyint(4) DEFAULT 1,
  PRIMARY KEY (`rowid`)
) ENGINE=InnoDB DEFAULT CHARSET=utf8 COLLATE=utf8_unicode_ci;

--
-- Dumping data for table `llx_societe_prices`
--


--
-- Table structure for table `llx_societe_remise`
--

CREATE TABLE `llx_societe_remise` (
  `rowid` int(11) NOT NULL AUTO_INCREMENT,
  `entity` int(11) NOT NULL DEFAULT 1,
  `fk_soc` int(11) NOT NULL,
  `tms` timestamp NOT NULL DEFAULT current_timestamp() ON UPDATE current_timestamp(),
  `datec` datetime DEFAULT NULL,
  `fk_user_author` int(11) DEFAULT NULL,
  `remise_client` double(6,3) NOT NULL DEFAULT 0.000,
  `note` text COLLATE utf8_unicode_ci DEFAULT NULL,
  PRIMARY KEY (`rowid`)
) ENGINE=InnoDB AUTO_INCREMENT=2 DEFAULT CHARSET=utf8 COLLATE=utf8_unicode_ci;

--
-- Dumping data for table `llx_societe_remise`
--

INSERT INTO `llx_societe_remise` (`rowid`, `entity`, `fk_soc`, `tms`, `datec`, `fk_user_author`, `remise_client`, `note`) VALUES (1,2,508,'2022-03-11 08:11:01','2022-03-11 08:11:01',1,15.000,'Commission sur espace');

--
-- Table structure for table `llx_societe_remise_except`
--

CREATE TABLE `llx_societe_remise_except` (
  `rowid` int(11) NOT NULL AUTO_INCREMENT,
  `entity` int(11) NOT NULL DEFAULT 1,
  `fk_soc` int(11) NOT NULL,
  `discount_type` int(11) NOT NULL DEFAULT 0,
  `datec` datetime DEFAULT NULL,
  `amount_ht` double(24,8) NOT NULL,
  `amount_tva` double(24,8) NOT NULL DEFAULT 0.00000000,
  `amount_ttc` double(24,8) NOT NULL DEFAULT 0.00000000,
  `tva_tx` double(6,3) NOT NULL DEFAULT 0.000,
  `vat_src_code` varchar(10) COLLATE utf8_unicode_ci DEFAULT '',
  `fk_user` int(11) NOT NULL,
  `fk_facture_line` int(11) DEFAULT NULL,
  `fk_facture` int(11) DEFAULT NULL,
  `fk_facture_source` int(11) DEFAULT NULL,
  `fk_invoice_supplier_line` int(11) DEFAULT NULL,
  `fk_invoice_supplier` int(11) DEFAULT NULL,
  `fk_invoice_supplier_source` int(11) DEFAULT NULL,
  `description` text COLLATE utf8_unicode_ci NOT NULL,
  `multicurrency_amount_ht` double(24,8) NOT NULL DEFAULT 0.00000000,
  `multicurrency_amount_tva` double(24,8) NOT NULL DEFAULT 0.00000000,
  `multicurrency_amount_ttc` double(24,8) NOT NULL DEFAULT 0.00000000,
  PRIMARY KEY (`rowid`),
  KEY `idx_societe_remise_except_fk_user` (`fk_user`),
  KEY `idx_societe_remise_except_fk_soc` (`fk_soc`),
  KEY `idx_societe_remise_except_fk_facture_line` (`fk_facture_line`),
  KEY `idx_societe_remise_except_fk_facture` (`fk_facture`),
  KEY `idx_societe_remise_except_fk_facture_source` (`fk_facture_source`),
  KEY `idx_societe_remise_except_discount_type` (`discount_type`),
  KEY `fk_soc_remise_fk_invoice_supplier_line` (`fk_invoice_supplier_line`),
  KEY `fk_societe_remise_fk_invoice_supplier_source` (`fk_invoice_supplier`),
  CONSTRAINT `fk_soc_remise_fk_facture_line` FOREIGN KEY (`fk_facture_line`) REFERENCES `llx_facturedet` (`rowid`),
  CONSTRAINT `fk_soc_remise_fk_invoice_supplier_line` FOREIGN KEY (`fk_invoice_supplier_line`) REFERENCES `llx_facture_fourn_det` (`rowid`),
  CONSTRAINT `fk_soc_remise_fk_soc` FOREIGN KEY (`fk_soc`) REFERENCES `llx_societe` (`rowid`),
  CONSTRAINT `fk_societe_remise_fk_facture` FOREIGN KEY (`fk_facture`) REFERENCES `llx_facture` (`rowid`),
  CONSTRAINT `fk_societe_remise_fk_facture_source` FOREIGN KEY (`fk_facture_source`) REFERENCES `llx_facture` (`rowid`),
  CONSTRAINT `fk_societe_remise_fk_invoice_supplier` FOREIGN KEY (`fk_invoice_supplier`) REFERENCES `llx_facture_fourn` (`rowid`),
  CONSTRAINT `fk_societe_remise_fk_invoice_supplier_source` FOREIGN KEY (`fk_invoice_supplier`) REFERENCES `llx_facture_fourn` (`rowid`),
  CONSTRAINT `fk_societe_remise_fk_user` FOREIGN KEY (`fk_user`) REFERENCES `llx_user` (`rowid`)
) ENGINE=InnoDB AUTO_INCREMENT=34 DEFAULT CHARSET=utf8 COLLATE=utf8_unicode_ci;

--
-- Dumping data for table `llx_societe_remise_except`
--

INSERT INTO `llx_societe_remise_except` (`rowid`, `entity`, `fk_soc`, `discount_type`, `datec`, `amount_ht`, `amount_tva`, `amount_ttc`, `tva_tx`, `vat_src_code`, `fk_user`, `fk_facture_line`, `fk_facture`, `fk_facture_source`, `fk_invoice_supplier_line`, `fk_invoice_supplier`, `fk_invoice_supplier_source`, `description`, `multicurrency_amount_ht`, `multicurrency_amount_tva`, `multicurrency_amount_ttc`) VALUES (2,2,202,1,'2022-02-01 08:08:08',4.44000000,0.00000000,4.44000000,0.000,'',11,NULL,NULL,NULL,NULL,3751,3748,'(EXCESS PAID)',0.00000000,0.00000000,0.00000000),(3,1,45,0,'2022-02-01 08:59:55',22.75000000,0.00000000,22.75000000,0.000,'',1,NULL,11680,11681,NULL,NULL,NULL,'(CREDIT_NOTE)',0.00000000,0.00000000,0.00000000),(4,2,202,1,'2022-02-01 11:32:17',40.07000000,0.00000000,40.07000000,0.000,'',11,NULL,NULL,NULL,NULL,NULL,3937,'(EXCESS PAID)',0.00000000,0.00000000,0.00000000),(5,2,202,1,'2022-02-01 11:32:35',16.52000000,0.00000000,16.52000000,0.000,'',11,NULL,NULL,NULL,NULL,NULL,3938,'(EXCESS PAID)',0.00000000,0.00000000,0.00000000),(8,2,202,1,'2022-02-01 11:37:18',4.42000000,0.00000000,4.42000000,0.000,'',11,NULL,NULL,NULL,NULL,NULL,3939,'(EXCESS PAID)',0.00000000,0.00000000,0.00000000),(9,2,202,1,'2022-02-01 11:42:43',52.49000000,0.00000000,52.49000000,0.000,'',11,NULL,NULL,NULL,NULL,NULL,3940,'(EXCESS PAID)',0.00000000,0.00000000,0.00000000),(10,2,202,1,'2022-02-01 11:44:23',52.49000000,0.00000000,52.49000000,0.000,'',11,NULL,NULL,NULL,NULL,NULL,3942,'(EXCESS PAID)',0.00000000,0.00000000,0.00000000),(11,2,202,1,'2022-02-03 07:30:03',29.58000000,0.00000000,29.58000000,0.000,'',11,NULL,NULL,NULL,NULL,NULL,3943,'(EXCESS PAID)',0.00000000,0.00000000,0.00000000),(12,2,124,0,'2022-02-15 15:35:58',33.94000000,0.00000000,33.94000000,0.000,'',11,NULL,NULL,8493,NULL,NULL,NULL,'(EXCESS RECEIVED)',0.00000000,0.00000000,0.00000000),(13,2,124,0,'2022-02-15 15:46:29',40.20000000,0.00000000,40.20000000,0.000,'',11,NULL,NULL,10220,NULL,NULL,NULL,'(EXCESS RECEIVED)',0.00000000,0.00000000,0.00000000),(14,2,86,0,'2022-03-04 10:07:04',2108.61000000,421.72000000,2530.33000000,20.000,'',11,NULL,12006,12097,NULL,NULL,NULL,'(CREDIT_NOTE)',2108.61000000,421.72000000,2530.33000000),(15,1,32,0,'2022-03-11 13:45:38',382.92000000,0.00000000,382.92000000,0.000,'',1,NULL,11701,11685,NULL,NULL,NULL,'(CREDIT_NOTE)',0.00000000,0.00000000,0.00000000),(16,1,32,0,'2022-03-11 13:45:45',2680.44000000,536.09000000,3216.52000000,20.000,'',1,NULL,11701,11684,NULL,NULL,NULL,'(CREDIT_NOTE)',0.00000000,0.00000000,0.00000000),(18,2,510,1,'2022-03-11 16:44:59',1402.85000000,0.00000000,1402.85000000,0.000,'',11,NULL,NULL,NULL,4243,NULL,NULL,'Prime CEE',1402.85000000,0.00000000,1402.85000000),(19,2,204,1,'2022-03-15 08:04:20',9.60000000,0.53000000,10.13000000,5.500,'',11,NULL,NULL,NULL,NULL,4058,4076,'(CREDIT_NOTE)',9.60000000,0.53000000,10.13000000),(20,2,199,1,'2022-03-15 14:03:20',1600.00000000,320.00000000,1920.00000000,20.000,'',11,NULL,NULL,NULL,NULL,4060,4061,'(CREDIT_NOTE)',1600.00000000,320.00000000,1920.00000000),(21,2,510,1,'2022-03-17 10:29:19',80.00000000,16.00000000,96.00000000,20.000,'',11,NULL,NULL,NULL,NULL,4029,4090,'(CREDIT_NOTE)',80.00000000,16.00000000,96.00000000),(22,2,510,1,'2022-03-22 14:13:40',80.00000000,16.00000000,96.00000000,20.000,'',11,NULL,NULL,NULL,NULL,4029,4091,'(CREDIT_NOTE)',80.00000000,16.00000000,96.00000000),(23,2,182,0,'2022-03-28 14:11:59',42.23000000,8.44000000,50.67000000,20.000,'',11,NULL,12268,12344,NULL,NULL,NULL,'(CREDIT_NOTE)',52.81000000,10.56000000,63.37000000),(24,2,197,0,'2022-04-01 06:22:00',203.36000000,40.69000000,244.05000000,20.000,'',11,NULL,12064,12290,NULL,NULL,NULL,'(CREDIT_NOTE)',270.36000000,54.07000000,324.43000000),(25,2,495,0,'2022-04-01 07:08:35',131.18000000,26.24000000,157.42000000,20.000,'',11,NULL,11994,12249,NULL,NULL,NULL,'(CREDIT_NOTE)',194.66000000,38.94000000,233.60000000),(28,2,509,0,'2022-04-12 09:31:01',321.43000000,64.28000000,385.71000000,20.000,'',11,NULL,11993,12250,NULL,NULL,NULL,'(CREDIT_NOTE)',480.89000000,96.18000000,577.07000000),(29,2,184,0,'2022-04-14 09:13:37',142.66000000,28.53000000,171.19000000,20.000,'',11,NULL,11967,12071,NULL,NULL,NULL,'(CREDIT_NOTE)',150.66000000,30.13000000,180.79000000),(30,2,184,0,'2022-04-19 08:10:55',6.97000000,1.39000000,8.36000000,20.000,'',11,NULL,12287,12289,NULL,NULL,NULL,'(CREDIT_NOTE)',12.95000000,2.59000000,15.54000000),(32,2,118,0,'2022-05-05 14:35:21',13171.90000000,2634.38000000,15806.28000000,20.000,'',11,NULL,12175,12624,NULL,NULL,NULL,'(CREDIT_NOTE)',13171.90000000,2634.38000000,15806.28000000),(33,2,518,0,'2022-05-05 15:16:07',321.41000000,64.28000000,385.69000000,20.000,'',11,NULL,11995,12247,NULL,NULL,NULL,'(CREDIT_NOTE)',480.93000000,96.20000000,577.13000000);

--
-- Table structure for table `llx_societe_remise_supplier`
--

CREATE TABLE `llx_societe_remise_supplier` (
  `rowid` int(11) NOT NULL AUTO_INCREMENT,
  `entity` int(11) NOT NULL DEFAULT 1,
  `fk_soc` int(11) NOT NULL,
  `tms` timestamp NOT NULL DEFAULT current_timestamp() ON UPDATE current_timestamp(),
  `datec` datetime DEFAULT NULL,
  `fk_user_author` int(11) DEFAULT NULL,
  `remise_supplier` double(6,3) NOT NULL DEFAULT 0.000,
  `note` text COLLATE utf8_unicode_ci DEFAULT NULL,
  PRIMARY KEY (`rowid`)
) ENGINE=InnoDB DEFAULT CHARSET=utf8 COLLATE=utf8_unicode_ci;

--
-- Dumping data for table `llx_societe_remise_supplier`
--


--
-- Table structure for table `llx_societe_rib`
--

CREATE TABLE `llx_societe_rib` (
  `rowid` int(11) NOT NULL AUTO_INCREMENT,
  `type` varchar(32) COLLATE utf8_unicode_ci NOT NULL DEFAULT 'ban',
  `label` varchar(200) COLLATE utf8_unicode_ci DEFAULT NULL,
  `fk_soc` int(11) NOT NULL,
  `datec` datetime DEFAULT NULL,
  `tms` timestamp NOT NULL DEFAULT current_timestamp() ON UPDATE current_timestamp(),
  `bank` varchar(255) COLLATE utf8_unicode_ci DEFAULT NULL,
  `code_banque` varchar(128) COLLATE utf8_unicode_ci DEFAULT NULL,
  `code_guichet` varchar(6) COLLATE utf8_unicode_ci DEFAULT NULL,
  `number` varchar(255) COLLATE utf8_unicode_ci DEFAULT NULL,
  `cle_rib` varchar(5) COLLATE utf8_unicode_ci DEFAULT NULL,
  `bic` varchar(20) COLLATE utf8_unicode_ci DEFAULT NULL,
  `iban_prefix` varchar(34) COLLATE utf8_unicode_ci DEFAULT NULL,
  `domiciliation` varchar(255) COLLATE utf8_unicode_ci DEFAULT NULL,
  `proprio` varchar(60) COLLATE utf8_unicode_ci DEFAULT NULL,
  `owner_address` varchar(255) COLLATE utf8_unicode_ci DEFAULT NULL,
  `default_rib` smallint(6) NOT NULL DEFAULT 0,
  `rum` varchar(32) COLLATE utf8_unicode_ci DEFAULT NULL,
  `date_rum` date DEFAULT NULL,
  `frstrecur` varchar(16) COLLATE utf8_unicode_ci DEFAULT 'FRST',
  `last_four` varchar(4) COLLATE utf8_unicode_ci DEFAULT NULL,
  `card_type` varchar(255) COLLATE utf8_unicode_ci DEFAULT NULL,
  `cvn` varchar(255) COLLATE utf8_unicode_ci DEFAULT NULL,
  `exp_date_month` int(11) DEFAULT NULL,
  `exp_date_year` int(11) DEFAULT NULL,
  `country_code` varchar(10) COLLATE utf8_unicode_ci DEFAULT NULL,
  `approved` int(11) DEFAULT 0,
  `email` varchar(255) COLLATE utf8_unicode_ci DEFAULT NULL,
  `ending_date` date DEFAULT NULL,
  `max_total_amount_of_all_payments` double(24,8) DEFAULT NULL,
  `preapproval_key` varchar(255) COLLATE utf8_unicode_ci DEFAULT NULL,
  `starting_date` date DEFAULT NULL,
  `total_amount_of_all_payments` double(24,8) DEFAULT NULL,
  `stripe_card_ref` varchar(128) COLLATE utf8_unicode_ci DEFAULT NULL,
  `stripe_account` varchar(128) COLLATE utf8_unicode_ci DEFAULT NULL,
  `comment` varchar(255) COLLATE utf8_unicode_ci DEFAULT NULL,
  `ipaddress` varchar(68) COLLATE utf8_unicode_ci DEFAULT NULL,
  `status` int(11) NOT NULL DEFAULT 1,
  `import_key` varchar(14) COLLATE utf8_unicode_ci DEFAULT NULL,
  PRIMARY KEY (`rowid`),
  UNIQUE KEY `uk_societe_rib` (`label`,`fk_soc`),
  KEY `llx_societe_rib_fk_societe` (`fk_soc`),
  CONSTRAINT `llx_societe_rib_fk_societe` FOREIGN KEY (`fk_soc`) REFERENCES `llx_societe` (`rowid`)
) ENGINE=InnoDB DEFAULT CHARSET=utf8 COLLATE=utf8_unicode_ci;

--
-- Dumping data for table `llx_societe_rib`
--


--
-- Table structure for table `llx_socpeople`
--

CREATE TABLE `llx_socpeople` (
  `rowid` int(11) NOT NULL AUTO_INCREMENT,
  `datec` datetime DEFAULT NULL,
  `tms` timestamp NOT NULL DEFAULT current_timestamp() ON UPDATE current_timestamp(),
  `fk_soc` int(11) DEFAULT NULL,
  `entity` int(11) NOT NULL DEFAULT 1,
  `ref_ext` varchar(255) COLLATE utf8_unicode_ci DEFAULT NULL,
  `civility` varchar(6) COLLATE utf8_unicode_ci DEFAULT NULL,
  `lastname` varchar(50) COLLATE utf8_unicode_ci DEFAULT NULL,
  `firstname` varchar(50) COLLATE utf8_unicode_ci DEFAULT NULL,
  `address` varchar(255) COLLATE utf8_unicode_ci DEFAULT NULL,
  `zip` varchar(25) COLLATE utf8_unicode_ci DEFAULT NULL,
  `town` varchar(255) COLLATE utf8_unicode_ci DEFAULT NULL,
  `fk_departement` int(11) DEFAULT NULL,
  `fk_pays` int(11) DEFAULT 0,
  `birthday` date DEFAULT NULL,
  `poste` varchar(255) COLLATE utf8_unicode_ci DEFAULT NULL,
  `phone` varchar(30) COLLATE utf8_unicode_ci DEFAULT NULL,
  `phone_perso` varchar(30) COLLATE utf8_unicode_ci DEFAULT NULL,
  `phone_mobile` varchar(30) COLLATE utf8_unicode_ci DEFAULT NULL,
  `fax` varchar(30) COLLATE utf8_unicode_ci DEFAULT NULL,
  `email` varchar(255) COLLATE utf8_unicode_ci DEFAULT NULL,
  `socialnetworks` text COLLATE utf8_unicode_ci DEFAULT NULL,
  `jabberid` varchar(255) COLLATE utf8_unicode_ci DEFAULT NULL,
  `skype` varchar(255) COLLATE utf8_unicode_ci DEFAULT NULL,
  `twitter` varchar(255) COLLATE utf8_unicode_ci DEFAULT NULL,
  `facebook` varchar(255) COLLATE utf8_unicode_ci DEFAULT NULL,
  `linkedin` varchar(255) COLLATE utf8_unicode_ci DEFAULT NULL,
  `instagram` varchar(255) COLLATE utf8_unicode_ci DEFAULT NULL,
  `snapchat` varchar(255) COLLATE utf8_unicode_ci DEFAULT NULL,
  `googleplus` varchar(255) COLLATE utf8_unicode_ci DEFAULT NULL,
  `youtube` varchar(255) COLLATE utf8_unicode_ci DEFAULT NULL,
  `whatsapp` varchar(255) COLLATE utf8_unicode_ci DEFAULT NULL,
  `photo` varchar(255) COLLATE utf8_unicode_ci DEFAULT NULL,
  `no_email` smallint(6) NOT NULL DEFAULT 0,
  `priv` smallint(6) NOT NULL DEFAULT 0,
  `fk_prospectcontactlevel` varchar(12) COLLATE utf8_unicode_ci DEFAULT NULL,
  `fk_stcommcontact` int(11) NOT NULL DEFAULT 0,
  `fk_user_creat` int(11) DEFAULT 0,
  `fk_user_modif` int(11) DEFAULT NULL,
  `note_private` text COLLATE utf8_unicode_ci DEFAULT NULL,
  `note_public` text COLLATE utf8_unicode_ci DEFAULT NULL,
  `default_lang` varchar(6) COLLATE utf8_unicode_ci DEFAULT NULL,
  `canvas` varchar(32) COLLATE utf8_unicode_ci DEFAULT NULL,
  `import_key` varchar(14) COLLATE utf8_unicode_ci DEFAULT NULL,
  `statut` tinyint(4) NOT NULL DEFAULT 1,
  PRIMARY KEY (`rowid`),
  KEY `idx_socpeople_fk_soc` (`fk_soc`),
  KEY `idx_socpeople_fk_user_creat` (`fk_user_creat`),
  CONSTRAINT `fk_socpeople_fk_soc` FOREIGN KEY (`fk_soc`) REFERENCES `llx_societe` (`rowid`),
  CONSTRAINT `fk_socpeople_user_creat_user_rowid` FOREIGN KEY (`fk_user_creat`) REFERENCES `llx_user` (`rowid`)
) ENGINE=InnoDB AUTO_INCREMENT=1033 DEFAULT CHARSET=utf8 COLLATE=utf8_unicode_ci;

--
-- Dumping data for table `llx_socpeople`
--

INSERT INTO `llx_socpeople` (`rowid`, `datec`, `tms`, `fk_soc`, `entity`, `ref_ext`, `civility`, `lastname`, `firstname`, `address`, `zip`, `town`, `fk_departement`, `fk_pays`, `birthday`, `poste`, `phone`, `phone_perso`, `phone_mobile`, `fax`, `email`, `socialnetworks`, `jabberid`, `skype`, `twitter`, `facebook`, `linkedin`, `instagram`, `snapchat`, `googleplus`, `youtube`, `whatsapp`, `photo`, `no_email`, `priv`, `fk_prospectcontactlevel`, `fk_stcommcontact`, `fk_user_creat`, `fk_user_modif`, `note_private`, `note_public`, `default_lang`, `canvas`, `import_key`, `statut`) VALUES (1,'2022-01-11 12:47:44','2022-01-11 12:53:48',25,1,NULL,'','.','','2 Rue Thomas Edison PAU CITE MULTIMEDIA Bâtiment A','64054','PAU CEDEX 09',NULL,1,NULL,'','','','','','contact@anglofile.fr','[]',NULL,NULL,NULL,NULL,NULL,NULL,NULL,NULL,NULL,NULL,'',0,0,'',0,11,1,'','',NULL,NULL,NULL,1),(2,'2022-01-11 15:40:45','2022-01-11 15:40:45',92,1,NULL,'MR','ROMEUR','JEAN-PIERRE','13 RUE MAUBEC','64230','LESCAR',NULL,1,NULL,'','','','','','','[]',NULL,NULL,NULL,NULL,NULL,NULL,NULL,NULL,NULL,NULL,NULL,0,0,'',0,10,10,'','',NULL,NULL,NULL,1),(3,'2022-01-11 16:17:12','2022-01-11 16:17:12',78,1,NULL,'','ANZIL','BRUNO','6 PASSAGE DE L\'EUROPE','64000','PAU',NULL,1,NULL,'','','','','','bruno.anzil@nalta.fr','[]',NULL,NULL,NULL,NULL,NULL,NULL,NULL,NULL,NULL,NULL,NULL,0,0,'',0,10,10,'','',NULL,NULL,NULL,1),(4,'2022-01-13 11:02:27','2022-01-13 11:02:27',NULL,1,NULL,'MME','SUHIT SAINT LOUBOUE','','','','',NULL,1,NULL,'','','','','','contact@ssle.fr','[]',NULL,NULL,NULL,NULL,NULL,NULL,NULL,NULL,NULL,NULL,NULL,0,0,'',0,10,10,'','',NULL,NULL,NULL,1),(5,'2022-01-13 14:01:23','2022-01-13 14:01:23',106,1,NULL,'MME','SUHIT SAINT LOUBOUE','','','','',NULL,1,NULL,'','','','','','contact@ssle.fr','[]',NULL,NULL,NULL,NULL,NULL,NULL,NULL,NULL,NULL,NULL,NULL,0,0,'',0,10,10,'','',NULL,NULL,NULL,1),(6,'2022-01-13 14:29:30','2022-01-13 14:29:30',29,1,NULL,'','LAUDEBAT','STEPHANIE','','','',NULL,1,NULL,'','','','','','comptabilite@aspcm.fr','[]',NULL,NULL,NULL,NULL,NULL,NULL,NULL,NULL,NULL,NULL,NULL,0,0,'',0,10,10,'','',NULL,NULL,NULL,1),(7,'2022-01-13 20:40:46','2022-01-13 20:40:46',500,2,NULL,'MME','GUELIN','Joelle','CSP FOURNISSEURS','38246','MEYLAN CEDEX',NULL,1,NULL,'','','','','','Joelle.GUELIN@schneider-electric.com','[]',NULL,NULL,NULL,NULL,NULL,NULL,NULL,NULL,NULL,NULL,NULL,0,0,'',0,1,1,'','',NULL,NULL,NULL,1),(8,'2022-01-13 20:41:41','2022-01-17 11:23:06',501,2,NULL,'MR','DRIESSEN','Christophe','PAU CITE MULTIMEDIA BAT F \r\n16, Rue Michael Faraday','64054','PAU CEDEX 9',NULL,1,NULL,'','','','','','Christophe.Driessen@sofresid.com','[]',NULL,NULL,NULL,NULL,NULL,NULL,NULL,NULL,NULL,NULL,'',0,0,'',0,1,11,'','',NULL,NULL,NULL,1),(9,'2022-01-13 20:43:03','2022-01-13 20:43:03',513,2,NULL,'','LOPVET','Julie','4 RUE THOMAS EDISON BATIMENT C','64054','PAU CEDEX 09',NULL,1,NULL,'','','','','','julie.lopvet@sc3i.net','[]',NULL,NULL,NULL,NULL,NULL,NULL,NULL,NULL,NULL,NULL,NULL,0,0,'',0,1,1,'','',NULL,NULL,NULL,1),(10,'2022-01-13 20:43:43','2022-01-21 15:31:50',515,2,NULL,'','ALMEIDA','Ana-Sofia','Bâtiment C 4, rue Thomas Edison - BP 7501','64075','PAU Cedex',NULL,1,NULL,'','','','','','ana-sofia.almeida@arsilon.com','[]',NULL,NULL,NULL,NULL,NULL,NULL,NULL,NULL,NULL,NULL,'',0,0,'',0,1,11,'','',NULL,NULL,NULL,1),(11,'2022-01-13 20:45:54','2022-01-13 20:45:54',516,2,NULL,'','Datchary','Stéphanie','','','',NULL,1,NULL,'','','','','','stephanie.datchary@chrobinson.com','[]',NULL,NULL,NULL,NULL,NULL,NULL,NULL,NULL,NULL,NULL,NULL,0,0,'',0,1,1,'','',NULL,NULL,NULL,1),(12,'2022-01-13 20:58:07','2022-01-13 20:58:07',193,2,NULL,'','FABRE','Corinne','10 AVENUE DE L ENTREPRISE','95863','CERGY PONTOISE',NULL,1,NULL,'','','','','','corinne.fabre@spie.com','[]',NULL,NULL,NULL,NULL,NULL,NULL,NULL,NULL,NULL,NULL,NULL,0,0,'',0,1,1,'','',NULL,NULL,NULL,1),(13,'2022-01-13 20:59:49','2022-01-13 20:59:49',77,2,NULL,'','Didier','','9 RUE DE BEAURENGY','64320','IDRON',NULL,1,NULL,'','','','','','api.64.didier@gmail.com','[]',NULL,NULL,NULL,NULL,NULL,NULL,NULL,NULL,NULL,NULL,NULL,0,0,'',0,1,1,'','',NULL,NULL,NULL,1),(14,'2022-01-14 16:21:16','2022-01-14 16:21:17',118,2,NULL,'MME','GANZAGAIN','Sandrine','','','',NULL,1,NULL,'','','','','','sandrine.ganzagain@abl-avocats.com','[]',NULL,NULL,NULL,NULL,NULL,NULL,NULL,NULL,NULL,NULL,NULL,0,0,'',0,11,11,'','',NULL,NULL,NULL,1),(15,'2022-01-20 08:26:34','2022-01-20 08:26:34',128,2,NULL,'MR','ABINA','Baptiste','Centre de gestion les Terrasses\r\nTSA 16709','95901','CERGY PONTOISE CEDEX',NULL,1,NULL,'','','','','','baptiste.abina@axa.fr','[]',NULL,NULL,NULL,NULL,NULL,NULL,NULL,NULL,NULL,NULL,NULL,0,0,'',0,15,15,'','',NULL,NULL,NULL,1),(16,'2022-01-20 09:11:38','2022-01-20 09:11:38',490,2,NULL,'MME','LAMBERT','VIRGINIE','2, rue Thomas Edison BATIMENT A','64054','PAU Cedex 09',NULL,1,NULL,'','','','','','','[]',NULL,NULL,NULL,NULL,NULL,NULL,NULL,NULL,NULL,NULL,NULL,0,0,'',0,15,15,'','',NULL,NULL,NULL,1),(17,'2022-01-20 14:16:19','2022-01-20 14:16:19',138,2,NULL,'','HAURE','GAELLE','','','',NULL,1,NULL,'','','','','','Gaelle.HAURE@cnfpt.fr','[]',NULL,NULL,NULL,NULL,NULL,NULL,NULL,NULL,NULL,NULL,NULL,0,0,'',0,15,15,'','',NULL,NULL,NULL,1),(18,'2022-01-20 14:33:13','2022-01-20 14:33:13',482,2,NULL,'MME','WAWRZKOW','ANNA MARIE','2 rue thomas edison,\r\naspcm bat A','64000','PAU',NULL,1,NULL,'','','','','','am.waw@anglofile.fr','[]',NULL,NULL,NULL,NULL,NULL,NULL,NULL,NULL,NULL,NULL,NULL,0,0,'',0,15,15,'','',NULL,NULL,NULL,1),(19,'2022-01-20 15:17:15','2022-01-20 15:17:15',527,2,NULL,'MME','Fernandes-Coz','GHISLAINE','4 RUE THOMAS EDISON','64000','PAU',NULL,1,NULL,'','06.62.49.23.71','','','','ghislaine.coz@gmail.com','[]',NULL,NULL,NULL,NULL,NULL,NULL,NULL,NULL,NULL,NULL,NULL,0,0,'',0,15,15,'','',NULL,NULL,NULL,1),(20,'2022-01-21 09:12:41','2022-01-21 09:17:40',498,2,NULL,'','SCI JARDINS DU PARC','','2, RUE THOMAS EDISON\r\nBATIEMENT A','64054','CEDEX 09',NULL,1,NULL,'','06 073 72 48','','','','plahillonne@plhconseil.com','[]',NULL,NULL,NULL,NULL,NULL,NULL,NULL,NULL,NULL,NULL,'',0,0,'',0,11,1,'','',NULL,NULL,NULL,1),(22,'2022-01-21 09:46:49','2022-01-21 09:46:49',140,2,NULL,'','Mann','ISABELLE','20 RUE JOHANNES KEPLER','64000','PAU',NULL,1,NULL,'','05 59 14 03 43','','','','i-mann@cosoluce.fr','[]',NULL,NULL,NULL,NULL,NULL,NULL,NULL,NULL,NULL,NULL,NULL,0,0,'',0,15,15,'','',NULL,NULL,NULL,1),(23,'2022-01-21 09:52:53','2022-05-02 15:25:43',128,2,NULL,'MR','CAVAILLE','PHILIPPE','3, rue Thomas Edison\r\nBat. D 1er étage','64054','PAU CEDEX 09',NULL,1,NULL,'','','','06 17 67 71 16','','philippe.cavaille@axa.fr','[]',NULL,NULL,NULL,NULL,NULL,NULL,NULL,NULL,NULL,NULL,'',0,0,'',0,15,11,'','',NULL,NULL,NULL,1),(24,'2022-01-21 09:56:33','2022-01-21 09:57:35',504,2,NULL,'MME','BUCHOT','STEPHANIE','1 rue Ada Byron 64000','64000','PAU',NULL,1,NULL,'','','','05 59 11 38 00','','stephanie.buchot@sitel.com','[]',NULL,NULL,NULL,NULL,NULL,NULL,NULL,NULL,NULL,NULL,'',0,0,'',0,15,15,'','',NULL,NULL,NULL,1),(25,'2022-01-21 10:03:40','2022-01-21 10:03:40',512,2,NULL,'MR','LAMY','FRANCOIS','2 RUE THOMAS EDISON BAT A','64000','PAU',NULL,1,NULL,'','','','06.01.99.21.56','','francois.lamy@orientaction-groupe.com','[]',NULL,NULL,NULL,NULL,NULL,NULL,NULL,NULL,NULL,NULL,NULL,0,0,'',0,15,15,'','',NULL,NULL,NULL,1),(26,'2022-01-21 10:13:43','2022-01-21 10:13:43',86,2,NULL,'MME','LECORRE','ANITA','52 rue Georges Bonnac','33093','BORDEAUX',NULL,1,NULL,'','','','07 63 45 13 54','','anita.lecorre@laposte.fr','[]',NULL,NULL,NULL,NULL,NULL,NULL,NULL,NULL,NULL,NULL,NULL,0,0,'',0,15,15,'','',NULL,NULL,NULL,1),(27,'2022-01-21 10:26:50','2022-01-21 10:28:11',86,2,NULL,'MME','CLEMENT','ESTELLE','DIRECTION DES VENTES ENTREPRISES\r\n\r\nGARONNE ADOUR\r\n\r\n7 RUE FARADAY\r\n\r\nCS 80582','64064','PAU CEDEX',NULL,1,NULL,'','','','07 62 57 71 95','','estelle.clement@laposte.fr','[]',NULL,NULL,NULL,NULL,NULL,NULL,NULL,NULL,NULL,NULL,'',0,0,'',0,15,15,'','',NULL,NULL,NULL,1),(28,'2022-01-21 10:35:59','2022-01-21 10:35:59',491,2,NULL,'MME','LE LIN','ANNIE','4 RUE THOMAS EDISON','64000','PAU',NULL,1,NULL,'','','','05.24.36.47.00','','lelinannie.kfc@gmail.com','[]',NULL,NULL,NULL,NULL,NULL,NULL,NULL,NULL,NULL,NULL,NULL,0,0,'',0,15,15,'','',NULL,NULL,NULL,1),(29,'2022-01-21 13:49:06','2022-01-21 13:49:06',164,2,NULL,'MME','MARQUES','Christine','3 RUE THOMAS EDISON','64000','PAU',NULL,1,NULL,'','09.72.30.20.40','','','','christine.marques@fhbx.eu','[]',NULL,NULL,NULL,NULL,NULL,NULL,NULL,NULL,NULL,NULL,NULL,0,0,'',0,15,15,'','',NULL,NULL,NULL,1),(30,'2022-01-21 14:01:36','2022-01-21 14:01:36',86,2,NULL,'MME','HURTAUD','LYDIE','7 RUE FARADAY','64000','PAU',NULL,1,NULL,'','07 62 57 77 92','','','','lydie.hurtaud@laposte.fr','[]',NULL,NULL,NULL,NULL,NULL,NULL,NULL,NULL,NULL,NULL,NULL,0,0,'',0,15,15,'','',NULL,NULL,NULL,1),(31,'2022-01-21 15:52:40','2022-01-21 15:53:42',498,2,NULL,'MR','LACAZE','CHRISTOPHE','2 RUE THOMAS EDISON','64000','PAU',NULL,1,NULL,'','05 59 72 56 56','','','','clacaze@plhconseil.com','[]',NULL,NULL,NULL,NULL,NULL,NULL,NULL,NULL,NULL,NULL,'',0,0,'',0,15,15,'','',NULL,NULL,NULL,1),(32,'2022-01-24 09:21:09','2022-01-24 09:21:09',531,2,NULL,'MME','ROUBY','KARINE','Avenu de la vallée de l\'Ossau','64121','SERRES CASTET',NULL,1,NULL,'','','','0663091217','','karinawaz@gmail.com','[]',NULL,NULL,NULL,NULL,NULL,NULL,NULL,NULL,NULL,NULL,NULL,0,0,'',0,15,15,'','',NULL,NULL,NULL,1),(33,'2022-01-24 12:46:44','2022-01-24 13:03:46',524,2,NULL,'','YEP YEP PARACHUTISME','','Mr ADNET\r\n5 rue Pe doü Boscq','64420','ANDOINS',NULL,1,NULL,'','','','','','','[]',NULL,NULL,NULL,NULL,NULL,NULL,NULL,NULL,NULL,NULL,'',0,0,'',0,11,11,'','',NULL,NULL,NULL,1),(34,'2022-01-24 13:49:21','2022-01-24 13:52:06',532,2,NULL,'','Emmanuel GELY','','','','',NULL,1,NULL,'','','','','','','[]',NULL,NULL,NULL,NULL,NULL,NULL,NULL,NULL,NULL,NULL,'',0,0,'',0,11,11,'','',NULL,NULL,NULL,1),(35,'2022-01-27 13:19:26','2022-05-02 15:29:18',151,2,NULL,'MME','LASTISNERES','NATHALIE','13, rue Faraday','64054','PAU CEDEX 09',NULL,1,NULL,'','0559059110','','','','Nathalie.LASTISNERES@generali.com','[]',NULL,NULL,NULL,NULL,NULL,NULL,NULL,NULL,NULL,NULL,'',0,0,'',0,15,11,'','',NULL,NULL,NULL,1),(36,'2022-01-28 14:58:48','2022-01-28 14:58:48',107,1,NULL,'MME','RIQUELME','CAROLINA','','','',NULL,1,NULL,'','','','','','carolina.riquelme@st37.fr','[]',NULL,NULL,NULL,NULL,NULL,NULL,NULL,NULL,NULL,NULL,NULL,0,0,'',0,10,10,'','',NULL,NULL,NULL,1),(37,'2022-01-31 10:04:37','2022-01-31 10:04:37',181,2,NULL,'MME','TRIOLET','SOPHIE','3 RUE ADA BYRON','64000','PAU',NULL,1,NULL,'','','','','','sophia.triolet@external.seaowlgroup.com','[]',NULL,NULL,NULL,NULL,NULL,NULL,NULL,NULL,NULL,NULL,NULL,0,0,'',0,15,15,'','',NULL,NULL,NULL,1),(38,'2022-02-01 10:49:34','2022-02-08 15:14:00',504,2,NULL,'MR','PORTE','Quentin','1 rue Ada Byron 64000, 64000 PAU, France','64064','PAU Cedex 09',NULL,1,NULL,'Responsable immobilier','(0)6.71.27.85.74','','','','quentin.porte@sitel.com','[]',NULL,NULL,NULL,NULL,NULL,NULL,NULL,NULL,NULL,NULL,'',0,0,'',0,11,11,'','',NULL,NULL,NULL,1),(39,'2022-02-01 12:56:44','2022-02-01 12:56:44',188,2,NULL,'MME','BUZZACAN','LAURE','1 RUE THOMAS EDISON','64000','PAU',NULL,1,NULL,'','05 59 83 39 01','','','','contact@setrel.fr','[]',NULL,NULL,NULL,NULL,NULL,NULL,NULL,NULL,NULL,NULL,NULL,0,0,'',0,15,15,'','',NULL,NULL,NULL,1),(40,'2022-02-02 13:01:17','2022-02-02 13:01:17',508,2,NULL,'MME','SIMONNET','LAURE','','','',NULL,1,NULL,'','','','','','l.simonnet@creasud.f','[]',NULL,NULL,NULL,NULL,NULL,NULL,NULL,NULL,NULL,NULL,NULL,0,0,'',0,15,15,'','',NULL,NULL,NULL,1),(41,'2022-02-02 13:55:31','2022-02-02 13:55:31',501,2,NULL,'MME','GAUVIN','SOLANGE','16 RUE MICKAEL FARADAY','64000','PAU',NULL,1,NULL,'','05.59.30.86.11','','','','','[]',NULL,NULL,NULL,NULL,NULL,NULL,NULL,NULL,NULL,NULL,NULL,0,0,'',0,15,15,'','',NULL,NULL,NULL,1),(42,'2022-02-03 10:27:03','2022-02-03 10:27:30',118,2,NULL,'MME','BERDUCOU','Suzanne','3 Rue Thomas Edison','64054','PAU',NULL,1,NULL,'Assistante Juridique','05.59.14.14.40','','','','contacts@abl-avocats.com','[]',NULL,NULL,NULL,NULL,NULL,NULL,NULL,NULL,NULL,NULL,'',0,0,'',0,15,15,'','',NULL,NULL,NULL,1),(43,'2022-02-03 13:04:50','2022-02-03 13:04:50',537,2,NULL,'MME','LARTIGUE','Llona','','','',NULL,1,NULL,'','','','','','haltehamos64@gmail.com','[]',NULL,NULL,NULL,NULL,NULL,NULL,NULL,NULL,NULL,NULL,NULL,0,0,'',0,15,15,'','',NULL,NULL,NULL,1),(44,'2022-02-04 08:14:23','2022-02-04 08:15:36',515,2,NULL,'MME','ALMEIDA','ANA-SOFIA','4 Rue Thomas Edison Bâtiment C','64075','PAU',NULL,1,NULL,'','05.59.14.24.84','','06.99.77.50.15','','ana-sofia.almeida@arsilon.com','[]',NULL,NULL,NULL,NULL,NULL,NULL,NULL,NULL,NULL,NULL,'',0,0,'',0,15,15,'','',NULL,NULL,NULL,1),(45,'2022-02-04 08:33:02','2022-02-04 08:33:02',205,2,NULL,'MLE','ETIENNE','Fanny','','','',NULL,1,NULL,'','','','','','f.etienne@sempp.fr','[]',NULL,NULL,NULL,NULL,NULL,NULL,NULL,NULL,NULL,NULL,NULL,0,0,'',0,15,15,'','',NULL,NULL,NULL,1),(46,'2022-02-06 20:39:47','2022-02-06 20:39:47',252,2,NULL,'','Barrouillet','Nicolas','','','',NULL,1,NULL,'','','','','','nicolas@pragma-tech.fr','[]',NULL,NULL,NULL,NULL,NULL,NULL,NULL,NULL,NULL,NULL,NULL,0,0,'',0,1,1,'','',NULL,NULL,NULL,1),(47,'2022-02-08 15:33:54','2022-04-07 16:07:25',86,2,NULL,'MME','BRUNET','Christine','Solutions Comptabilités Fournisseurs\r\nAvenue Louis Taurisson\r\nBP 50600','19313','BRIVE LA GAILLARDE Cedex',NULL,1,NULL,'Assistant gestion','','','','','christine.brunet@laposte.fr','[]',NULL,NULL,NULL,NULL,NULL,NULL,NULL,NULL,NULL,NULL,'',0,0,'',0,11,11,'','',NULL,NULL,NULL,1),(48,'2022-02-09 08:22:47','2022-02-09 08:22:47',490,2,NULL,'MTRE','M GALLARDO','Jean-Michel','','','',NULL,1,NULL,'','0559146281','','','','contact@ledroit.net','[]',NULL,NULL,NULL,NULL,NULL,NULL,NULL,NULL,NULL,NULL,NULL,0,0,'',0,15,15,'','',NULL,NULL,NULL,1),(49,'2022-02-10 13:18:27','2022-05-02 14:57:19',128,2,NULL,'MR','REDONDO','','3, rue Thomas Edison','64054','PAU Cedex 09',NULL,1,NULL,'','','','','','fabien.redondo@axa.fr','[]',NULL,NULL,NULL,NULL,NULL,NULL,NULL,NULL,NULL,NULL,'',0,0,'',0,19,11,'','',NULL,NULL,NULL,1),(50,'2022-02-10 15:36:21','2022-02-10 15:36:21',539,2,NULL,'MME','LOUIS','Mélanie','45 Boulevard Alsace-Lorraine BP 1101','64011','PAU',NULL,1,NULL,'','','','06 07 80 91 21','','m.louis@paubearnhabitat.fr','[]',NULL,NULL,NULL,NULL,NULL,NULL,NULL,NULL,NULL,NULL,NULL,0,0,'',0,15,15,'','',NULL,NULL,NULL,1),(51,'2022-02-11 09:54:17','2022-02-11 09:54:17',536,2,NULL,'MR','CARLES','Julien','','','',NULL,1,NULL,'Responsable agence','06 37 18 15 73','','','','jcarles@alpes-controles.fr','[]',NULL,NULL,NULL,NULL,NULL,NULL,NULL,NULL,NULL,NULL,NULL,0,0,'',0,11,11,'','',NULL,NULL,NULL,1),(52,'2022-02-11 12:35:12','2022-02-11 12:35:12',127,2,NULL,'MR','PERREAU','LAURENT','106 quai de Bacalan','33064','BORDEAUX',302,1,NULL,'',': 07 84 57 09 11','','','','Laurent.PERREAU@avem-groupe.com','[]',NULL,NULL,NULL,NULL,NULL,NULL,NULL,NULL,NULL,NULL,NULL,0,0,'',0,15,15,'','',NULL,NULL,NULL,1),(53,'2022-02-14 07:26:23','2022-02-14 07:26:23',495,2,NULL,'MR','SABLE','OLIVIER','2 Rue Thomas Edison','64000','PAU',NULL,1,NULL,'','0535542202','','','','olivier.sable@matteigroup.com','[]',NULL,NULL,NULL,NULL,NULL,NULL,NULL,NULL,NULL,NULL,NULL,0,0,'',0,15,15,'','',NULL,NULL,NULL,1),(54,'2022-02-14 15:50:08','2022-02-14 15:50:08',540,1,NULL,'MR','CROSET','GILLES','','','',NULL,1,NULL,'COMPTABLE','04 57 09 00 04','','','','gcroset@alpes-controles.fr','[]',NULL,NULL,NULL,NULL,NULL,NULL,NULL,NULL,NULL,NULL,NULL,0,0,'',0,10,10,'','',NULL,NULL,NULL,1),(55,'2022-02-15 09:12:56','2022-02-24 11:34:30',536,2,NULL,'MME','PENGLAOU','Christelle','','','',NULL,1,NULL,'Juridique','','','','','cpenglaou@alpes-controles.fr','[]',NULL,NULL,NULL,NULL,NULL,NULL,NULL,NULL,NULL,NULL,'',0,0,'',0,11,11,'','',NULL,NULL,NULL,1),(56,'2022-02-15 13:00:48','2022-02-15 13:00:48',86,2,NULL,'MME','PENOUILH-SUZETTE','Christine','','','',NULL,1,NULL,'','','','','','christine.penouilh-suzette@laposte.fr','[]',NULL,NULL,NULL,NULL,NULL,NULL,NULL,NULL,NULL,NULL,NULL,0,0,'',0,15,15,'','',NULL,NULL,NULL,1),(57,'2022-02-16 13:15:23','2022-02-16 13:18:58',538,2,NULL,'','LAURENT','MARLENE','1 RUE THOMAS EDISON','64000','PAU',NULL,1,NULL,'','0559145858','','','','contact@aspcm.fr','[]',NULL,NULL,NULL,NULL,NULL,NULL,NULL,NULL,NULL,NULL,'',0,0,'',0,19,19,'','',NULL,NULL,NULL,1),(58,'2022-02-16 13:16:20','2022-02-16 13:16:20',538,2,NULL,'MME','LACAZE','JULIE','1 RUE THOMAS EDISON','64000','PAU',NULL,1,NULL,'','0559145858','','','','contact@aspcm.fr','[]',NULL,NULL,NULL,NULL,NULL,NULL,NULL,NULL,NULL,NULL,NULL,0,0,'',0,19,19,'','',NULL,NULL,NULL,1),(59,'2022-02-17 13:38:05','2022-02-17 13:38:05',59,1,NULL,'MME','LARROUY','EVELYNE','','','',NULL,1,NULL,'DAF','','','','','daf@aeroprotec.com','[]',NULL,NULL,NULL,NULL,NULL,NULL,NULL,NULL,NULL,NULL,NULL,0,0,'',0,10,10,'','',NULL,NULL,NULL,1),(60,'2022-02-17 14:39:35','2022-02-17 14:39:35',509,2,NULL,'MR','BOURDY','Jérôme','','','',NULL,1,NULL,'','','','','','jerome.bourdy@francetv.fr','[]',NULL,NULL,NULL,NULL,NULL,NULL,NULL,NULL,NULL,NULL,NULL,0,0,'',0,11,11,'','',NULL,NULL,NULL,1),(61,'2022-02-17 14:40:24','2022-02-17 14:40:24',509,2,NULL,'MME','CACOUAULT','Célia','','','',NULL,1,NULL,'','','','','','celia.cacouault@francetv.fr','[]',NULL,NULL,NULL,NULL,NULL,NULL,NULL,NULL,NULL,NULL,NULL,0,0,'',0,11,11,'','',NULL,NULL,NULL,1),(62,'2022-02-18 08:30:42','2022-02-18 08:30:42',131,2,NULL,'MR','BRANCO FERNANDES','Yann','2 Rue Thomas Edison','64000','PAU',NULL,1,NULL,'','','','','','contact@egide.com','[]',NULL,NULL,NULL,NULL,NULL,NULL,NULL,NULL,NULL,NULL,NULL,0,0,'',0,15,15,'','',NULL,NULL,NULL,1),(247,NULL,'2022-02-18 10:54:48',16,1,NULL,'MR','LARAN','Pierre','PAU CITÉ MULTIMÉDIA - BAT A - 2 Rue Thomas Edison ','64054','PAU CEDEX 9',333,1,NULL,'Gérant ',NULL,NULL,'06 83 25 42 94',NULL,'laran.pierre@gmail.com',NULL,NULL,NULL,NULL,NULL,NULL,NULL,NULL,NULL,NULL,NULL,NULL,0,0,NULL,0,1,NULL,NULL,NULL,NULL,NULL,'20220218104345',1),(248,NULL,'2022-02-18 10:54:48',25,1,NULL,'MME','WAWRZKOW','Anne-Marie','PAU CITÉ MULTIMÉDIA - BAT A - 2 Rue Thomas Edison ','64054','PAU CEDEX 9',333,1,NULL,'Gérant ','0559302942',NULL,'06 03 27 75 53',NULL,'am.waw@anglofile.fr',NULL,NULL,NULL,NULL,NULL,NULL,NULL,NULL,NULL,NULL,NULL,NULL,0,0,NULL,0,1,NULL,NULL,NULL,NULL,NULL,'20220218104345',1),(249,NULL,'2022-02-18 10:54:48',41,1,NULL,'MR','CARLESSO','Bertrand','PAU CITÉ MULTIMÉDIA - BAT A - 2 Rue Thomas Edison ','64054','PAU CEDEX 9',333,1,NULL,'Gérant','0557923910',NULL,NULL,NULL,'bertrand.carlesso@def-online.com',NULL,NULL,NULL,NULL,NULL,NULL,NULL,NULL,NULL,NULL,NULL,NULL,0,0,NULL,0,1,NULL,NULL,NULL,NULL,NULL,'20220218104345',1),(250,NULL,'2022-02-18 10:54:48',69,1,NULL,'MR','LAMY','François','PAU CITÉ MULTIMÉDIA - BAT A - 2 Rue Thomas Edison ','64054','PAU CEDEX 9',333,1,NULL,'Gérant',NULL,NULL,'06 01 99 21 56',NULL,'francoislamy70@gmail.com',NULL,NULL,NULL,NULL,NULL,NULL,NULL,NULL,NULL,NULL,NULL,NULL,0,0,NULL,0,1,NULL,NULL,NULL,NULL,NULL,'20220218104345',1),(251,NULL,'2022-02-18 10:54:48',68,1,NULL,'MME','JACOB','Stéphanie','PAU CITÉ MULTIMÉDIA - BAT A - 2 Rue Thomas Edison ','64054','PAU CEDEX 9',333,1,NULL,'Gérant','0559146283',NULL,'06 29 35 80 94',NULL,'jmservices64@gmail.com',NULL,NULL,NULL,NULL,NULL,NULL,NULL,NULL,NULL,NULL,NULL,NULL,0,0,NULL,0,1,NULL,NULL,NULL,NULL,NULL,'20220218104345',1),(252,NULL,'2022-02-18 10:54:48',73,1,NULL,'MR','CLUCHAGUE','Philippe','PAU CITÉ MULTIMÉDIA - BAT A - 2 Rue Thomas Edison ','64054','PAU CEDEX 9',333,1,NULL,'Directeur',NULL,NULL,'06 84 32 05 66',NULL,'philippe.cluchague@matteigroup.com',NULL,NULL,NULL,NULL,NULL,NULL,NULL,NULL,NULL,NULL,NULL,NULL,0,0,NULL,0,1,NULL,NULL,NULL,NULL,NULL,'20220218104345',1),(253,NULL,'2022-02-18 10:54:48',73,1,NULL,'MR','SABLE','Olivier','PAU CITÉ MULTIMÉDIA - BAT A - 2 Rue Thomas Edison ','64054','PAU CEDEX 9',333,1,NULL,'Responsable administratif et financier','05 35 54 22 02',NULL,NULL,NULL,'olivier.sable@matteigroup.com',NULL,NULL,NULL,NULL,NULL,NULL,NULL,NULL,NULL,NULL,NULL,NULL,0,0,NULL,0,1,NULL,NULL,NULL,NULL,NULL,'20220218104345',1),(254,NULL,'2022-02-18 10:54:48',14,1,NULL,'MR','PORTE','Quentin','PAU CITÉ MULTIMÉDIA - BAT C - 4 Rue Thomas Edison ','64054','PAU CEDEX 9',333,1,NULL,'Responsable immobilier et facilities France',NULL,NULL,'06 71 27 85 74',NULL,'quentin.porte@sitel.com',NULL,NULL,NULL,NULL,NULL,NULL,NULL,NULL,NULL,NULL,NULL,NULL,0,0,NULL,0,1,NULL,NULL,NULL,NULL,NULL,'20220218104345',1),(255,NULL,'2022-02-18 10:54:48',14,1,NULL,'MME','MACHAT','Maëlle','PAU CITÉ MULTIMÉDIA - BAT C - 4 Rue Thomas Edison ','64054','PAU CEDEX 9',333,1,NULL,'Responsable de site','0171030071',NULL,'06 08 78 19 01',NULL,'maelle.machat@sitel.com',NULL,NULL,NULL,NULL,NULL,NULL,NULL,NULL,NULL,NULL,NULL,NULL,0,0,NULL,0,1,NULL,NULL,NULL,NULL,NULL,'20220218104345',1),(256,NULL,'2022-02-18 10:43:45',14,1,NULL,'MME','BUCHOT','Stéphanie','PAU CITÉ MULTIMÉDIA - BAT C - 4 Rue Thomas Edison ','64054','PAU CEDEX 9',333,1,NULL,NULL,'0559113800',NULL,NULL,NULL,'stephanie.buchot@sitel.com',NULL,NULL,NULL,NULL,NULL,NULL,NULL,NULL,NULL,NULL,NULL,NULL,0,0,NULL,0,1,NULL,NULL,NULL,NULL,NULL,'20220218104345',1),(257,NULL,'2022-02-18 10:43:45',529,1,NULL,'MR','GAUME','Sébastien','PAU CITÉ MULTIMÉDIA - BAT C - 4 Rue Thomas Edison ','64054','PAU CEDEX 9',333,1,NULL,NULL,NULL,NULL,'06 21 18 55 77',NULL,'sebastien.gaume@dondusens.fr',NULL,NULL,NULL,NULL,NULL,NULL,NULL,NULL,NULL,NULL,NULL,NULL,0,0,NULL,0,1,NULL,NULL,NULL,NULL,NULL,'20220218104345',1),(258,NULL,'2022-02-18 10:43:45',529,1,NULL,'MR','PASQUINELLI','Jérôme','PAU CITÉ MULTIMÉDIA - BAT C - 4 Rue Thomas Edison ','64054','PAU CEDEX 9',333,1,NULL,NULL,NULL,NULL,'06 76 21 11 38',NULL,'jerome.pasquinelli@dondusens.fr',NULL,NULL,NULL,NULL,NULL,NULL,NULL,NULL,NULL,NULL,NULL,NULL,0,0,NULL,0,1,NULL,NULL,NULL,NULL,NULL,'20220218104345',1),(259,NULL,'2022-02-18 10:54:48',528,1,NULL,'MME','DIAS','Danielle','PAU CITÉ MULTIMÉDIA - BAT C - 4 Rue Thomas Edison ','64054','PAU CEDEX 9',333,1,NULL,'DRH','0559145932',NULL,'06 38 29 13 69',NULL,'ddias@varel.com',NULL,NULL,NULL,NULL,NULL,NULL,NULL,NULL,NULL,NULL,NULL,NULL,0,0,NULL,0,1,NULL,NULL,NULL,NULL,NULL,'20220218104345',1),(260,NULL,'2022-02-18 10:54:48',40,1,NULL,'MR','BERIT DEBAT','Thierry','PAU CITÉ MULTIMÉDIA - BAT C - 4 Rue Thomas Edison ','64054','PAU CEDEX 9',333,1,NULL,'Gérant',NULL,NULL,'06 48 69 21 98',NULL,'thierry.berit-debat@csgroup.eu',NULL,NULL,NULL,NULL,NULL,NULL,NULL,NULL,NULL,NULL,NULL,NULL,0,0,NULL,0,1,NULL,NULL,NULL,NULL,NULL,'20220218104345',1),(261,NULL,'2022-02-18 10:54:48',565,1,NULL,'MR','PACTHOD','Stéphane','PAU CITÉ MULTIMÉDIA - BAT C - 4 Rue Thomas Edison ','64054','PAU CEDEX 9',333,1,NULL,'Gérant',NULL,NULL,'07 82 81 31 81',NULL,'spacthod@sc3i.net',NULL,NULL,NULL,NULL,NULL,NULL,NULL,NULL,NULL,NULL,NULL,NULL,0,0,NULL,0,1,NULL,NULL,NULL,NULL,NULL,'20220218104345',1),(262,NULL,'2022-02-18 10:43:45',565,1,NULL,'MR','HAURE','Thibaut','PAU CITÉ MULTIMÉDIA - BAT C - 4 Rue Thomas Edison ','64054','PAU CEDEX 9',333,1,NULL,NULL,NULL,NULL,'06 52 84 42 80',NULL,'thibaut.haure@sc3i.net',NULL,NULL,NULL,NULL,NULL,NULL,NULL,NULL,NULL,NULL,NULL,NULL,0,0,NULL,0,1,NULL,NULL,NULL,NULL,NULL,'20220218104345',1),(263,NULL,'2022-02-18 10:43:45',565,1,NULL,'MME','LOPVET','Julie','PAU CITÉ MULTIMÉDIA - BAT C - 4 Rue Thomas Edison ','64054','PAU CEDEX 9',333,1,NULL,NULL,NULL,NULL,'06 71 79 34 64',NULL,'julie.lopvet@sc3i.net',NULL,NULL,NULL,NULL,NULL,NULL,NULL,NULL,NULL,NULL,NULL,NULL,0,0,NULL,0,1,NULL,NULL,NULL,NULL,NULL,'20220218104345',1),(264,NULL,'2022-02-18 10:54:48',62,1,NULL,'MR','TRITZ','Pierre','PAU CITÉ MULTIMÉDIA - BAT C - 4 Rue Thomas Edison ','64054','PAU CEDEX 9',333,1,NULL,'Gérant',NULL,NULL,'06 23 88 12 24',NULL,'pierre.tritz@groupe-hermes.fr',NULL,NULL,NULL,NULL,NULL,NULL,NULL,NULL,NULL,NULL,NULL,NULL,0,0,NULL,0,1,NULL,NULL,NULL,NULL,NULL,'20220218104345',1),(265,NULL,'2022-02-18 10:54:48',62,1,NULL,'MME','LELIN','Annie','PAU CITÉ MULTIMÉDIA - BAT C - 4 Rue Thomas Edison ','64054','PAU CEDEX 9',333,1,NULL,'Assistante administrative','05 24 36 47 00',NULL,NULL,NULL,'annie.lelin@groupe-pronoia.com',NULL,NULL,NULL,NULL,NULL,NULL,NULL,NULL,NULL,NULL,NULL,NULL,0,0,NULL,0,1,NULL,NULL,NULL,NULL,NULL,'20220218104345',1),(266,NULL,'2022-02-18 10:54:48',89,1,NULL,'MR','BOIX','Pierre-Yves','PAU CITÉ MULTIMÉDIA - BAT C - 4 Rue Thomas Edison ','64054','PAU CEDEX 9',333,1,NULL,'Associé','05 59 14 24 72',NULL,'06 72 94 19 18',NULL,'pierre-yves.boix@arsilon.com',NULL,NULL,NULL,NULL,NULL,NULL,NULL,NULL,NULL,NULL,NULL,NULL,0,0,NULL,0,1,NULL,NULL,NULL,NULL,NULL,'20220218104345',1),(267,NULL,'2022-02-18 10:54:48',91,1,NULL,'MR','HUSSON','Jérôme','PAU CITÉ MULTIMÉDIA - BAT C - 4 Rue Thomas Edison ','64054','PAU CEDEX 9',333,1,NULL,'Branch Manager','05 59 13 08 10',NULL,'06 28 76 39 93',NULL,'Jerome.Husson@chrobinson.com',NULL,NULL,NULL,NULL,NULL,NULL,NULL,NULL,NULL,NULL,NULL,NULL,0,0,NULL,0,1,NULL,NULL,NULL,NULL,NULL,'20220218104345',1),(268,NULL,'2022-02-18 10:43:45',101,1,NULL,'MR','ROCHET','Frédéric','PAU CITÉ MULTIMÉDIA - BAT C - 4 Rue Thomas Edison ','64054','PAU CEDEX 9',333,1,NULL,NULL,NULL,NULL,'07 60 90 51 15',NULL,'frederic.rochet@hpe.com',NULL,NULL,NULL,NULL,NULL,NULL,NULL,NULL,NULL,NULL,NULL,NULL,0,0,NULL,0,1,NULL,NULL,NULL,NULL,NULL,'20220218104345',1),(269,NULL,'2022-02-18 10:54:48',75,1,NULL,'MR','ADER','Nicolas','PAU CITÉ MULTIMÉDIA - BAT C - 4 Rue Thomas Edison ','64054','PAU CEDEX 9',333,1,NULL,'Gérant',NULL,NULL,'06 26 54 37 07',NULL,'contact@middleweb.net',NULL,NULL,NULL,NULL,NULL,NULL,NULL,NULL,NULL,NULL,NULL,NULL,0,0,NULL,0,1,NULL,NULL,NULL,NULL,NULL,'20220218104345',1),(270,NULL,'2022-02-18 10:54:48',106,1,NULL,'MME','SUHIT SAINT-LOUBOUE','Nathalie','PAU CITÉ MULTIMÉDIA - BAT C - 4 Rue Thomas Edison ','64054','PAU CEDEX 9',333,1,NULL,'Gérant','05 32 09 12 05',NULL,'06 19 31 24 45',NULL,'contact@ssle.fr',NULL,NULL,NULL,NULL,NULL,NULL,NULL,NULL,NULL,NULL,NULL,NULL,0,0,NULL,0,1,NULL,NULL,NULL,NULL,NULL,'20220218104345',1),(271,NULL,'2022-02-18 10:54:48',533,1,NULL,'MME','FERNANDES-COZ','Ghislaine','PAU CITÉ MULTIMÉDIA - BAT C - 4 Rue Thomas Edison ','64054','PAU CEDEX 9',333,1,NULL,'Gérant',NULL,NULL,'06 62 49 23 71',NULL,'ghislaine.coz@gmail.com',NULL,NULL,NULL,NULL,NULL,NULL,NULL,NULL,NULL,NULL,NULL,NULL,0,0,NULL,0,1,NULL,NULL,NULL,NULL,NULL,'20220218104345',1),(272,NULL,'2022-02-18 10:54:48',540,1,NULL,'MR','CARLES','Julien','PAU CITÉ MULTIMÉDIA - BAT C - 4 Rue Thomas Edison ','64054','PAU CEDEX 9',333,1,NULL,'Responsable d\'agence',NULL,NULL,'06 37 18 15 73',NULL,'jcarles@alpes-controles.fr',NULL,NULL,NULL,NULL,NULL,NULL,NULL,NULL,NULL,NULL,NULL,NULL,0,0,NULL,0,1,NULL,NULL,NULL,NULL,NULL,'20220218104345',1),(273,NULL,'2022-02-18 10:54:48',103,1,NULL,'MR','LAUSSEL','Guillaume','PAU CITÉ MULTIMÉDIA - BAT F - 16 Rue Michaël Faraday ','64054','PAU CEDEX 9',333,1,NULL,'Responsable de site','05 59 30 06 40',NULL,'06 11 89 30 00',NULL,'guillaume.laussel@sofresid.com',NULL,NULL,NULL,NULL,NULL,NULL,NULL,NULL,NULL,NULL,NULL,NULL,0,0,NULL,0,1,NULL,NULL,NULL,NULL,NULL,'20220218104345',1),(274,NULL,'2022-02-18 10:43:45',103,1,NULL,'MR','DRIESSEN','Christophe','PAU CITÉ MULTIMÉDIA - BAT F - 16 Rue Michaël Faraday ','64054','PAU CEDEX 9',333,1,NULL,NULL,NULL,NULL,'06 99 57 94 79',NULL,'christophe.driessen@sofresid.com',NULL,NULL,NULL,NULL,NULL,NULL,NULL,NULL,NULL,NULL,NULL,NULL,0,0,NULL,0,1,NULL,NULL,NULL,NULL,NULL,'20220218104345',1),(275,NULL,'2022-02-18 10:54:48',103,1,NULL,'MME','GAUVIN','Solange','PAU CITÉ MULTIMÉDIA - BAT F - 16 Rue Michaël Faraday ','64054','PAU CEDEX 9',333,1,NULL,'Assistante de direction',NULL,NULL,NULL,NULL,'solange.gauvin@sofresid.com',NULL,NULL,NULL,NULL,NULL,NULL,NULL,NULL,NULL,NULL,NULL,NULL,0,0,NULL,0,1,NULL,NULL,NULL,NULL,NULL,'20220218104345',1),(276,NULL,'2022-02-18 10:43:45',103,1,NULL,'MR','LAFONTAINE','Jean-Marc','PAU CITÉ MULTIMÉDIA - BAT F - 16 Rue Michaël Faraday ','64054','PAU CEDEX 9',333,1,NULL,NULL,NULL,NULL,'06 71 17 73 89',NULL,'jean-marc.lafontaine@sofresid.com',NULL,NULL,NULL,NULL,NULL,NULL,NULL,NULL,NULL,NULL,NULL,NULL,0,0,NULL,0,1,NULL,NULL,NULL,NULL,NULL,'20220218104345',1),(277,NULL,'2022-02-18 10:54:48',113,1,NULL,'MR','PORLIER','Mathieu','PAU CITÉ MULTIMÉDIA - BAT H - 7 Rue Michaël Faraday ','64054','PAU CEDEX 9',333,1,NULL,'Responsable de site',NULL,NULL,'06 99 61 01 70',NULL,'mporlier@umanis.com',NULL,NULL,NULL,NULL,NULL,NULL,NULL,NULL,NULL,NULL,NULL,NULL,0,0,NULL,0,1,NULL,NULL,NULL,NULL,NULL,'20220218104345',1),(278,NULL,'2022-02-18 10:54:48',113,1,NULL,'MME','CORDANI','Laurianne','PAU CITÉ MULTIMÉDIA - BAT H - 7 Rue Michaël Faraday ','64054','PAU CEDEX 9',333,1,NULL,'Assistante de direction','05 59 02 28 09',NULL,NULL,NULL,'lcordani@umanis.com',NULL,NULL,NULL,NULL,NULL,NULL,NULL,NULL,NULL,NULL,NULL,NULL,0,0,NULL,0,1,NULL,NULL,NULL,NULL,NULL,'20220218104345',1),(279,NULL,'2022-02-18 10:54:48',551,1,NULL,'MR','HAURE','Thibaut','PAU CITÉ MULTIMÉDIA - BAT H - 7 Rue Michaël Faraday ','64054','PAU CEDEX 9',333,1,NULL,'Responsable de site','05 59 14 33 83',NULL,'06 03 03 35 55',NULL,'gaelle.haure@cnfpt.fr',NULL,NULL,NULL,NULL,NULL,NULL,NULL,NULL,NULL,NULL,NULL,NULL,0,0,NULL,0,1,NULL,NULL,NULL,NULL,NULL,'20220218104345',1),(280,NULL,'2022-02-18 10:54:48',551,1,NULL,'MME','OLIVARES','Sandra','PAU CITÉ MULTIMÉDIA - BAT H - 7 Rue Michaël Faraday ','64054','PAU CEDEX 9',333,1,NULL,'Assistante de direction','05 59 14 33 85',NULL,'06 16 96 21 92',NULL,'sandra.olivares@cnfpt.fr',NULL,NULL,NULL,NULL,NULL,NULL,NULL,NULL,NULL,NULL,NULL,NULL,0,0,NULL,0,1,NULL,NULL,NULL,NULL,NULL,'20220218104345',1),(281,NULL,'2022-02-18 10:43:45',72,1,NULL,'MR','CASANOUVE','Pascal','PAU CITÉ MULTIMÉDIA - BAT H - 7 Rue Michaël Faraday ','64054','PAU CEDEX 9',333,1,NULL,NULL,NULL,NULL,NULL,NULL,'pascal.casanouve@laposte.fr',NULL,NULL,NULL,NULL,NULL,NULL,NULL,NULL,NULL,NULL,NULL,NULL,0,0,NULL,0,1,NULL,NULL,NULL,NULL,NULL,'20220218104345',1),(282,NULL,'2022-02-18 10:43:45',72,1,NULL,'MR','FAVARY','Jean-Luc','PAU CITÉ MULTIMÉDIA - BAT H - 7 Rue Michaël Faraday ','64054','PAU CEDEX 9',333,1,NULL,NULL,NULL,NULL,NULL,NULL,'jean-luc.favary@laposte.fr',NULL,NULL,NULL,NULL,NULL,NULL,NULL,NULL,NULL,NULL,NULL,NULL,0,0,NULL,0,1,NULL,NULL,NULL,NULL,NULL,'20220218104345',1),(283,NULL,'2022-02-18 10:54:48',32,1,NULL,'MR','FAGART','Thomas','9 Boulevard Lucien Favre ','64000','PAU',333,1,NULL,'Responsable de site',NULL,NULL,'06 23 65 78 87',NULL,'thomas.fagart@axione.fr',NULL,NULL,NULL,NULL,NULL,NULL,NULL,NULL,NULL,NULL,NULL,NULL,0,0,NULL,0,1,NULL,NULL,NULL,NULL,NULL,'20220218104345',1),(284,NULL,'2022-02-18 10:54:48',32,1,NULL,'MME','GONZALEZ','Rebecca','9 Boulevard Lucien Favre ','64000','PAU',333,1,NULL,'Assistante de direction','05 33 74 05 72',NULL,NULL,NULL,'r.gonzalez@axione.fr',NULL,NULL,NULL,NULL,NULL,NULL,NULL,NULL,NULL,NULL,NULL,NULL,0,0,NULL,0,1,NULL,NULL,NULL,NULL,NULL,'20220218104345',1),(285,NULL,'2022-02-18 10:54:48',32,1,NULL,'MME','DOS SANTOS','Sandrine','9 Boulevard Lucien Favre ','64000','PAU',333,1,NULL,'Assistante administrative','05 33 74 05 79',NULL,NULL,NULL,'s.dossantos@axione.fr',NULL,NULL,NULL,NULL,NULL,NULL,NULL,NULL,NULL,NULL,NULL,NULL,0,0,NULL,0,1,NULL,NULL,NULL,NULL,NULL,'20220218104345',1),(286,NULL,'2022-02-18 10:43:45',32,1,NULL,'MR','MOGAADI','Hichem','9 Boulevard Lucien Favre ','64000','PAU',333,1,NULL,NULL,NULL,NULL,'06 99 99 39 40',NULL,'h.mogaadi@axione.fr',NULL,NULL,NULL,NULL,NULL,NULL,NULL,NULL,NULL,NULL,NULL,NULL,0,0,NULL,0,1,NULL,NULL,NULL,NULL,NULL,'20220218104345',1),(287,NULL,'2022-02-18 10:54:48',105,1,NULL,'MR','ROMEUR','Jean-Pascal','4 Avenue du Stade d\'Eaux Vives ','64320','BIZANOS',333,1,NULL,'Gérant',NULL,NULL,'06 79 75 77 95',NULL,'jpromeur@gmail.com',NULL,NULL,NULL,NULL,NULL,NULL,NULL,NULL,NULL,NULL,NULL,NULL,0,0,NULL,0,1,NULL,NULL,NULL,NULL,NULL,'20220218104345',1),(288,NULL,'2022-02-18 10:54:48',105,1,NULL,'MME','GANTEAUME','Céline','4 Avenue du Stade d\'Eaux Vives ','64320','BIZANOS',333,1,NULL,'Assistante de direction','05 40 03 30 21',NULL,'06 21 05 03 18',NULL,'c.ganteaume@sps-formations.com',NULL,NULL,NULL,NULL,NULL,NULL,NULL,NULL,NULL,NULL,NULL,NULL,0,0,NULL,0,1,NULL,NULL,NULL,NULL,NULL,'20220218104345',1),(289,NULL,'2022-02-18 10:54:48',107,1,NULL,'MR','PINEDA','Carlos','4 Avenue du Stade d\'Eaux Vives ','64320','BIZANOS',333,1,NULL,'Gérant',NULL,NULL,'06 48 81 34 74',NULL,'carlos.pineda@st37.fr',NULL,NULL,NULL,NULL,NULL,NULL,NULL,NULL,NULL,NULL,NULL,NULL,0,0,NULL,0,1,NULL,NULL,NULL,NULL,NULL,'20220218104345',1),(290,NULL,'2022-02-18 10:54:48',107,1,NULL,'MME','RIQUELME SOBRIN','Carolina','4 Avenue du Stade d\'Eaux Vives ','64320','BIZANOS',333,1,NULL,'Assistante de direction',NULL,NULL,'06 14 71 50 51',NULL,'carolina.riquelme@st37.fr',NULL,NULL,NULL,NULL,NULL,NULL,NULL,NULL,NULL,NULL,NULL,NULL,0,0,NULL,0,1,NULL,NULL,NULL,NULL,NULL,'20220218104345',1),(291,NULL,'2022-02-18 10:54:48',107,1,NULL,'MME','FRIED','Lauren','4 Avenue du Stade d\'Eaux Vives ','64320','BIZANOS',333,1,NULL,'Assistante administrative',NULL,NULL,'06 48 81 34 99',NULL,'lauren.fried@st37.fr',NULL,NULL,NULL,NULL,NULL,NULL,NULL,NULL,NULL,NULL,NULL,NULL,0,0,NULL,0,1,NULL,NULL,NULL,NULL,NULL,'20220218104345',1),(292,NULL,'2022-02-18 10:54:48',92,1,NULL,'MR','ROMEUR','Jean-Pascal','4 Avenue du Stade d\'Eaux Vives ','64320','BIZANOS',333,1,NULL,'Gérant',NULL,NULL,'07 83 99 88 25',NULL,'rivesdugaveclubdesport@gmail.com',NULL,NULL,NULL,NULL,NULL,NULL,NULL,NULL,NULL,NULL,NULL,NULL,0,0,NULL,0,1,NULL,NULL,NULL,NULL,NULL,'20220218104345',1),(293,NULL,'2022-02-18 10:54:48',59,1,NULL,'MR','HAURE-MIRANDE','Thierry','6, Rue Vincent Auriol ','64000','PAU',333,1,NULL,'Gérant',NULL,NULL,NULL,NULL,'thm@aeroprotec.com',NULL,NULL,NULL,NULL,NULL,NULL,NULL,NULL,NULL,NULL,NULL,NULL,0,0,NULL,0,1,NULL,NULL,NULL,NULL,NULL,'20220218104345',1),(294,NULL,'2022-02-18 10:54:48',59,1,NULL,'MME','FARBOS','Claire','6, Rue Vincent Auriol ','64000','PAU',333,1,NULL,'Assistante de direction',NULL,NULL,'06 78 54 66 12',NULL,'c.farbos@aeroprotec.com',NULL,NULL,NULL,NULL,NULL,NULL,NULL,NULL,NULL,NULL,NULL,NULL,0,0,NULL,0,1,NULL,NULL,NULL,NULL,NULL,'20220218104345',1),(295,NULL,'2022-02-18 10:54:48',59,1,NULL,'MME','FURET','Maëlle','6, Rue Vincent Auriol ','64000','PAU',333,1,NULL,'Assistante administrative','05 59 84 95 20',NULL,'06 08 74 48 11',NULL,'m.furet@aeroprotec.com',NULL,NULL,NULL,NULL,NULL,NULL,NULL,NULL,NULL,NULL,NULL,NULL,0,0,NULL,0,1,NULL,NULL,NULL,NULL,NULL,'20220218104345',1),(296,NULL,'2022-02-18 10:54:48',410,1,NULL,'MR','ZANOTTI','Francis','7 Boulevard Lucien Favre ','64000','PAU',333,1,NULL,'Gérant','05 59 02 78 98',NULL,'06 89 24 17 55',NULL,'f.zanotti@heliooparc.fr',NULL,NULL,NULL,NULL,NULL,NULL,NULL,NULL,NULL,NULL,NULL,NULL,0,0,NULL,0,1,NULL,NULL,NULL,NULL,NULL,'20220218104345',1),(297,NULL,'2022-02-18 10:54:48',410,1,NULL,'MME','TURON','Véronique','7 Boulevard Lucien Favre ','64000','PAU',333,1,NULL,'Assistante de direction','05 59 02 82 56',NULL,NULL,NULL,'v.turon@helioparc.fr',NULL,NULL,NULL,NULL,NULL,NULL,NULL,NULL,NULL,NULL,NULL,NULL,0,0,NULL,0,1,NULL,NULL,NULL,NULL,NULL,'20220218104345',1),(298,NULL,'2022-02-18 10:54:48',45,1,NULL,'MR','COTTEAUX','Fabien','7 Boulevard Lucien Favre ','64000','PAU',333,1,NULL,'Gérant',NULL,NULL,NULL,NULL,'fabien.cotteaux@eove.fr',NULL,NULL,NULL,NULL,NULL,NULL,NULL,NULL,NULL,NULL,NULL,NULL,0,0,NULL,0,1,NULL,NULL,NULL,NULL,NULL,'20220218104345',1),(299,NULL,'2022-02-18 10:54:48',52,1,NULL,'MR','LANTICQ','Vincent','Technopole Hélioparc - 2, Avenue du Président Pierre Angot ','64000','PAU',333,1,NULL,'Gérant',NULL,NULL,'06 64 96 84 85',NULL,'vincent.lanticq@febus-optics.com',NULL,NULL,NULL,NULL,NULL,NULL,NULL,NULL,NULL,NULL,NULL,NULL,0,0,NULL,0,1,NULL,NULL,NULL,NULL,NULL,'20220218104345',1),(300,NULL,'2022-02-18 10:54:48',52,1,NULL,'MME','VISINE','Claire','Technopole Hélioparc - 2, Avenue du Président Pierre Angot ','64000','PAU',333,1,NULL,'Assistante de direction','05 64 27 07 43',NULL,NULL,NULL,'claire.visine@febus-optics.com',NULL,NULL,NULL,NULL,NULL,NULL,NULL,NULL,NULL,NULL,NULL,NULL,0,0,NULL,0,1,NULL,NULL,NULL,NULL,NULL,'20220218104345',1),(301,NULL,'2022-02-18 10:54:48',52,1,NULL,'MR','CHAMPION','Mathieu','Technopole Hélioparc - 2, Avenue du Président Pierre Angot ','64000','PAU',333,1,NULL,'Responsable de site',NULL,NULL,'07 86 62 95 52',NULL,'mathieu.champion@febus-optics.com',NULL,NULL,NULL,NULL,NULL,NULL,NULL,NULL,NULL,NULL,NULL,NULL,0,0,NULL,0,1,NULL,NULL,NULL,NULL,NULL,'20220218104345',1),(302,NULL,'2022-02-18 10:54:48',323,1,NULL,'MME','MASSOT ','Hélène','24 rue maubec ','64230','SCAR',333,1,NULL,'Coordinateur SPS','05 59 71 24 61 ',NULL,'07.84.92.23.26 ',NULL,'helene.massot@2cs.fr ou contact@2cs.fr',NULL,NULL,NULL,NULL,NULL,NULL,NULL,NULL,NULL,NULL,NULL,NULL,0,0,NULL,0,1,NULL,NULL,NULL,NULL,NULL,'20220218104345',1),(303,NULL,'2022-02-18 10:43:45',323,1,NULL,'MR','PISONI','Frédéric','24 rue Maubec ','64230','SCAR',333,1,NULL,NULL,'0559712461',NULL,NULL,NULL,'contact@2cs.fr',NULL,NULL,NULL,NULL,NULL,NULL,NULL,NULL,NULL,NULL,NULL,NULL,0,0,NULL,0,1,NULL,NULL,NULL,NULL,NULL,'20220218104345',1),(304,NULL,'2022-02-18 10:43:45',408,1,NULL,'MR','BRU','Nicolas','128 Avenue Alfred Nobel','64000','Pau',333,1,NULL,NULL,'05 59 30 12 88',NULL,'06 32 54 82 70',NULL,'n.bru@sogeba3tp.fr',NULL,NULL,NULL,NULL,NULL,NULL,NULL,NULL,NULL,NULL,NULL,NULL,0,0,NULL,0,1,NULL,NULL,NULL,NULL,NULL,'20220218104345',1),(305,NULL,'2022-02-18 10:43:45',408,1,NULL,'MR','POYER','Pascal','129 Avenue Alfred Nobel','64000','Pau',333,1,NULL,NULL,NULL,NULL,'06 32 49 94 63',NULL,'p.poyer@sogeba3tp.fr',NULL,NULL,NULL,NULL,NULL,NULL,NULL,NULL,NULL,NULL,NULL,NULL,0,0,NULL,0,1,NULL,NULL,NULL,NULL,NULL,'20220218104345',1),(306,NULL,'2022-02-18 10:43:46',104,1,NULL,'MR','ADRIAENS',NULL,'25, rue Edouard Michelin ','54710','LUDRES',323,1,NULL,NULL,NULL,NULL,'06 26 91 27 56',NULL,'fadriaense@abus-levage.fr',NULL,NULL,NULL,NULL,NULL,NULL,NULL,NULL,NULL,NULL,NULL,NULL,0,0,NULL,0,1,NULL,NULL,NULL,NULL,NULL,'20220218104345',1),(307,NULL,'2022-02-18 10:43:46',417,1,NULL,'MR','RENAUD','Lionel',NULL,NULL,NULL,NULL,1,NULL,NULL,NULL,NULL,NULL,NULL,'lionel.renaud@algeco.com',NULL,NULL,NULL,NULL,NULL,NULL,NULL,NULL,NULL,NULL,NULL,NULL,0,0,NULL,0,1,NULL,NULL,NULL,NULL,NULL,'20220218104345',1),(308,NULL,'2022-02-18 10:43:46',425,1,NULL,'MR','GOMES','Dielson','11 avenue Blaise Pascal ','64140','LONS',333,1,NULL,NULL,'05 61 60 46 87 ',NULL,'07 61 55 05 21 ',NULL,'djelson.gomes-ams@epso-services.com                                                                            contact-ams@epso-services.com  ',NULL,NULL,NULL,NULL,NULL,NULL,NULL,NULL,NULL,NULL,NULL,NULL,0,0,NULL,0,1,NULL,NULL,NULL,NULL,NULL,'20220218104345',1),(309,NULL,'2022-02-18 10:43:46',402,1,NULL,'MR','LOUPERE',NULL,'71 rue principale ','64230','POEY-LESCAR',333,1,NULL,NULL,'05 59 68 86 26',NULL,'06 33 77 16 84',NULL,'agencement.menuiserie.bearn@orange.fr',NULL,NULL,NULL,NULL,NULL,NULL,NULL,NULL,NULL,NULL,NULL,NULL,0,0,NULL,0,1,NULL,NULL,NULL,NULL,NULL,'20220218104345',1),(310,NULL,'2022-02-18 10:54:48',314,1,NULL,'MR','ABADIE','Bruno','Zone industrielle Induspal de Lons 17 avenue André Marie Ampèr','64140','LONS',333,1,NULL,'Responsable Unité bâtiment ','05 59 72 43 00 ',NULL,'06 09 68 36 11 ',NULL,'bruno.abadie@apave.com ',NULL,NULL,NULL,NULL,NULL,NULL,NULL,NULL,NULL,NULL,NULL,NULL,0,0,NULL,0,1,NULL,NULL,NULL,NULL,NULL,'20220218104345',1),(311,NULL,'2022-02-18 10:54:48',543,1,NULL,'MR','LEFEVERE','Christophe','5 Avenue Andromède - ZAC GALAXIE ','33160','SAINT MÉDARD EN JALLES',302,1,NULL,'DG de INFRASOL Présidente AFR','0556160781',NULL,NULL,NULL,'info@afr-btp.fr',NULL,NULL,NULL,NULL,NULL,NULL,NULL,NULL,NULL,NULL,NULL,NULL,0,0,NULL,0,1,NULL,NULL,NULL,NULL,NULL,'20220218104345',1),(312,NULL,'2022-02-18 10:43:46',398,1,NULL,'MR','LARRAN',NULL,'Boulevard de l\'Europe ','64230','LESCAR',333,1,NULL,NULL,NULL,NULL,'06 79 88 20 40',NULL,'dlarran@asa-fermetures.fr ',NULL,NULL,NULL,NULL,NULL,NULL,NULL,NULL,NULL,NULL,NULL,NULL,0,0,NULL,0,1,NULL,NULL,NULL,NULL,NULL,'20220218104345',1),(313,NULL,'2022-02-18 10:54:49',544,1,NULL,'MR','PRIGENT','Marc','Technopole Hélioparc Bâtiment Einstein 2 avenue Pierre Ango','64000','PAU',333,1,NULL,'Direction Générale','0559825182',NULL,NULL,NULL,'belharraconseil@orange.fr',NULL,NULL,NULL,NULL,NULL,NULL,NULL,NULL,NULL,NULL,NULL,NULL,0,0,NULL,0,1,NULL,NULL,NULL,NULL,NULL,'20220218104345',1),(314,NULL,'2022-02-18 10:54:49',315,1,NULL,'MR','BELLY','Bertrand','Résidence PLEIN SOLEIL -16 Avenue de Saragosse ','64000','PAU',333,1,NULL,'CAC','0559301224',NULL,NULL,NULL,'b.belly@belly-associes.fr',NULL,NULL,NULL,NULL,NULL,NULL,NULL,NULL,NULL,NULL,NULL,NULL,0,0,NULL,0,1,NULL,NULL,NULL,NULL,NULL,'20220218104345',1),(315,NULL,'2022-02-18 10:54:49',346,1,NULL,'MR','DUPRAT','Christophe','27 rue Louis Daran ','64110','JURANÇON',333,1,NULL,'Gérant ','0559068056',NULL,NULL,NULL,'c.duprat@biofluidesconcept.fr ',NULL,NULL,NULL,NULL,NULL,NULL,NULL,NULL,NULL,NULL,NULL,NULL,0,0,NULL,0,1,NULL,NULL,NULL,NULL,NULL,'20220218104345',1),(316,NULL,'2022-02-18 10:54:49',373,1,NULL,'MR','BILY','Jean-Marie','Z.A. ACTITECH ','64140','BILLERE',333,1,NULL,'PDG','0559329393',NULL,NULL,NULL,'pau@bobion-joanin.fr',NULL,NULL,NULL,NULL,NULL,NULL,NULL,NULL,NULL,NULL,NULL,NULL,0,0,NULL,0,1,NULL,NULL,NULL,NULL,NULL,'20220218104345',1),(317,NULL,'2022-02-18 10:54:49',373,1,NULL,'MR','CORDIER',NULL,'Z.A. ACTITECH ','64140','BILLERE',333,1,NULL,'Chargé d\'Affaires',NULL,NULL,'06 49 79 01 42',NULL,'mcordier@bobion-joanin.fr',NULL,NULL,NULL,NULL,NULL,NULL,NULL,NULL,NULL,NULL,NULL,NULL,0,0,NULL,0,1,NULL,NULL,NULL,NULL,NULL,'20220218104345',1),(318,NULL,'2022-02-18 10:54:49',378,1,NULL,'MR',' NABERA SARTOULET','Jean-Olivier','ZAC Actipolis - 40, Avenue Ferdinand de Lesseps ','33612','CESTAS Cx',302,1,NULL,'Directeur Agence SPS Bordeaux','05 57 96 24 21',NULL,'06 71 21 91 36',NULL,'jean-olivier.nabera-sartoulet@fr.bureauveritas.com',NULL,NULL,NULL,NULL,NULL,NULL,NULL,NULL,NULL,NULL,NULL,NULL,0,0,NULL,0,1,NULL,NULL,NULL,NULL,NULL,'20220218104345',1),(319,NULL,'2022-02-18 10:54:49',546,1,NULL,'MR','BUSO','Jérôme','7 route de Bayonne ','64230','POEY DE LESCAR',333,1,NULL,'Gérant ',NULL,NULL,'06 71 24 01 27',NULL,'contact@entreprisebuso.fr ',NULL,NULL,NULL,NULL,NULL,NULL,NULL,NULL,NULL,NULL,NULL,NULL,0,0,NULL,0,1,NULL,NULL,NULL,NULL,NULL,'20220218104345',1),(320,NULL,'2022-02-18 10:54:49',547,1,NULL,'MME','CHEVALÈRE','Aurélia','6 Avenue de Lons ','64140','BILLERE',333,1,NULL,'EXPERT COMPTABLE','0559920233',NULL,NULL,NULL,'aurelia@chevalere.com',NULL,NULL,NULL,NULL,NULL,NULL,NULL,NULL,NULL,NULL,NULL,NULL,0,0,NULL,0,1,NULL,NULL,NULL,NULL,NULL,'20220218104345',1),(321,NULL,'2022-02-18 10:54:49',34,1,NULL,'MR','CAMBORDE','Julien','Agglomération de PAU - Avenue du Corps Franc Pommiès ','64320','BIZANOS',333,1,NULL,'Directeur Général','0559802244',NULL,NULL,NULL,'julien.camborde@camborde-architectes.com',NULL,NULL,NULL,NULL,NULL,NULL,NULL,NULL,NULL,NULL,NULL,NULL,0,0,NULL,0,1,NULL,NULL,NULL,NULL,NULL,'20220218104345',1),(322,NULL,'2022-02-18 10:54:49',34,1,NULL,'MME','MORAIS',NULL,'Agglomération de PAU - Avenue du Corps Franc Pommiès ','64320','BIZANOS',333,1,NULL,'Architecte','05 59 80 22 44 ',NULL,NULL,NULL,'sophia.morais@camborde- architectes.com ',NULL,NULL,NULL,NULL,NULL,NULL,NULL,NULL,NULL,NULL,NULL,NULL,0,0,NULL,0,1,NULL,NULL,NULL,NULL,NULL,'20220218104345',1),(323,NULL,'2022-02-18 10:54:49',316,1,NULL,'MR','MOURA','Sylvain','ZI Berlanne - Rue Ayguelongue ','64160','MORLAAS',333,1,NULL,'Responsable d\'Agence','05 59 61 99 60',NULL,'06 07 27 74 67',NULL,'moura@cance.fr',NULL,NULL,NULL,NULL,NULL,NULL,NULL,NULL,NULL,NULL,NULL,NULL,0,0,NULL,0,1,NULL,NULL,NULL,NULL,NULL,'20220218104345',1),(324,NULL,'2022-02-18 10:43:46',316,1,NULL,'MR','MATHIEU','Patrick','ZI Berlanne - Rue Ayguelongue ','64160','MORLAAS',333,1,NULL,NULL,'05 59 61 99 60',NULL,'06 80 34 40 03',NULL,'mathieu@cance.fr',NULL,NULL,NULL,NULL,NULL,NULL,NULL,NULL,NULL,NULL,NULL,NULL,0,0,NULL,0,1,NULL,NULL,NULL,NULL,NULL,'20220218104345',1),(325,NULL,'2022-02-18 10:43:46',316,1,NULL,'MR','ESTURONNE','Eric','ZI Berlanne - Rue Ayguelongue ','64160','MORLAAS',333,1,NULL,NULL,'05 59 61 99 60 ',NULL,'06 86 07 46 29',NULL,'esturonne@cance.fr',NULL,NULL,NULL,NULL,NULL,NULL,NULL,NULL,NULL,NULL,NULL,NULL,0,0,NULL,0,1,NULL,NULL,NULL,NULL,NULL,'20220218104345',1),(326,NULL,'2022-02-18 10:43:46',316,1,NULL,'MR','CAZENAVE','Pierre','Rue de l\'Ayguelongue - ZI Berlanne ','64160','MORLAAS',333,1,NULL,NULL,NULL,NULL,NULL,NULL,'cazenave@cance.fr',NULL,NULL,NULL,NULL,NULL,NULL,NULL,NULL,NULL,NULL,NULL,NULL,0,0,NULL,0,1,NULL,NULL,NULL,NULL,NULL,'20220218104345',1),(327,NULL,'2022-02-18 10:43:46',316,1,NULL,'MR','COURALET','Stéphane','Rue de l\'Ayguelongue - ZI Berlanne ','64160','MORLAAS',333,1,NULL,NULL,NULL,NULL,NULL,NULL,'stephane.couralet@cance.fr',NULL,NULL,NULL,NULL,NULL,NULL,NULL,NULL,NULL,NULL,NULL,NULL,0,0,NULL,0,1,NULL,NULL,NULL,NULL,NULL,'20220218104345',1),(328,NULL,'2022-02-18 10:43:46',316,1,NULL,'MR','BAYLE',NULL,'Rue de l\'Ayguelongue - ZI Berlanne ','64160','MORLAAS',333,1,NULL,NULL,'05 59 04 37 87',NULL,NULL,NULL,'bayle@cance.fr ',NULL,NULL,NULL,NULL,NULL,NULL,NULL,NULL,NULL,NULL,NULL,NULL,0,0,NULL,0,1,NULL,NULL,NULL,NULL,NULL,'20220218104345',1),(329,NULL,'2022-02-18 10:54:49',316,1,NULL,'MR','PEREUILH','Mikael','Agence de Morlàas - ZI de Berlanne - Rue de l\'Ayguelongue ','64160','MORLAAS',333,1,NULL,'Chargé d\'Affaires','0559043782',NULL,'06 85 03 92 84',NULL,'pereuilh@cance.fr',NULL,NULL,NULL,NULL,NULL,NULL,NULL,NULL,NULL,NULL,NULL,NULL,0,0,NULL,0,1,NULL,NULL,NULL,NULL,NULL,'20220218104345',1),(330,NULL,'2022-02-18 10:54:49',288,1,NULL,'MR','CANGRAND','Pierre','12 chemin Salié ','64000','PAU',333,1,NULL,'Gérant','05 59 02 78 00 ',NULL,'06 74 78 85 16 ',NULL,'pau@cangrand.fr ',NULL,NULL,NULL,NULL,NULL,NULL,NULL,NULL,NULL,NULL,NULL,NULL,0,0,NULL,0,1,NULL,NULL,NULL,NULL,NULL,'20220218104345',1),(331,NULL,'2022-02-18 10:54:49',339,1,NULL,'MR','SANSOT','Gérard','Zone Europa - 12 rue Johannes Kepler ','64000','PAU',333,1,NULL,'DG','0559133055',NULL,NULL,NULL,'sansot@clede.fr',NULL,NULL,NULL,NULL,NULL,NULL,NULL,NULL,NULL,NULL,NULL,NULL,0,0,NULL,0,1,NULL,NULL,NULL,NULL,NULL,'20220218104345',1),(332,NULL,'2022-02-18 10:43:46',339,1,NULL,NULL,'DAVASSE','S.','Zone Europa - 12 rue Johannes Kepler ','64000','PAU',333,1,NULL,NULL,'0559133055',NULL,'06 81 55 96 37',NULL,'contact@clede.fr',NULL,NULL,NULL,NULL,NULL,NULL,NULL,NULL,NULL,NULL,NULL,NULL,0,0,NULL,0,1,NULL,NULL,NULL,NULL,NULL,'20220218104345',1),(333,NULL,'2022-02-18 10:43:46',403,1,NULL,'MR','FRANGI','Mathieu','ZI - 433 Rue de Bielle - BP 107 ','64121','SERRES CASTET',333,1,NULL,NULL,NULL,NULL,'06 72 99 88 30',NULL,'mathieu-frangi-cdlv@orange.fr',NULL,NULL,NULL,NULL,NULL,NULL,NULL,NULL,NULL,NULL,NULL,NULL,0,0,NULL,0,1,NULL,NULL,NULL,NULL,NULL,'20220218104345',1),(334,NULL,'2022-02-18 10:43:46',280,1,NULL,'MME','VERNY','Emmanuelle','15 Rue du Bruscos','64230','Sauvagnon',333,1,NULL,NULL,'05 59 33 92 08 ',NULL,'06 30 49 03 71 ',NULL,'e.verny@deltaplast.fr  ',NULL,NULL,NULL,NULL,NULL,NULL,NULL,NULL,NULL,NULL,NULL,NULL,0,0,NULL,0,1,NULL,NULL,NULL,NULL,NULL,'20220218104345',1),(335,NULL,'2022-02-18 10:54:49',354,1,NULL,'MR','LATORRE','Thierry','Boulevard de l\'Aviation ','64000','PAU',333,1,NULL,'Directeur','0559303701',NULL,NULL,NULL,'ecsa-bearn.construction@eiffage.com',NULL,NULL,NULL,NULL,NULL,NULL,NULL,NULL,NULL,NULL,NULL,NULL,0,0,NULL,0,1,NULL,NULL,NULL,NULL,NULL,'20220218104345',1),(336,NULL,'2022-02-18 10:54:49',354,1,NULL,'MR','LANGLES','Lionel','Boulevard de l\'Aviation ','64000','PAU',333,1,NULL,'Conducteur de Travaux',NULL,NULL,'06 16 13 46 16 ',NULL,'lionel.angles@eiffage.com ',NULL,NULL,NULL,NULL,NULL,NULL,NULL,NULL,NULL,NULL,NULL,NULL,0,0,NULL,0,1,NULL,NULL,NULL,NULL,NULL,'20220218104345',1),(337,NULL,'2022-02-18 10:54:49',354,1,NULL,'MR','SALES','Stéphane','Boulevard de l\'Aviation ','64000','PAU',333,1,NULL,'Conducteur de Travaux',NULL,NULL,'06 11 53 26 07 ',NULL,'stephane.sales@eiffage.com ',NULL,NULL,NULL,NULL,NULL,NULL,NULL,NULL,NULL,NULL,NULL,NULL,0,0,NULL,0,1,NULL,NULL,NULL,NULL,NULL,'20220218104345',1),(338,NULL,'2022-02-18 10:43:46',354,1,NULL,'MR','ANGLES','Lionel','Boulevard de l\'Aviation ','64000','PAU',333,1,NULL,NULL,'05 59 33 92 85',NULL,'06 16 13 46 16 ',NULL,'lionel.angles@eiffage.com ',NULL,NULL,NULL,NULL,NULL,NULL,NULL,NULL,NULL,NULL,NULL,NULL,0,0,NULL,0,1,NULL,NULL,NULL,NULL,NULL,'20220218104345',1),(339,NULL,'2022-02-18 10:54:49',43,1,NULL,'MR','OLYMPIE','Grégoire','Boulevard de l\'Aviation ','64000','PAU',333,1,NULL,'Chargé de Conception','0559016285',NULL,NULL,NULL,'gregoire-externe.olympie@enedis.fr',NULL,NULL,NULL,NULL,NULL,NULL,NULL,NULL,NULL,NULL,NULL,NULL,0,0,NULL,0,1,NULL,NULL,NULL,NULL,NULL,'20220218104345',1),(340,NULL,'2022-02-18 10:43:46',256,1,NULL,'MR','RIGNAC','Bertrand','INEO AQUITAINE - 12 rue Paul Bert ','64000','PAU',333,1,NULL,NULL,NULL,NULL,'06 82 63 22 61',NULL,'bertrand.rignac@engie.com ',NULL,NULL,NULL,NULL,NULL,NULL,NULL,NULL,NULL,NULL,NULL,NULL,0,0,NULL,0,1,NULL,NULL,NULL,NULL,NULL,'20220218104345',1),(341,NULL,'2022-02-18 10:43:46',387,1,NULL,'MR','ALMEIDA',NULL,'5 Rue Faraday ','64000','PAU',333,1,NULL,NULL,NULL,NULL,'06 32 76 16 33',NULL,'fa@eurelec.org',NULL,NULL,NULL,NULL,NULL,NULL,NULL,NULL,NULL,NULL,NULL,NULL,0,0,NULL,0,1,NULL,NULL,NULL,NULL,NULL,'20220218104345',1),(342,NULL,'2022-02-18 10:43:46',387,1,NULL,'MR','SEGUEMBILLE',NULL,'5 Rue Faraday ','64000','PAU',333,1,NULL,NULL,NULL,NULL,'06 72 31 57 96',NULL,'bs@eurelec.org',NULL,NULL,NULL,NULL,NULL,NULL,NULL,NULL,NULL,NULL,NULL,NULL,0,0,NULL,0,1,NULL,NULL,NULL,NULL,NULL,'20220218104345',1),(343,NULL,'2022-02-18 10:54:49',327,1,NULL,'MR','LACROUTS','Jean-François','Agence Béarn - ORIN ','64400','OLORON SAINTE MARIE',333,1,NULL,'Conducteur de Travaux','0559880070',NULL,NULL,NULL,'bearn@eurovia.com',NULL,NULL,NULL,NULL,NULL,NULL,NULL,NULL,NULL,NULL,NULL,NULL,0,0,NULL,0,1,NULL,NULL,NULL,NULL,NULL,'20220218104345',1),(344,NULL,'2022-02-18 10:54:49',355,1,NULL,'MR','ETCHELECU','Pero','Z.A. Ur Xabaleta ','64640','HELETTE',333,1,NULL,'Président','0559376386',NULL,NULL,NULL,'geroari@geroari.com ',NULL,NULL,NULL,NULL,NULL,NULL,NULL,NULL,NULL,NULL,NULL,NULL,0,0,NULL,0,1,NULL,NULL,NULL,NULL,NULL,'20220218104345',1),(345,NULL,'2022-02-18 10:43:46',355,1,NULL,'MR','OILLARBURU','Xabi','Z.A. Ur Xabaleta ','64640','HELETTE',333,1,NULL,NULL,'0559376386',NULL,'06 74 82 06 07 ',NULL,'xabi.oillarburu@geroari.com ',NULL,NULL,NULL,NULL,NULL,NULL,NULL,NULL,NULL,NULL,NULL,NULL,0,0,NULL,0,1,NULL,NULL,NULL,NULL,NULL,'20220218104345',1),(346,NULL,'2022-02-18 10:54:49',361,1,NULL,'MR','DOMECQ','Pascal','Rue du Tumulus - BP 127 ','64121','SERRES-CASTET',333,1,NULL,'Gérant','0559333230',NULL,NULL,NULL,'gmt@gmt-sa.com',NULL,NULL,NULL,NULL,NULL,NULL,NULL,NULL,NULL,NULL,NULL,NULL,0,0,NULL,0,1,NULL,NULL,NULL,NULL,NULL,'20220218104345',1),(347,NULL,'2022-02-18 10:43:46',361,1,NULL,'MME','LAFARGUE','Lilian','Rue du Tuumulus ','64121','SERRES-CASTET',333,1,NULL,NULL,'05 59 33 32 30',NULL,NULL,NULL,'gmt@gmt-sa.com',NULL,NULL,NULL,NULL,NULL,NULL,NULL,NULL,NULL,NULL,NULL,NULL,0,0,NULL,0,1,NULL,NULL,NULL,NULL,NULL,'20220218104345',1),(348,NULL,'2022-02-18 10:43:46',361,1,NULL,'MR','BOUTET','Simon','Rue du Tumulus - BP 127 ','64121','RRES-CASTET',333,1,NULL,NULL,NULL,NULL,'06 14 93 24 06',NULL,'gmt@gmt-sa.com',NULL,NULL,NULL,NULL,NULL,NULL,NULL,NULL,NULL,NULL,NULL,NULL,0,0,NULL,0,1,NULL,NULL,NULL,NULL,NULL,'20220218104345',1),(349,NULL,'2022-02-18 10:43:46',392,1,NULL,'MR','GUILHEM','Sylvain','Route de l\'Oussère ','64320','IDRON',333,1,NULL,NULL,'05 59 02 69 29',NULL,'06 27 08 52 05',NULL,'andre.guilhem@wanadoo.fr',NULL,NULL,NULL,NULL,NULL,NULL,NULL,NULL,NULL,NULL,NULL,NULL,0,0,NULL,0,1,NULL,NULL,NULL,NULL,NULL,'20220218104345',1),(350,NULL,'2022-02-18 10:43:46',392,1,NULL,'MR','PLASSOT',NULL,'Route de l\'Oussère ','64320','IDRON',333,1,NULL,NULL,NULL,NULL,NULL,NULL,NULL,NULL,NULL,NULL,NULL,NULL,NULL,NULL,NULL,NULL,NULL,NULL,NULL,0,0,NULL,0,1,NULL,NULL,NULL,NULL,NULL,'20220218104345',1),(351,NULL,'2022-02-18 10:43:46',392,1,NULL,'MR','GUILHEM','Sylvain','Route de l\'Oussère ','64320','IDRON',333,1,NULL,NULL,'05 59 02 69 29',NULL,'06 19 75 02 96',NULL,'andre.guilhem@orange.fr',NULL,NULL,NULL,NULL,NULL,NULL,NULL,NULL,NULL,NULL,NULL,NULL,0,0,NULL,0,1,NULL,NULL,NULL,NULL,NULL,'20220218104345',1),(352,NULL,'2022-02-18 10:43:46',443,1,NULL,'MR','PRAT','Jean-Pierre','ZI de Berlanne ','64160','MORLAAS',333,1,NULL,NULL,'05 59 02 28 95',NULL,'06 13 20 05 71',NULL,'hauret2@wanadoo.fr',NULL,NULL,NULL,NULL,NULL,NULL,NULL,NULL,NULL,NULL,NULL,NULL,0,0,NULL,0,1,NULL,NULL,NULL,NULL,NULL,'20220218104345',1),(353,NULL,'2022-02-18 10:43:46',455,1,NULL,'MR','MEUNIER','David','25 rue Bazter Bidea - ZA Lana ','64210','BONNE',333,1,NULL,NULL,'05 59 47 23 57',NULL,'06 26 66 58 59',NULL,'contact@iumana.com',NULL,NULL,NULL,NULL,NULL,NULL,NULL,NULL,NULL,NULL,NULL,NULL,0,0,NULL,0,1,NULL,NULL,NULL,NULL,NULL,'20220218104345',1),(354,NULL,'2022-02-18 10:54:49',415,1,NULL,'MR','RICHARD','Sylvain','ZI ','64680','OGEU LES BAINS',333,1,NULL,'Directeur Technique et Commercial','05 59 34 90 11 ',NULL,'06 08 71 11 23 ',NULL,'srichard@jsefrance.fr ',NULL,NULL,NULL,NULL,NULL,NULL,NULL,NULL,NULL,NULL,NULL,NULL,0,0,NULL,0,1,NULL,NULL,NULL,NULL,NULL,'20220218104345',1),(355,NULL,'2022-02-18 10:43:46',415,1,NULL,'MR','BLAIN','Jérémy','ZI ','64680','OGEU LES BAINS',333,1,NULL,NULL,'05 59 34 90 11 ',NULL,'06 74 75 96 05',NULL,'be1@jsefrance.com ',NULL,NULL,NULL,NULL,NULL,NULL,NULL,NULL,NULL,NULL,NULL,NULL,0,0,NULL,0,1,NULL,NULL,NULL,NULL,NULL,'20220218104345',1),(356,NULL,'2022-02-18 10:54:49',555,1,NULL,'MR','MATTEI','Jean-Paul','3 Rue Louis Barthou ','64000','PAU',333,1,NULL,'NOTAIRE','0559986548',NULL,NULL,NULL,'jean-paul.mattei@notaires.fr',NULL,NULL,NULL,NULL,NULL,NULL,NULL,NULL,NULL,NULL,NULL,NULL,0,0,NULL,0,1,NULL,NULL,NULL,NULL,NULL,'20220218104345',1),(357,NULL,'2022-02-18 10:54:49',328,1,NULL,'MR','LABADIOLLE','Henri','21 rue de REVOL ','64400','OLORON SAINTE MARIE',333,1,NULL,'Gérant','0559361591',NULL,NULL,NULL,'eurl.labadiolle@wanadoo.fr',NULL,NULL,NULL,NULL,NULL,NULL,NULL,NULL,NULL,NULL,NULL,NULL,0,0,NULL,0,1,NULL,NULL,NULL,NULL,NULL,'20220218104345',1),(358,NULL,'2022-02-18 10:54:49',328,1,NULL,'MR','LABADIOLLE','Henri','ZA des glaces Carrefour des glace','64390','SAUVETERRE DE BEARN',333,1,NULL,'PDG','05.59.67.59.51',NULL,'06.81.78.94.82',NULL,'eurl.labadiolle@wanadoo.fr',NULL,NULL,NULL,NULL,NULL,NULL,NULL,NULL,NULL,NULL,NULL,NULL,0,0,NULL,0,1,NULL,NULL,NULL,NULL,NULL,'20220218104345',1),(359,NULL,'2022-02-18 10:43:46',362,1,NULL,'MR','LABAIGS','Pierre','21 rue Crrérot ','64290','GAN',333,1,NULL,NULL,'0559215736',NULL,NULL,NULL,'menuiserie.labaigs@wanadoo.fr',NULL,NULL,NULL,NULL,NULL,NULL,NULL,NULL,NULL,NULL,NULL,NULL,0,0,NULL,0,1,NULL,NULL,NULL,NULL,NULL,'20220218104345',1),(360,NULL,'2022-02-18 10:43:46',457,1,NULL,'MR','AUBERT','Edouard','6 rue de la palombière ','64000','PAU',333,1,NULL,NULL,'05 59 04 69 35',NULL,'06 58 53 60 75',NULL,'edouard@lorenzi65.fr ',NULL,NULL,NULL,NULL,NULL,NULL,NULL,NULL,NULL,NULL,NULL,NULL,0,0,NULL,0,1,NULL,NULL,NULL,NULL,NULL,'20220218104345',1),(361,NULL,'2022-02-18 10:54:49',341,1,NULL,'MR','GERMAN','Frédéric','25 Avenue de l\'Europe - CS 69089 ','64051','U CEDEX 9',333,1,NULL,'DG','0559849400',NULL,NULL,NULL,'mas@mas-btp.com',NULL,NULL,NULL,NULL,NULL,NULL,NULL,NULL,NULL,NULL,NULL,NULL,0,0,NULL,0,1,NULL,NULL,NULL,NULL,NULL,'20220218104345',1),(362,NULL,'2022-02-18 10:54:49',379,1,NULL,'MME','PERNIN ','Claude','1084 rue de la Ferme de CARBOUE - ZI DU CONTE ','40000','MONT DE MARSAN',309,1,NULL,'PDG','0533940060',NULL,NULL,NULL,'cpernin@nouvelle-miroiterie.fr',NULL,NULL,NULL,NULL,NULL,NULL,NULL,NULL,NULL,NULL,NULL,NULL,0,0,NULL,0,1,NULL,NULL,NULL,NULL,NULL,'20220218104345',1),(363,NULL,'2022-02-18 10:43:46',379,1,NULL,'MR','BRUNETEAU',NULL,'1085 rue de la Ferme de CARBOUE - ZI DU CONTE ','40000','MONT DE MARSAN',309,1,NULL,NULL,'0',NULL,'06 48 09 35 08 ',NULL,'pbruneteau@nouvelle-miroiterie.fr ',NULL,NULL,NULL,NULL,NULL,NULL,NULL,NULL,NULL,NULL,NULL,NULL,0,0,NULL,0,1,NULL,NULL,NULL,NULL,NULL,'20220218104345',1),(364,NULL,'2022-02-18 10:43:46',379,1,NULL,'MR','CAZAUBON',NULL,'1086 rue de la Ferme de CARBOUE - ZI DU CONTE ','40000','MONT DE MARSAN',309,1,NULL,NULL,'0',NULL,NULL,NULL,'jcazaubon@nouvelle-miroiterie.fr ',NULL,NULL,NULL,NULL,NULL,NULL,NULL,NULL,NULL,NULL,NULL,NULL,0,0,NULL,0,1,NULL,NULL,NULL,NULL,NULL,'20220218104345',1),(365,NULL,'2022-02-18 10:43:46',382,1,NULL,'MR','CAMPO','André','Chemin des 3 ponts - BP 40459 ','64230','LESCAR',333,1,NULL,NULL,'0',NULL,NULL,NULL,'contact@nova-construction.fr ',NULL,NULL,NULL,NULL,NULL,NULL,NULL,NULL,NULL,NULL,NULL,NULL,0,0,NULL,0,1,NULL,NULL,NULL,NULL,NULL,'20220218104345',1),(366,NULL,'2022-02-18 10:43:46',382,1,NULL,'MR','NAVARRET','Julien','Chemin des 3 ponts - BP 40459 ','64230','LESCAR',333,1,NULL,NULL,'0',NULL,NULL,NULL,'contact@nova-construction.fr ',NULL,NULL,NULL,NULL,NULL,NULL,NULL,NULL,NULL,NULL,NULL,NULL,0,0,NULL,0,1,NULL,NULL,NULL,NULL,NULL,'20220218104345',1),(367,NULL,'2022-02-18 10:43:46',382,1,NULL,'MR','LOUBET',NULL,'Chemin des 3 ponts - BP 40459 ','64230','LESCAR',333,1,NULL,NULL,'05 59 32 45 04',NULL,'06 74 42 76 66',NULL,'contact@nova-construction.fr ',NULL,NULL,NULL,NULL,NULL,NULL,NULL,NULL,NULL,NULL,NULL,NULL,0,0,NULL,0,1,NULL,NULL,NULL,NULL,NULL,'20220218104345',1),(368,NULL,'2022-02-18 10:54:49',368,1,NULL,'MR','MARQUES','Jean','ZA Haut d\'Ossau - 88 rue d\'Aste Béon ','64121','SERRES-CASTET',333,1,NULL,'Gérant','0559337474',NULL,'06 08 61 47 98 ',NULL,'novelec64@wanadoo.fr',NULL,NULL,NULL,NULL,NULL,NULL,NULL,NULL,NULL,NULL,NULL,NULL,0,0,NULL,0,1,NULL,NULL,NULL,NULL,NULL,'20220218104345',1),(369,NULL,'2022-02-18 10:43:46',359,1,NULL,'MME','AMBID','Kriss','Centre Commercial Arena, Route de Bordeaux','64121','Serres-Castet',333,1,NULL,NULL,'05 59 27 00 57 ',NULL,'06 74 71 13 88 ',NULL,'pau@orona.fr   ',NULL,NULL,NULL,NULL,NULL,NULL,NULL,NULL,NULL,NULL,NULL,NULL,0,0,NULL,0,1,NULL,NULL,NULL,NULL,NULL,'20220218104345',1),(370,NULL,'2022-02-18 10:54:49',380,1,NULL,'MR','PARENT','Daniel','12 rue Jean ZAY ','64000','PAU',333,1,NULL,'PDG','0559847862',NULL,'06 09 38 80 85 ',NULL,'danielparent64@parentplatrerie.fr',NULL,NULL,NULL,NULL,NULL,NULL,NULL,NULL,NULL,NULL,NULL,NULL,0,0,NULL,0,1,NULL,NULL,NULL,NULL,NULL,'20220218104345',1),(371,NULL,'2022-02-18 10:54:49',372,1,NULL,'MR','BANNIER','Olivier','ZI du Haut d\'Ossau - 164 rue de Gourette ','64121','SERRES-CASTET',333,1,NULL,'Gérant','0559022841',NULL,'06 08 24 87 95',NULL,'paupeintures@orange.fr',NULL,NULL,NULL,NULL,NULL,NULL,NULL,NULL,NULL,NULL,NULL,NULL,0,0,NULL,0,1,NULL,NULL,NULL,NULL,NULL,'20220218104345',1),(372,NULL,'2022-02-18 10:43:46',562,1,NULL,'MR','BELIVIER','Didier','ZI du Haut d\'Ossau - 164 rue de Gourette ','64121','SERRES-CASTET',333,1,NULL,NULL,'05 59 02 28 41 ',NULL,'06 78 92 82 30 ',NULL,'pausolssouples@orange.fr',NULL,NULL,NULL,NULL,NULL,NULL,NULL,NULL,NULL,NULL,NULL,NULL,0,0,NULL,0,1,NULL,NULL,NULL,NULL,NULL,'20220218104345',1),(373,NULL,'2022-02-18 10:43:46',562,1,NULL,'MME','MORANDINI',NULL,'ZI du Haut d\'Ossau - 164 rue de Gourette ','64121','SERRES-CASTET',333,1,NULL,NULL,NULL,NULL,'06 75 40 84 87',NULL,'pausolssouples@orange.fr',NULL,NULL,NULL,NULL,NULL,NULL,NULL,NULL,NULL,NULL,NULL,NULL,0,0,NULL,0,1,NULL,NULL,NULL,NULL,NULL,'20220218104345',1),(374,NULL,'2022-02-18 10:54:49',360,1,NULL,'MR','KASIANENKO','Stéphane','Rue d\'Ossau - ZI de Berlanne ','64160','MORLAAS',333,1,NULL,'Gérant','0559983020',NULL,NULL,NULL,'accueil@poumirau.fr',NULL,NULL,NULL,NULL,NULL,NULL,NULL,NULL,NULL,NULL,NULL,NULL,0,0,NULL,0,1,NULL,NULL,NULL,NULL,NULL,'20220218104345',1),(375,NULL,'2022-02-18 10:43:46',360,1,NULL,'MR','BANCE','Jérôme','Rue d\'Ossau - ZI de Berlanne ','64160','MORLAAS',333,1,NULL,NULL,'05 59 98 30 20',NULL,'06 71 91 20 82',NULL,'j.bance@poumirau.fr ',NULL,NULL,NULL,NULL,NULL,NULL,NULL,NULL,NULL,NULL,NULL,NULL,0,0,NULL,0,1,NULL,NULL,NULL,NULL,NULL,'20220218104345',1),(376,NULL,'2022-02-18 10:43:46',360,1,NULL,'MME','MARTIN','Nestor','Rue d\'Ossau - ZI de Berlanne ','64160','MORLAAS',333,1,NULL,NULL,'05 59 40 05 00',NULL,'06 07 42 45 86',NULL,'nestor.martin@inter-energies.fr',NULL,NULL,NULL,NULL,NULL,NULL,NULL,NULL,NULL,NULL,NULL,NULL,0,0,NULL,0,1,NULL,NULL,NULL,NULL,NULL,'20220218104345',1),(377,NULL,'2022-02-18 10:54:49',401,1,NULL,'MR','CROUSEILLES','Alexandre','25 rue de Bruscos ','64230','SAUVAGNON',333,1,NULL,'DG','0559331337',NULL,NULL,NULL,'pyrenees.automatismes.fr',NULL,NULL,NULL,NULL,NULL,NULL,NULL,NULL,NULL,NULL,NULL,NULL,0,0,NULL,0,1,NULL,NULL,NULL,NULL,NULL,'20220218104345',1),(378,NULL,'2022-02-18 10:43:46',401,1,NULL,'MR','PEBOSQ',NULL,'26 rue de Bruscos ','64230','SAUVAGNON',333,1,NULL,NULL,NULL,NULL,NULL,NULL,'contact@pyrenees- automatismes.fr ',NULL,NULL,NULL,NULL,NULL,NULL,NULL,NULL,NULL,NULL,NULL,NULL,0,0,NULL,0,1,NULL,NULL,NULL,NULL,NULL,'20220218104345',1),(379,NULL,'2022-02-18 10:43:46',424,1,NULL,'MR','FAY','Clément','6 ZA du Pibeste ','65400','AGOS-VIDALOS',334,1,NULL,NULL,'05 62 97 12 12',NULL,NULL,NULL,'c.fay@pyrenees-charpentes.fr',NULL,NULL,NULL,NULL,NULL,NULL,NULL,NULL,NULL,NULL,NULL,NULL,0,0,NULL,0,1,NULL,NULL,NULL,NULL,NULL,'20220218104345',1),(380,NULL,'2022-02-18 10:54:49',383,1,NULL,'MR','MONTHIEU','Laurent','Centre d\'affaires Activa - Allées Catherine de Bourbon ','64000','PAU',333,1,NULL,'Chef de secteur - Bureau de Pau','05 59 02 00 10',NULL,'06 82 94 70 59',NULL,'laurent.monthieu@qualiconsult.fr',NULL,NULL,NULL,NULL,NULL,NULL,NULL,NULL,NULL,NULL,NULL,NULL,0,0,NULL,0,1,NULL,NULL,NULL,NULL,NULL,'20220218104345',1),(381,NULL,'2022-02-18 10:54:49',386,1,NULL,'MR','LABORDE','Rémi','4 Rue Maria Gaetena Agnesi - Zone Europa ','64000','PAU',333,1,NULL,'Gérant','0559322018',NULL,'06 88 20 57 92',NULL,'remi.laborde@spn.fr',NULL,NULL,NULL,NULL,NULL,NULL,NULL,NULL,NULL,NULL,NULL,NULL,0,0,NULL,0,1,NULL,NULL,NULL,NULL,NULL,'20220218104345',1),(382,NULL,'2022-02-18 10:43:46',386,1,NULL,'MR','SCHIANO','Olivier','5 Rue Maria Gaetena Agnesi - Zone Europa ','64000','PAU',333,1,NULL,NULL,NULL,NULL,'06 35 49 07 73 ',NULL,'olivier.schiano@spn.fr ',NULL,NULL,NULL,NULL,NULL,NULL,NULL,NULL,NULL,NULL,NULL,NULL,0,0,NULL,0,1,NULL,NULL,NULL,NULL,NULL,'20220218104345',1),(383,NULL,'2022-02-18 10:54:49',267,1,NULL,'MR','PITOT','Sébastien','ZI Berlanne - Avenue du Pont Long ','64160','MORLAAS',333,1,NULL,'Gérant','0559900628',NULL,NULL,NULL,'samisol@orange.fr',NULL,NULL,NULL,NULL,NULL,NULL,NULL,NULL,NULL,NULL,NULL,NULL,0,0,NULL,0,1,NULL,NULL,NULL,NULL,NULL,'20220218104345',1),(384,NULL,'2022-02-18 10:54:49',322,1,NULL,'MR','DELUGRE','Sébastien','35 rue de Bielle - ZI du haut d\'Ossau ','64121','SERRES-CASTET',333,1,NULL,'Gérant','0559339285',NULL,NULL,NULL,'s.delugre@beroy-ing.fr',NULL,NULL,NULL,NULL,NULL,NULL,NULL,NULL,NULL,NULL,NULL,NULL,0,0,NULL,0,1,NULL,NULL,NULL,NULL,NULL,'20220218104345',1),(385,NULL,'2022-02-18 10:43:46',385,1,NULL,'MR','CERNOIS','Bastien','Quartier Munein ','64390','ST GLADIE ARRIVE MUNEIN',333,1,NULL,NULL,NULL,NULL,'06 74 18 07 42',NULL,'b.cernois@sarrat-sfei.com',NULL,NULL,NULL,NULL,NULL,NULL,NULL,NULL,NULL,NULL,NULL,NULL,0,0,NULL,0,1,NULL,NULL,NULL,NULL,NULL,'20220218104345',1),(386,NULL,'2022-02-18 10:54:49',317,1,NULL,'MR','SANCHEZ','Thomas','14 Avenue des Tilleuls - BP 70932 ','65009','TARBES CEDEX',334,1,NULL,'PDG','0562342554',NULL,NULL,NULL,'secretariat.setes@wanadoo.fr',NULL,NULL,NULL,NULL,NULL,NULL,NULL,NULL,NULL,NULL,NULL,NULL,0,0,NULL,0,1,NULL,NULL,NULL,NULL,NULL,'20220218104345',1),(387,NULL,'2022-02-18 10:54:49',356,1,NULL,'MR','LABOURDETTE','Sébastien','128 Avenue Alfred Nobel - BP 9049 ','64050','PAU CEDEX 9',333,1,NULL,'Gérant de SARL LM INVEST 64 Président SOGEBA','0559301288',NULL,'06 73 88 33 02 ',NULL,'s.labourdette@sogeba3tp.fr',NULL,NULL,NULL,NULL,NULL,NULL,NULL,NULL,NULL,NULL,NULL,NULL,0,0,NULL,0,1,NULL,NULL,NULL,NULL,NULL,'20220218104345',1),(388,NULL,'2022-02-18 10:43:46',356,1,NULL,'MR','CASSOU',NULL,'128 Avenue Alfred Nobel - BP 9049 ','64050','PAU CEDEX 9',333,1,NULL,NULL,'0559301288',NULL,'06 21 76 66 84',NULL,'s.cassou@sogeba3tp.fr ',NULL,NULL,NULL,NULL,NULL,NULL,NULL,NULL,NULL,NULL,NULL,NULL,0,0,NULL,0,1,NULL,NULL,NULL,NULL,NULL,'20220218104345',1),(389,NULL,'2022-02-18 10:54:50',274,1,NULL,'MME','BABIN','Céline','2 avenue Jacquard - BP 90 103 ','64148','LONS INDUSPAL CEDEX',333,1,NULL,'Gérant','05 59 30 37 01',NULL,'06 76 93 43 62',NULL,'cbabin@soprema.fr ',NULL,NULL,NULL,NULL,NULL,NULL,NULL,NULL,NULL,NULL,NULL,NULL,0,0,NULL,0,1,NULL,NULL,NULL,NULL,NULL,'20220218104345',1),(390,NULL,'2022-02-18 10:43:46',274,1,NULL,NULL,'PEYREBLANQUES','L.','2 avenue Jacquard - BP 90 103 ','64148','LONS INDUSPAL CEDEX',333,1,NULL,NULL,'06 59 30 37 01',NULL,'07 76 93 43 62',NULL,'travaux-pau@soprema.fr',NULL,NULL,NULL,NULL,NULL,NULL,NULL,NULL,NULL,NULL,NULL,NULL,0,0,NULL,0,1,NULL,NULL,NULL,NULL,NULL,'20220218104345',1),(391,NULL,'2022-02-18 10:43:46',389,1,NULL,'MR','RODRIGUES',NULL,'5, Rue du Pont Long ','64160','MORLAAS',333,1,NULL,NULL,'05 59 80 63 51',NULL,'06 73 47 19 79',NULL,'secretariat@spe-etancheite.fr',NULL,NULL,NULL,NULL,NULL,NULL,NULL,NULL,NULL,NULL,NULL,NULL,0,0,NULL,0,1,NULL,NULL,NULL,NULL,NULL,'20220218104345',1),(392,NULL,'2022-02-18 10:43:46',386,1,NULL,'MR','LABORDE','Rémi','Zone Europa - 4 rue Maria Gaetana Agnesi ','64000','PAU',333,1,NULL,NULL,'05 59 32 20 18',NULL,'06 88 20 57 92',NULL,'remi.laborde@spn.fr',NULL,NULL,NULL,NULL,NULL,NULL,NULL,NULL,NULL,NULL,NULL,NULL,0,0,NULL,0,1,NULL,NULL,NULL,NULL,NULL,'20220218104345',1),(393,NULL,'2022-02-18 10:54:50',388,1,NULL,'MR','VIVEN','Jean-Bernard','215 Chemin du Moulin ','64370','STEIDE CANDAU',333,1,NULL,'Gérant','0559816643',NULL,'06 07 23 98 55',NULL,'menuiserie@viven.fr',NULL,NULL,NULL,NULL,NULL,NULL,NULL,NULL,NULL,NULL,NULL,NULL,0,0,NULL,0,1,NULL,NULL,NULL,NULL,NULL,'20220218104345',1),(394,NULL,'2022-02-18 10:54:50',67,1,NULL,'MR','BAUDU','Eric','ZAC du Pesqué - 3 Square du Moulin ','64140','LONS',333,1,NULL,'Directeur',NULL,NULL,NULL,NULL,'eric.baudu@inter-energies.fr',NULL,NULL,NULL,NULL,NULL,NULL,NULL,NULL,NULL,NULL,NULL,NULL,0,0,NULL,0,1,NULL,NULL,NULL,NULL,NULL,'20220218104345',1),(395,NULL,'2022-02-18 10:54:50',67,1,NULL,'MR','TINTET','Sébastien','ZAC du Pesqué - 3 Square du Moulin ','64140','LONS',333,1,NULL,'Responsable d\'équipe',NULL,NULL,'06 71 89 50 25',NULL,'sebastien.tintet@inter-energies.fr',NULL,NULL,NULL,NULL,NULL,NULL,NULL,NULL,NULL,NULL,NULL,NULL,0,0,NULL,0,1,NULL,NULL,NULL,NULL,NULL,'20220218104345',1),(396,NULL,'2022-02-18 10:54:50',67,1,NULL,'MR','PLOURABOUE','Jérôme','ZAC du Pesqué - 3 Square du Moulin ','64140','LONS',333,1,NULL,'Responsable de site',NULL,NULL,'06 85 86 93 50',NULL,'jerome.plouraboue@inter-energies.fr',NULL,NULL,NULL,NULL,NULL,NULL,NULL,NULL,NULL,NULL,NULL,NULL,0,0,NULL,0,1,NULL,NULL,NULL,NULL,NULL,'20220218104345',1),(397,NULL,'2022-02-18 10:54:50',67,1,NULL,'MME','DUBERTRAND','Régine','ZAC du Pesqué - 3 Square du Moulin ','64140','LONS',333,1,NULL,'Comptabilité','0559400508',NULL,NULL,NULL,'regine.dubertrand@inter-energies.fr',NULL,NULL,NULL,NULL,NULL,NULL,NULL,NULL,NULL,NULL,NULL,NULL,0,0,NULL,0,1,NULL,NULL,NULL,NULL,NULL,'20220218104345',1),(398,NULL,'2022-02-18 10:54:50',554,1,NULL,'MR','PERCHAUD','Julien','3 Rue des chênes ','64140','BILLÈRE',333,1,NULL,'Gérant',NULL,NULL,'06 70 24 76 64',NULL,'julien.perchaud@econet-so.com',NULL,NULL,NULL,NULL,NULL,NULL,NULL,NULL,NULL,NULL,NULL,NULL,0,0,NULL,0,1,NULL,NULL,NULL,NULL,NULL,'20220218104345',1),(399,NULL,'2022-02-18 10:54:50',554,1,NULL,'MR','BOULANGER','Christophe','3 Rue des chênes ','64140','BILLÈRE',333,1,NULL,'Commercial',NULL,NULL,'06 27 46 30 27',NULL,'christophe.boulanger@econet-so.com',NULL,NULL,NULL,NULL,NULL,NULL,NULL,NULL,NULL,NULL,NULL,NULL,0,0,NULL,0,1,NULL,NULL,NULL,NULL,NULL,'20220218104345',1),(400,NULL,'2022-02-18 10:54:50',554,1,NULL,'MR','TURPIN','Jean-Frédéric','3 Rue des chênes ','64140','BILLÈRE',333,1,NULL,'Chef d\'équipe',NULL,NULL,'06 46 00 26 01',NULL,'jfturpineconet@gmail.com',NULL,NULL,NULL,NULL,NULL,NULL,NULL,NULL,NULL,NULL,NULL,NULL,0,0,NULL,0,1,NULL,NULL,NULL,NULL,NULL,'20220218104345',1),(401,NULL,'2022-02-18 10:54:50',554,1,NULL,'MME','TAVARES','Lucia','3 Rue des chênes ','64140','BILLÈRE',333,1,NULL,'Responsable de site',NULL,NULL,'06 16 31 78 30',NULL,NULL,NULL,NULL,NULL,NULL,NULL,NULL,NULL,NULL,NULL,NULL,NULL,NULL,0,0,NULL,0,1,NULL,NULL,NULL,NULL,NULL,'20220218104345',1),(402,NULL,'2022-02-18 10:54:50',456,1,NULL,'MR','LABORDE','Rémi','7 Impasse des mésenges ','65190','TOURNAY',334,1,NULL,'Gérant',NULL,NULL,'07 81 07 97 87',NULL,'contact@hydronet.fr',NULL,NULL,NULL,NULL,NULL,NULL,NULL,NULL,NULL,NULL,NULL,NULL,0,0,NULL,0,1,NULL,NULL,NULL,NULL,NULL,'20220218104345',1),(403,NULL,'2022-02-18 10:54:50',550,1,NULL,'MR','SERVAT','Clément','16 Place Saint Pierre ','64400','OLORON SAINTE MARIE',333,1,NULL,'Gérant',NULL,NULL,'06 76 71 56 64',NULL,'clem_serv@hotmail.com',NULL,NULL,NULL,NULL,NULL,NULL,NULL,NULL,NULL,NULL,NULL,NULL,0,0,NULL,0,1,NULL,NULL,NULL,NULL,NULL,'20220218104345',1),(404,NULL,'2022-02-18 10:54:50',258,1,NULL,'MR','DARRIEUTORT','Richard','Centre d\'Affaires ACTIVA - 4 Allées Catherine de Bourbon ','64000','PAU',333,1,NULL,'Gérant','0971043073',NULL,'06 72 88 76 19',NULL,'rd@ollink.fr',NULL,NULL,NULL,NULL,NULL,NULL,NULL,NULL,NULL,NULL,NULL,NULL,0,0,NULL,0,1,NULL,NULL,NULL,NULL,NULL,'20220218104345',1),(405,NULL,'2022-02-18 10:43:46',258,1,NULL,'MR','DARRIEUTORT','Richard','Centre d\'Affaires ACTIVA - 4 Allées Catherine de Bourbon ','64000','PAU',333,1,NULL,NULL,NULL,NULL,'06 75 08 25 38',NULL,NULL,NULL,NULL,NULL,NULL,NULL,NULL,NULL,NULL,NULL,NULL,NULL,NULL,0,0,NULL,0,1,NULL,NULL,NULL,NULL,NULL,'20220218104345',1),(406,NULL,'2022-02-18 10:54:50',258,1,NULL,'MR','GALINA','Eric','Centre d\'Affaires ACTIVA - 4 Allées Catherine de Bourbon ','64000','PAU',333,1,NULL,'Technicien',NULL,NULL,'06 71 57 84 79',NULL,'informatique@ollink.fr',NULL,NULL,NULL,NULL,NULL,NULL,NULL,NULL,NULL,NULL,NULL,NULL,0,0,NULL,0,1,NULL,NULL,NULL,NULL,NULL,'20220218104345',1),(407,NULL,'2022-02-18 10:54:50',85,1,NULL,'MR','LAHILLONNE','Pierre-Louis','PAU CITÉ MULTIMÉDIA - BAT A - 2 Rue Thomas Edison ','64054','PAU CEDEX 9',333,1,NULL,'Directeur','0559725656',NULL,'06 89 10 35 52',NULL,'plahillonne@plhconseil.com',NULL,NULL,NULL,NULL,NULL,NULL,NULL,NULL,NULL,NULL,NULL,NULL,0,0,NULL,0,1,NULL,NULL,NULL,NULL,NULL,'20220218104345',1),(408,NULL,'2022-02-18 10:54:50',95,1,NULL,'MR','GALLARDO','Jean-Michel','PAU CITÉ MULTIMÉDIA - BAT A - 2 Rue Thomas Edison ','64054','PAU CEDEX 9',333,1,NULL,'AVOCAT','0559146281',NULL,NULL,NULL,'jm.gallardo@wanadoo.fr',NULL,NULL,NULL,NULL,NULL,NULL,NULL,NULL,NULL,NULL,NULL,NULL,0,0,NULL,0,1,NULL,NULL,NULL,NULL,NULL,'20220218104345',1),(409,NULL,'2022-02-18 10:54:50',545,1,NULL,'MR','PERRIER','Baptiste','70 rue Sallenave - LES ALIZES - BP 705 ','64007','PAU CEDEX',333,1,NULL,'Chargée d\'Affaires Financement Délégation Sud-Aquitaine','0559278816',NULL,'06 84 90 44 55',NULL,'baptiste.perrier@bpifrance.fr',NULL,NULL,NULL,NULL,NULL,NULL,NULL,NULL,NULL,NULL,NULL,NULL,0,0,NULL,0,1,NULL,NULL,NULL,NULL,NULL,'20220218104345',1),(410,NULL,'2022-02-18 10:54:50',548,1,NULL,'MR','HARRY','Gérald','1 Parvis Corto Maltese - CS 31271 ','33076','BORDEAUX CEDEX',302,1,NULL,'Chargé d\'affaires Logement Social  et Economie Mixte',NULL,NULL,'06 29 69 13 53',NULL,'gerald.harry@ceapc.caisse-epargne.fr',NULL,NULL,NULL,NULL,NULL,NULL,NULL,NULL,NULL,NULL,NULL,NULL,0,0,NULL,0,1,NULL,NULL,NULL,NULL,NULL,'20220218104345',1),(411,NULL,'2022-02-18 10:54:50',548,1,NULL,'MR','MELOUX','Thierry','Marché des Entreprises et de l\'Economie Sociale - 23 Rue RONSARD ','64000','PAU',333,1,NULL,'Chargée d\'Affaires Grands Comptes',NULL,NULL,'06 74 86 35 34',NULL,'thierry.meloux@ceapc.caisse-epargne.fr',NULL,NULL,NULL,NULL,NULL,NULL,NULL,NULL,NULL,NULL,NULL,NULL,0,0,NULL,0,1,NULL,NULL,NULL,NULL,NULL,'20220218104345',1),(412,NULL,'2022-02-18 10:54:50',549,1,NULL,'MME','PUYAU','Geneviève','Direction Régionale Nouvelle-Aquitaine - 238 Boulevard de la Paix ','64000','PAU',333,1,NULL,'Directrice Territoriale','0559161110',NULL,'06 07 33 42 35',NULL,'genevieve.puyau@caissedesdepots.fr',NULL,NULL,NULL,NULL,NULL,NULL,NULL,NULL,NULL,NULL,NULL,NULL,0,0,NULL,0,1,NULL,NULL,NULL,NULL,NULL,'20220218104345',1),(413,NULL,'2022-02-18 10:54:50',552,1,NULL,'MR','PEYROULET','Jean-Michel','Centre d\'affaires aquitaine 24 rue ronsard BP 70','64007','PAU Cedex',333,1,NULL,'Chargé d\'affaires ','0988204315',NULL,NULL,NULL,'jean-michel.peyroulet@credit-cooperatif.coop',NULL,NULL,NULL,NULL,NULL,NULL,NULL,NULL,NULL,NULL,NULL,NULL,0,0,NULL,0,1,NULL,NULL,NULL,NULL,NULL,'20220218104345',1),(414,NULL,'2022-02-18 10:54:50',552,1,NULL,'MME','ROUVE','Dominique','Centre d\'affaires aquitaine 24 rue ronsard BP 70','64007','PAU Cedex',333,1,NULL,'Directeur Centre d\'affaires PAU BEARN BIGORRE','0988204300',NULL,'06 24 65 48 89',NULL,'dominique.rouve@credit-cooperatif.coop',NULL,NULL,NULL,NULL,NULL,NULL,NULL,NULL,NULL,NULL,NULL,NULL,0,0,NULL,0,1,NULL,NULL,NULL,NULL,NULL,'20220218104345',1),(415,NULL,'2022-02-18 10:54:50',553,1,NULL,'MME','LIPSOS-SALLENAVE','Véronique','HÔTEL DU DEPARTEMENT - 64 Avenue Jean BIRAY ','64058','PAU CEDEX 9',333,1,NULL,'Adjointe au Maire de PAU','0559278580',NULL,NULL,NULL,'v.lipsos-sallenave@ville-pau.fr',NULL,NULL,NULL,NULL,NULL,NULL,NULL,NULL,NULL,NULL,NULL,NULL,0,0,NULL,0,1,NULL,NULL,NULL,NULL,NULL,'20220218104345',1),(416,NULL,'2022-02-18 10:54:50',556,1,NULL,'MR','LALANNE','Jean-Yves','39 Route de Bayonne - BP 346 ','64146','BILLERE CEDEX',333,1,NULL,'Maire de Billère','0559924444',NULL,NULL,NULL,'jacqueline.gombert@ville-billere.fr',NULL,NULL,NULL,NULL,NULL,NULL,NULL,NULL,NULL,NULL,NULL,NULL,0,0,NULL,0,1,NULL,NULL,NULL,NULL,NULL,'20220218104345',1),(417,NULL,'2022-02-18 10:54:50',557,1,NULL,'MR','ARRIBES','André','Place de la Victoire ','64320','BIZANOS',333,1,NULL,'Maire de Bizanos','0559986969',NULL,NULL,NULL,'beatrice.lolibe@ville-bizanos.fr',NULL,NULL,NULL,NULL,NULL,NULL,NULL,NULL,NULL,NULL,NULL,NULL,0,0,NULL,0,1,NULL,NULL,NULL,NULL,NULL,'20220218104345',1),(418,NULL,'2022-02-18 10:54:50',558,1,NULL,'MME','HILD','Annie','4 Avenue des Pyrénées ','64320','IDRON',333,1,NULL,'Maire de Idron','0559817403',NULL,'06 80 24 66 83',NULL,'ericmassias@mairie-idron.com',NULL,NULL,NULL,NULL,NULL,NULL,NULL,NULL,NULL,NULL,NULL,NULL,0,0,NULL,0,1,NULL,NULL,NULL,NULL,NULL,'20220218104345',1),(419,NULL,'2022-02-18 10:54:50',559,1,NULL,'MR','BERNOS','Michel','6 Rue Charles de Gaulle ','64110','JURANÇON',333,1,NULL,'Maire de Jurançon','0559981970',NULL,NULL,NULL,'i-delpey@mairie-jurancon.fr',NULL,NULL,NULL,NULL,NULL,NULL,NULL,NULL,NULL,NULL,NULL,NULL,0,0,NULL,0,1,NULL,NULL,NULL,NULL,NULL,'20220218104345',1),(420,NULL,'2022-02-18 10:43:47',560,1,NULL,'MR','PATRIARCHE','Nicolas','Hôtel de Ville de Lons - Place Bernard DEYTIEUX - BP 10213 ','64142','LONS CEDEX',333,1,NULL,NULL,'0559403232',NULL,NULL,NULL,'ville-lons@mairie-lons.fr',NULL,NULL,NULL,NULL,NULL,NULL,NULL,NULL,NULL,NULL,NULL,NULL,0,0,NULL,0,1,NULL,NULL,NULL,NULL,NULL,'20220218104345',1),(421,NULL,'2022-02-18 10:43:47',561,1,NULL,'MME','PEDETOUR','Geneviève','Place Royale ','64000','PAU',333,1,NULL,NULL,'0559986575',NULL,NULL,NULL,'j.cazenavegalipienzo@ville-pau.fr',NULL,NULL,NULL,NULL,NULL,NULL,NULL,NULL,NULL,NULL,NULL,NULL,0,0,NULL,0,1,NULL,NULL,NULL,NULL,NULL,'20220218104345',1),(422,NULL,'2022-02-18 10:43:47',561,1,NULL,'MR','CABANE','Marc','Place Royale ','64000','PAU',333,1,NULL,NULL,'0559278580',NULL,NULL,NULL,'m.manuel@ville-pau.fr',NULL,NULL,NULL,NULL,NULL,NULL,NULL,NULL,NULL,NULL,NULL,NULL,0,0,NULL,0,1,NULL,NULL,NULL,NULL,NULL,'20220218104345',1),(423,NULL,'2022-02-18 10:43:47',561,1,NULL,'MR','BAYROU','François','Place Royale ','64000','PAU',333,1,NULL,NULL,'0559278580',NULL,NULL,NULL,'h.pannier@agglo-pau.fr',NULL,NULL,NULL,NULL,NULL,NULL,NULL,NULL,NULL,NULL,NULL,NULL,0,0,NULL,0,1,NULL,NULL,NULL,NULL,NULL,'20220218104345',1),(424,NULL,'2022-02-18 10:54:50',561,1,NULL,'MME','DENIS','Odile','Place Royale ','64000','PAU',333,1,NULL,'Supléante K. BERTONAZZI','0559278580',NULL,NULL,NULL,'j.cazenavegalipienzo@ville-pau.fr',NULL,NULL,NULL,NULL,NULL,NULL,NULL,NULL,NULL,NULL,NULL,NULL,0,0,NULL,0,1,NULL,NULL,NULL,NULL,NULL,'20220218104345',1),(425,NULL,'2022-02-18 10:54:50',563,1,NULL,'MME','DUPONT','Sylvie','Chemin de Devèzes ','64121','SERRES-CASTET',333,1,NULL,'Directrice de Région GRAND PAU','0559653407',NULL,'07 85 52 67 57',NULL,'sylvie.dupont@lefil.com',NULL,NULL,NULL,NULL,NULL,NULL,NULL,NULL,NULL,NULL,NULL,NULL,0,0,NULL,0,1,NULL,NULL,NULL,NULL,NULL,'20220218104345',1),(426,NULL,'2022-02-18 10:43:47',564,1,NULL,'MR','TESTUT','Cédric','78 Rue Olivier de SERRES ','75505','PARIS CEDEX 15',344,1,NULL,NULL,'0144447541',NULL,NULL,NULL,'cedric.testut@orange.com',NULL,NULL,NULL,NULL,NULL,NULL,NULL,NULL,NULL,NULL,NULL,NULL,0,0,NULL,0,1,NULL,NULL,NULL,NULL,NULL,'20220218104345',1),(427,NULL,'2022-02-18 10:43:47',566,1,NULL,'MR','MINET','Jean-Luc','1 Parvis Corto Maltese - CS 31271 ','33076','BORDEAUX CEDEX',302,1,NULL,NULL,'0533638986',NULL,'06 08 24 60 25',NULL,'jean-luc.minet@ceapc.caisse-epargne.fr',NULL,NULL,NULL,NULL,NULL,NULL,NULL,NULL,NULL,NULL,NULL,NULL,0,0,NULL,0,1,NULL,NULL,NULL,NULL,NULL,'20220218104345',1),(428,NULL,'2022-02-18 10:54:50',568,1,NULL,'MR','BLANCHIN','Philippe','2 Place Jean MILLIER - LA DEFENSE 6 - Bureau : COUPOLE 39 G06 ','92078','PARIS LA DEFENSE CEDEX ',361,1,NULL,'Resp. Dépt. Administration finances','0147442381',NULL,NULL,NULL,'philippe.blanchin@total.com',NULL,NULL,NULL,NULL,NULL,NULL,NULL,NULL,NULL,NULL,NULL,NULL,0,0,NULL,0,1,NULL,NULL,NULL,NULL,NULL,'20220218104345',1),(429,NULL,'2022-02-18 10:43:47',561,1,NULL,'MR','CHENEVIÈRE','Thibault','18 Avenue de l\'Eglise Saint Joseph ','64000','PAU',333,1,NULL,NULL,NULL,NULL,'06 77 71 62 51',NULL,'t.cheneviere@ville-pau.fr',NULL,NULL,NULL,NULL,NULL,NULL,NULL,NULL,NULL,NULL,NULL,NULL,0,0,NULL,0,1,NULL,NULL,NULL,NULL,NULL,'20220218104345',1),(430,NULL,'2022-02-18 10:43:47',567,1,NULL,'MR','BERTONAZZI','Kenny','26 Rue Castetnau ','64000','PAU',333,1,NULL,NULL,'0559147879',NULL,NULL,NULL,'kbertonazzi@step-sa.fr',NULL,NULL,NULL,NULL,NULL,NULL,NULL,NULL,NULL,NULL,NULL,NULL,0,0,NULL,0,1,NULL,NULL,NULL,NULL,NULL,'20220218104345',1),(983,'2022-02-22 07:25:24','2022-02-22 07:25:24',208,2,NULL,'MME','TAVARES','Lucia','','','',NULL,1,NULL,'','','','0616317830','','lucia.econet@gmail.com','[]',NULL,NULL,NULL,NULL,NULL,NULL,NULL,NULL,NULL,NULL,NULL,0,0,'',0,19,19,'','',NULL,NULL,NULL,1),(984,'2022-02-22 07:26:23','2022-02-22 07:26:23',208,2,NULL,'MR','TURPIN','Jean-Fred','','','',NULL,1,NULL,'','','','0646002601','','jf.turpin.econet@gmail.com','[]',NULL,NULL,NULL,NULL,NULL,NULL,NULL,NULL,NULL,NULL,NULL,0,0,'',0,19,19,'','',NULL,NULL,NULL,1),(985,'2022-02-23 15:58:46','2022-02-23 15:58:46',86,2,NULL,'MME','HURTAUD','LYDIE','','','',NULL,1,NULL,'','','','','','lydie.hurtaud@laposte.fr','[]',NULL,NULL,NULL,NULL,NULL,NULL,NULL,NULL,NULL,NULL,NULL,0,0,'',0,15,15,'','',NULL,NULL,NULL,1),(986,'2022-02-24 11:34:10','2022-02-24 11:34:10',536,2,NULL,'MR','CROSET','Gilles','','','',NULL,1,NULL,'Comptabilité','04.57.09.00.04','','','','gcroset@alpes-controles.fr','[]',NULL,NULL,NULL,NULL,NULL,NULL,NULL,NULL,NULL,NULL,NULL,0,0,'',0,11,11,'','',NULL,NULL,NULL,1),(987,'2022-03-01 10:00:44','2022-03-01 10:00:44',570,2,NULL,'MME','BEAU','Christine','','','',NULL,1,NULL,'Assistante de direction','','','0685305645','','christine.beau@terega.fr','[]',NULL,NULL,NULL,NULL,NULL,NULL,NULL,NULL,NULL,NULL,NULL,0,0,'',0,19,19,'','',NULL,NULL,NULL,1),(988,'2022-03-01 14:51:57','2022-03-01 14:51:57',571,2,NULL,'MME','DUPIC','Joëlle','','','',NULL,1,NULL,'Service Comptabilité','05.56.63.00.32','','','','joelle.dupic@ademeure.fr','[]',NULL,NULL,NULL,NULL,NULL,NULL,NULL,NULL,NULL,NULL,NULL,0,0,'',0,19,19,'','',NULL,NULL,NULL,1),(989,'2022-03-02 09:07:12','2022-03-02 09:07:12',14,1,NULL,'','STOYANOVA','ANGELINA','','','',NULL,1,NULL,'','','','','','Compta@sitel.com','[]',NULL,NULL,NULL,NULL,NULL,NULL,NULL,NULL,NULL,NULL,NULL,0,0,'',0,10,10,'','',NULL,NULL,NULL,1),(990,'2022-03-02 09:07:57','2022-03-02 09:07:57',14,1,NULL,'MME','STOYANOVA','ANGELINA','','','',NULL,1,NULL,'','','','','','angelina.stoyanova@sitel.com','[]',NULL,NULL,NULL,NULL,NULL,NULL,NULL,NULL,NULL,NULL,NULL,0,0,'',0,10,10,'','',NULL,NULL,NULL,1),(991,'2022-03-02 09:08:39','2022-03-02 09:08:39',14,1,NULL,'MME','BANOVA','POLINA','','','',NULL,1,NULL,'','','','','','Polina.Banova@sitel.com','[]',NULL,NULL,NULL,NULL,NULL,NULL,NULL,NULL,NULL,NULL,NULL,0,0,'',0,10,10,'','',NULL,NULL,NULL,1),(992,'2022-03-02 10:22:55','2022-03-02 10:23:32',91,1,NULL,'MME','DATCHARY','STEPHANIE','PAU CITE MULTIMEDIA\r\nBAT C','64054','PAU CEDEX 09',NULL,1,NULL,'ACCOUNT MANAGER','0559130810','','0620721240','','Stephanie.Datchary@chrobinson.com','[]',NULL,NULL,NULL,NULL,NULL,NULL,NULL,NULL,NULL,NULL,'',0,0,'',0,10,10,'','',NULL,NULL,NULL,1),(993,'2022-03-02 11:31:21','2022-03-02 11:31:21',410,1,NULL,'MME','VERGEZ','JULIE','','','',NULL,1,NULL,'','','','','','j.vergez@helioparc.fr','[]',NULL,NULL,NULL,NULL,NULL,NULL,NULL,NULL,NULL,NULL,NULL,0,0,'',0,10,10,'','',NULL,NULL,NULL,1),(994,'2022-03-02 11:54:06','2022-03-02 11:54:06',56,1,NULL,'','FRANCE','TELEVISIONS','','','',NULL,1,NULL,'','','','','','FTV.facture@francetv.fr','[]',NULL,NULL,NULL,NULL,NULL,NULL,NULL,NULL,NULL,NULL,NULL,0,0,'',0,10,10,'','',NULL,NULL,NULL,1),(995,'2022-03-02 12:44:38','2022-03-02 12:44:38',101,1,NULL,'','HEWLETT','PACKARD','','','',NULL,1,NULL,'','','','','','HPEInvoicesEMEA@cushwake.com','[]',NULL,NULL,NULL,NULL,NULL,NULL,NULL,NULL,NULL,NULL,NULL,0,0,'',0,10,10,'','',NULL,NULL,NULL,1),(996,'2022-03-02 15:08:43','2022-03-02 15:08:43',86,2,NULL,'','TERREE','Frederic','','','',NULL,1,NULL,'','06.69.66.85.66','','','','frederic.terree@laposte.fr','[]',NULL,NULL,NULL,NULL,NULL,NULL,NULL,NULL,NULL,NULL,NULL,0,0,'',0,19,19,'','',NULL,NULL,NULL,1),(997,'2022-03-03 09:27:22','2022-03-03 09:27:22',72,1,NULL,'MME','LAPORTE','SANDRINE','','','',NULL,1,NULL,'','','','0761171323','','sandrine2.laporte@laposte.fr','[]',NULL,NULL,NULL,NULL,NULL,NULL,NULL,NULL,NULL,NULL,NULL,0,0,'',0,10,10,'','',NULL,NULL,NULL,1),(998,'2022-03-03 15:01:13','2022-03-03 15:01:13',86,2,NULL,'MME','SORBET','NATHALIE','','','',NULL,1,NULL,'','','','06 30 36 50 63','','nathalie.sorbet@laposte.fr','[]',NULL,NULL,NULL,NULL,NULL,NULL,NULL,NULL,NULL,NULL,NULL,0,0,'',0,19,19,'','',NULL,NULL,NULL,1),(999,'2022-03-04 08:16:20','2022-03-04 08:16:20',189,2,NULL,'MR','GASTON','STEPHAN','','','',NULL,1,NULL,'','','','','','stephan.gaston@shem.engie.com','[]',NULL,NULL,NULL,NULL,NULL,NULL,NULL,NULL,NULL,NULL,NULL,0,0,'',0,15,15,'','',NULL,NULL,NULL,1),(1000,'2022-03-07 08:32:30','2022-03-07 08:32:44',496,2,NULL,'MR','ADER','Nicolas','4 Rue Thomas Edison','6400','PAU',NULL,1,NULL,'','','','0626543707','','contact@middleweb.net','[]',NULL,NULL,NULL,NULL,NULL,NULL,NULL,NULL,NULL,NULL,'',0,0,'',0,15,15,'','',NULL,NULL,NULL,1),(1001,'2022-03-07 15:51:30','2022-03-07 15:51:30',145,2,NULL,'MR','PASQUINELLI','JEROME','4 RUE THOMAS EDISON','64000','PAU',NULL,1,NULL,'','','','','','contact@dondusens.fr','[]',NULL,NULL,NULL,NULL,NULL,NULL,NULL,NULL,NULL,NULL,NULL,0,0,'',0,15,15,'','',NULL,NULL,NULL,1),(1002,'2022-03-07 15:52:26','2022-03-07 15:52:26',145,2,NULL,'','GAUME','SEBATSIEN','4 RUE THOMAS EDISON','64000','PAU',NULL,1,NULL,'','','','','','contact@dondusens.fr','[]',NULL,NULL,NULL,NULL,NULL,NULL,NULL,NULL,NULL,NULL,NULL,0,0,'',0,15,15,'','',NULL,NULL,NULL,1),(1003,'2022-03-08 14:25:43','2022-03-08 14:25:43',128,2,NULL,'','IKAN','HASSAN','','','',NULL,1,NULL,'','','','','','hassan.ikan@axa.fr','[]',NULL,NULL,NULL,NULL,NULL,NULL,NULL,NULL,NULL,NULL,NULL,0,0,'',0,15,15,'','',NULL,NULL,NULL,1),(1004,'2022-03-09 13:44:25','2022-03-09 13:44:25',181,2,NULL,'MME','CRAMPE','JULIE','3 RUE THOMAS EDISON','','',NULL,1,NULL,'','','','','','Julie.Crampe@seaowlgroup.com','[]',NULL,NULL,NULL,NULL,NULL,NULL,NULL,NULL,NULL,NULL,NULL,0,0,'',0,15,15,'','',NULL,NULL,NULL,1),(1005,'2022-03-10 08:15:56','2022-03-10 08:15:56',114,1,NULL,'MME','TAMARA','SACRÉ','25 Avenue du Pré-Aily\r\nParc Scientifique du Sart-Tilman','4031','LIEGE',NULL,2,NULL,'','+32 4 287 10 70','','','','t.sacre@v2i.be','[]',NULL,NULL,NULL,NULL,NULL,NULL,NULL,NULL,NULL,NULL,NULL,0,0,'',0,10,10,'','',NULL,NULL,NULL,1),(1006,'2022-03-10 08:19:38','2022-03-10 08:19:38',114,1,NULL,'','V2I FR SAS','PAU','2 RUE THOMAS EDISON\r\nPAU CITE MULTIMEDIA BAT A','64054','PAU CEDEX 09',NULL,1,NULL,'','','','','','','[]',NULL,NULL,NULL,NULL,NULL,NULL,NULL,NULL,NULL,NULL,NULL,0,0,'',0,10,10,'','',NULL,NULL,NULL,1),(1007,'2022-03-10 08:21:52','2022-03-10 08:21:52',114,1,NULL,'','V2I FR SAS','PAU','2 RUE THOMAS EDISON\r\nPAU CITE MULTIMEDIA BAT A','64054','PAU CEDEX 09',NULL,1,NULL,'','','','','','','[]',NULL,NULL,NULL,NULL,NULL,NULL,NULL,NULL,NULL,NULL,NULL,0,0,'',0,10,10,'','',NULL,NULL,NULL,1),(1008,'2022-03-10 08:22:12','2022-03-10 08:22:12',114,1,NULL,'','V2I FR SAS','PAU','2 RUE THOMAS EDISON\r\nPAU CITE MULTIMEDIA BAT A','64054','PAU CEDEX 09',NULL,1,NULL,'','','','','','','[]',NULL,NULL,NULL,NULL,NULL,NULL,NULL,NULL,NULL,NULL,NULL,0,0,'',0,10,10,'','',NULL,NULL,NULL,1),(1009,'2022-03-10 09:14:52','2022-03-10 09:14:52',88,1,NULL,'MME','THAO','TRAN','','','',NULL,1,NULL,'','','','','','contact@prev-conseil.com','[]',NULL,NULL,NULL,NULL,NULL,NULL,NULL,NULL,NULL,NULL,NULL,0,0,'',0,10,10,'','',NULL,NULL,NULL,1),(1010,'2022-03-11 06:57:22','2022-03-11 06:57:22',572,2,NULL,'MR','VERDIER','Jean-Luc','154 Avenue Alfred NOBEL','64000','PAU',NULL,1,NULL,'Directeur','','','06 81 76 27 08','','jlverdier@capemploibearn.fr','[]',NULL,NULL,NULL,NULL,NULL,NULL,NULL,NULL,NULL,NULL,NULL,0,0,'',0,19,19,'','',NULL,NULL,NULL,1),(1011,'2022-03-11 12:53:00','2022-03-11 12:53:00',86,2,NULL,'MME','DAGON','Rene','','','',NULL,1,NULL,'','','','','','rene.dagon@laposte.fr','[]',NULL,NULL,NULL,NULL,NULL,NULL,NULL,NULL,NULL,NULL,NULL,0,0,'',0,15,15,'','',NULL,NULL,NULL,1),(1012,'2022-03-14 15:03:20','2022-03-14 15:03:20',502,2,NULL,'MME','AARRAD','Lauranne','','','',NULL,1,NULL,'','','','','','laarrad@umanis.com','[]',NULL,NULL,NULL,NULL,NULL,NULL,NULL,NULL,NULL,NULL,NULL,0,0,'',0,15,15,'','',NULL,NULL,NULL,1),(1013,'2022-03-15 14:47:52','2022-03-15 14:47:52',573,2,NULL,'MR','TORRICO','DIDIER','','','',NULL,1,NULL,'PROPRIETAIRE','','','06 73 63 50 64','','api.64.didier@gmail.com','[]',NULL,NULL,NULL,NULL,NULL,NULL,NULL,NULL,NULL,NULL,NULL,0,0,'',0,19,19,'','',NULL,NULL,NULL,1),(1014,'2022-03-16 10:20:54','2022-03-29 09:24:04',574,2,NULL,'MME','GABASTON','Aurélie','Bâtiment Cassiopée\r\n2 rue Pierre Gilles de Gennes\r\n64140 LONS','','',NULL,1,NULL,'','','','0661737505','','aurelie.gabaston@capgemini.com','[]',NULL,NULL,NULL,NULL,NULL,NULL,NULL,NULL,NULL,NULL,'',0,0,'',0,19,19,'','',NULL,NULL,NULL,1),(1015,'2022-03-17 07:19:00','2022-03-17 07:19:00',138,2,NULL,'MME','OLIVARES','SANDRA','','','',NULL,1,NULL,'','','','','','Sandra.OLIVARES@cnfpt.fr','[]',NULL,NULL,NULL,NULL,NULL,NULL,NULL,NULL,NULL,NULL,NULL,0,0,'',0,15,15,'','',NULL,NULL,NULL,1),(1016,'2022-03-17 08:14:38','2022-03-17 08:14:38',523,2,NULL,'MR','BERIT-DEBAT','THIERRY','','','',NULL,1,NULL,'','','','','','thierry.berit-debat@csgroup.eu','[]',NULL,NULL,NULL,NULL,NULL,NULL,NULL,NULL,NULL,NULL,NULL,0,0,'',0,15,15,'','',NULL,NULL,NULL,1),(1017,'2022-03-17 10:00:00','2022-03-17 10:00:00',509,2,NULL,'MME','LEFRANC','ELISABETH','','','',NULL,1,NULL,'','','','','','elisabeth.lefranc@francetv.fr','[]',NULL,NULL,NULL,NULL,NULL,NULL,NULL,NULL,NULL,NULL,NULL,0,0,'',0,15,15,'','',NULL,NULL,NULL,1),(1018,'2022-03-18 12:28:31','2022-03-18 12:28:31',575,2,NULL,'MME','LECETRE','LYDIA','','','',NULL,1,NULL,'','','','0648834200','','contact@reiki-yoga.fr','[]',NULL,NULL,NULL,NULL,NULL,NULL,NULL,NULL,NULL,NULL,NULL,0,0,'',0,19,19,'','',NULL,NULL,NULL,1),(1019,'2022-03-18 12:56:25','2022-05-02 14:56:14',128,2,NULL,'MR','ESPLAN','GUILLAUME','3, rue Thomas Edison','64054','PAU CEDEX 09',NULL,1,NULL,'','','','','','guillaume.esplan@axa.fr','[]',NULL,NULL,NULL,NULL,NULL,NULL,NULL,NULL,NULL,NULL,'',0,0,'',0,15,11,'','',NULL,NULL,NULL,1),(1020,'2022-03-21 14:10:55','2022-03-21 14:10:55',520,2,NULL,'','CONTACT','SSLE','','','',NULL,1,NULL,'','','','','','contact@aspcm.fr','[]',NULL,NULL,NULL,NULL,NULL,NULL,NULL,NULL,NULL,NULL,NULL,0,0,'',0,15,15,'','',NULL,NULL,NULL,1),(1021,'2022-03-28 12:57:03','2022-03-28 12:57:03',482,2,NULL,'MR','VINCHON','Cyril','','','',NULL,1,NULL,'','','','','','c.vinchon@anglofile.fr','[]',NULL,NULL,NULL,NULL,NULL,NULL,NULL,NULL,NULL,NULL,NULL,0,0,'',0,15,15,'','',NULL,NULL,NULL,1),(1022,'2022-03-29 06:33:55','2022-03-29 06:33:55',142,2,NULL,'MME','BERINI','Sarah','','','',NULL,1,NULL,'Assistante comptable','','','','','sarah.berini@creativexpertiz.fr','[]',NULL,NULL,NULL,NULL,NULL,NULL,NULL,NULL,NULL,NULL,NULL,0,0,'',0,11,11,'','',NULL,NULL,NULL,1),(1023,'2022-04-05 06:06:30','2022-04-05 06:06:30',181,2,NULL,'MR','PELE','SAMUEL','','','',NULL,1,NULL,'','','','0638393322','','samuel.pele@seaowlgroup.com','[]',NULL,NULL,NULL,NULL,NULL,NULL,NULL,NULL,NULL,NULL,NULL,0,0,'',0,19,19,'','',NULL,NULL,NULL,1),(1024,'2022-04-07 14:48:28','2022-04-07 14:48:28',151,2,NULL,'','Maryan','Hary','13 rue Faraday','64054','PAU CEDEX 09',NULL,1,NULL,'','','','','','maryan.hary@generali.com','[]',NULL,NULL,NULL,NULL,NULL,NULL,NULL,NULL,NULL,NULL,NULL,0,0,'',0,11,11,'','',NULL,NULL,NULL,1),(1025,'2022-04-08 05:49:07','2022-04-08 05:49:07',515,2,NULL,'MME','BRANDAM','MARYLINE','227 avenue Alfred Nobel','64000','PAU',NULL,1,NULL,'Service social','','','06 45 90 96 73','','maryline.brandam@arsilon.com','[]',NULL,NULL,NULL,NULL,NULL,NULL,NULL,NULL,NULL,NULL,NULL,0,0,'',0,19,19,'','',NULL,NULL,NULL,1),(1026,'2022-04-22 09:18:18','2022-04-22 07:18:18',128,2,NULL,'MR','BERTIN','Frédéric','','','',NULL,1,NULL,'','','','','','frederic.bertin@axa.fr','[]',NULL,NULL,NULL,NULL,NULL,NULL,NULL,NULL,NULL,NULL,NULL,0,0,'',0,15,15,'','',NULL,NULL,NULL,1),(1027,'2022-04-22 15:05:48','2022-04-22 13:12:03',86,2,NULL,'MME','Pibourret','Sabrina','','','',NULL,1,NULL,'','','','','','sabrina.pibourret@laposte.fr','[]',NULL,NULL,NULL,NULL,NULL,NULL,NULL,NULL,NULL,NULL,'',0,0,'',0,15,15,'','',NULL,NULL,NULL,1),(1028,'2022-04-27 16:04:15','2022-04-27 14:04:15',128,2,NULL,'MR','SOUBIES','PATRICK','','','',NULL,1,NULL,'','','','','','patrick.soubies@axa.fr','[]',NULL,NULL,NULL,NULL,NULL,NULL,NULL,NULL,NULL,NULL,NULL,0,0,'',0,15,15,'','',NULL,NULL,NULL,1),(1029,'2022-05-03 14:44:20','2022-05-03 12:45:17',151,2,NULL,'MR','MARYAN','HARY','13, rue Faraday','64054','PAU CEDEX 09',NULL,1,NULL,'','','','','','','[]',NULL,NULL,NULL,NULL,NULL,NULL,NULL,NULL,NULL,NULL,'',0,0,'',0,11,11,'','',NULL,NULL,NULL,1),(1030,'2022-05-05 12:28:06','2022-05-05 10:28:06',578,2,NULL,'MME','BARTHE','ISABELLE','','','',NULL,1,NULL,'','05 56 12 17 97','','','','ibarthe@gihp-aquitaine.org','[]',NULL,NULL,NULL,NULL,NULL,NULL,NULL,NULL,NULL,NULL,NULL,0,0,'',0,19,19,'','',NULL,NULL,NULL,1),(1031,'2022-05-05 13:43:11','2022-05-05 11:46:25',118,2,NULL,'','SCI ABL PATRIMOINE','','3, rue Thomas Edison','64054','PAU Cedex 09',NULL,1,NULL,'','','','','','sandrine.ganzagain@abl-avocats.com','[]',NULL,NULL,NULL,NULL,NULL,NULL,NULL,NULL,NULL,NULL,'',0,0,'',0,11,11,'','',NULL,NULL,NULL,0),(1032,'2022-05-05 13:59:32','2022-05-05 11:59:32',579,2,NULL,'MME','GANZAGAIN','Sandrine','','','',NULL,1,NULL,'','','','','','sandrine.ganzagain@abl-avocats.com','[]',NULL,NULL,NULL,NULL,NULL,NULL,NULL,NULL,NULL,NULL,NULL,0,0,'',0,11,11,'','',NULL,NULL,NULL,1);

--
-- Table structure for table `llx_socpeople_extrafields`
--

CREATE TABLE `llx_socpeople_extrafields` (
  `rowid` int(11) NOT NULL AUTO_INCREMENT,
  `tms` timestamp NOT NULL DEFAULT current_timestamp() ON UPDATE current_timestamp(),
  `fk_object` int(11) NOT NULL,
  `import_key` varchar(14) COLLATE utf8_unicode_ci DEFAULT NULL,
  PRIMARY KEY (`rowid`),
  KEY `idx_socpeople_extrafields` (`fk_object`)
) ENGINE=InnoDB DEFAULT CHARSET=utf8 COLLATE=utf8_unicode_ci;

--
-- Dumping data for table `llx_socpeople_extrafields`
--


--
-- Table structure for table `llx_stock_mouvement`
--

CREATE TABLE `llx_stock_mouvement` (
  `rowid` int(11) NOT NULL AUTO_INCREMENT,
  `tms` timestamp NOT NULL DEFAULT current_timestamp() ON UPDATE current_timestamp(),
  `datem` datetime DEFAULT NULL,
  `fk_product` int(11) NOT NULL,
  `batch` varchar(128) COLLATE utf8_unicode_ci DEFAULT NULL,
  `eatby` date DEFAULT NULL,
  `sellby` date DEFAULT NULL,
  `fk_entrepot` int(11) NOT NULL,
  `value` double DEFAULT NULL,
  `price` double(24,8) DEFAULT 0.00000000,
  `type_mouvement` smallint(6) DEFAULT NULL,
  `fk_user_author` int(11) DEFAULT NULL,
  `label` varchar(255) COLLATE utf8_unicode_ci DEFAULT NULL,
  `inventorycode` varchar(128) COLLATE utf8_unicode_ci DEFAULT NULL,
  `fk_project` int(11) DEFAULT NULL,
  `fk_origin` int(11) DEFAULT NULL,
  `origintype` varchar(32) COLLATE utf8_unicode_ci DEFAULT NULL,
  `model_pdf` varchar(255) COLLATE utf8_unicode_ci DEFAULT NULL,
  `fk_projet` int(11) NOT NULL DEFAULT 0,
  PRIMARY KEY (`rowid`),
  KEY `idx_stock_mouvement_fk_product` (`fk_product`),
  KEY `idx_stock_mouvement_fk_entrepot` (`fk_entrepot`)
) ENGINE=InnoDB AUTO_INCREMENT=8 DEFAULT CHARSET=utf8 COLLATE=utf8_unicode_ci;

--
-- Dumping data for table `llx_stock_mouvement`
--

INSERT INTO `llx_stock_mouvement` (`rowid`, `tms`, `datem`, `fk_product`, `batch`, `eatby`, `sellby`, `fk_entrepot`, `value`, `price`, `type_mouvement`, `fk_user_author`, `label`, `inventorycode`, `fk_project`, `fk_origin`, `origintype`, `model_pdf`, `fk_projet`) VALUES (1,'2022-02-01 10:47:46','2022-02-01 10:47:46',639,NULL,NULL,NULL,1,-30,1.00000000,2,15,'Commande CO2201-0015 valid&eacute;e',NULL,NULL,54,'commande',NULL,0),(2,'2022-02-01 12:47:54','2022-02-01 12:47:54',647,NULL,NULL,NULL,1,-15,4.00000000,2,15,'Commande CO2201-0021 valid&eacute;e',NULL,NULL,18,'commande',NULL,0),(3,'2022-02-01 12:47:54','2022-02-01 12:47:54',639,NULL,NULL,NULL,1,-15,0.00000000,2,15,'Commande CO2201-0021 valid&eacute;e',NULL,NULL,18,'commande',NULL,0),(4,'2022-02-01 12:47:54','2022-02-01 12:47:54',643,NULL,NULL,NULL,1,-30,0.00000000,2,15,'Commande CO2201-0021 valid&eacute;e',NULL,NULL,18,'commande',NULL,0),(5,'2022-02-01 12:47:54','2022-02-01 12:47:54',645,NULL,NULL,NULL,1,-1.5,0.00000000,2,15,'Commande CO2201-0021 valid&eacute;e',NULL,NULL,18,'commande',NULL,0),(6,'2022-02-01 12:47:54','2022-02-01 12:47:54',648,NULL,NULL,NULL,1,-1.5,0.00000000,2,15,'Commande CO2201-0021 valid&eacute;e',NULL,NULL,18,'commande',NULL,0),(7,'2022-02-06 14:40:21','2022-02-06 14:40:21',639,NULL,NULL,NULL,1,-30,1.00000000,2,1,'Commande CO2202-0040 valid&eacute;e',NULL,NULL,78,'commande',NULL,0);

--
-- Table structure for table `llx_subscription`
--

CREATE TABLE `llx_subscription` (
  `rowid` int(11) NOT NULL AUTO_INCREMENT,
  `tms` timestamp NOT NULL DEFAULT current_timestamp() ON UPDATE current_timestamp(),
  `datec` datetime DEFAULT NULL,
  `fk_adherent` int(11) DEFAULT NULL,
  `fk_type` int(11) DEFAULT NULL,
  `dateadh` datetime DEFAULT NULL,
  `datef` datetime DEFAULT NULL,
  `subscription` double(24,8) DEFAULT NULL,
  `fk_bank` int(11) DEFAULT NULL,
  `fk_user_creat` int(11) DEFAULT NULL,
  `fk_user_valid` int(11) DEFAULT NULL,
  `note` text COLLATE utf8_unicode_ci DEFAULT NULL,
  PRIMARY KEY (`rowid`),
  UNIQUE KEY `uk_subscription` (`fk_adherent`,`dateadh`)
) ENGINE=InnoDB DEFAULT CHARSET=utf8 COLLATE=utf8_unicode_ci;

--
-- Dumping data for table `llx_subscription`
--


--
-- Table structure for table `llx_supplier_proposal`
--

CREATE TABLE `llx_supplier_proposal` (
  `rowid` int(11) NOT NULL AUTO_INCREMENT,
  `ref` varchar(30) COLLATE utf8_unicode_ci NOT NULL,
  `entity` int(11) NOT NULL DEFAULT 1,
  `ref_ext` varchar(255) COLLATE utf8_unicode_ci DEFAULT NULL,
  `ref_int` varchar(255) COLLATE utf8_unicode_ci DEFAULT NULL,
  `fk_soc` int(11) DEFAULT NULL,
  `fk_projet` int(11) DEFAULT NULL,
  `tms` timestamp NOT NULL DEFAULT current_timestamp() ON UPDATE current_timestamp(),
  `datec` datetime DEFAULT NULL,
  `date_valid` datetime DEFAULT NULL,
  `date_cloture` datetime DEFAULT NULL,
  `fk_user_author` int(11) DEFAULT NULL,
  `fk_user_modif` int(11) DEFAULT NULL,
  `fk_user_valid` int(11) DEFAULT NULL,
  `fk_user_cloture` int(11) DEFAULT NULL,
  `fk_statut` smallint(6) NOT NULL DEFAULT 0,
  `price` double DEFAULT 0,
  `remise_percent` double DEFAULT 0,
  `remise_absolue` double DEFAULT 0,
  `remise` double DEFAULT 0,
  `total_ht` double(24,8) DEFAULT 0.00000000,
  `total_tva` double(24,8) DEFAULT 0.00000000,
  `localtax1` double(24,8) DEFAULT 0.00000000,
  `localtax2` double(24,8) DEFAULT 0.00000000,
  `total_ttc` double(24,8) DEFAULT 0.00000000,
  `fk_account` int(11) DEFAULT NULL,
  `fk_currency` varchar(3) COLLATE utf8_unicode_ci DEFAULT NULL,
  `fk_cond_reglement` int(11) DEFAULT NULL,
  `fk_mode_reglement` int(11) DEFAULT NULL,
  `note_private` text COLLATE utf8_unicode_ci DEFAULT NULL,
  `note_public` text COLLATE utf8_unicode_ci DEFAULT NULL,
  `model_pdf` varchar(255) COLLATE utf8_unicode_ci DEFAULT NULL,
  `last_main_doc` varchar(255) COLLATE utf8_unicode_ci DEFAULT NULL,
  `date_livraison` date DEFAULT NULL,
  `fk_shipping_method` int(11) DEFAULT NULL,
  `import_key` varchar(14) COLLATE utf8_unicode_ci DEFAULT NULL,
  `extraparams` varchar(255) COLLATE utf8_unicode_ci DEFAULT NULL,
  `fk_multicurrency` int(11) DEFAULT NULL,
  `multicurrency_code` varchar(255) COLLATE utf8_unicode_ci DEFAULT NULL,
  `multicurrency_tx` double(24,8) DEFAULT 1.00000000,
  `multicurrency_total_ht` double(24,8) DEFAULT 0.00000000,
  `multicurrency_total_tva` double(24,8) DEFAULT 0.00000000,
  `multicurrency_total_ttc` double(24,8) DEFAULT 0.00000000,
  PRIMARY KEY (`rowid`)
) ENGINE=InnoDB DEFAULT CHARSET=utf8 COLLATE=utf8_unicode_ci;

--
-- Dumping data for table `llx_supplier_proposal`
--


--
-- Table structure for table `llx_supplier_proposal_extrafields`
--

CREATE TABLE `llx_supplier_proposal_extrafields` (
  `rowid` int(11) NOT NULL AUTO_INCREMENT,
  `tms` timestamp NOT NULL DEFAULT current_timestamp() ON UPDATE current_timestamp(),
  `fk_object` int(11) NOT NULL,
  `import_key` varchar(14) COLLATE utf8_unicode_ci DEFAULT NULL,
  PRIMARY KEY (`rowid`),
  KEY `idx_supplier_proposal_extrafields` (`fk_object`)
) ENGINE=InnoDB DEFAULT CHARSET=utf8 COLLATE=utf8_unicode_ci;

--
-- Dumping data for table `llx_supplier_proposal_extrafields`
--


--
-- Table structure for table `llx_supplier_proposaldet`
--

CREATE TABLE `llx_supplier_proposaldet` (
  `rowid` int(11) NOT NULL AUTO_INCREMENT,
  `fk_supplier_proposal` int(11) NOT NULL,
  `fk_parent_line` int(11) DEFAULT NULL,
  `fk_product` int(11) DEFAULT NULL,
  `label` varchar(255) COLLATE utf8_unicode_ci DEFAULT NULL,
  `description` text COLLATE utf8_unicode_ci DEFAULT NULL,
  `fk_remise_except` int(11) DEFAULT NULL,
  `vat_src_code` varchar(10) COLLATE utf8_unicode_ci DEFAULT '',
  `tva_tx` double(6,3) DEFAULT 0.000,
  `localtax1_tx` double(6,3) DEFAULT 0.000,
  `localtax1_type` varchar(10) COLLATE utf8_unicode_ci DEFAULT NULL,
  `localtax2_tx` double(6,3) DEFAULT 0.000,
  `localtax2_type` varchar(10) COLLATE utf8_unicode_ci DEFAULT NULL,
  `qty` double DEFAULT NULL,
  `remise_percent` double DEFAULT 0,
  `remise` double DEFAULT 0,
  `price` double DEFAULT NULL,
  `subprice` double(24,8) DEFAULT 0.00000000,
  `total_ht` double(24,8) DEFAULT 0.00000000,
  `total_tva` double(24,8) DEFAULT 0.00000000,
  `total_localtax1` double(24,8) DEFAULT 0.00000000,
  `total_localtax2` double(24,8) DEFAULT 0.00000000,
  `total_ttc` double(24,8) DEFAULT 0.00000000,
  `product_type` int(11) DEFAULT 0,
  `date_start` datetime DEFAULT NULL,
  `date_end` datetime DEFAULT NULL,
  `info_bits` int(11) DEFAULT 0,
  `buy_price_ht` double(24,8) DEFAULT 0.00000000,
  `fk_product_fournisseur_price` int(11) DEFAULT NULL,
  `special_code` int(11) DEFAULT 0,
  `rang` int(11) DEFAULT 0,
  `ref_fourn` varchar(30) COLLATE utf8_unicode_ci DEFAULT NULL,
  `fk_multicurrency` int(11) DEFAULT NULL,
  `multicurrency_code` varchar(255) COLLATE utf8_unicode_ci DEFAULT NULL,
  `multicurrency_subprice` double(24,8) DEFAULT 0.00000000,
  `multicurrency_total_ht` double(24,8) DEFAULT 0.00000000,
  `multicurrency_total_tva` double(24,8) DEFAULT 0.00000000,
  `multicurrency_total_ttc` double(24,8) DEFAULT 0.00000000,
  `fk_unit` int(11) DEFAULT NULL,
  PRIMARY KEY (`rowid`),
  KEY `idx_supplier_proposaldet_fk_supplier_proposal` (`fk_supplier_proposal`),
  KEY `idx_supplier_proposaldet_fk_product` (`fk_product`),
  KEY `fk_supplier_proposaldet_fk_unit` (`fk_unit`),
  CONSTRAINT `fk_supplier_proposaldet_fk_supplier_proposal` FOREIGN KEY (`fk_supplier_proposal`) REFERENCES `llx_supplier_proposal` (`rowid`),
  CONSTRAINT `fk_supplier_proposaldet_fk_unit` FOREIGN KEY (`fk_unit`) REFERENCES `llx_c_units` (`rowid`)
) ENGINE=InnoDB DEFAULT CHARSET=utf8 COLLATE=utf8_unicode_ci;

--
-- Dumping data for table `llx_supplier_proposaldet`
--


--
-- Table structure for table `llx_supplier_proposaldet_extrafields`
--

CREATE TABLE `llx_supplier_proposaldet_extrafields` (
  `rowid` int(11) NOT NULL AUTO_INCREMENT,
  `tms` timestamp NOT NULL DEFAULT current_timestamp() ON UPDATE current_timestamp(),
  `fk_object` int(11) NOT NULL,
  `import_key` varchar(14) COLLATE utf8_unicode_ci DEFAULT NULL,
  `show_total_ht` int(10) DEFAULT NULL,
  `show_reduc` int(10) DEFAULT NULL,
  PRIMARY KEY (`rowid`),
  KEY `idx_supplier_proposaldet_extrafields` (`fk_object`)
) ENGINE=InnoDB DEFAULT CHARSET=utf8 COLLATE=utf8_unicode_ci;

--
-- Dumping data for table `llx_supplier_proposaldet_extrafields`
--


--
-- Table structure for table `llx_takepos_floor_tables`
--

CREATE TABLE `llx_takepos_floor_tables` (
  `rowid` int(11) NOT NULL AUTO_INCREMENT,
  `entity` int(11) NOT NULL DEFAULT 1,
  `label` varchar(255) COLLATE utf8_unicode_ci DEFAULT NULL,
  `leftpos` float DEFAULT NULL,
  `toppos` float DEFAULT NULL,
  `floor` smallint(6) DEFAULT NULL,
  PRIMARY KEY (`rowid`)
) ENGINE=InnoDB DEFAULT CHARSET=utf8 COLLATE=utf8_unicode_ci;

--
-- Dumping data for table `llx_takepos_floor_tables`
--


--
-- Table structure for table `llx_ticket`
--

CREATE TABLE `llx_ticket` (
  `rowid` int(11) NOT NULL AUTO_INCREMENT,
  `entity` int(11) DEFAULT 1,
  `ref` varchar(128) COLLATE utf8_unicode_ci NOT NULL,
  `track_id` varchar(128) COLLATE utf8_unicode_ci NOT NULL,
  `fk_soc` int(11) DEFAULT 0,
  `fk_project` int(11) DEFAULT 0,
  `origin_email` varchar(128) COLLATE utf8_unicode_ci DEFAULT NULL,
  `fk_user_create` int(11) DEFAULT NULL,
  `fk_user_assign` int(11) DEFAULT NULL,
  `subject` varchar(255) COLLATE utf8_unicode_ci DEFAULT NULL,
  `message` text COLLATE utf8_unicode_ci DEFAULT NULL,
  `fk_statut` int(11) DEFAULT NULL,
  `resolution` int(11) DEFAULT NULL,
  `progress` varchar(100) COLLATE utf8_unicode_ci DEFAULT NULL,
  `timing` varchar(20) COLLATE utf8_unicode_ci DEFAULT NULL,
  `type_code` varchar(32) COLLATE utf8_unicode_ci DEFAULT NULL,
  `category_code` varchar(32) COLLATE utf8_unicode_ci DEFAULT NULL,
  `severity_code` varchar(32) COLLATE utf8_unicode_ci DEFAULT NULL,
  `datec` datetime DEFAULT NULL,
  `date_read` datetime DEFAULT NULL,
  `date_close` datetime DEFAULT NULL,
  `notify_tiers_at_create` tinyint(4) DEFAULT NULL,
  `email_msgid` varchar(255) COLLATE utf8_unicode_ci DEFAULT NULL,
  `tms` timestamp NOT NULL DEFAULT current_timestamp() ON UPDATE current_timestamp(),
  `import_key` varchar(14) COLLATE utf8_unicode_ci DEFAULT NULL,
  PRIMARY KEY (`rowid`),
  UNIQUE KEY `uk_ticket_track_id` (`track_id`),
  UNIQUE KEY `uk_ticket_ref` (`ref`,`entity`),
  KEY `idx_ticket_entity` (`entity`),
  KEY `idx_ticket_fk_soc` (`fk_soc`),
  KEY `idx_ticket_fk_user_assign` (`fk_user_assign`),
  KEY `idx_ticket_fk_project` (`fk_project`),
  KEY `idx_ticket_fk_statut` (`fk_statut`)
) ENGINE=InnoDB AUTO_INCREMENT=164 DEFAULT CHARSET=utf8 COLLATE=utf8_unicode_ci;

--
-- Dumping data for table `llx_ticket`
--

INSERT INTO `llx_ticket` (`rowid`, `entity`, `ref`, `track_id`, `fk_soc`, `fk_project`, `origin_email`, `fk_user_create`, `fk_user_assign`, `subject`, `message`, `fk_statut`, `resolution`, `progress`, `timing`, `type_code`, `category_code`, `severity_code`, `datec`, `date_read`, `date_close`, `notify_tiers_at_create`, `email_msgid`, `tms`, `import_key`) VALUES (1,2,'TS2201-0011','h59i1g6df81f3prj',504,NULL,NULL,15,14,'cuvette wc femme','Bonjour,\r\n\r\nJe vous remercie de changer la cuvette du 1er toilette femme du 2ème étage ainsi que la plaque du plafond dans le toilette handicapé du 2ème étage s’il vous plaît.',8,NULL,'100','NORMAL','SANI','NOR','NORMAL','2022-01-20 10:30:45','2022-01-31 07:13:29','2022-01-31 07:13:41',0,NULL,'2022-01-31 07:13:41',NULL),(2,2,'TS2104-0001','7tovNS8zVc6UFE8V',502,0,NULL,15,14,'TICKETS UMANIS VU AVEC JEROME','Bonjour,  Suite à notre entrevue de ce mercredi 21 Avril avec Jérôme pouvez-vous svp ouvrir des tickets pour les points que nous avons abordés :  -          Remplacement de certaines dalles du faux plafond.  -          Voir s\'il reste un carré de moquette gris clair pour changement d\'un carré qui est taché.  -          Un filet d\'eau coule lorsqu\'on tire la chasse du WC handicapé femme  -          Nettoyage du groupe électrogène  Merci par avance.  Bonne journée.  Cordialement',8,NULL,'100','NORMAL','CHAU','DEV','NORMAL','2021-04-22 00:00:00','2022-01-04 00:00:00','2022-03-17 07:48:48',NULL,NULL,'2022-03-17 07:48:48','pragmainit'),(3,2,'TS2108-0002','ptt4yee07hz03lcy',134,0,NULL,15,14,'climatisation défaillante','Bonjour, Malgré plusieurs interventions, la climatisation de l\'aile ouest des bureaux ne fonctionne toujours pas . Merci de bien vouloir ouvrir un nouveau ticket Cordialement / Regards Richard Sausset                                                                 International Sourcing / Expediting manager   ',3,NULL,NULL,'NORMAL','CLIM','DEV','NORMAL','2021-08-11 00:00:00','2022-01-04 00:00:00',NULL,NULL,NULL,'2022-01-21 16:52:08','pragmainit'),(4,2,'TS2109-0003','w6xjkg81ee30feak',173,0,NULL,15,14,'PROBLEME CLIMATISATION','Bonjour,  Nous avons toujours un problème de climatisation dans le box médecin. Pouvez vous faire le nécessaire s\'il vous plaît?  Vous en remerciant par avance.  Cordialement.  le secrétariat POINT VISION PAU ',8,NULL,'100','NORMAL','CLIM','DEV','NORMAL','2021-09-10 00:00:00','2022-01-04 00:00:00','2022-03-07 16:19:17',NULL,NULL,'2022-03-07 16:19:17','pragmainit'),(5,2,'TS2109-0004','frkmguc8iln0dcqy',504,0,NULL,15,14,'PROBLEME CLIMATISATION','Bonjour,  Je vous remercie d\'intervenir sur la climatisation au fond du grand plateau au 1er étage car elle ne fonctionne pas correctement s\'il vous plaît.  Cordialement, Stéphanie BUCHOT',8,NULL,'100','NORMAL','CLIM','EXP','NORMAL','2021-09-22 00:00:00','2022-02-21 12:28:43','2022-02-21 12:28:56',NULL,NULL,'2022-02-21 12:28:56','pragmainit'),(6,2,'TS2109-0005','12tvfpaejs2z66kf',512,0,NULL,15,14,'PROBLEME CLIM','Bonjour,   La climatisation dans le bureau de Monsieur Lamy dans le Centre d\'Affaires fait du bruit même sur le niveau 1.  Pouvez-vous intervenir ?   Merci d\'avance,  ',8,NULL,'100','NORMAL','CLIM','DEV','NORMAL','2021-09-27 00:00:00','2022-02-15 15:17:29','2022-02-15 15:17:33',NULL,NULL,'2022-02-15 15:17:33','pragmainit'),(7,2,'TS2110-0006','zdn1gaod7n9chnjc',491,0,NULL,15,14,'DEFAUT DE CHAUFFAGE ','Bonjour ,  La société HERMES au bâtiment C a des dysfonctionnements  sur les chauffages, certains soufflent de l\'air froid et non de l\'air chaud.  Merci pour votre intervention ',2,NULL,'100','NORMAL','CHAU','EXP','NORMAL','2021-10-25 00:00:00','2022-01-04 00:00:00','2022-03-17 08:18:05',NULL,NULL,'2022-03-18 12:39:27','pragmainit'),(8,2,'TS2111-0007','drw31cggwgr40g0j',501,0,NULL,15,14,'PROBLEME CHAUFFAGE','Bonsoir,  Comme constaté ce soir en présence de Jérôme, la cassette de chauffage du bureau C113 (1er étage Aile C) ne s\'enclenche pas lorsqu\'on la sollicite via la télécommande.  De plus le logiciel de la GTC indique « fenêtre ouverte » or il n\'y a pas de fenêtre qu\'on puisse ouvrir dans ce bureau…  Comme convenu je demande l\'ouverture d\'un ticket pour une vérification future des raccordements existants / carte de pilotage.  D\'avance merci pour l\'ouverture du ticket et la prochaine intervention.  Bonne soirée.  Bien cordialement,  Christophe DRIESSEN Sans titre',8,NULL,'100','NORMAL','CHAU','EXP','NORMAL','2021-11-09 00:00:00','2022-01-04 00:00:00','2022-01-28 16:01:40',NULL,NULL,'2022-01-28 16:01:40','pragmainit'),(9,2,'TS2111-0008','0tklo432uaqkht18',181,0,NULL,15,14,'DEFAUT DE CHAUFFAGE ','Bonjour.  Nous avons un problème de chauffage dans un bureau à l\'étage (dernier bureau à gauche).  Pourriez-vous nous envoyer un technicien ?  Merci d\'avance. Cordialement, Best regards, C уважением,  Julia VOLKOV  Logistics Coordinator SeaOwl Energy Services ',8,NULL,'100','NORMAL','CHAU','EXP','NORMAL','2021-11-17 00:00:00','2022-01-04 00:00:00','2022-04-04 13:24:21',NULL,NULL,'2022-04-04 13:24:21','pragmainit'),(10,2,'TS2111-0009','2jrunp7366h37b5v',501,0,NULL,15,14,' Pb évacuation urinoirs 1er étage','Bonjour à toutes et tous,  Nos soucis d\'évacuation ne se sont pas améliorés et ce sont maintenant tous les urinoirs du 1er étage qui sont concernés.  En plus de ceux de l\'aile B s\'ajoute ceux des toilettes centrales (face aux escaliers).  Je serai présent sur site demain et à votre disposition pour une constatation.   D\'autre part, je sollicite également votre visite pour refaire l\'appoint en eau des ballons des pompes à chaleur et vérifier par la même occasion sur la GTC deux temporisations lumières sur 2 postes collaborateurs du RDC.  Par avance merci de votre passage.  Bien cordialement,',8,NULL,'100','NORMAL','SANI','DEV','NORMAL','2021-11-25 00:00:00','2022-02-04 10:06:39','2022-03-28 11:42:19',NULL,NULL,'2022-03-28 11:42:19','pragmainit'),(11,2,'TS2112-0010','kvix374a6k6876mv',NULL,0,NULL,15,14,'GACHES DEFECTUEUSES','Bonjour,  Nous avons constaté que la gâche de la porte d\'entrée du centre d\'affaire ainsi que celle de la Géode ne se ferment pas correctement.  Merci pour votre future intervention',8,NULL,'100','NORMAL','SERR','EXP','NORMAL','2021-12-03 00:00:00','2022-02-21 12:30:50','2022-02-21 12:30:55',NULL,NULL,'2022-02-21 12:30:55','pragmainit'),(12,2,'TS2201-0001','j575m7ey9ny55t7k',491,0,NULL,15,14,'Commande de 5 stores ','  Bonjour Jérôme,  Ci-dessous une demande d\'Hermes concernant les stores.   Bien cordialement.   Bonjour, Nous aimerions commander 5 stores pour nos locaux, pouvez-vous faire le nécessaire ?  Dans l\'attente de votre retour.  Cordialement.  Le lin Annie',8,NULL,'100','NORMAL','SERR','DEV','NORMAL','2022-01-06 00:00:00','2022-01-04 00:00:00','2022-02-23 17:06:44',NULL,NULL,'2022-02-23 17:06:44','pragmainit'),(13,2,'TS2201-0002','q5q768jb42b8nye3',504,0,NULL,15,14,'DEFAUT DE CHAUFFAGE ','Bonjour,  Je vous remercie d\'intervenir dans le local CSE car le chauffage souffle de l\'air frais s\'il vous plaît.  Cordialement,  Stéphanie BUCHOT',8,NULL,'100','NORMAL','CHAU','EXP','NORMAL','2022-01-07 00:00:00','2022-01-04 00:00:00','2022-02-11 11:01:14',NULL,NULL,'2022-02-11 11:01:14','pragmainit'),(14,2,'TS2201-0003','893c6ffe6twi44u4',182,0,NULL,15,14,'REMPLACEMENT PLAQUES FAUX-PLAFOND','Bonjour Jérôme,  Merci de bien vouloir prévoir une intervention sur les plaques de faux-plafond au niveau du local ménage du hall du bâtiment A, on y voit des traces (cf photos ci-jointes). Identifier les fuites, les traiter et remplacer les plaques. Remplacer aussi les plaques avec traces noires.  Une petite plaque à remplacer également vers l\'ascenseur.   En te remerciant d\'avance.  Bien cordialemen',8,NULL,'100','NORMAL','PLAQ','EXP','NORMAL','2022-01-07 00:00:00','2022-01-04 00:00:00','2022-03-18 07:25:38',NULL,NULL,'2022-03-18 07:25:38','pragmainit'),(15,2,'TS2201-0004','vi4i3ip3i68e228b',491,0,NULL,15,14,'PANNE CHAUFFAGE','Bonjour,  Nous sommes le bureau Hermes de la cité multimedia, depuis ce matin nous n\'avons pas de chauffage dans nos bureaux.  Merci  Cordialement,',3,NULL,NULL,'NORMAL','CHAU','DEV','NORMAL','2022-01-11 00:00:00','2022-02-04 08:22:26',NULL,NULL,NULL,'2022-02-04 08:25:22','pragmainit'),(16,2,'TS2201-0005','863p5h4dq83yuiy2',118,0,NULL,15,14,'FUITE AU PLAFOND','Bonjour Je vous remercie de bien vouloir demander à Interénergie d\'intervenir dans nos locaux pour un problème de fuites au plafond dans nos locaux.   Cordialement.',8,NULL,'100','NORMAL','PLOM','DEV','NORMAL','2022-01-14 00:00:00','2022-02-04 09:59:44','2022-04-11 14:06:58',NULL,NULL,'2022-04-11 12:06:58','pragmainit'),(17,2,'TS2201-0006','f6357a7vb847fjzt',181,0,NULL,15,14,'DEFAUT DE CHAUFFAGE ','Bonjour  Nous avons un problème de chauffage dans tous les bureaux à l\'étage.  Pourriez-vous nous envoyer un technicien ?  Merci d\'avance.  Cordialement,  Julia VOLKOV  ',8,NULL,'100','NORMAL','CHAU','EXP','NORMAL','2022-01-17 00:00:00','2022-01-31 15:59:11','2022-01-31 15:59:15',NULL,NULL,'2022-01-31 15:59:15','pragmainit'),(18,2,'TS2201-0007','c4jx87w62845dycj',490,0,NULL,15,17,'MANQUE ESSUIE-MAIN','Bonjour,  Il n\'y a plus d\'essuie-mains dans les toilettes femmes du cabinet.   Merci de bien vouloir demander à la femme de ménage d\'y remédier.     Cordialement.   Jean-Michel GALLARDO  Avocat   ',8,NULL,'100','NORMAL','SANI','EXP','NORMAL','2022-01-17 00:00:00','2022-01-04 00:00:00','2022-03-16 13:03:10',NULL,NULL,'2022-03-16 13:03:10','pragmainit'),(19,2,'TS2201-0008','2683u4njhb46xtp8',188,0,NULL,15,14,'DEFAUT PORTE ENTREE','Bonjour,  Cela fait plusieurs semaines que la porte d\'entrée du bâtiment B ne ferme plus.  Pourriez-vous prévoir la réparation rapidement. Nous avons dans le local sous l\'escalier du matériel.',8,NULL,'100','NORMAL','ACC','DEV','NORMAL','2022-01-17 00:00:00','2022-01-04 00:00:00','2022-01-28 10:51:49',NULL,NULL,'2022-01-28 10:51:49','pragmainit'),(20,2,'TS2201-0009','xah96n5r9r954m5v',504,0,NULL,15,14,'defaut chauffage','Bonjour,  Je vous remercie d\'intervenir dans l\'espace admin du rez de chaussée car le système dégage de l\'air froid ou tiède s\'il vous plaît.   Cordialement,   Stéphanie BUCHOT',8,NULL,'100','NORMAL','CHAU','EXP','NORMAL','2022-01-17 00:00:00','2022-01-04 00:00:00','2022-02-21 12:32:41',NULL,NULL,'2022-02-21 12:32:41','pragmainit'),(21,2,'TS2201-0010','9t84z9vt9bpj744t',197,0,NULL,15,14,'DEFAUT DE CHAUFFAGE ','Bonjour,  Je vous remercie d\'intervenir dans la salle de formation du 1er étage car le système de chauffage envoie de l\'air froid s\'il vous plaît.  Cordialement,  Stéphanie BUCHOT',3,NULL,NULL,'NORMAL','CHAU','EXP','NORMAL','2022-01-18 00:00:00','2022-01-04 00:00:00',NULL,NULL,NULL,'2022-02-11 11:13:36','pragmainit'),(22,2,'TS2201-0012','n4q6cggo37ta2k7p',118,NULL,NULL,15,14,'Problème de sonnette','Monsieur,\r\n\r\n\r\nJe me permets de prendre contact avec vous car nous avons un soucis avec la sonnette de la porte d’entrée.\r\n\r\n\r\nPourriez-vous intervenir s’il vous plait .\r\n\r\n\r\nBien cordialement,',8,NULL,'100',NULL,'ELEC','NOR','NORMAL','2022-01-27 09:32:18','2022-01-31 15:04:05','2022-01-31 15:04:10',1,NULL,'2022-01-31 15:04:10',NULL),(23,2,'TS2201-0013','5smyt7sny2z2ngcw',502,NULL,NULL,15,14,'porte cassée','Bonjour,\r\n\r\n\r\nNous demandons svp une intervention urgente pour la porte à l’entrée du Bâtiment H qui est cassée, du coup ouverte jour et nuit.\r\n\r\n\r\nVous en remerciant par avance.\r\n\r\nP.S. : Mathieu est sur place si besoin.',8,NULL,'100',NULL,'SERR','OTHER','HIGH','2022-01-27 09:45:05','2022-01-28 10:42:09','2022-01-28 10:51:05',0,NULL,'2022-01-28 10:51:05',NULL),(24,2,'TS2201-0014','7duzyyiqouv53g69',184,NULL,NULL,15,14,'DEMENAGEMENT DU MOBILIER','Comme évoqué au mois de décembre, il faudrait déménager le mobilier des deux bureaux du fond des anciens locaux de Schneider dans l\'ancien espace Anglofile.\r\nMerci de prévoir l\'intervention urgemment car Alpes contrôles va bientôt s\'installer.',8,NULL,'100',NULL,'OTHER','OTHER','NORMAL','2022-01-27 09:55:15','2022-01-27 10:03:41','2022-01-27 10:56:47',1,NULL,'2022-01-27 10:56:47',NULL),(25,2,'TS2201-0015','1ydvvxetw9yknua1',515,NULL,NULL,15,14,'PROBLEME DE CHAUFFAGE','Bonjour,\r\n\r\nIl semble qu’il y ait un problème de chauffage d’une des deux zones de nos bureaux.\r\n\r\nLa partie coté salle serveur est bien plus froide que l’autre.\r\n\r\n \r\nPourriez-vous s’il vous plait faire intervenir qqn afin de résoudre ce problème.',8,NULL,'100',NULL,'CHAU','NOR','NORMAL','2022-01-27 10:14:22','2022-01-31 15:58:09','2022-01-31 15:58:18',0,NULL,'2022-01-31 15:58:18',NULL),(26,2,'3105','9styfi7dowmyupsp',504,NULL,NULL,15,14,'FUITE ROBINET','Bonjour,\r\n\r\n \r\n\r\nJe vous remercie d’intervenir au niveau du robinet réseau de la fontaine à eau du RDC qui fuit s’il vous plaît.\r\n\r\n \r\n\r\nCordialement,',8,NULL,'100','NORMAL','PLOM','NOR','NORMAL','2022-01-28 13:24:02','2022-01-28 15:35:20','2022-01-28 15:43:04',1,NULL,'2022-01-28 15:43:04',NULL),(29,2,'TS2201-0016','7kfvza989huw4qkw',181,NULL,NULL,15,12,'FUITE D\'EAU','Serait-il, possible d’envoyer une personne en urgence pour vérifier la fuite d’eau dans nos bureau au rez-de-chaussée.\r\n\r\nD’avance merci et dans l’attente de votre retour.\r\n\r\nCordialement,',8,NULL,'100',NULL,'PLOM','EXP','HIGH','2022-01-31 10:06:07','2022-01-31 13:26:55','2022-01-31 13:27:03',1,NULL,'2022-01-31 13:27:03',NULL),(32,2,'TS2202-0017','w37u7fh5wg7ldwst',504,NULL,NULL,15,14,'CHAUFFAGE DEFAILLANT','Bonjour,\r\n\r\nJe vous remercie d’intervenir dans le bureau des techniciens informatiques car le chauffage fonctionne mal s’il vous plaît.\r\n\r\nCordialement,\r\n\r\nStéphanie BUCHOT',8,NULL,'100',NULL,'CHAU','NOR','NORMAL','2022-02-01 07:53:13','2022-02-01 10:48:14','2022-02-01 10:48:20',1,NULL,'2022-02-01 10:48:20',NULL),(33,2,'TS2202-0018','hpc2jlvkw8dazksf',498,NULL,NULL,15,14,'STORE HS','Bonjour, \r\n\r\nPouvez vous vous rendre dans les bureaux PLH pour une dépannage sur un store.\r\n\r\nMerci',8,NULL,'100',NULL,'ENTRE','OTHER','NORMAL','2022-02-01 08:06:05','2022-02-02 09:45:21','2022-02-02 09:45:37',1,NULL,'2022-02-02 09:45:37',NULL),(34,2,'TS2202-0019','9jbj536obpqtpvj9',188,NULL,NULL,15,14,'REMPLISSAGE CLIM','Bonjour,\r\n\r\nMerci de bien vouloir effectuer le remplissage du système Clim\r\n\r\nBien Cordialement\r\n\r\n\r\nLaure BUZZANCA',8,NULL,'100',NULL,'VENT','OTHER','NORMAL','2022-02-01 12:58:07','2022-02-01 15:42:41','2022-02-01 15:42:46',1,NULL,'2022-02-01 15:42:46',NULL),(35,2,'TS2202-0020','nrq55ij1awlwmr4u',118,NULL,NULL,15,14,'Problème chauffage et dysfonctionnement interrupteur','Bonjour,\r\n\r\nJe vous remercie de bien vouloir demander à Interénergie d’intervenir dans nos locaux concernant le chauffage mais également un dysfonctionnement de l’interrupteur des WC « Dames ».\r\n\r\nCordialement.',8,NULL,'100',NULL,'CHAU','OTHER','NORMAL','2022-02-03 10:30:17','2022-02-08 09:55:05','2022-02-08 09:55:14',1,NULL,'2022-02-08 09:55:14',NULL),(36,2,'TS2202-0021','frb3mxm7iu36kfrx',504,NULL,NULL,15,14,'DEFAUT CHAUFFAGE','Bonjour,\r\n\r\nJe vous remercie d’intervenir dans le bureau du CSE situé dans le couloir administratif car le chauffage ne fonctionne pas s’il vous plaît.\r\n\r\nMerci et bonne journée.\r\n\r\nCordialement,',8,NULL,'100',NULL,'CHAU','OTHER','NORMAL','2022-02-03 15:27:38','2022-02-17 12:37:37','2022-03-11 08:09:46',1,NULL,'2022-03-11 08:09:46',NULL),(37,2,'TS2202-0022','vbi4rcnzzwm1hq38',515,NULL,NULL,15,14,'NEON DEFFECTUEUX','Bonjour,\r\n\r\nNous avons un néon défectueux au service social (1er étage).\r\n\r\nMerci de bien vouloir le remplacer.\r\n\r\nBonne journée',8,NULL,'100',NULL,'ELEC','OTHER','NORMAL','2022-02-04 08:17:44','2022-02-07 10:07:36','2022-02-07 10:07:39',1,NULL,'2022-02-07 10:07:39',NULL),(38,2,'TS2202-0023','yzgef6eri2w5qplk',501,NULL,NULL,15,14,'PROBLEME ECLAIRAGE','Bonjour à toutes et tous,\r\n\r\nJérôme,\r\n\r\nPour faire suite à notre conversation téléphonique, prévoir STP un changement de starter / néons dans le local photocopieur Saipem du RDC.\r\n\r\n \r\n\r\nAvec tous mes remerciements d’avance.\r\n\r\nBonne fin de journée\r\n\r\nBien Cdlt,\r\n\r\nChristophe',8,NULL,'100',NULL,'ELEC','OTHER','NORMAL','2022-02-04 08:27:01','2022-02-04 09:56:15','2022-02-04 09:56:23',1,NULL,'2022-02-04 09:56:23',NULL),(39,2,'TS2202-0024','b7jx8g3re9qjhpmt',205,NULL,NULL,15,14,'GACHE ELECTRIQUE HS','Gâche électrique  défectueuse',8,NULL,'100',NULL,'SERR','OTHER','NORMAL','2022-02-04 08:35:11','2022-02-04 09:56:37','2022-02-04 09:56:43',1,NULL,'2022-02-04 09:56:43',NULL),(40,2,'TS2202-0025','qmtshgvbn1q2kfxw',197,NULL,NULL,15,14,'FUITE TOILETTE FEMME','Bonjour Jérôme, \r\n\r\nLucia m\'a informé d\'une fuite aux toilette femme du 2ème étage au bat C au niveau du robinet.\r\n\r\nMerci de faire le nécessaire\r\nMarlène',8,NULL,'100',NULL,'PLOM','OTHER','NORMAL','2022-02-08 09:28:04','2022-02-08 09:54:52','2022-02-08 12:43:35',0,NULL,'2022-02-08 12:43:35',NULL),(41,2,'TS2202-0026','ltc1oaka38cqfjoo',205,NULL,NULL,15,14,'PARAMÉTRAGE DE BADGES','Bonjour,\r\n\r\n Pouvez vous paramétrer les badges pour la société ALPES CONTROLES qui se trouvent à l\'accueil.\r\n\r\nMerci',8,NULL,'100',NULL,'ACC','OTHER','NORMAL','2022-02-10 13:07:06','2022-02-11 07:47:43','2022-02-11 07:47:47',1,NULL,'2022-02-11 07:47:47',NULL),(42,2,'TS2202-0027','ol6awbwco2qmhec3',495,NULL,NULL,15,14,'CHAUFFAGE DEFAILLANT','Bonjour,\r\nLe chauffage est défaillant ce matin, pas très chaud dans les bureaux 17°.\r\nMerci de contrôler et remettre en marche svp!!\r\nDans cette attente bonne journée\r\nOlivier',8,NULL,'100',NULL,'CHAU','OTHER','NORMAL','2022-02-14 07:27:26','2022-02-15 15:17:54','2022-02-15 15:17:58',1,NULL,'2022-02-15 15:17:58',NULL),(43,2,'TS2202-0028','3sd4ubjxm8yqks4a',205,NULL,NULL,15,14,'FUITE ET REMPLACEMENT DE PLAQUES','Bonjour Jérôme,\r\n\r\nIl y a une plaque auréolée dans le bureau du milieu dans l\'ex espace Schneider (nouvel espace Alpes controles). Il faudrait réparer la fuite et remplacer la plaque. \r\nIl y a aussi une autre plaque tâchée (tache marron) à remplacer dans ce bureau.',8,NULL,'100',NULL,'PLOM','OTHER','HIGH','2022-02-14 14:39:40','2022-02-17 12:38:19','2022-03-07 14:34:09',1,NULL,'2022-03-07 14:34:09',NULL),(44,2,'TS2202-0029','d77b1yr8zxnmpzis',138,NULL,NULL,15,14,'DEFAUT ECLAIRAGE','Bonjour,\r\n\r\nPourriez-vous prévoir une intervention pour l’éclairage extérieur ?\r\n\r\nCe dernier est allumé matin et soir quand il fait jour.\r\n\r\nMerci et bonne journée,',8,NULL,'100',NULL,'ELEC','OTHER','NORMAL','2022-02-15 07:48:57','2022-02-15 15:18:17','2022-02-16 08:04:35',1,NULL,'2022-02-16 08:04:35',NULL),(45,2,'TS2202-0030','xsgl6vpskku73oxg',86,NULL,NULL,15,14,'PARAMÉTRAGE DE BADGE','Bonjour ,\r\n\r\nLe badge d’un agent (Pauline Frémaux) n° CP001042296 est désactivé. Pourriez-vous le réactiver ?\r\n\r\nJe vous en remercie .\r\n\r\nBonne journée',8,NULL,'100',NULL,'BADG','OTHER','NORMAL','2022-02-15 13:03:57','2022-02-15 15:18:45','2022-02-15 15:26:28',1,NULL,'2022-02-15 15:26:28',NULL),(46,2,'TS2202-0031','3y1ic825mc254xo9',490,NULL,NULL,15,14,'INTERPHONE DEFAILLANT','Bonjour,\r\n\r\nL’interphone situé à proximité de la porte d’entrée du bâtiment, à l’usage exclusif du cabinet, ne fonctionne plus : nous ne pouvons plus ouvrir la porte à nos clients.\r\n\r\nJe vous remercie de bien vouloir prévoir une intervention.\r\n\r\nCordialement.\r\n\r\n\r\nJean-Michel GALLARDO\r\n\r\nAvocat',8,NULL,'100',NULL,'ENTRE','OTHER','NORMAL','2022-02-16 06:27:33','2022-02-16 09:23:01','2022-02-18 16:42:31',1,NULL,'2022-02-18 16:42:31',NULL),(47,2,'TS2202-0032','3ledi9rux4dnu9de',538,NULL,NULL,19,NULL,'SIGNALETIQUE BAT B','Bonjour Jérôme, \r\n\r\nUn des panneaux de signalisation du parking du bâtiment B est tombé. Peux tu le remettre en place. \r\n\r\nMerci d\'avance\r\nMarlène',8,NULL,'100',NULL,'ENTRE','NOR','NORMAL','2022-02-16 13:20:17','2022-02-16 13:33:43','2022-02-17 13:56:12',0,NULL,'2022-02-17 13:56:12',NULL),(54,2,'TS2202-0033','9spoqpd98xn8i19r',538,NULL,NULL,19,14,'NEON DEFFECTUEUX','Bonjour,\r\n\r\nPouvez vous intervenir dans le bureau de l\'accueil pour le remplacement d\'un neon qui donne des signes de fatigue.\r\n\r\nD\'avance merci.\r\n\r\nJulie Lacaze',8,NULL,'100',NULL,'ELEC','NOR','NORMAL','2022-02-16 13:22:57','2022-02-16 13:33:29','2022-02-21 15:22:10',1,NULL,'2022-02-21 15:22:10',NULL),(55,2,'TS2202-0034','9z4oeukao4m6aksa',515,NULL,NULL,19,NULL,'NEON DEFFECTUEUX','Bonjour,\r\n\r\nNous avons des néons défectueux dans le local du copieur au service social (1er étage).\r\n\r\nJe vous remercie de bien vouloir les remplacer.\r\n\r\nCordialement\r\n\r\nAna-Sofia Almeida',8,NULL,'100',NULL,'LAMP','NOR','NORMAL','2022-02-17 14:34:54','2022-02-17 16:36:51','2022-02-17 16:36:56',0,NULL,'2022-02-17 16:36:56',NULL),(56,2,'TS2202-0035','gzjq2n5hwijj7ckb',515,NULL,NULL,19,14,'FUITE D\'EAU','Bonjour,\r\n\r\nNous avons une fuite au plafond (local copieur) au service social.\r\nvoir photo ci après.\r\n\r\nMerci de bien vouloir intervenir.\r\n\r\nAna\r\n\r\nAna-Sofia Almeida',8,NULL,'100',NULL,'PLOM','OTHER','HIGH','2022-02-17 15:21:14','2022-02-21 12:24:01','2022-02-21 15:21:56',0,NULL,'2022-02-21 15:21:56',NULL),(57,2,'TS2202-0036','jldscjav2gpnklr9',501,NULL,NULL,19,14,'Bat F - Défaut lumière bureau C211','Bonjour à toutes et tous,\r\n\r\n \r\n\r\nPourriez-vous prévoir SVP une intervention en vue d’un changement de starter / néons dans le bureau C211 du 2ème étage aile C\r\n\r\n \r\n\r\nAvec tous nos remerciements.\r\n\r\n \r\n\r\nBon après-midi\r\n\r\n \r\n\r\nBien Cdlt,\r\n\r\nChristophe',8,NULL,'100',NULL,'LAMP','NOR','NORMAL','2022-02-17 15:29:18','2022-02-17 16:36:08','2022-02-21 16:26:52',0,NULL,'2022-02-21 16:26:52',NULL),(58,2,'TS2202-0037','nffoz3qyfx4ofqb3',538,NULL,NULL,15,14,'DECLENCHEMENT ALARMES','Bonjour,\r\n\r\nCe matin Lucia de chez ECONET  à constaté que le badge de la jeune femme qui fait l\'entretien du Bâtiment A ne désactivait pas l\'alarme dans les bureaux de Maître Gallardo.\r\nC\'est pour cela que l\'alarme s\'est déclenchée à plusieurs reprises.',8,NULL,'100',NULL,'ALAR','OTHER','HIGH','2022-02-18 06:41:36','2022-02-21 08:05:49','2022-02-21 08:05:53',1,NULL,'2022-02-21 08:05:53',NULL),(59,2,'TS2202-0038','elbt57zl8w1gjgxr',131,NULL,NULL,15,14,'GACHE PORTE ENTREE HS','Bonjour,\r\n\r\nLa gâche de la porte d\'entrée des bureaux de la société EGIDE ne fonctionne plus.\r\n\r\nMerci de prévoir une intervention rapide.\r\n\r\nCordialement,',8,NULL,'100',NULL,'ACC','OTHER','HIGH','2022-02-18 08:35:44',NULL,'2022-02-18 13:02:25',1,NULL,'2022-02-18 13:02:25',NULL),(60,2,'TS2202-0039','ys2jgzanee17nv8y',181,NULL,NULL,15,14,'PANNE ELECTRIQUE','Bonjour la société SEAWOL nous signale une panne d\'elec dans un bureau.\r\n\r\nMerci pour votre intervention.\r\n\r\nBien cordialement',8,NULL,'100',NULL,'ELEC','OTHER','NORMAL','2022-02-21 09:06:55','2022-02-21 09:33:40','2022-02-21 09:33:50',1,NULL,'2022-02-21 09:33:50',NULL),(62,2,'TS2202-0040','xpu2y9gy4bkwcugx',205,NULL,NULL,19,14,'SONETTE HS SEM','Bonjour Jérôme,\r\n\r\nLa sonnette de nos bureaux est HS.\r\nMerci de prévoir une intervention. \r\n\r\nBien cordialement.',8,NULL,'100',NULL,'ELEC','OTHER','NORMAL','2022-02-22 10:12:06',NULL,'2022-02-25 09:37:32',0,NULL,'2022-02-25 09:37:32',NULL),(63,2,'TS2202-0041','5pkj63vcurlm59il',501,NULL,NULL,19,14,'FUITE CUMULUS','Bonjour\r\n\r\nSébastien comme vu ensemble, je t\'ouvre de nouveau ce ticket pour le cumulus afin de faire la réparation suite au signalement de Lucia ce matin.\r\n\r\nMerci d\'avance\r\nMarlène',8,NULL,'100',NULL,'PLOM','OTHER','NORMAL','2022-02-22 12:07:27','2022-02-28 16:32:14','2022-03-28 11:42:49',0,NULL,'2022-03-28 11:42:49',NULL),(65,2,'TS2202-0043','wvpac9s6pdupkijx',205,NULL,NULL,19,14,'DEMENAGEMENT MOBILIER','Bonjour Jérôme,\r\n\r\nTu trouveras ci-joint une photo du bureau 4 du centre d\'affaires du BAT C.\r\nCS va s\'y installer le 28/02.\r\n\r\nIl faut enlever les armoires (petites et grandes) et les retours des deux bureaux (petite partie démontable). Mobilier à retirer signalé par croix rouges sur la photo. Il faut également enlever la planche entre les deux bureaux.\r\n\r\nPour le stockage vous pouvez mettre le mobilier dans l\'ancien espace Anglofile au rdc du BAT C.\r\n\r\nIl faudrait ensuite monter deux bureaux sans retours supplémentaires dans le bureau n°4. \r\nIl y en a dans l\'ancien espace Anglofile. \r\n\r\nBien cordialement.\r\nFanny ETIENNE',8,NULL,'100','NORMAL','OTHER','EXP','NORMAL','2022-02-23 09:15:44','2022-02-23 16:57:46','2022-02-25 09:37:21',0,NULL,'2022-02-25 09:37:21',NULL),(66,2,'TS2202-0044','pukaleiozcrbjrzx',188,NULL,NULL,19,14,'REMPLISSAGE CLIM','Bonjour,\r\n\r\nMerci de bien vouloir effectuer le remplissage du système Clim\r\n\r\n\r\nBien Cordialement\r\nLaure BUZZANCA',8,NULL,'100',NULL,'CHAU','OTHER','NORMAL','2022-02-25 08:20:15','2022-02-25 09:48:02','2022-02-25 09:48:07',0,NULL,'2022-02-25 09:48:07',NULL),(67,2,'TS2202-0045','jbvq5mlwft52en4q',NULL,NULL,NULL,15,14,'CLIM DATA CENTER','Bonjour,\r\n\r\nJe vous remercie d’intervenir au plus vite au Data Center afin  de remettre en fonction le système de  climatisation s’il vous plaît.\r\n\r\nCordialement,',8,NULL,'100',NULL,'CHAU','OTHER','NORMAL','2022-02-28 08:36:25','2022-02-28 09:55:54','2022-03-08 16:36:08',1,NULL,'2022-03-08 16:36:08',NULL),(68,2,'TS2202-0046','c14fbxkcijs6x63t',504,NULL,NULL,15,14,'FUITE CLIM','Bonjour,\r\n\r\n\r\nJe vous remercie d’intervenir dans le local technique du RDC à l’entrée du plateau où il y a la climatisation qui fuit s’il vous plaît.\r\n\r\n \r\nCordialement,',8,NULL,'100',NULL,'CHAU','OTHER','NORMAL','2022-02-28 15:55:46','2022-02-28 16:20:39','2022-03-01 15:22:35',1,NULL,'2022-03-01 15:22:35',NULL),(69,2,'TS2203-0047','xl55f7zuidso5wpt',515,NULL,NULL,19,14,'PKF ARSILON - Demande d\'intervention pb électrique','Bonjour,\r\n\r\nNous n\'avons plus d\'électricité sur certaines prises.\r\n(machine à affranchir + machine à café)\r\n\r\nmerci pour votre aide\r\n\r\nAna',8,NULL,'100',NULL,'ELEC','EXP','NORMAL','2022-03-02 13:49:39','2022-03-02 14:17:57','2022-03-02 14:18:04',0,NULL,'2022-03-02 14:18:04',NULL),(70,2,'TS2203-0048','qsnfhzpi6ytyt9a2',536,NULL,NULL,19,14,'ETIQUETTE SONNETTE ALPES CONTROLES','Bonjour, \r\n\r\nPouvez vous mettre l\'étiquette à l\'interphone du bâtiment C pour les nouveaux arrivants Alpes Contrôles. \r\n\r\nMerci d\'avance\r\nMarlène LAURENT',8,NULL,'100',NULL,'OTHER','OTHER','NORMAL','2022-03-02 13:53:07','2022-03-02 14:18:16','2022-03-03 16:38:39',0,NULL,'2022-03-03 16:38:39',NULL),(71,2,'TS2203-0049','hczi5i3rpmbd9r8p',504,NULL,NULL,19,14,'FUITE CHASSE D EAU','Bonjour,\r\n\r\nJe vous remercie d’intervenir dans les toilettes femme du milieu au RDC car il y a la chasse d’eau qui fuit s’il vous plaît.\r\n\r\nCordialement,\r\nStéphanie BUCHOT',8,NULL,'100',NULL,'PLOM','EXP','HIGH','2022-03-02 15:14:31','2022-03-02 16:05:31','2022-03-02 16:05:36',0,NULL,'2022-03-02 16:05:36',NULL),(72,2,'TS2203-0050','3vrs7c11mo41jta3',188,NULL,NULL,15,14,'SIFFLEMENT ALARME','Bonjour messieurs,\r\n\r\nUn sifflement intempestif se fait entendre dans les locaux de la société SETREL, \r\nMerci pour votre future intervention \r\n\r\nBien à vous',8,NULL,'100',NULL,'LAMP','OTHER','NORMAL','2022-03-03 08:43:26','2022-03-03 16:38:13','2022-03-11 14:12:57',0,NULL,'2022-03-11 14:12:57',NULL),(73,2,'TS2203-0051','7manyv6qqbml8yix',501,NULL,NULL,19,14,'Bât F - Fuite d\'eau / changement de syphon sur Urinoirs - 2ème étage','Bonjour à toutes et tous,\r\n\r\nL’urinoir libre non bouché (sanitaires face escaliers du 2ème étage) fuit au niveau du bouton poussoir quand on l’actionne.\r\nD’autre part le syphon du 2ème urinoir bouché reste à changer SVP\r\n\r\nMerci par avance de votre action.\r\n\r\nBien cordialement,\r\n\r\nChristophe DRIESSEN',8,NULL,'100',NULL,'PLOM','NOR','NORMAL','2022-03-03 13:57:24','2022-03-03 16:37:25','2022-03-03 16:37:38',0,NULL,'2022-03-03 16:37:38',NULL),(74,2,'TS2203-0052','ei4wi7mnijuss41k',504,NULL,NULL,15,14,'FUITE','Bonjour,\r\n\r\n\r\nJe vous remercie d’intervenir au 2ème étage au niveau des toilettes femmes car il y a une fuite qui vient du plafond s’il vous plaît.\r\n\r\nCordialement,',8,NULL,'100',NULL,'PLOM','OTHER','NORMAL','2022-03-04 07:47:09','2022-03-08 15:53:00','2022-03-18 16:20:00',1,NULL,'2022-03-18 16:20:00',NULL),(75,2,'TS2203-0053','f6vhtddbqyw6j9q2',491,NULL,NULL,15,14,'CHAUFFAGE HS','Bonjour,\r\n\r\nNous n’avons plus de chauffage dans nos locaux depuis hier, est-il possible d’intervenir ?\r\n\r\nPar avance merci\r\n\r\nLe lin Annie',8,NULL,'100',NULL,'CHAU','OTHER','NORMAL','2022-03-04 08:12:38','2022-03-04 08:58:18','2022-03-04 10:20:45',1,NULL,'2022-03-04 10:20:45',NULL),(76,2,'TS2203-0054','ox24huv8zzxpg3nr',189,NULL,NULL,15,14,'CHASSE WC DEFFECTUEUSE','Bonjour,\r\n\r\nNos collaboratrices ont remarqué un dysfonctionnement avec la chasse d’eau côté toilettes dames.\r\nLe wc défectueux est le wc handicapé.\r\nPouvez-vous faire intervenir l’entreprise « interenergie » ?\r\n\r\nMerci, bonne journée.',8,NULL,'100',NULL,'PLOM','OTHER','NORMAL','2022-03-04 08:17:41','2022-03-04 08:57:08','2022-03-07 13:34:37',1,NULL,'2022-03-07 13:34:37',NULL),(77,2,'TS2203-0055','iumscy2irn231a96',496,NULL,NULL,15,14,'REMPLACEMENT DE NEONS','Bonjour\r\n\r\nMIDDLEWEB RDC BATIMENT C \r\n\r\nJ\'ai quelques néons de grillés, est ce que c\'est jouable de les remplacer ?\r\nAucune urgence, j\'y vois encore \r\nMerci\r\n\r\nNicolas Ader',8,NULL,'100',NULL,'ELEC','OTHER','NORMAL','2022-03-07 08:35:31','2022-03-07 13:30:26','2022-03-07 14:22:45',1,NULL,'2022-03-07 14:22:45',NULL),(78,2,'TS2203-0056','n8dz6iop7o3vr59r',504,NULL,NULL,15,14,'DEFAUT CHAUFFAGE','Bonjour,\r\n\r\nJe vous remercie d’intervenir sur le chauffage dans la zone administrative s’il vous plaît car celui-ci dégage de l’air frais.\r\n\r\nCordialement,\r\nStéphanie BUCHOT',8,NULL,'100',NULL,'CHAU','OTHER','NORMAL','2022-03-07 10:04:32','2022-03-07 13:29:45','2022-03-07 16:15:45',1,NULL,'2022-03-07 16:15:45',NULL),(79,2,'TS2203-0057','cgqe5ijxzkz8pceo',504,NULL,NULL,15,14,'FUITE D\'EAU','Bonjour,\r\n\r\nJe vous remercie d’intervenir à l’entrée du grand plateau du 1er étage suite à une fuite d’eau proche des luminaires s’il vous plaît.\r\n\r\nCordialement,',8,NULL,'100',NULL,'PLOM','OTHER','HIGH','2022-03-07 13:50:06','2022-03-07 14:26:04','2022-03-07 16:13:08',1,NULL,'2022-03-07 16:13:08',NULL),(80,2,'TS2203-0058','1uu7iybo46f1rhov',538,NULL,NULL,15,14,'PORTE ENTREE BAT A','Bonjour,\r\n\r\nLa poignée de la porte d\'entrée du bâtiment A est tombée !!!\r\n\r\nPouvez vous intervenir des que possible, en vous remerciant par avance\r\n\r\nCordialement,\r\n\r\nJulie Lacaze',8,NULL,'100',NULL,'SERR','OTHER','HIGH','2022-03-07 15:47:10','2022-03-07 16:08:51','2022-03-07 16:11:06',1,NULL,'2022-03-07 16:11:06',NULL),(81,2,'TS2203-0059','tr6p1otf7opmqdp2',504,NULL,NULL,15,14,'FUITE','Bonjour,\r\n\r\nJe vous remercie d’intervenir dans la salle de réunion du couloir administratif suite à une fuite au niveau  du chauffage s’il vous plaît.\r\nCordialement,',8,NULL,'100',NULL,'PLOM','OTHER','NORMAL','2022-03-08 09:36:23','2022-03-08 09:54:46','2022-03-08 15:53:53',1,NULL,'2022-03-08 15:53:53',NULL),(82,2,'TS2203-0060','wd8ys5lzr6p6gmfj',145,NULL,NULL,19,14,'BRUIT CLIMATISATION','Bonjour,\r\n\r\nNotre climatisation fait du bruit continuellement depuis qq jours.\r\nEst-il possible de corriger cela ?\r\n\r\nSociété : Don Du Sens\r\nBâtiment C, Rez de chaussée.\r\n\r\nJe vous en remercie par avance,\r\nCdlt,\r\nJérôme Pasquinelli \r\nDirecteur Général & co-fondateur de Don Du Sens',8,NULL,'100',NULL,'CHAU','NOR','NORMAL','2022-03-09 06:52:54','2022-03-14 13:57:23','2022-04-01 06:51:50',0,NULL,'2022-04-01 06:51:50',NULL),(83,2,'TS2203-0061','y2h8pjsy3fao1ba1',504,NULL,NULL,15,14,'DIVERS TRAVAUX','Bonjour,\r\n\r\n\r\nJe vous remercie d’intervenir dans les sanitaires hommes suivants s’il vous plaît :\r\n\r\n-          1er étage : Néon HS,\r\n\r\n-          2ème étage : néon HS + un abattant de wc cassé.\r\n\r\nMerci d’avance.\r\n\r\nCordialement,',8,NULL,'100',NULL,'LAMP','OTHER','NORMAL','2022-03-09 09:38:59','2022-03-10 09:33:42','2022-03-14 16:05:05',1,NULL,'2022-03-14 16:05:05',NULL),(84,2,'TS2203-0062','hiv1q1c5lj9l1ffp',181,NULL,NULL,15,14,'RADIATEUR SUR LE POPINT DE TOMBER','Julie CRAMPE\r\n14:40 (il y a 4 minutes)\r\nÀ moi, Claire, Carine, Julia\r\n\r\nBonjour,\r\nJe me permets de venir vers vous dans le cadre d’une demande urgente concernant un radiateur électrique situé au 1er étage, Bât.E, société Seaowl, qui est en train de tomber.\r\n\r\nPourriez-vous svp intervenir dès que possible svp afin d’éviter un accident.\r\n\r\nEn vous remerciant et en vous souhaitant une excellente journée\r\n\r\nCordialement',8,NULL,'100',NULL,'ELEC','OTHER','NORMAL','2022-03-09 13:45:30','2022-03-09 14:25:55','2022-03-10 09:26:03',1,NULL,'2022-03-10 09:26:03',NULL),(85,2,'TS2203-0063','ehzxx7khup1tpwwn',504,NULL,NULL,15,14,'FUITE D\'EAU au R+2','Bonjour Jérôme,\r\n\r\nStéphanie Buchot vient de me signaler une fuite au R+2 dans un openspace. \r\nTu trouveras ci-joint une photo de la fuite et un plan de localisation. \r\nPeux-tu essayer de soulever les plaques de faux plafond afin de trouver l\'origine du désordre ?\r\n\r\nBien cordialement.\r\n\r\nCordialement',8,NULL,'100','NORMAL','PLOM','OTHER','NORMAL','2022-03-09 14:57:09','2022-03-10 09:25:48','2022-03-18 16:18:36',1,NULL,'2022-03-18 16:18:36',NULL),(86,2,'TS2203-0064','igy4lv6kxn8fvqas',538,NULL,NULL,15,14,'STORES A REPARER','Bonjour messieurs,\r\n\r\nNous avons un store dans la salle ALPHA qui donne des signes de faiblesse, \r\n\r\nMerci pour votre intervention \r\n\r\nBien cordialement,\r\n\r\nJulie Lacaze',8,NULL,'100',NULL,'OTHER','OTHER','NORMAL','2022-03-10 16:29:49','2022-03-11 07:45:21','2022-03-16 13:55:41',0,NULL,'2022-03-16 13:55:41',NULL),(87,2,'TS2203-0065','k95fz1p61dgbw16v',495,NULL,NULL,19,14,'PROBLEME CONTROLE D ACCES MATTEI','Bonjour,\r\nNouveau blocage de notre porte le boitier est figé, vu avec Sebastien...\r\nMerci',8,NULL,'100',NULL,'ACC','NOR','NORMAL','2022-03-11 08:40:01','2022-03-11 14:08:21','2022-03-16 14:06:22',0,NULL,'2022-03-16 14:06:22',NULL),(89,2,'TS2203-0067','7ce47so318ekvmno',538,NULL,NULL,19,14,'CHAUFFAGE HALL','Bonjour, \r\n\r\nLe chauffage dans le hall du bâtiment A souffle froid. Pouvez vous faire le nécessaire. \r\n\r\nMerci d\'avance\r\nBien cordialement\r\nMarlène LAURENT',8,NULL,'100',NULL,'CHAU','OTHER','NORMAL','2022-03-11 11:04:48',NULL,'2022-03-11 16:10:58',0,NULL,'2022-03-11 16:10:58',NULL),(90,2,'TS2203-0068','uec7dgerztx3u6rt',189,NULL,NULL,15,14,'BRUIT DE FUITE DANS LE PLAFOND','Bonjour,\r\n\r\nNos collaborateurs se plaignent de « bruit d’eau » en plafond.\r\n\r\nPouvez-vous faire intervenir l’entreprise « InterEnergie » ?\r\n\r\nMerci. Bonne journée.\r\n\r\n \r\nStephan GASTON',8,NULL,'100',NULL,'PLOM','OTHER','NORMAL','2022-03-14 10:22:17','2022-03-14 13:41:03','2022-03-14 14:06:51',1,NULL,'2022-03-14 14:06:51',NULL),(91,2,'TS2203-0069','onabt41gjmj7rgh6',188,NULL,NULL,15,14,'REMPLISSAGE CLIM','Bonjour,\r\n\r\nMerci de bien vouloir effectuer le remplissage du système Clim\r\n\r\nBien Cordialement\r\n\r\nLaure BUZZANCA',8,NULL,'100',NULL,'VENT','OTHER','NORMAL','2022-03-14 10:51:02','2022-03-14 13:41:23','2022-03-14 14:07:18',1,NULL,'2022-03-14 14:07:18',NULL),(92,2,'TS2203-0070','sdwsymtbwvajdlf9',538,NULL,NULL,15,14,'ODEUR NAUSEABONDE','Bonjour,\r\n\r\nPouvez vous venir vérifier les sanitaires du hall du bâtiment A une odeur nauséabonde se fait ressentir.\r\nMerci pour votre intervention\r\n\r\nBien cordialement',8,NULL,'100',NULL,'PLOM','OTHER','NORMAL','2022-03-15 08:58:39',NULL,'2022-03-15 16:48:46',0,NULL,'2022-03-15 16:48:46',NULL),(93,2,'TS2203-0071','roeggwp51opw522i',523,NULL,NULL,19,14,'FUITE AU PLAFOND','Bonjour,\r\n\r\nNous avons une fuite au plafond du bureau 4 BAT C depuis 30mn. Ca coule pas mal.\r\nPouvez-vous intervenir ?\r\n\r\nMerci\r\nCordialement,\r\nThierry BERIT-DEBAT',8,NULL,'100',NULL,'PLOM','EXP','HIGH','2022-03-15 09:59:56','2022-03-15 10:01:59','2022-03-18 09:57:23',0,NULL,'2022-03-18 09:57:23',NULL),(94,2,'TS2203-0072','aidkbe6levje51py',501,NULL,NULL,15,14,'CHANGEMENT DE STATER ET NEONS','Bonjour à toutes et tous,\r\n\r\nPourriez-vous prévoir SVP une intervention en vue d’un changement de starter / néons dans l’open-space  du 1er  étage aile B\r\n\r\nAvec tous nos remerciements.\r\n\r\nBonne journée\r\n\r\nBien Cdlt,\r\n\r\nChristophe',8,NULL,'100',NULL,'PLOM','OTHER','NORMAL','2022-03-15 10:03:10','2022-03-15 15:39:27','2022-03-16 11:36:12',1,NULL,'2022-03-16 11:36:12',NULL),(95,2,'TS2203-0073','5uafodo23elinjlm',573,NULL,NULL,19,14,'DYSFONCTIONNEMENT DETECTEUR DE LUMIERE','Bonjour, \r\n\r\nM TORRICO m\'a contacté par téléphone ce jour pour m\'informer que le détecteur de lumière des anciens locaux de caroil ne fonctionne pas. \r\n\r\nPouvez vous faire le nécessaire. \r\n\r\nMerci d\'avance \r\nMarlène',8,NULL,'100',NULL,'LAMP','NOR','NORMAL','2022-03-15 14:49:47','2022-03-15 15:40:14','2022-03-16 09:57:29',0,NULL,'2022-03-16 09:57:29',NULL),(96,2,'TS2203-0074','7hfy4qvjp4338g2t',573,NULL,NULL,19,14,'BRUIT ECOULEMENT D\'EAU SALLE DE REUNION','Bonjour, \r\n\r\nM TORRICO m\'a contacté par téléphone ce jour pour m\'informer d\'un problème déjà signalé d\'un bruit d\'écoulement d\'eau dans la salle de réunion de la shem au bâtiment B.\r\n\r\nPouvez vous faire le nécessaire. \r\n\r\nMerci d\'avance \r\nMarlène',8,NULL,'100',NULL,'PLOM','NOR','NORMAL','2022-03-15 15:00:43','2022-03-15 15:40:54','2022-04-01 06:47:25',0,NULL,'2022-04-01 06:47:25',NULL),(97,2,'TS2203-0075','ug4iktld7tg3ci56',504,NULL,NULL,19,14,'SUPPORT PLATEAU DE BUREAU','Bonjour,\r\n \r\nJe vous remercie d’intervenir sur le grand plateau du RDC pour réparer le support d’un plateau de bureau qui a cédé au niveau du support s’il vous plaît. Il s’agit de la position 0.182.\r\n\r\nMerci d’avance.\r\n\r\nCordialement,\r\nStéphanie BUCHOT',8,NULL,'100','NORMAL','OTHER','OTHER','NORMAL','2022-03-15 15:23:30','2022-03-15 16:08:49','2022-03-16 14:19:41',0,NULL,'2022-03-16 14:19:41',NULL),(98,2,'TS2203-0076','1qc4xkkhwcjx5lx6',501,NULL,NULL,19,14,'BAT F JOINT DE DILATATION 2EME ETAGE','Bonjour à toutes et tous,\r\n\r\nLe bâtiment F travaille et le couvre joint de dilatation du 2ème étage ne semble plus couvrir complétement l’écartement actuel malgré ses 8 cm de large.\r\nUne situation de presque accident vient d’être remontée par notre CHSCT, je vous remercie donc pour votre intervention dans les meilleurs délais.\r\n\r\nBien cordialement,\r\nChristophe DRIESSEN',8,NULL,'100','NORMAL','OTHER','OTHER','NORMAL','2022-03-15 15:27:56','2022-03-15 16:08:24','2022-04-11 17:41:16',0,NULL,'2022-04-11 15:41:16',NULL),(99,2,'TS2203-0077','2myy7y9lxoid8zhi',491,NULL,NULL,15,14,'PANNE DE CHAUFFAGE','Bonjour,\r\n\r\nNous sommes la société Hermes, notre chauffage est en panne, il souffle uniquement du froid.\r\n\r\n \r\nMerci\r\n\r\nLaura ALBRES\r\nChargée marketing\r\n\r\nT : +33 9 70 24 99 27\r\n\r\nGroupe ProNoïa, 4 rue Thomas Edison 64000 PAU',8,NULL,'100',NULL,'CHAU','OTHER','NORMAL','2022-03-16 10:53:45','2022-03-17 08:15:18','2022-03-17 08:17:12',1,NULL,'2022-03-17 08:17:12',NULL),(100,2,'TS2203-0078','l4h4s74ekyq8la51',504,NULL,NULL,19,14,'CHAUFFAGE DEFAILLANT ZONE ADMINISTRATIVE','Bonjour,\r\n\r\nJe vous remercie d’intervenir dans toute la zone administrative du RDC car le système dégage de l’air froid s’il vous plaît.\r\n\r\nCordialement,\r\nStéphanie BUCHOT',8,NULL,'100',NULL,'CHAU','OTHER','NORMAL','2022-03-16 11:57:10','2022-03-16 13:52:09','2022-03-16 13:54:28',0,NULL,'2022-03-16 13:54:28',NULL),(101,2,'TS2203-0079','iptvt2yt4em58bjd',538,NULL,NULL,15,14,'ROBINET QUI FUIT','Bonjour,\r\n\r\nNous avons constaté une fuite sur le robinet de la petite cuisine située au bâtiment A.\r\n\r\nMerci pour votre intervention',8,NULL,'100',NULL,'PLOM','OTHER','NORMAL','2022-03-16 12:16:30','2022-03-16 13:54:48','2022-03-16 14:04:21',0,NULL,'2022-03-16 14:04:21',NULL),(102,2,'TS2203-0080','7ob1vfc3nehvknnk',138,NULL,NULL,15,14,'FUITE AU NIVEAU D\'UNE FENÊTRE','Bonjour,\r\n\r\nUne des fenêtres de la salle 2 (la 2ème en partant de la droite) fuit à nouveau.\r\nVous trouverez ci-joint les photos.\r\nSi vous souhaitez venir le constater ce matin, l\'eau n\'a pas encore été épongée.\r\n\r\nEn vous remerciant pour votre intervention.\r\nBonne journée,\r\n\r\nSandra OLIVARES',8,NULL,'100',NULL,'INFIL','OTHER','NORMAL','2022-03-17 07:16:41','2022-03-17 07:31:52','2022-03-22 07:14:53',1,NULL,'2022-03-22 07:14:53',NULL),(103,2,'TS2203-0081','fdrqhn6wn89scjrb',523,NULL,NULL,15,14,'NEON DEFFECTUEUX','Bonjour,\r\n\r\nUn néon clignote dans le bureau 6. C’est extrêmement pénible. Pourriez-vous le changer ?\r\n\r\nVous remerciant par avance\r\n\r\nCordialement,',8,NULL,'100',NULL,'LAMP','OTHER','NORMAL','2022-03-17 08:11:40','2022-03-17 08:21:06','2022-03-17 13:15:14',0,NULL,'2022-03-17 13:15:14',NULL),(104,2,'TS2203-0082','cumu4qs78z4fuofk',509,NULL,NULL,15,14,'PROBLEME CHASSE D\'EAU','Bonjour,\r\n\r\nLa chasse d’eau des toilettes dames des locaux de France 3 ne fonctionne plus\r\n\r\nJe vous remercie de ce que vous pourrez faire\r\n\r\nBonne après-midi\r\n\r\nTrès cordialement,',8,NULL,'100',NULL,'PLOM','OTHER','NORMAL','2022-03-17 10:01:21','2022-03-17 12:34:51','2022-03-17 12:36:09',1,NULL,'2022-03-17 12:36:09',NULL),(109,2,'TS2203-0083','exea2l1gmfsguzqt',205,NULL,NULL,15,14,'CHAUFFAGE DEFAILLANT','Bonjour,\r\n\r\nLe chauffage souffle froid dans les bureaux de la SEM.\r\nMerci de bien vouloir prévoir une intervention.\r\n\r\nBien cordialement.',8,NULL,'100',NULL,'CHAU','OTHER','NORMAL','2022-03-21 08:16:44','2022-03-21 09:04:51','2022-03-21 10:57:25',1,NULL,'2022-03-21 10:57:25',NULL),(110,2,'TS2203-0084','n21dc724dvxp6r6r',520,NULL,NULL,15,14,'ascenseur bloqué','Bonjour l\'ascenseur du batiment C est bloqué au premier étage pouvez vous intervenir.\r\n\r\nBien cordialement',3,NULL,'0',NULL,'ACC','OTHER','NORMAL','2022-03-21 14:03:16','2022-03-21 14:07:54',NULL,0,NULL,'2022-03-21 14:11:56',NULL),(111,2,'TS2203-0085','okuwl1exh5j4v59o',538,NULL,NULL,19,14,'SUPPRESSION ET INSTALLATION PLAQUES DE PARKINGS','Bonjour les garçons, \r\n\r\nPouvez vous s\'il vous plait faire la mise à jour des plaques de parking (les plans et les plaques sont disponibles à l\'accueil) : \r\n\r\n- enlever anglofile au parking du Bâtiment C\r\n- enlever schneider electric et mettre à la place Alpes Contrôles Bâtiment C\r\n- mettre GFC entre SGI et bureau 8 Bâtiment C\r\n- supprimer initiatives prévention bâtiment E\r\n\r\nEn vous remerciant par avance\r\nMarlène',8,NULL,'100',NULL,'OTHER','OTHER','NORMAL','2022-03-22 07:45:47','2022-03-22 10:10:28','2022-03-24 16:18:05',0,NULL,'2022-03-24 16:18:05',NULL),(112,2,'TS2203-0086','xhtxewef5wipfqu9',515,NULL,NULL,19,17,'NETTOYAGE LOCAUX PKF','Bonjour, \r\n\r\nEtant donné que nous libérons les locaux au 31 mars 2022, est-il possible de prévoir un nettoyage des locaux entre le 29 et le 31/03 ?\r\n\r\nMerci par avance\r\n\r\nAna-Sofia Almeida',3,NULL,'100',NULL,'NETT','NOR','NORMAL','2022-03-22 09:40:02','2022-04-06 07:12:02','2022-03-22 10:48:53',0,NULL,'2022-04-06 07:12:13',NULL),(113,2,'TS2203-0087','5yzqc8aohsue9r9r',138,NULL,NULL,19,14,'PENNE PORTE SECOURS','Bonjour,\r\n\r\nPouvez-vous prévoir une intervention pour changer un élément d’un de 3 pennes de la porte issue de secours de l’aile Nord, côté Ouest ?\r\n\r\nMerci et bonne journée,\r\nSandra OLIVARES',8,NULL,'100',NULL,'SERR','OTHER','NORMAL','2022-03-23 09:48:40','2022-03-23 09:56:00','2022-04-08 09:53:26',0,NULL,'2022-04-08 09:53:26',NULL),(114,2,'TS2203-0088','itvo3jba1g38xc99',164,NULL,NULL,19,14,'DEMANDE DE BADGE','Bonjour Marlène,\r\n\r\n\r\nPouvez-vous également commander à Inter Energies un badge pour la porte.\r\nPour le badge, il est pour Ségolène RICHER \r\n\r\nMerci et bonne journée.\r\nChristine Marques',8,NULL,'100','NORMAL','BADG','OTHER','NORMAL','2022-03-23 10:06:57','2022-03-23 10:09:07','2022-03-23 15:19:38',0,NULL,'2022-03-23 15:19:38',NULL),(115,2,'TS2203-0089','6h9u2lrgn73ly7b3',501,NULL,NULL,19,14,'BRISE SOLEIL ET VMC','Bonjour à toutes et tous,\r\n \r\n\r\nA l’occasion pourriez-vous SVP programmer un passage au bâtiment F pour contrôler la fermeture des lames brise soleil côté rue Faraday qui s’effectue anormalement vers 18h30.\r\nD’autre part la VMC semble à l’arrêt, à minima au RDC aile A (Bureau A006).\r\n\r\nPar avance, merci pour votre passage.\r\nBien cordialement,\r\nChristophe DRIESSEN',8,NULL,'100',NULL,'OTHER','OTHER','NORMAL','2022-03-23 13:26:49','2022-03-23 15:21:11','2022-03-24 15:46:26',0,NULL,'2022-03-24 15:46:26',NULL),(116,2,'TS2203-0090','ltfxtbx2q6ev4le2',538,NULL,NULL,19,14,'CHAUFFAGE ACCUEIL','Bonjour les garçons, \r\n\r\nLe chauffage à l\'accueil souffle froid, pouvez vous faire le nécessaire. \r\n\r\nMerci d\'avance\r\nBonne journée \r\nMarlène',3,NULL,'0',NULL,'CHAU','OTHER','NORMAL','2022-03-24 06:55:21','2022-03-24 07:19:52',NULL,0,NULL,'2022-03-31 08:22:29',NULL),(117,2,'TS2203-0091','uet6z817tdzy8ygc',538,NULL,NULL,19,14,'TABLES / SALLES DE REUNION','Bonjour, \r\n\r\nSébastien comme je t\'avais informé, j\'ouvre ce ticket afin de resserrer les pieds de l\'ensemble des tables des salles de réunion. \r\nPour information : ce jours les salles gamma et kappa sont disponibles et semaine prochaine mercredi toutes les salles sont disponibles à ce jour.\r\n\r\nMerci d\'avance\r\nBonne journée\r\nMarlène Laurent',8,NULL,'100',NULL,'ENTRE','OTHER','NORMAL','2022-03-24 07:06:31','2022-03-24 07:43:31','2022-04-12 16:13:27',0,NULL,'2022-04-12 14:13:27',NULL),(118,2,'TS2203-0092','iaw7tg4xzsd9czkb',490,NULL,NULL,15,14,'POIGNÉE DE PORTE DEFFECTUEUSE','Madame,\r\n\r\nL’une des poignée de porte dans le toilettes des femmes se dévisse.\r\n\r\nL’entreprise INTER ENERGIES pourrait-elle passer ?\r\n\r\nVous en remerciant\r\n\r\nCordialement.',8,NULL,'100',NULL,'ENTRE','OTHER','NORMAL','2022-03-25 11:27:44','2022-03-25 11:50:52','2022-03-25 12:49:14',1,NULL,'2022-03-25 12:49:14',NULL),(119,2,'TS2203-0093','yfwrqbbqq985onut',86,NULL,NULL,19,14,'DYSFONCTIONNEMENT SPOT TOILETTES FEMMES','Bonjour,\r\n\r\nPouvez-vous prévoir une intervention dans nos locaux, des utilisatrices me signalent qu’un seul spot fonctionne dans les toilettes femmes \r\n\r\nEn vous remerciant par avance,\r\nCordialement,\r\nChristine BRUNET –  Assistant de Gestion',8,NULL,'100',NULL,'LAMP','OTHER','NORMAL','2022-03-29 07:32:58','2022-03-29 11:45:47','2022-03-30 15:03:13',0,NULL,'2022-03-30 15:03:13',NULL),(120,2,'TS2203-0094','ppmxq2uk1hchpqoe',86,NULL,NULL,19,14,'DYSFONCTIONNEMENT CHASSE D EAU','Bonjour,\r\n\r\n\r\nPouvez-vous prévoir une intervention dans nos locaux, des utilisatrices me signalent que dans les toilettes femmes qu’une chasse d’eau est HS (le wc en face de la porte d’entrée).\r\n\r\n \r\nEn vous remerciant par avance,\r\n\r\nCordialement,\r\nChristine BRUNET –  Assistant de Gestion',8,NULL,'100',NULL,'PLOM','OTHER','NORMAL','2022-03-29 07:34:23','2022-03-29 07:44:24','2022-03-29 09:38:45',0,NULL,'2022-03-29 09:38:45',NULL),(121,2,'TS2203-0095','dcbg9fwxchr8wxii',501,NULL,NULL,19,14,'VERIFICATION DE TUYAUTERIE DANS FAUX PLAFONDS','Bonjour à toutes et tous,\r\n\r\n \r\nUne tâche d’humidité est apparue sur une dalle de faux plafonds dans la salle de réunion A106 du 1er étage et pourrait présager d’une fuite.\r\nJe vous remercie par avance pour votre passage et contrôle.\r\n\r\nBonne journée.\r\nBien cordialement,\r\nChristophe DRIESSEN',8,NULL,'100',NULL,'PLOM','OTHER','NORMAL','2022-03-29 08:03:29','2022-03-29 11:45:33','2022-03-29 15:14:13',0,NULL,'2022-03-29 15:14:13',NULL),(122,2,'TS2203-0096','3e3l74ctujdwufnc',504,NULL,NULL,19,14,'NEONS HS','Bonjour,\r\n\r\nJe vous remercie d’intervenir dans la salle de formation du 2ème étage car il n’y a aucun néons qui fonctionnent s’il vous plaît.\r\n\r\nCordialement,\r\nStéphanie BUCHOT',8,NULL,'100',NULL,'LAMP','OTHER','NORMAL','2022-03-29 13:47:50','2022-03-29 15:14:58','2022-03-29 15:57:57',0,NULL,'2022-03-29 15:57:57',NULL),(123,1,'TS2203-0001','1ooe87a15a821zxq',32,NULL,NULL,13,13,'Vitrages fêlés R+2 et R+3','Vitrages fêlés R+2 et R+3 Axione.\r\nExpertise le 29/03 à 11h30.\r\nL\'expert va prendre contact avec CANCE. \r\nIl rendra ensuite son rapport à l\'assurance PNO.',3,NULL,'50','HIGH','SERR','NOR','HIGH','2022-03-29 14:17:18',NULL,NULL,0,NULL,'2022-04-22 13:04:10',NULL),(124,2,'TS2203-0097','1et2ooy74swfbs2t',205,NULL,NULL,15,14,'DEMANDE URGENTE DE RENSEIGNEMENTS','Bonjour Guillaume,\r\n\r\nPouvez-vous me donner la liste des badges remis à PWC / PKF Arsilon ?\r\n\r\nBien cordialement.',8,NULL,'100',NULL,'BADG','EXP','HIGH','2022-03-30 08:13:39','2022-03-31 07:59:15','2022-04-11 14:04:24',1,NULL,'2022-04-11 12:04:24',NULL),(125,2,'TS2203-0098','8oby6sk9dje87hrv',538,NULL,NULL,19,14,'URGENT PORTE ENTREE BAT A','Bonjour les garçons, \r\n\r\nLe cache de la poignée de l\'entrée du bat A c\'est décroché bloquant régulièrement la porte. \r\nPouvez vous intervenir pour faire le nécessaire \r\n\r\nMerci d\'avance\r\n\r\nMarlène',8,NULL,'100',NULL,'ENTRE','OTHER','NORMAL','2022-03-31 14:26:56','2022-03-31 14:46:40','2022-03-31 15:29:31',0,NULL,'2022-03-31 15:29:31',NULL),(126,2,'TS2204-0099','qwm9d8zfi8d5hmn6',118,NULL,NULL,15,14,'CHANGEMENT AMPOULES','Bonjour\r\n\r\nJe vous remercie de bien vouloir demander à Interénergie d’intervenir pour changer deux ampoules dans le couloir au-dessus de notre entrée des bureaux.\r\n\r\n \r\n\r\nCordialement.',8,NULL,'100',NULL,'LAMP','OTHER','NORMAL','2022-04-01 06:41:02','2022-04-01 12:14:40','2022-04-01 12:22:33',1,NULL,'2022-04-01 12:22:33',NULL),(127,2,'TS2204-0100','znqruu3wklifaa6u',501,NULL,NULL,15,14,'CHASSE WC DEFFECTUEUSE','Bonjour à toutes et tous,\r\n\r\n\r\nUne chasse d’eau des sanitaires hommes du 2ème étage semble défectueuse, en effet celle-ci ne se recharge plus en eau (malgré le robinet d’alimentation ouvert).\r\n\r\nJe vous remercie par avance pour votre intervention.\r\n\r\nBon début de semaine.\r\n\r\nBien cordialement,\r\n\r\nChristophe DRIESSEN',8,NULL,'100',NULL,'PLOM','OTHER','NORMAL','2022-04-04 09:48:10','2022-04-04 13:27:34','2022-04-04 14:29:35',1,NULL,'2022-04-04 14:29:35',NULL),(128,2,'TS2204-0101','4gtqromeju7s3klb',181,NULL,NULL,19,14,'SERRURE WC FEMME RDC','Bonjour Sébastien,\r\n\r\nPouvez vous demander à votre équipe une intervention rapide svp ?\r\n\r\nBien à vous,\r\nJulie Lopvet\r\n\r\n\r\n\r\n\r\nBonjour Madame,\r\n\r\nNous avons rencontré une problématique.\r\n\r\nUne personne de mon équipe est restée bloquée dans les WC femme du RDC. La fermeture de la porte est usée et bloquée.\r\nPourriez vous demander une intervention pour modifié/réparer le verrou de la porte ?\r\n \r\n\r\nMerci d’avance\r\nSamuel PELE',8,NULL,'100',NULL,'SERR','OTHER','NORMAL','2022-04-05 06:07:23','2022-04-05 06:10:04','2022-04-05 06:50:05',0,NULL,'2022-04-05 06:50:05',NULL),(129,2,'TS2204-0102','3neeyhv3sibnt6om',501,NULL,NULL,19,14,'FUITE CUMULUS','Bonjour à toutes et tous,\r\n\r\nDésolé de vous solliciter de nouveau ce matin mais nous avons un cumulus dans les sanitaires hommes du 1er étage qui fuit.\r\nJe vous remercie par avance pour votre intervention.\r\n\r\nBon début de semaine.\r\nBien cordialement,\r\nChristophe DRIESSEN',8,NULL,'100','NORMAL','PLOM','OTHER','NORMAL','2022-04-05 07:41:07','2022-04-05 08:38:42','2022-04-05 13:56:03',0,NULL,'2022-04-05 13:56:03',NULL),(130,2,'TS2204-0103','3i7iynja1mytljyq',504,NULL,NULL,15,14,'GACHE DEFAILLANTE','Bonjour,\r\n\r\n\r\nJe vous remercie d’intervenir sur la gâche de la porte d’accès au couloir administratif du côté de la salle de réunion s’il vous plaît car elle se bloque.\r\n\r\nMerci.\r\n\r\nCordialement,\r\n\r\nStéphanie BUCHOT',8,NULL,'100',NULL,'ENTRE','OTHER','NORMAL','2022-04-05 13:16:16','2022-04-05 13:56:30','2022-04-05 15:08:09',1,NULL,'2022-04-05 15:08:09',NULL),(133,2,'TS2204-0104','wqagxpx7hk69jts8',501,NULL,NULL,15,14,'ODEURS NAUSÉABONDES','Driessen Christophe\r\n14:07 (il y a 5 minutes)\r\nÀ maintenance, moi, Sebastien\r\n\r\nBonjour à toutes et tous,\r\n\r\nDésolé de devoir vous resolliciter cette semaine mais nous avons un nouveau désagrément au Bat F ce jour, cette fois il s’agit d’une odeur nauséabonde dans les sanitaires femmes du 1erétage qui fait penser à une remontée inhabituelle d’eau usée.  \r\n\r\nPar avance tous mes remerciements pour votre intervention.\r\n\r\nBien cordialement,',8,NULL,'100',NULL,'CHAU','OTHER','NORMAL','2022-04-06 12:15:45','2022-04-07 06:09:47','2022-04-08 09:45:42',1,NULL,'2022-04-08 09:45:42',NULL),(134,2,'TS2204-0105','7py11f8dgoqoig1j',181,NULL,NULL,15,14,'BRUIT CLIMATISATION','Bonjour,\r\n\r\nJ’ai un problème de climatisation dans mon bureau.\r\n\r\nElle fait un bruit INSUPORTABLE (bruit d’eau qui coule).\r\n\r\nPlusieurs unités de clim ont se problème dans nos locaux.\r\n\r\nMerci d’avance\r\n\r\nCordialement\r\n\r\nSamuel PELE',8,NULL,'100',NULL,'CHAU','OTHER','HIGH','2022-04-06 12:31:19','2022-04-07 06:10:02','2022-04-07 14:23:15',1,NULL,'2022-04-07 14:23:15',NULL),(135,2,'TS2204-0106','hrv1g7budatxwcfy',495,NULL,NULL,19,14,'CHANGEMENT AMPOULE','Bonjour,\r\n\r\nSI possible venir changer une ampoule dans le couloir Mattei, nous avons un stroboscope qui clignote en permanence ...\r\nPas d\'urgence mais à l\'occasion\r\nMerci\r\n\r\nOlivier SABLE',8,NULL,'100',NULL,'LAMP','NOR','NORMAL','2022-04-08 07:09:51','2022-04-08 08:04:33','2022-04-12 16:11:44',0,NULL,'2022-04-12 14:11:44',NULL),(137,2,'TS2204-0107','7ir9x9l3klnsigz5',205,NULL,NULL,15,14,'FUITE D\'EAU','Bonjour,\r\n\r\nIl y a une fuite au niveau du chauffage de PKF au 1er étage.\r\nVoir localisation sur plan ci-joint. \r\n\r\nBien cordialement.',8,NULL,'100',NULL,'CHAU','OTHER','NORMAL','2022-04-08 15:33:00','2022-04-08 15:50:52','2022-04-08 17:11:34',1,NULL,'2022-04-08 15:11:34',NULL),(138,2,'TS2204-0108','sfvbdluxum46fsar',504,NULL,NULL,15,14,'Lumière vacillante','Bonjour,\r\n\r\nJe vous remercie d’intervenir dans la salle de formation du 2ème étage où il y a une lumière qui vacille s’il vous plaît.\r\n\r\nCordialement,',8,NULL,'100',NULL,'LAMP','OTHER','NORMAL','2022-04-11 15:56:32','2022-04-11 16:07:34','2022-04-12 15:15:52',1,NULL,'2022-04-12 13:15:52',NULL),(139,2,'TS2204-0109','66ac2gohbdum8dpb',504,NULL,NULL,19,14,'AMPOULE HS SITEL','Bonjour,\r\n\r\nJe vous remercie d’intervenir dans la salle de réunion du 2ème étage où il y a une ampoule grillée s’il vous plaît.\r\n\r\nCordialement,\r\nStéphanie BUCHOT',8,NULL,'100',NULL,'LAMP','NOR','NORMAL','2022-04-12 17:18:22','2022-04-12 17:21:34','2022-04-12 17:35:44',0,NULL,'2022-04-12 15:35:44',NULL),(140,2,'TS2204-0110','zwz3k4ygls711g1y',504,NULL,NULL,15,NULL,'ROBINET DEFFECTUEUX','Bonjour,\r\n\r\nJe vous remercie d’intervenir sur le robinet du local ménage du RDC qui a la poignée cassée s’il vous plaît.\r\n\r\nCordialement,',8,NULL,'100',NULL,'PLOM','OTHER','NORMAL','2022-04-13 10:17:45',NULL,'2022-04-15 14:10:18',1,NULL,'2022-04-15 12:10:18',NULL),(141,2,'TS2204-0111','19y9yrsgi77gusnu',181,NULL,NULL,15,14,'BRUIT DE FOND','Bonjour,\r\n\r\nJe me permets de venir vers vous concernant une gêne auditive dans plusieurs bureaux liés à un bruit de fond venant des systèmes de chauffage et/ou ventilation.\r\nSerait-il possible qu’une personne d’InterEnergies intervienne afin de trouver l’origine de ce bruit et de le stopper svp pour assurer un cadre de travail auditif optimal ?\r\nEn vous remerciant et en vous souhaitant une excellente journée\r\n\r\nCordialement\r\n\r\nJulie CRAMPÉ',3,NULL,'0',NULL,'VENT','OTHER','NORMAL','2022-04-13 11:19:46','2022-04-13 11:53:46',NULL,1,NULL,'2022-04-19 06:37:57',NULL),(142,2,'TS2204-0112','b8uxbkguxz1alzhu',504,NULL,NULL,19,14,'WC BOUCHE','Bonjour,\r\n\r\nJe vous remercie d’intervenir dans le 1er WC femme du RDC qui est bouché s’il vous plaît.\r\n\r\n\r\nCordialement,\r\nStéphanie BUCHOT',8,NULL,'100',NULL,'PLOM','OTHER','NORMAL','2022-04-15 15:43:51',NULL,'2022-04-15 16:32:22',0,NULL,'2022-04-15 14:32:22',NULL),(143,2,'TS2204-0113','cmfwcfm6gymwbxx3',189,NULL,NULL,15,14,'NEON HS','Bonjour,\r\n\r\n \r\nNous rencontrons un problème sur un éclairage dans nos bureaux : un néon clignote.\r\n\r\nPouvez-vous faire intervenir quelqu’un ?\r\n\r\nMerci, bonne journée.',8,NULL,'100',NULL,'LAMP','OTHER','NORMAL','2022-04-19 08:50:30','2022-04-20 14:03:56','2022-04-20 14:51:13',1,NULL,'2022-04-20 12:51:13',NULL),(144,2,'TS2204-0114','3ngz11jq194xmz6t',118,NULL,NULL,15,14,'FUITE D\'EAU PORTE COUPE FEU','Bonjour,\r\n\r\nJe vous remercie de bien vouloir demander à Interénergie d’intervenir au bâtiment D.\r\n\r\nIl y a une fuite au plafond dans le couloir du 1er étage juste au-dessus de la porte coupe-feu.\r\n\r\nCordialement.',8,NULL,'100',NULL,'INFIL','OTHER','NORMAL','2022-04-20 11:09:25','2022-04-20 14:03:36','2022-04-25 17:43:31',1,NULL,'2022-04-25 15:43:31',NULL),(145,2,'TS2204-0115','eh4mzybsccwldg1j',504,NULL,NULL,15,NULL,'PROBLEME DE CHAUFFAGE','Bonjour,\r\n\r\n\r\nJe vous remercie d’intervenir sur le chauffage qui produit de l’air dans toute la zone administrative du RDC s’il vous plaît.\r\n\r\nCordialement,',8,NULL,'100',NULL,'CHAU','OTHER','NORMAL','2022-04-20 13:53:26',NULL,'2022-04-22 16:48:27',1,NULL,'2022-04-22 14:48:27',NULL),(150,2,'TS2204-0116','pn1mzdg9uqzj7qlk',504,NULL,NULL,15,14,'probleme chauffage','Bonjour\r\n\r\nJe vous remercie d’intervenir sur le chauffage qui produit de l’air dans toute la zone administrative du RDC s’il vous plaît.\r\n\r\nCordialement,',8,NULL,'100',NULL,'CHAU','OTHER','NORMAL','2022-04-20 13:56:01','2022-04-20 14:03:14','2022-04-20 16:14:33',1,NULL,'2022-04-20 14:14:33',NULL),(151,2,'TS2204-0117','nos3r3lqbdm29mwb',86,NULL,NULL,15,17,'ABSENCVE DE NETTOYAGE','Bonjour,\r\n\r\n certains collègues signalant que le nettoyage n’a pas été effectué comme d’habitude depuis mardi dernier : le savon manque dans les toilettes hommes, il n’y avait pas de sac poubelle dans la poubelle de la cafétéria, toutes les poubelles n’ont pas été vidées',8,NULL,'100',NULL,'NETT','OTHER','NORMAL','2022-04-21 17:12:55',NULL,'2022-04-25 10:14:42',1,NULL,'2022-04-25 08:14:42',NULL),(152,2,'TS2204-0118','jya4arsdfwbmoer9',86,NULL,NULL,15,14,'PORTE ET CHASSE D\'EAU DEFFECTUEUSES','Bonjour, \r\n\r\nNous avons constaté que la porte donnant sur l’extérieur au bas de l’escalier de l’issue de secours située au fond de l’open space ne se refermait pas : le groom la rabat, mais elle ne se referme pas.\r\n\r\nJe signale une chasse d’eau dans les toilettes dames qui ne fonctionne pas correctement (nous avons mis une affiche sur la porte), ainsi qu’un lavabo (toujours dans les toilettes dames) qui s’écoule mal (celui proche du distributeur de savon).\r\n\r\nPar avance, je vous remercie',3,NULL,'0',NULL,'OTHER','OTHER','NORMAL','2022-04-21 17:17:00','2022-04-22 07:03:30',NULL,1,NULL,'2022-04-22 08:54:03',NULL),(153,2,'TS2204-0119','1ivapxqru71bqemu',128,NULL,NULL,15,14,'PARAMETRAGE DE BADGE AXA','Bonjour ,\r\n\r\nPouvez vous paramétrer un badge pour Madame\r\n\r\n        LEVEQUE Amelia\r\n\r\navant mercredi 27 avril',8,NULL,'100',NULL,'BADG','OTHER','NORMAL','2022-04-25 11:07:01','2022-04-25 11:16:45','2022-04-25 17:39:19',1,NULL,'2022-04-25 15:39:19',NULL),(154,2,'TS2204-0120','jz8m8sbh6bfopy3r',490,NULL,NULL,15,14,'LUMIÈRE HS WC DAME','Bonjour\r\n\r\nL’entreprise INTER ENERGIES pourrait-elle intervenir aux toilettes femme du cabinet ? La lumière ne s’allume plus.\r\n\r\nCordialement.\r\n\r\nLe secrétariat\r\n\r\nMD',8,NULL,'100',NULL,'LAMP','OTHER','NORMAL','2022-04-26 11:15:13','2022-04-26 11:36:52','2022-04-26 15:27:08',1,NULL,'2022-04-26 13:27:08',NULL),(155,2,'TS2204-0121','xi4uecj7wgx2a3fg',205,NULL,NULL,15,14,'PARAMETRAGE BADGES','Bonjour,\r\n\r\nIl faudrait paramétrer les badges ci-dessous au nom de OLLINK pour un accès uniquement au Data Centre. Il faudrait que ce soit fait aujourd\'hui. \r\n\r\nBadges à paramétrer :\r\n00185 SR\r\n00194 SR\r\nBien cordialement.',8,NULL,'100',NULL,'BADG','OTHER','NORMAL','2022-04-28 11:15:02',NULL,'2022-04-28 15:10:41',1,NULL,'2022-04-28 13:10:41',NULL),(156,2,'TS2204-0122','bdnbrthwsg5vdl73',502,NULL,NULL,15,14,'EVIER BIOUCHÉ','Bonjour,\r\n\r\nPouvez vous intervenir au bat H dans la petite cuisine de la société UMANIS l\'évier est bouché.\r\n\r\nMerci d\'avance pour votre future intervention\r\n\r\nCordialement',8,NULL,'100',NULL,'PLOM','OTHER','NORMAL','2022-04-29 09:56:23','2022-04-29 11:22:35','2022-05-02 09:52:04',1,NULL,'2022-05-02 07:52:04',NULL),(157,2,'TS2205-0123','cdkszvsv2krr66l9',504,NULL,NULL,15,14,'REMISE EN PLACE DE CABLES','Bonjour,\r\n\r\nJe vous remercie d’intervenir sur le grand plateau du 1er étage sur la position 1.317 où il y a les câbles à remettre dans la gaine située sous le bureau s’il vous plaît.\r\n\r\nCordialement,',8,NULL,'100',NULL,'ENTRE','OTHER','NORMAL','2022-05-02 14:30:08','2022-05-02 14:53:43','2022-05-02 15:03:03',1,NULL,'2022-05-02 13:03:03',NULL),(158,2,'TS2205-0124','u2ik54z3q68p3gob',504,NULL,NULL,19,14,'PROBLEME DETECTEUR','Bonjour,\r\n\r\nComme évoqué le mois dernier nous avons tous les soirs le détecteur n°18 situé dans la bubble du RDC de la zone admin qui se déclenche et pour cela, je vous remercie d\'intervenir afin de l\'isoler du système s\'il vous plaît.\r\n \r\n\r\nMerci d’avance.\r\n\r\nCordialement,\r\nStéphanie BUCHOT',3,NULL,'0',NULL,'SSI','OTHER','NORMAL','2022-05-03 10:07:22','2022-05-03 10:16:20',NULL,0,NULL,'2022-05-06 11:16:46',NULL),(159,2,'TS2205-0125','lfak7j7emhw952d2',523,NULL,NULL,15,14,'PORTE QUI GRINCE','Bonjour,\r\n\r\nLa porte de mon bureau grince fortement : bureau 6 du bat C.\r\n\r\nVous est-il possible d’envoyer qqun pour la graisser ? C’est de plus en plus gênant pour mes voisins de bureau.\r\n\r\nVous remerciant par avance\r\n\r\n\r\nCordialement,',8,NULL,'100',NULL,'SERR','OTHER','NORMAL','2022-05-03 12:54:10','2022-05-03 15:17:17','2022-05-03 15:41:11',1,NULL,'2022-05-03 13:41:11',NULL),(160,2,'TS2205-0126','w67udqlkwiuknii9',138,NULL,NULL,19,14,'CORDON RIDEAU CASSE','Bonjour\r\n\r\nLe cordon du rideau du 3e store de la salle détente des stagiaires s\'est cassé ce matin à l\'ouverture.\r\n\r\nMerci de prévoir une maintenance de la part d\'INTERENERGIE.\r\n\r\nBelle journée à vous,\r\nGaelle HAURE',8,NULL,'100',NULL,'ENTRE','OTHER','NORMAL','2022-05-04 08:27:03','2022-05-04 08:53:49','2022-05-04 10:26:44',0,NULL,'2022-05-04 08:26:44',NULL),(161,2,'TS2205-0127','w3ajkrvc2qbjk7qt',504,NULL,NULL,15,14,'PROBLEME WC HOMMES','Bonjour,\r\n\r\n\r\nJe vous remercie d’intervenir dans les toilettes hommes du 2ème étage où il y 1 verrou hors service et une lunette de WC cassée.\r\n\r\n\r\nCordialement,',8,NULL,'100',NULL,'ENTRE','OTHER','NORMAL','2022-05-04 16:13:15','2022-05-04 16:38:10','2022-05-05 09:03:09',1,NULL,'2022-05-05 07:03:09',NULL),(162,2,'TS2205-0128','ateeaktka33hklp5',502,NULL,NULL,15,14,'LUMIERES HS ET POIGNÉE FENETRE','Bonjour,\r\n\r\n\r\nPouvez-vous ouvrir un ticket pour les problèmes suivants svp \r\n\r\nEclairage : 3 lampes HS (entrée passerelle / couloir de passage plateau EST « Vendée Globe »)\r\nPoignée fenêtre de la salle de pause à resserrer',8,NULL,'100',NULL,'ENTRE','OTHER','NORMAL','2022-05-05 10:30:12','2022-05-05 15:54:03','2022-05-05 16:53:12',1,NULL,'2022-05-05 14:53:12',NULL),(163,2,'TS2205-0129','ccmaa18ag8ed8xpa',491,NULL,NULL,19,14,'DEMANDE DE BADGES','Bonjour,\r\n\r\nPourriez vous me commander 2 badges pour :\r\n\r\nLaetitia Duarte\r\nSouard Lucile\r\n\r\n\r\nPar avance merci\r\nLe lin Annie',3,NULL,'0',NULL,'BADG','OTHER','NORMAL','2022-05-05 11:08:55','2022-05-05 12:13:02',NULL,0,NULL,'2022-05-06 08:11:36',NULL);

--
-- Table structure for table `llx_ticket_extrafields`
--

CREATE TABLE `llx_ticket_extrafields` (
  `rowid` int(11) NOT NULL AUTO_INCREMENT,
  `tms` timestamp NOT NULL DEFAULT current_timestamp() ON UPDATE current_timestamp(),
  `fk_object` int(11) NOT NULL,
  `import_key` varchar(14) COLLATE utf8_unicode_ci DEFAULT NULL,
  `batimentticket` varchar(255) COLLATE utf8_unicode_ci DEFAULT NULL,
  `espaceticket` varchar(255) COLLATE utf8_unicode_ci DEFAULT NULL,
  PRIMARY KEY (`rowid`),
  KEY `idx_ticket_extrafields` (`fk_object`)
) ENGINE=InnoDB AUTO_INCREMENT=199 DEFAULT CHARSET=utf8 COLLATE=utf8_unicode_ci;

--
-- Dumping data for table `llx_ticket_extrafields`
--

INSERT INTO `llx_ticket_extrafields` (`rowid`, `tms`, `fk_object`, `import_key`, `batimentticket`, `espaceticket`) VALUES (13,'2022-01-21 16:57:39',11,NULL,'8',NULL),(15,'2022-01-21 17:03:56',13,NULL,'11','108'),(28,'2022-01-21 17:05:02',17,NULL,'13','121'),(29,'2022-01-21 17:05:27',18,NULL,'8','71'),(30,'2022-01-21 17:06:12',19,NULL,'9','80'),(31,'2022-01-21 17:06:21',20,NULL,'10','108'),(33,'2022-01-21 17:06:37',15,NULL,'10','105'),(34,'2022-01-21 17:07:20',14,NULL,'8','76'),(35,'2022-01-21 17:07:28',12,NULL,'10','105'),(36,'2022-01-21 17:07:52',10,NULL,'14','124'),(37,'2022-01-21 17:07:59',9,NULL,'13','121'),(38,'2022-01-21 17:08:05',8,NULL,'14','124'),(39,'2022-01-21 17:08:13',7,NULL,'10','105'),(41,'2022-01-21 17:08:29',5,NULL,'10','108'),(42,'2022-01-21 17:08:45',4,NULL,'15','126'),(43,'2022-01-21 17:08:53',3,NULL,'15','128'),(44,'2022-01-21 17:08:59',2,NULL,'16','132'),(45,'2022-01-27 09:30:29',1,NULL,'11','108'),(50,'2022-01-27 10:29:58',22,NULL,'12','118'),(51,'2022-01-27 10:31:13',23,NULL,'16','132'),(52,'2022-01-27 10:32:43',24,NULL,'10','85'),(53,'2022-01-27 10:33:03',25,NULL,'10','96'),(55,'2022-01-28 15:02:00',26,NULL,'11','110'),(58,'2022-01-31 10:06:07',29,NULL,'13','121'),(61,'2022-02-01 07:53:15',32,NULL,'11','108'),(62,'2022-02-01 08:06:06',33,NULL,'8','75'),(63,'2022-02-01 12:58:09',34,NULL,'9','80'),(64,'2022-02-03 10:30:18',35,NULL,'12','118'),(65,'2022-02-03 15:27:39',36,NULL,'11','108'),(67,'2022-02-04 08:27:02',38,NULL,'14','124'),(68,'2022-02-04 08:35:12',39,NULL,'10','90'),(69,'2022-02-04 09:45:49',37,NULL,'10','0'),(70,'2022-02-08 09:28:04',40,NULL,'10','109'),(71,'2022-02-10 13:07:07',41,NULL,'10','86'),(74,'2022-02-11 10:40:07',6,NULL,'8','66'),(75,'2022-02-11 11:13:07',21,NULL,'10','109'),(76,'2022-02-14 07:27:27',42,NULL,'8','68'),(77,'2022-02-14 14:39:42',43,NULL,'10','86'),(78,'2022-02-15 07:48:58',44,NULL,'16','131'),(79,'2022-02-15 13:03:57',45,NULL,'12','111'),(80,'2022-02-16 06:27:34',46,NULL,'8','71'),(81,'2022-02-16 13:20:19',47,NULL,'9','0'),(82,'2022-02-16 13:22:59',54,NULL,'8','67'),(83,'2022-02-17 14:34:55',55,NULL,'10','96'),(84,'2022-02-17 15:21:15',56,NULL,'10','96'),(85,'2022-02-17 15:29:18',57,NULL,'14','124'),(86,'2022-02-18 06:41:37',58,NULL,'8','71'),(87,'2022-02-18 08:35:46',59,NULL,'8','69'),(88,'2022-02-21 09:06:56',60,NULL,'13','121'),(91,'2022-02-22 10:12:06',62,NULL,'8','76'),(92,'2022-02-22 12:07:29',63,NULL,'14','124'),(95,'2022-02-23 13:19:39',65,NULL,'10','102'),(96,'2022-02-25 08:20:16',66,NULL,'9','80'),(97,'2022-02-28 08:36:25',67,NULL,'11','108'),(98,'2022-02-28 15:55:49',68,NULL,'11','108'),(99,'2022-03-02 13:49:40',69,NULL,'10','96'),(100,'2022-03-02 13:53:08',70,NULL,'10','86'),(101,'2022-03-02 15:14:32',71,NULL,'11','108'),(102,'2022-03-03 08:43:27',72,NULL,'10','80'),(103,'2022-03-03 13:57:25',73,NULL,'14','124'),(104,'2022-03-04 07:47:11',74,NULL,'11','108'),(105,'2022-03-04 08:12:39',75,NULL,'10','105'),(106,'2022-03-04 08:17:42',76,NULL,'9','79'),(107,'2022-03-07 08:35:33',77,NULL,'10','88'),(108,'2022-03-07 10:04:33',78,NULL,'11','108'),(109,'2022-03-07 13:50:07',79,NULL,'11','108'),(110,'2022-03-07 15:47:12',80,NULL,'8','67'),(111,'2022-03-08 09:36:25',81,NULL,'11','108'),(112,'2022-03-09 06:52:55',82,NULL,'10','89'),(113,'2022-03-09 09:39:00',83,NULL,'11','108'),(114,'2022-03-09 13:45:32',84,NULL,'13','121'),(116,'2022-03-10 16:29:50',86,NULL,'8','74'),(117,'2022-03-11 08:40:02',87,NULL,'8','68'),(119,'2022-03-11 11:04:48',89,NULL,'8','67'),(120,'2022-03-14 10:22:18',90,NULL,'9','79'),(121,'2022-03-14 10:51:02',91,NULL,'9','80'),(122,'2022-03-15 08:58:40',92,NULL,'8','67'),(123,'2022-03-15 09:59:57',93,NULL,'10','100'),(124,'2022-03-15 10:03:11',94,NULL,'14','124'),(125,'2022-03-15 14:49:49',95,NULL,'15','128'),(126,'2022-03-15 15:00:44',96,NULL,'9','79'),(128,'2022-03-15 15:23:41',97,NULL,'11','108'),(130,'2022-03-15 15:28:11',98,NULL,'14','124'),(131,'2022-03-16 10:53:46',99,NULL,'10','105'),(132,'2022-03-16 11:57:11',100,NULL,'11','108'),(133,'2022-03-16 12:16:31',101,NULL,'8','67'),(135,'2022-03-16 13:09:45',85,NULL,'11','108'),(136,'2022-03-17 07:16:42',102,NULL,'16','131'),(137,'2022-03-17 08:11:40',103,NULL,'10','103'),(138,'2022-03-17 10:01:22',104,NULL,'8','70'),(143,'2022-03-21 08:16:47',109,NULL,'8','0'),(145,'2022-03-21 14:11:38',110,NULL,'10','104'),(146,'2022-03-22 07:45:48',111,NULL,'8','67'),(147,'2022-03-22 09:40:03',112,NULL,'10','96'),(148,'2022-03-23 09:48:40',113,NULL,'16','131'),(150,'2022-03-23 10:15:41',114,NULL,'12','119'),(151,'2022-03-23 13:26:51',115,NULL,'14','124'),(152,'2022-03-24 06:55:22',116,NULL,'8','67'),(153,'2022-03-24 07:06:32',117,NULL,'8','67'),(154,'2022-03-25 11:27:45',118,NULL,'8','71'),(155,'2022-03-29 07:32:59',119,NULL,'16','111'),(156,'2022-03-29 07:34:23',120,NULL,'16','111'),(157,'2022-03-29 08:03:30',121,NULL,'14','124'),(158,'2022-03-29 13:47:51',122,NULL,'11','108'),(160,'2022-03-29 14:17:36',123,NULL,'18',NULL),(161,'2022-03-30 08:13:40',124,NULL,'8','76'),(162,'2022-03-31 14:26:56',125,NULL,'8','67'),(163,'2022-04-01 06:41:03',126,NULL,'12','118'),(164,'2022-04-01 11:17:48',16,NULL,'12','118'),(165,'2022-04-04 09:48:12',127,NULL,'14','124'),(166,'2022-04-05 06:07:24',128,NULL,'13','122'),(168,'2022-04-05 07:41:15',129,NULL,'14','124'),(169,'2022-04-05 13:16:17',130,NULL,'11','110'),(172,'2022-04-06 12:15:48',133,NULL,'14','124'),(173,'2022-04-06 12:31:21',134,NULL,'13','122'),(174,'2022-04-08 07:09:51',135,NULL,'8','68'),(176,'2022-04-08 13:33:02',137,NULL,'10','96'),(177,'2022-04-11 13:56:33',138,NULL,'11','108'),(178,'2022-04-12 15:18:23',139,NULL,'11','108'),(179,'2022-04-13 08:17:46',140,NULL,'11','108'),(180,'2022-04-13 09:19:48',141,NULL,'13','121'),(181,'2022-04-15 13:43:53',142,NULL,'11','108'),(182,'2022-04-19 06:50:31',143,NULL,'9','79'),(183,'2022-04-20 09:09:27',144,NULL,'12','118'),(184,'2022-04-20 11:53:29',145,NULL,'11','108'),(185,'2022-04-20 11:56:02',150,NULL,'11','108'),(186,'2022-04-21 15:12:57',151,NULL,'16','0'),(187,'2022-04-21 15:17:01',152,NULL,'16','111'),(188,'2022-04-25 09:07:03',153,NULL,'12','116'),(189,'2022-04-26 09:15:14',154,NULL,'8','71'),(190,'2022-04-28 09:15:04',155,NULL,'8','94'),(191,'2022-04-29 07:56:25',156,NULL,'16','132'),(192,'2022-05-02 12:30:09',157,NULL,'11','108'),(193,'2022-05-03 08:07:23',158,NULL,'11','108'),(194,'2022-05-03 10:54:11',159,NULL,'10','100'),(195,'2022-05-04 06:27:05',160,NULL,'16','131'),(196,'2022-05-04 14:13:17',161,NULL,'11','108'),(197,'2022-05-05 08:30:14',162,NULL,'16','132'),(198,'2022-05-05 09:08:56',163,NULL,'10','105');

--
-- Table structure for table `llx_tva`
--

CREATE TABLE `llx_tva` (
  `rowid` int(11) NOT NULL AUTO_INCREMENT,
  `tms` timestamp NOT NULL DEFAULT current_timestamp() ON UPDATE current_timestamp(),
  `datec` datetime DEFAULT NULL,
  `datep` date DEFAULT NULL,
  `datev` date DEFAULT NULL,
  `amount` double(24,8) NOT NULL DEFAULT 0.00000000,
  `fk_typepayment` int(11) DEFAULT NULL,
  `num_payment` varchar(50) COLLATE utf8_unicode_ci DEFAULT NULL,
  `label` varchar(255) COLLATE utf8_unicode_ci DEFAULT NULL,
  `entity` int(11) NOT NULL DEFAULT 1,
  `note` text COLLATE utf8_unicode_ci DEFAULT NULL,
  `paye` smallint(6) NOT NULL DEFAULT 0,
  `fk_account` int(11) DEFAULT NULL,
  `fk_user_creat` int(11) DEFAULT NULL,
  `fk_user_modif` int(11) DEFAULT NULL,
  `import_key` varchar(14) COLLATE utf8_unicode_ci DEFAULT NULL,
  PRIMARY KEY (`rowid`)
) ENGINE=InnoDB AUTO_INCREMENT=5 DEFAULT CHARSET=utf8 COLLATE=utf8_unicode_ci;

--
-- Dumping data for table `llx_tva`
--

INSERT INTO `llx_tva` (`rowid`, `tms`, `datec`, `datep`, `datev`, `amount`, `fk_typepayment`, `num_payment`, `label`, `entity`, `note`, `paye`, `fk_account`, `fk_user_creat`, `fk_user_modif`, `import_key`) VALUES (1,'2022-02-03 08:01:14','2022-02-03 08:01:14','2022-01-26','2021-12-31',774.00000000,3,NULL,'Règlement TVA',1,'TVA DÉCEMBRE 21',1,7,11,0,NULL),(2,'2022-02-21 15:08:26','2022-02-21 15:08:26','2022-02-24','2022-01-31',15405.00000000,3,NULL,'Règlement TVA',1,'',1,7,11,0,NULL),(3,'2022-03-29 07:07:13','2022-03-29 07:07:13','2022-03-29','2022-02-28',-11442.00000000,2,NULL,'Remboursement TVA',1,'',1,7,11,0,NULL),(4,'2022-04-19 14:21:40','2022-04-19 16:21:40','2022-04-25','2022-03-31',13420.00000000,3,NULL,'Règlement TVA',1,'',1,7,11,0,NULL);

--
-- Table structure for table `llx_user`
--

CREATE TABLE `llx_user` (
  `rowid` int(11) NOT NULL AUTO_INCREMENT,
  `entity` int(11) NOT NULL DEFAULT 1,
  `ref_ext` varchar(50) COLLATE utf8_unicode_ci DEFAULT NULL,
  `ref_int` varchar(50) COLLATE utf8_unicode_ci DEFAULT NULL,
  `admin` smallint(6) DEFAULT 0,
  `employee` tinyint(4) DEFAULT 1,
  `fk_establishment` int(11) DEFAULT 0,
  `datec` datetime DEFAULT NULL,
  `tms` timestamp NOT NULL DEFAULT current_timestamp() ON UPDATE current_timestamp(),
  `fk_user_creat` int(11) DEFAULT NULL,
  `fk_user_modif` int(11) DEFAULT NULL,
  `login` varchar(50) COLLATE utf8_unicode_ci NOT NULL,
  `pass_encoding` varchar(24) COLLATE utf8_unicode_ci DEFAULT NULL,
  `pass` varchar(128) COLLATE utf8_unicode_ci DEFAULT NULL,
  `pass_crypted` varchar(128) COLLATE utf8_unicode_ci DEFAULT NULL,
  `pass_temp` varchar(128) COLLATE utf8_unicode_ci DEFAULT NULL,
  `api_key` varchar(128) COLLATE utf8_unicode_ci DEFAULT NULL,
  `gender` varchar(10) COLLATE utf8_unicode_ci DEFAULT NULL,
  `civility` varchar(6) COLLATE utf8_unicode_ci DEFAULT NULL,
  `lastname` varchar(50) COLLATE utf8_unicode_ci DEFAULT NULL,
  `firstname` varchar(50) COLLATE utf8_unicode_ci DEFAULT NULL,
  `address` varchar(255) COLLATE utf8_unicode_ci DEFAULT NULL,
  `zip` varchar(25) COLLATE utf8_unicode_ci DEFAULT NULL,
  `town` varchar(50) COLLATE utf8_unicode_ci DEFAULT NULL,
  `fk_state` int(11) DEFAULT 0,
  `fk_country` int(11) DEFAULT 0,
  `birth` date DEFAULT NULL,
  `job` varchar(128) COLLATE utf8_unicode_ci DEFAULT NULL,
  `office_phone` varchar(20) COLLATE utf8_unicode_ci DEFAULT NULL,
  `office_fax` varchar(20) COLLATE utf8_unicode_ci DEFAULT NULL,
  `user_mobile` varchar(20) COLLATE utf8_unicode_ci DEFAULT NULL,
  `personal_mobile` varchar(20) COLLATE utf8_unicode_ci DEFAULT NULL,
  `email` varchar(255) COLLATE utf8_unicode_ci DEFAULT NULL,
  `personal_email` varchar(255) COLLATE utf8_unicode_ci DEFAULT NULL,
  `signature` text COLLATE utf8_unicode_ci DEFAULT NULL,
  `socialnetworks` text COLLATE utf8_unicode_ci DEFAULT NULL,
  `fk_soc` int(11) DEFAULT NULL,
  `fk_socpeople` int(11) DEFAULT NULL,
  `fk_member` int(11) DEFAULT NULL,
  `fk_user` int(11) DEFAULT NULL,
  `fk_user_expense_validator` int(11) DEFAULT NULL,
  `fk_user_holiday_validator` int(11) DEFAULT NULL,
  `idpers1` varchar(128) COLLATE utf8_unicode_ci DEFAULT NULL,
  `idpers2` varchar(128) COLLATE utf8_unicode_ci DEFAULT NULL,
  `idpers3` varchar(128) COLLATE utf8_unicode_ci DEFAULT NULL,
  `note_public` text COLLATE utf8_unicode_ci DEFAULT NULL,
  `note` text COLLATE utf8_unicode_ci DEFAULT NULL,
  `model_pdf` varchar(255) COLLATE utf8_unicode_ci DEFAULT NULL,
  `datelastlogin` datetime DEFAULT NULL,
  `datepreviouslogin` datetime DEFAULT NULL,
  `datelastpassvalidation` datetime DEFAULT NULL,
  `datestartvalidity` datetime DEFAULT NULL,
  `dateendvalidity` datetime DEFAULT NULL,
  `iplastlogin` varchar(250) COLLATE utf8_unicode_ci DEFAULT NULL,
  `ippreviouslogin` varchar(250) COLLATE utf8_unicode_ci DEFAULT NULL,
  `egroupware_id` int(11) DEFAULT NULL,
  `ldap_sid` varchar(255) COLLATE utf8_unicode_ci DEFAULT NULL,
  `openid` varchar(255) COLLATE utf8_unicode_ci DEFAULT NULL,
  `statut` tinyint(4) DEFAULT 1,
  `photo` varchar(255) COLLATE utf8_unicode_ci DEFAULT NULL,
  `lang` varchar(6) COLLATE utf8_unicode_ci DEFAULT NULL,
  `color` varchar(6) COLLATE utf8_unicode_ci DEFAULT NULL,
  `barcode` varchar(255) COLLATE utf8_unicode_ci DEFAULT NULL,
  `fk_barcode_type` int(11) DEFAULT 0,
  `accountancy_code` varchar(32) COLLATE utf8_unicode_ci DEFAULT NULL,
  `nb_holiday` int(11) DEFAULT 0,
  `thm` double(24,8) DEFAULT NULL,
  `tjm` double(24,8) DEFAULT NULL,
  `salary` double(24,8) DEFAULT NULL,
  `salaryextra` double(24,8) DEFAULT NULL,
  `dateemployment` date DEFAULT NULL,
  `dateemploymentend` date DEFAULT NULL,
  `weeklyhours` double(16,8) DEFAULT NULL,
  `import_key` varchar(14) COLLATE utf8_unicode_ci DEFAULT NULL,
  `default_range` int(11) DEFAULT NULL,
  `default_c_exp_tax_cat` int(11) DEFAULT NULL,
  `fk_warehouse` int(11) DEFAULT NULL,
  PRIMARY KEY (`rowid`),
  UNIQUE KEY `uk_user_login` (`login`,`entity`),
  UNIQUE KEY `uk_user_fk_socpeople` (`fk_socpeople`),
  UNIQUE KEY `uk_user_fk_member` (`fk_member`),
  UNIQUE KEY `uk_user_api_key` (`api_key`),
  KEY `idx_user_fk_societe` (`fk_soc`)
) ENGINE=InnoDB AUTO_INCREMENT=22 DEFAULT CHARSET=utf8 COLLATE=utf8_unicode_ci;

--
-- Dumping data for table `llx_user`
--

INSERT INTO `llx_user` (`rowid`, `entity`, `ref_ext`, `ref_int`, `admin`, `employee`, `fk_establishment`, `datec`, `tms`, `fk_user_creat`, `fk_user_modif`, `login`, `pass_encoding`, `pass`, `pass_crypted`, `pass_temp`, `api_key`, `gender`, `civility`, `lastname`, `firstname`, `address`, `zip`, `town`, `fk_state`, `fk_country`, `birth`, `job`, `office_phone`, `office_fax`, `user_mobile`, `personal_mobile`, `email`, `personal_email`, `signature`, `socialnetworks`, `fk_soc`, `fk_socpeople`, `fk_member`, `fk_user`, `fk_user_expense_validator`, `fk_user_holiday_validator`, `idpers1`, `idpers2`, `idpers3`, `note_public`, `note`, `model_pdf`, `datelastlogin`, `datepreviouslogin`, `datelastpassvalidation`, `datestartvalidity`, `dateendvalidity`, `iplastlogin`, `ippreviouslogin`, `egroupware_id`, `ldap_sid`, `openid`, `statut`, `photo`, `lang`, `color`, `barcode`, `fk_barcode_type`, `accountancy_code`, `nb_holiday`, `thm`, `tjm`, `salary`, `salaryextra`, `dateemployment`, `dateemploymentend`, `weeklyhours`, `import_key`, `default_range`, `default_c_exp_tax_cat`, `fk_warehouse`) VALUES (1,0,NULL,NULL,1,1,0,'2021-10-01 14:19:31','2022-01-31 20:21:31',NULL,NULL,'superadmin',NULL,NULL,'$2y$10$d3PUBWXsZiqIAumYu1tjIeSami8n4LjI74yXEwshATquS4u/6IzN2',NULL,'LTd974eOH87jR8ujNv8pp7mTMOrwM6M0',NULL,'','SuperAdmin','','','','',NULL,NULL,NULL,'','','','','','contact@pragma-tech.fr','','<div style=\"text-align:start\"><span style=\"font-size:small\"><span style=\"color:#222222\"><span style=\"font-family:Arial,Helvetica,sans-serif\">Sinc&egrave;res salutations</span></span></span></div>\r\n\r\n<div><span style=\"color:#888888\"><strong>Nicolas Barrouillet</strong></span><br />\r\n&nbsp;</div>\r\n\r\n<div>&nbsp;</div>','[]',NULL,NULL,NULL,NULL,NULL,NULL,NULL,NULL,NULL,'','',NULL,'2022-05-06 15:26:08','2022-04-26 10:37:22',NULL,NULL,NULL,NULL,NULL,NULL,'',NULL,1,NULL,NULL,'',NULL,0,'',0,NULL,NULL,NULL,NULL,NULL,NULL,NULL,NULL,NULL,NULL,NULL),(3,1,NULL,NULL,0,1,0,'2021-10-15 13:05:04','2022-01-20 09:50:32',NULL,NULL,'ALPHA',NULL,'itUiiqHtujC6','$2y$10$fMUZCc.hyz4X6cN4vfG5QeQW6cAulLNaoYvv2K3eKLK.EAmKxr01i',NULL,NULL,NULL,'','SALLE ALPHA','','','','',NULL,NULL,NULL,'','','','','','','','','[]',NULL,NULL,NULL,NULL,NULL,NULL,NULL,NULL,NULL,'','',NULL,NULL,NULL,NULL,NULL,NULL,NULL,NULL,NULL,'',NULL,1,NULL,NULL,'007f00',NULL,0,'',0,NULL,NULL,NULL,NULL,NULL,NULL,NULL,NULL,NULL,NULL,NULL),(4,1,NULL,NULL,0,1,0,'2021-10-15 13:08:32','2022-01-20 09:52:17',NULL,NULL,'GAMMA',NULL,'PLdRsMf0dpgL','$2y$10$K5N08dOcwgK8gblSOYC2JuTreVTxTCKTkaCKqAGl/z3g6mxfrdK.S',NULL,NULL,NULL,'','SALLE GAMMA','','','','',NULL,NULL,NULL,'','','','','','','','','[]',NULL,NULL,NULL,NULL,NULL,NULL,NULL,NULL,NULL,'','',NULL,NULL,NULL,NULL,NULL,NULL,NULL,NULL,NULL,'',NULL,1,NULL,NULL,'ff7f00',NULL,0,'',0,NULL,NULL,NULL,NULL,NULL,NULL,NULL,NULL,NULL,NULL,NULL),(5,1,NULL,NULL,0,1,0,'2021-10-15 13:09:03','2022-01-20 09:52:44',NULL,NULL,'KAPPA',NULL,'WnEAMBEHyjFU','$2y$10$lvY881TygYAKUVYmR1BQ5OT2Ob6vnh.QH4dztBU6PJcAQ7QKcDSr6',NULL,NULL,NULL,'','SALLE KAPPA','','','','',NULL,NULL,NULL,'','','','','','','','','[]',NULL,NULL,NULL,NULL,NULL,NULL,NULL,NULL,NULL,'','',NULL,NULL,NULL,NULL,NULL,NULL,NULL,NULL,NULL,'',NULL,1,NULL,NULL,'aa56ff',NULL,0,'',0,NULL,NULL,NULL,NULL,NULL,NULL,NULL,NULL,NULL,NULL,NULL),(6,1,NULL,NULL,0,1,0,'2021-10-15 13:09:16','2022-01-12 16:20:31',NULL,NULL,'GEODE',NULL,'26U3UWEJZGq5','$2y$10$uykU8avlIk5yIVsK8aGgRuMYq7mrMZ.1nyVpNOnrOJAKQB4TDiwSW',NULL,NULL,NULL,'','GEODE','','','','',NULL,NULL,NULL,'','','','','','','','','[]',NULL,NULL,NULL,NULL,NULL,NULL,NULL,NULL,NULL,'','',NULL,NULL,NULL,NULL,NULL,NULL,NULL,NULL,NULL,'',NULL,1,NULL,NULL,'ffff56',NULL,0,'',0,NULL,NULL,NULL,NULL,NULL,NULL,NULL,NULL,NULL,NULL,NULL),(7,1,NULL,NULL,0,1,0,'2021-10-15 13:09:30','2022-01-20 09:53:38',NULL,NULL,'SEM',NULL,'ESBCfO98NzwF','$2y$10$03Q6/pws9yZCT4ik4/e6Bukszkp0DRzHHGpeEQG9h2NOcq2pd/Cs2',NULL,NULL,NULL,'','SALLE SEM','','','','',NULL,NULL,NULL,'','','','','','','','','[]',NULL,NULL,NULL,NULL,NULL,NULL,NULL,NULL,NULL,'','',NULL,NULL,NULL,NULL,NULL,NULL,NULL,NULL,NULL,'',NULL,1,NULL,NULL,'007f7f',NULL,0,'',0,NULL,NULL,NULL,NULL,NULL,NULL,NULL,NULL,NULL,NULL,NULL),(8,3,NULL,NULL,1,1,0,'2021-11-23 13:19:34','2022-02-07 12:43:16',NULL,NULL,'middleweb',NULL,NULL,'$2y$10$C9pI/4rnREhdc.oTsbbPdO5bqcVeKUmGxeNS78KBYDKIYYZT.3MzS',NULL,'i4gG94K3hVG9CcVPkv7qi3V18f8XzLkV',NULL,'','middleweb','','','','',NULL,NULL,NULL,'','','','','','','','','[]',NULL,NULL,NULL,NULL,NULL,NULL,NULL,NULL,NULL,'','',NULL,'2021-12-10 08:15:52',NULL,NULL,NULL,NULL,NULL,NULL,NULL,'',NULL,1,NULL,NULL,'',NULL,0,'',0,NULL,NULL,NULL,NULL,NULL,NULL,NULL,NULL,NULL,NULL,NULL),(9,3,NULL,NULL,1,1,0,'2021-12-02 14:20:23','2022-02-07 11:19:25',NULL,NULL,'wmup',NULL,'testdemotdepasse','$2y$10$0v6bNLLrQ4gT195e5WhfruL9IVVUpe9/DIHachiA9LDvekiTO82d2',NULL,'sxCR6i49QxsakuBiZ2Yw4X65OsM28S2L',NULL,'','WMUP','','','','',NULL,NULL,NULL,'','','','','','','','','[]',NULL,NULL,NULL,NULL,NULL,NULL,NULL,NULL,NULL,'','',NULL,'2022-02-07 11:11:44','2022-02-07 11:11:21',NULL,NULL,NULL,NULL,NULL,NULL,'',NULL,1,NULL,NULL,'',NULL,0,'',0,NULL,NULL,NULL,NULL,NULL,NULL,NULL,NULL,NULL,NULL,NULL),(10,1,NULL,NULL,0,1,0,'2021-12-30 08:17:26','2022-04-06 07:45:17',NULL,NULL,'y.anson',NULL,NULL,'$2y$10$dOlJDBv3lkgxsSA4Or5OpOGm7mFH1Qx4sqoMVFV4tLKvh3CR5AiXi',NULL,NULL,NULL,'','ANSON','YOLANDE','','','',NULL,NULL,NULL,'','','','','','y.anson@sempp.fr','','Courtoisement v&ocirc;tre.<br />\r\n<br />\r\n<strong>Yolande ANSON</strong><br />\r\nAssistante<br />\r\nSEM Pau Pyr&eacute;n&eacute;es<br />\r\nT&eacute;l.&nbsp;:&nbsp;<a href=\"tel:05%2059%2027%2000%2097\" target=\"_blank\">05 59 27&nbsp;00 97</a><br />\r\nFax&nbsp;:&nbsp;<a href=\"tel:05%2059%2027%2019%2099\" target=\"_blank\">05 59 27 19 99</a>&nbsp;<br />\r\n<img alt=\"\" src=\"/viewimage.php?modulepart=medias&amp;entity=1&amp;file=image/signatureSEMPP.jpg\" style=\"height:100px; width:150px\" />','[]',NULL,NULL,NULL,NULL,NULL,NULL,NULL,NULL,NULL,'','',NULL,'2022-04-29 15:01:22','2022-04-29 10:39:02',NULL,NULL,NULL,NULL,NULL,NULL,'',NULL,1,NULL,NULL,'',NULL,0,'',0,NULL,NULL,NULL,NULL,NULL,NULL,NULL,NULL,NULL,NULL,NULL),(11,1,NULL,NULL,0,1,0,'2021-12-30 08:17:59','2022-01-13 20:01:35',NULL,NULL,'s.laudebat',NULL,NULL,'$2y$10$WTE2lI6N5JII3J8su169HOsBD475s4Xwqtfbf8eKeu2je6Kj.aMci',NULL,NULL,NULL,'','LAUDEBAT','Stéphanie','','','',NULL,NULL,NULL,'','','','','','comptabilite@aspcm.fr','','Sinc&egrave;res salutations<br />\r\n<strong>St&eacute;phanie Laudebat</strong><br />\r\nComptable ASPCM&nbsp;<br />\r\nPort: 06 45 52 61 53<br />\r\n<img alt=\"\" src=\"/viewimage.php?modulepart=medias&amp;entity=2&amp;file=image/logo%20ASPCM.jpg\" style=\"height:140px; width:200px\" />','[]',NULL,NULL,NULL,NULL,NULL,NULL,NULL,NULL,NULL,'','',NULL,'2022-05-06 08:19:49','2022-05-05 13:36:57',NULL,NULL,NULL,NULL,NULL,NULL,'',NULL,1,NULL,NULL,'',NULL,0,'',0,NULL,NULL,NULL,NULL,NULL,NULL,NULL,NULL,NULL,NULL,NULL),(12,1,NULL,NULL,0,1,0,'2021-12-30 08:18:26','2022-03-23 15:39:33',NULL,NULL,'c.baudry-jambes',NULL,NULL,'$2y$10$Tbk1LWO0nQmUM7jv6Xrr1.BTz5cOeQmkiYyi361PMdkE44pm3Jwfm',NULL,NULL,'woman','MME','BAUDRY-JAMBES','Christelle','7 chemin de Castagnou','64110','RONTIGNON',NULL,1,NULL,'','0559272000','','0675663639','','c.baudry-jambes@sempp.fr','','<div><span style=\"font-family:arial,sans-serif\"><span style=\"font-size:small\">Bien cordialement,&nbsp;</span></span></div>\r\n\r\n<div><span style=\"font-family:arial,sans-serif\"><span style=\"font-size:small\"><strong>Christelle Baudry-Jambes</strong></span></span></div>\r\n\r\n<div>\r\n<div style=\"text-align:start\"><span style=\"font-size:small\"><span style=\"color:#222222\"><span style=\"font-family:Arial,Helvetica,sans-serif\"><span style=\"font-family:arial,sans-serif\"><span style=\"font-size:small\">Directeur G&eacute;n&eacute;ral SEM Pau Pyr&eacute;n&eacute;es</span></span></span></span></span></div>\r\n\r\n<div style=\"text-align:start\"><span style=\"font-size:small\"><span style=\"color:#222222\"><span style=\"font-family:Arial,Helvetica,sans-serif\"><span style=\"font-family:arial,sans-serif\"><span style=\"font-size:small\">05 59 27 00 97 -&nbsp;<a href=\"http://www.paupyr.com/\" style=\"color:#1155cc\" target=\"_blank\">http://www.paupyr.com</a></span></span></span></span></span></div>\r\n\r\n<div style=\"text-align:start\"><span style=\"font-size:small\"><span style=\"color:#222222\"><span style=\"font-family:Arial,Helvetica,sans-serif\"><span style=\"font-family:arial,sans-serif\"><span style=\"font-size:small\"><a href=\"http://www.xplorer-point.com/\" style=\"color:#1155cc\" target=\"_blank\">www.xplorer-point.com</a></span></span></span></span></span></div>\r\n\r\n<div style=\"text-align:start\">&nbsp;</div>\r\n\r\n<div style=\"text-align:start\"><span style=\"font-size:small\"><span style=\"color:#222222\"><span style=\"font-family:Arial,Helvetica,sans-serif\"><span style=\"font-family:arial,sans-serif\"><span style=\"font-size:small\">Pour voir nos r&eacute;alisations de ces vingt derni&egrave;res ann&eacute;es, suivez le lien :</span></span></span></span></span></div>\r\n\r\n<div style=\"text-align:start\"><span style=\"font-size:small\"><span style=\"color:#222222\"><span style=\"font-family:Arial,Helvetica,sans-serif\"><span style=\"font-family:arial,sans-serif\"><span style=\"font-size:small\"><a href=\"https://www.youtube.com/watch?v=hRmaw3n03pg&amp;feature=youtu.be\" style=\"color:#1155cc\" target=\"_blank\">https://www.youtube.com/watch?v=hRmaw3n03pg&amp;feature=youtu.be<br />\r\n<br />\r\n<img alt=\"\" src=\"/viewimage.php?modulepart=medias&amp;entity=1&amp;file=image/logo.jpg\" style=\"height:150px; width:150px\" /></a></span></span></span></span></span></div>\r\n</div>','[]',NULL,NULL,NULL,NULL,NULL,NULL,NULL,NULL,NULL,'','',NULL,'2022-05-05 18:19:34','2022-04-21 18:05:16',NULL,NULL,NULL,NULL,NULL,NULL,'',NULL,1,'DE11D745-2A35-4FCF-84C9-83E165DFD247_1_201_a.jpeg',NULL,'',NULL,0,'',0,NULL,NULL,NULL,NULL,NULL,NULL,NULL,NULL,NULL,NULL,NULL),(13,1,NULL,NULL,0,1,0,'2021-12-30 08:25:55','2022-04-06 14:50:42',NULL,NULL,'f.etienne',NULL,NULL,'$2y$10$A76vfv459.90c4BPr85wRueNP/IcBIGwdKI71d0lU5rSK2NdApkjq',NULL,NULL,'woman','','ETIENNE','Fanny','2 rue Thomas Edison\r\nPAU CITÉ MULTIMÉDIA, Bât. A','64054','PAU CEDEX 09',NULL,1,NULL,'Assistante administrative juridique et technique','05 59 27 00 97','','06 37 67 26 19','','f.etienne@sempp.fr','','Bien cordialement,<br />\r\n<strong>Fanny ETIENNE</strong><br />\r\nAssistante SEM Pau Pyr&eacute;n&eacute;es<br />\r\n<em>Mobile : 06 37 67 26 19</em><br />\r\n<em>Fixe : 05 59 27 00 97<br />\r\n<img alt=\"\" src=\"/viewimage.php?modulepart=medias&amp;entity=1&amp;file=image/logo.jpg\" style=\"height:150px; width:150px\" /></em>','[]',NULL,NULL,NULL,NULL,NULL,NULL,NULL,NULL,NULL,'','',NULL,'2022-05-04 09:52:17','2022-05-04 08:44:18',NULL,NULL,NULL,NULL,NULL,NULL,'',NULL,1,NULL,NULL,'',NULL,0,'',0,NULL,NULL,NULL,NULL,'2019-02-25',NULL,NULL,NULL,NULL,NULL,NULL),(14,1,NULL,NULL,0,1,0,'2021-12-30 08:26:59','2022-01-27 16:35:48',NULL,NULL,'interenergies',NULL,NULL,'$2y$10$FpUBWHprnK2tmdRsIkq6qOLMbUMLMrdvgZEScaDT5lNtHfUjwHrei',NULL,NULL,NULL,'','INTERENERGIE','','','','',NULL,NULL,NULL,'','','','','','pau.citemultimedia@inter-energies.fr','','','[]',NULL,NULL,NULL,NULL,NULL,NULL,NULL,NULL,NULL,'','',NULL,'2022-05-06 16:07:03','2022-05-06 11:15:33',NULL,NULL,NULL,NULL,NULL,NULL,'',NULL,1,'logointerenergies.png',NULL,'',NULL,0,'',0,NULL,NULL,NULL,NULL,NULL,NULL,NULL,NULL,NULL,NULL,NULL),(15,1,NULL,NULL,0,1,0,'2022-01-09 10:44:38','2022-03-22 09:56:36',NULL,NULL,'j.lacaze',NULL,NULL,'$2y$10$zSUKN1UCKKCESHeoncTukeYWIT/6ROH47c3AY.RYWgqiAH8AFf70e',NULL,NULL,'woman','MLE','LACAZE','Julie','','','',NULL,NULL,NULL,'','','','','','contact@aspcm.fr','','Cordialement,<br />\r\nJulie Lacaze<br />\r\nCharg&eacute;e d&#39;accueil, de gestion et de communication.<br />\r\nPau Cit&eacute; Multim&eacute;dia<br />\r\nTel : 05.59.14.58.58<br />\r\naccueilpcm@gmail.com<br />\r\n<img alt=\"\" src=\"/viewimage.php?modulepart=medias&amp;entity=2&amp;file=image/logo%20ASPCM.jpg\" style=\"height:140px; width:200px\" />','[]',NULL,NULL,NULL,12,NULL,NULL,NULL,NULL,NULL,'','',NULL,'2022-05-06 10:38:18','2022-05-05 10:23:49',NULL,NULL,NULL,NULL,NULL,NULL,'',NULL,1,NULL,NULL,'',NULL,0,'',0,NULL,NULL,NULL,NULL,NULL,NULL,NULL,NULL,NULL,NULL,NULL),(16,1,NULL,NULL,0,1,0,'2022-01-20 08:14:35','2022-01-20 09:51:36',NULL,NULL,'GAMMKAPP',NULL,NULL,'$2y$10$lyRv0jcLdh2TVAq7uGlOx.sSdrM/4xVCxJDjqqW4ubk2bR3eO6z2S',NULL,NULL,NULL,'','Salle GAMMA&KAPPA','','','','',NULL,NULL,NULL,'','','','','','','','','[]',NULL,NULL,NULL,NULL,NULL,NULL,NULL,NULL,NULL,'','',NULL,NULL,NULL,NULL,NULL,NULL,NULL,NULL,NULL,'',NULL,1,NULL,NULL,'ff007f',NULL,0,'',0,NULL,NULL,NULL,NULL,NULL,NULL,NULL,NULL,NULL,NULL,NULL),(17,1,NULL,NULL,0,1,0,'2022-01-21 15:52:34','2022-04-06 07:08:12',NULL,NULL,'econet',NULL,NULL,'$2y$10$7KP5hYeTWhM3qf0fR34ol.UB.0Eq5p9q85YijLBbXmeEJK0Ohh65K',NULL,NULL,NULL,'','ECONET','','','','',NULL,NULL,NULL,'','','','','','lucia.econet@gmail.com','','','[]',NULL,NULL,NULL,NULL,NULL,NULL,NULL,NULL,NULL,'','',NULL,'2022-05-03 07:50:23','2022-04-25 10:14:24',NULL,NULL,NULL,NULL,NULL,NULL,'',NULL,1,NULL,NULL,'',NULL,0,'',0,NULL,NULL,NULL,NULL,NULL,NULL,NULL,NULL,NULL,NULL,NULL),(18,1,NULL,NULL,0,1,0,'2022-01-27 11:06:00','2022-01-27 11:06:00',NULL,NULL,'s.tintet',NULL,NULL,'$2y$10$hwOIOmF1N.2bFQ1kHT5zuOcO9Sllto9aDOBOgHbmKA/m4YolTBmki',NULL,NULL,NULL,'','TINTET','Sébastien','','','',NULL,NULL,NULL,'','','','','','sebastien.tintet@inter-energies.fr','','','null',NULL,NULL,NULL,NULL,NULL,NULL,NULL,NULL,NULL,'','',NULL,NULL,NULL,NULL,NULL,NULL,NULL,NULL,NULL,'',NULL,1,NULL,NULL,'',NULL,0,'',0,NULL,NULL,NULL,NULL,NULL,NULL,NULL,NULL,NULL,NULL,NULL),(19,1,NULL,NULL,0,1,0,'2022-02-03 07:44:16','2022-03-22 13:04:11',NULL,NULL,'m.laurent',NULL,NULL,'$2y$10$OidP8SyscT0ZRlI1KXWi9.YiI0HpvR.z58iXToCbo75nTCmWFV./q',NULL,NULL,'woman','','Laurent','Marlène','','','',NULL,NULL,NULL,'','','','','','accueil@aspcm.fr','','Cordialement,&nbsp;<br />\r\nMarl&egrave;ne Laurent<br />\r\nCharg&eacute; d&#39;accueil, de gestion et de communication<br />\r\nPau Cit&eacute; Multim&eacute;dia<br />\r\nTel : 05.59.14.58.58<br />\r\n<a>accueilpcm@gmail.com</a><br />\r\n<img alt=\"\" src=\"/viewimage.php?modulepart=medias&amp;entity=2&amp;file=image/logo%20ASPCM.jpg\" style=\"height:175px; width:250px\" />','[]',NULL,NULL,NULL,12,NULL,NULL,NULL,NULL,NULL,'','',NULL,'2022-05-06 13:13:30','2022-05-06 09:44:17',NULL,NULL,NULL,NULL,NULL,NULL,'',NULL,1,NULL,NULL,'',NULL,0,'',0,NULL,NULL,NULL,NULL,NULL,NULL,NULL,NULL,NULL,NULL,NULL),(20,1,NULL,NULL,0,1,0,'2022-02-03 07:45:37','2022-03-22 13:10:04',NULL,NULL,'l.giusti',NULL,NULL,'$2y$10$zgGNLrTd6ZjQXeMphMdGFuG286H9lOtnl0QQ2nYWD9cjO34ZXaCGm',NULL,NULL,NULL,'','GIUSTI','Laura','','','',NULL,NULL,NULL,'','','','','','','','','null',NULL,NULL,NULL,12,NULL,NULL,NULL,NULL,NULL,'','',NULL,NULL,NULL,NULL,NULL,NULL,NULL,NULL,NULL,'',NULL,0,NULL,NULL,'',NULL,0,'',0,NULL,NULL,NULL,NULL,NULL,NULL,NULL,NULL,NULL,NULL,NULL),(21,1,NULL,NULL,0,1,0,'2022-04-06 07:03:57','2022-04-06 07:03:57',NULL,NULL,'servat',NULL,NULL,'$2y$10$DnCaSgCxL2VhI3urUQUG2..j/l.cZsssJCD0X/hq2aE5jSDu9auxW',NULL,NULL,NULL,'','servat','','','','',NULL,NULL,NULL,'','','','','','clem_serv@hotmail.com','','','null',NULL,NULL,NULL,NULL,NULL,NULL,NULL,NULL,NULL,'','',NULL,NULL,NULL,NULL,NULL,NULL,NULL,NULL,NULL,'',NULL,1,NULL,NULL,'',NULL,0,'',0,NULL,NULL,NULL,NULL,NULL,NULL,NULL,NULL,NULL,NULL,NULL);

--
-- Table structure for table `llx_user_alert`
--

CREATE TABLE `llx_user_alert` (
  `rowid` int(11) NOT NULL AUTO_INCREMENT,
  `type` int(11) DEFAULT NULL,
  `fk_contact` int(11) DEFAULT NULL,
  `fk_user` int(11) DEFAULT NULL,
  PRIMARY KEY (`rowid`)
) ENGINE=InnoDB DEFAULT CHARSET=utf8 COLLATE=utf8_unicode_ci;

--
-- Dumping data for table `llx_user_alert`
--


--
-- Table structure for table `llx_user_clicktodial`
--

CREATE TABLE `llx_user_clicktodial` (
  `fk_user` int(11) NOT NULL,
  `url` varchar(255) COLLATE utf8_unicode_ci DEFAULT NULL,
  `login` varchar(32) COLLATE utf8_unicode_ci DEFAULT NULL,
  `pass` varchar(64) COLLATE utf8_unicode_ci DEFAULT NULL,
  `poste` varchar(20) COLLATE utf8_unicode_ci DEFAULT NULL,
  PRIMARY KEY (`fk_user`)
) ENGINE=InnoDB DEFAULT CHARSET=utf8 COLLATE=utf8_unicode_ci;

--
-- Dumping data for table `llx_user_clicktodial`
--


--
-- Table structure for table `llx_user_employment`
--

CREATE TABLE `llx_user_employment` (
  `rowid` int(11) NOT NULL AUTO_INCREMENT,
  `entity` int(11) NOT NULL DEFAULT 1,
  `ref` varchar(50) COLLATE utf8_unicode_ci DEFAULT NULL,
  `ref_ext` varchar(50) COLLATE utf8_unicode_ci DEFAULT NULL,
  `fk_user` int(11) DEFAULT NULL,
  `datec` datetime DEFAULT NULL,
  `tms` timestamp NOT NULL DEFAULT current_timestamp() ON UPDATE current_timestamp(),
  `fk_user_creat` int(11) DEFAULT NULL,
  `fk_user_modif` int(11) DEFAULT NULL,
  `job` varchar(128) COLLATE utf8_unicode_ci DEFAULT NULL,
  `status` int(11) NOT NULL,
  `salary` double(24,8) DEFAULT NULL,
  `salaryextra` double(24,8) DEFAULT NULL,
  `weeklyhours` double(16,8) DEFAULT NULL,
  `dateemployment` date DEFAULT NULL,
  `dateemploymentend` date DEFAULT NULL,
  PRIMARY KEY (`rowid`),
  UNIQUE KEY `uk_user_employment` (`ref`,`entity`),
  KEY `fk_user_employment_fk_user` (`fk_user`),
  CONSTRAINT `fk_user_employment_fk_user` FOREIGN KEY (`fk_user`) REFERENCES `llx_user` (`rowid`)
) ENGINE=InnoDB DEFAULT CHARSET=utf8 COLLATE=utf8_unicode_ci;

--
-- Dumping data for table `llx_user_employment`
--


--
-- Table structure for table `llx_user_extrafields`
--

CREATE TABLE `llx_user_extrafields` (
  `rowid` int(11) NOT NULL AUTO_INCREMENT,
  `tms` timestamp NOT NULL DEFAULT current_timestamp() ON UPDATE current_timestamp(),
  `fk_object` int(11) NOT NULL,
  `import_key` varchar(14) COLLATE utf8_unicode_ci DEFAULT NULL,
  `roomreservation_time` varchar(255) COLLATE utf8_unicode_ci DEFAULT NULL,
  `roomreservation_product` varchar(255) COLLATE utf8_unicode_ci DEFAULT NULL,
  `roomreservation_capacity` int(255) DEFAULT NULL,
  PRIMARY KEY (`rowid`),
  KEY `idx_user_extrafields` (`fk_object`)
) ENGINE=InnoDB AUTO_INCREMENT=95 DEFAULT CHARSET=utf8 COLLATE=utf8_unicode_ci;

--
-- Dumping data for table `llx_user_extrafields`
--

INSERT INTO `llx_user_extrafields` (`rowid`, `tms`, `fk_object`, `import_key`, `roomreservation_time`, `roomreservation_product`, `roomreservation_capacity`) VALUES (19,'2022-01-09 14:18:13',11,NULL,NULL,NULL,NULL),(43,'2022-01-19 21:24:16',6,NULL,'635,636,637,638','397',110),(56,'2022-01-20 09:50:32',3,NULL,'410,627,628,629,630','397,409',10),(57,'2022-01-20 09:51:36',16,NULL,'633,632,631,634','397,409',30),(58,'2022-01-20 09:52:17',4,NULL,'410,627,628,629,630','397,409',18),(59,'2022-01-20 09:52:44',5,NULL,'410,627,628,629,630','397,409',14),(60,'2022-01-20 09:53:38',7,NULL,'410,627,628,629,630','397,409',15),(69,'2022-01-27 11:06:00',18,NULL,NULL,NULL,NULL),(72,'2022-01-27 16:35:48',14,NULL,NULL,NULL,NULL),(75,'2022-01-31 20:21:31',1,NULL,NULL,NULL,NULL),(77,'2022-02-03 07:45:37',20,NULL,NULL,NULL,NULL),(91,'2022-03-22 09:56:36',15,NULL,NULL,NULL,NULL),(92,'2022-03-22 13:04:11',19,NULL,NULL,NULL,NULL),(93,'2022-04-06 07:03:57',21,NULL,NULL,NULL,NULL),(94,'2022-04-06 07:08:12',17,NULL,NULL,NULL,NULL);

--
-- Table structure for table `llx_user_param`
--

CREATE TABLE `llx_user_param` (
  `fk_user` int(11) NOT NULL,
  `entity` int(11) NOT NULL DEFAULT 1,
  `param` varchar(180) COLLATE utf8_unicode_ci NOT NULL,
  `value` text COLLATE utf8_unicode_ci NOT NULL,
  UNIQUE KEY `uk_user_param` (`fk_user`,`param`,`entity`)
) ENGINE=InnoDB DEFAULT CHARSET=utf8 COLLATE=utf8_unicode_ci;

--
-- Dumping data for table `llx_user_param`
--

INSERT INTO `llx_user_param` (`fk_user`, `entity`, `param`, `value`) VALUES (1,1,'MAIN_BOXES_0','1'),(1,2,'MAIN_BOXES_0','1'),(1,3,'MAIN_BOXES_0','1'),(1,1,'MAIN_BOXES_11','1'),(1,1,'MAIN_SELECTEDFIELDS_contactlist','p.poste,s.nom,p.lastname,p.firstname,p.zip,p.phone,p.phone_mobile,p.email,p.priv,p.statut,'),(1,1,'MAIN_SELECTEDFIELDS_contractlist','ef.dernierJourFacture,ef.typebail,ef.datesortie,ef.batimentcontrat,ef.dureebail,ef.loyerannuel,ef.finbail,ef.depotgarantie,ef.indice,ef.debutbail,c.ref,s.nom,c.date_contrat,'),(1,1,'MAIN_SELECTEDFIELDS_invoicelist','ef.batimentfacture,f.ref,f.ref_client,f.datef,f.date_lim_reglement,s.nom,s.name_alias,s.zip,f.total_ht,f.total_ttc,u.login,f.fk_statut,'),(1,2,'MAIN_SELECTEDFIELDS_invoicelist','ef.roomreservation_people,ef.roomreservation_start_date_resa,ef.batimentfacture,f.ref,f.ref_client,f.datef,f.date_lim_reglement,s.nom,f.total_ht,f.total_ttc,f.fk_statut,'),(1,3,'MAIN_SELECTEDFIELDS_invoicelist','f.ref_client,f.ref,f.datef,f.date_lim_reglement,s.nom,s.name_alias,s.zip,f.total_ht,f.total_ttc,u.login,f.fk_statut,'),(1,2,'MAIN_SELECTEDFIELDS_orderlist','ef.roomreservation_people,ef.roomreservation_start_date_resa,c.ref,c.ref_client,s.nom,c.date_commande,c.date_delivery,c.total_ht,u.login,c.facture,c.fk_statut,'),(1,1,'MAIN_SELECTEDFIELDS_placelist','t.fk_parent,ef.disponibilite,t.ref,t.label,t.type,t.fk_parent_label,t.fk_owner,t.postal_code,t.address,t.surface,'),(1,2,'MAIN_SELECTEDFIELDS_placelist','ef.disponibilite,t.ref,t.label,t.type,t.fk_parent,t.fk_parent_label,t.fk_owner,t.entity,t.postal_code,t.address,t.surface,t.points,t.account_code,t.statut,'),(1,1,'MAIN_SELECTEDFIELDS_productservicelist','p.accountancy_code_sell,p.ref,p.label,p.sellprice,p.minbuyprice,p.desiredstock,p.stock,p.tosell,p.tobuy,'),(1,2,'MAIN_SELECTEDFIELDS_proposallist','ef.roomreservation_people,ef.roomreservation_start_date_resa,p.ref,p.ref_client,s.nom,s.zip,p.date,p.fin_validite,p.total_ht,u.login,p.fk_statut,'),(1,1,'MAIN_SELECTEDFIELDS_rentslist','t.fk_building_label,t.fk_building,t.fk_space,t.fk_space_label,t.fk_contrat,t.indice,t.indiceval,t.loyer,t.depotgarantie,t.start,t.end,'),(1,1,'MAIN_SELECTEDFIELDS_servicelist','p.accountancy_code_buy,p.accountancy_code_sell,p.ref,p.label,p.sellprice,p.tosell,p.tobuy,'),(1,2,'MAIN_SELECTEDFIELDS_servicelist','p.accountancy_code_buy,p.accountancy_code_sell,p.ref,p.label,p.duration,p.sellprice,p.minbuyprice,p.desiredstock,p.stock,p.tosell,p.tobuy,'),(1,2,'MAIN_SELECTEDFIELDS_supplierinvoicelist','f.ref,f.ref_supplier,s.nom,f.date_lim_reglement,f.datef,ef.batimentfacturefourn,f.total_ttc,f.fk_statut,'),(1,3,'MAIN_SELECTEDFIELDS_supplierinvoicelist','f.ref,u.login,f.ref_supplier,s.zip,s.nom,f.datef,f.total_ht,f.fk_statut,'),(1,1,'MAIN_SELECTEDFIELDS_thirdpartylist','s.address,s.nom,s.code_client,s.zip,s.phone,customerorsupplier,ef.signature_link,s.status,'),(1,3,'MAIN_SELECTEDFIELDS_thirdpartylist','s.code_fournisseur,s.nom,s.name_alias,s.code_client,typent.code,s.status,'),(1,2,'MAIN_SELECTEDFIELDS_ticketlist','t.date_read,t.datec,ef.batimentticket,t.ref,t.subject,t.type_code,t.category_code,t.fk_soc,ef.espaceticket,t.date_close,t.fk_statut,'),(1,1,'MAIN_SELECTEDFIELDS_userlist','u.login,u.lastname,u.firstname,u.fk_user,u.office_phone,u.user_mobile,u.email,u.fk_soc,u.datelastlogin,u.statut,'),(10,1,'MAIN_SELECTEDFIELDS_invoicelist','ef.batimentfacture,f.ref,f.ref_client,f.datef,f.date_lim_reglement,s.nom,f.total_ht,f.total_ttc,f.fk_statut,'),(11,2,'MAIN_BOXES_0','1'),(11,2,'MAIN_SELECTEDFIELDS_customerlist','s.email,s.nom,s.name_alias,s.code_client,s.code_compta,s.zip,s.phone,typent.code,customerorsupplier,s.status,'),(11,2,'MAIN_SELECTEDFIELDS_invoicelist','ef.roomreservation_people,ef.batimentfacture,ef.roomreservation_start_date_resa,f.ref,f.ref_client,f.datef,f.date_lim_reglement,s.nom,f.total_ht,f.total_ttc,u.login,f.fk_statut,'),(11,2,'MAIN_SELECTEDFIELDS_invoicetemplatelist','f.datec,f.titre,f.frequency,f.date_when,f.nb_gen_done,s.nom,f.unit_frequency,recurring,f.total_ttc,f.total_ht,status,'),(11,2,'MAIN_SELECTEDFIELDS_orderlist','ef.roomreservation_people,ef.roomreservation_start_date_resa,c.ref,s.nom,c.date_commande,c.date_delivery,c.total_ht,u.login,c.facture,c.fk_statut,'),(11,2,'MAIN_SELECTEDFIELDS_proposallist','ef.roomreservation_people,p.ref,p.ref_client,s.nom,s.zip,p.date,p.fin_validite,p.total_ht,u.login,p.fk_statut,ef.batimentpropal,ef.roomreservation_start_date_resa,'),(11,2,'MAIN_SELECTEDFIELDS_supplierinvoicelist','f.ref,u.login,f.ref_supplier,s.nom,f.date_lim_reglement,f.datef,ef.batimentfacturefourn,f.fk_mode_reglement,f.total_ht,f.total_ttc,f.fk_statut,'),(11,2,'MAIN_SELECTEDFIELDS_supplierlist','s.nom,s.name_alias,s.code_fournisseur,s.code_compta_fournisseur,s.zip,s.phone,typent.code,customerorsupplier,s.status,'),(12,1,'MAIN_BOXES_0','1'),(12,1,'MAIN_BOXES_11','1'),(12,1,'POSTIT_COLOR_PRIVATE','#fefe01'),(12,1,'POSTIT_COLOR_PUBLIC','#90c6ff'),(13,1,'AGENDA_DEFAULT_VIEW','show_week'),(13,1,'AGENDA_EXT_COLOR_13_1','ffc896'),(13,1,'AGENDA_EXT_COLOR_13_2','ffffff'),(13,1,'AGENDA_EXT_COLOR_13_3','ffffff'),(13,1,'AGENDA_EXT_COLOR_13_4','ffffff'),(13,1,'AGENDA_EXT_COLOR_13_5','ffffff'),(13,1,'AGENDA_EXT_NAME_13_1','Fanny'),(13,1,'AGENDA_EXT_SRC_13_1','https://calendar.google.com/calendar/u/0?cid=Zi5ldGllbm5lQHNlbXBwLmZy'),(13,1,'MAIN_BOXES_0','1'),(13,1,'MAIN_BOXES_11','1'),(13,1,'MAIN_LANDING_PAGE','index.php'),(13,1,'MAIN_SELECTEDFIELDS_contractlist','ef.typebail,ef.datesortie,ef.batimentcontrat,ef.dureebail,ef.trimestreReference,ef.anneeReference,ef.loyerannuel,ef.finbail,ef.depotgarantie,ef.indexationdg,ef.debutbail,c.ref,s.nom,c.date_contrat,'),(13,1,'MAIN_SELECTEDFIELDS_ticketlist','t.fk_soc,ef.batimentticket,t.ref,t.fk_user_create,t.origin_email,t.subject,t.type_code,t.severity_code,t.datec,t.fk_user_assign,t.message,t.fk_statut,'),(13,2,'MAIN_SELECTEDFIELDS_ticketlist','ef.batimentticket,t.ref,t.fk_user_create,t.subject,t.type_code,t.severity_code,t.fk_soc,ef.espaceticket,t.datec,t.fk_user_assign,t.date_close,t.message,t.fk_statut,'),(13,1,'MAIN_THEME','eldy'),(15,1,'MAIN_BOXES_0','1'),(15,2,'MAIN_SELECTEDFIELDS_orderlist','ef.batimentorderclient,ef.roomreservation_start_date_resa,ef.roomreservation_people,c.ref,s.nom,c.date_commande,c.date_delivery,c.total_ht,u.login,c.facture,c.fk_statut,'),(15,2,'MAIN_SELECTEDFIELDS_proposallist','p.ref,p.ref_client,s.nom,s.zip,p.date,p.fin_validite,p.total_ht,u.login,p.fk_statut,ef.batimentpropal,ef.roomreservation_start_date_resa,ef.roomreservation_people,'),(17,2,'MAIN_BOXES_0','1'),(19,2,'MAIN_BOXES_0','1'),(19,2,'MAIN_SELECTEDFIELDS_customerlist','ef.importaspcm_numdept,s.nom,s.zip,s.phone,typent.code,customerorsupplier,ef.signature_link,s.status,'),(19,2,'MAIN_SELECTEDFIELDS_orderlist','ef.batimentorderclient,ef.roomreservation_start_date_resa,ef.roomreservation_people,c.ref,s.nom,c.date_commande,c.date_delivery,c.total_ht,u.login,c.facture,c.fk_statut,'),(19,2,'MAIN_SELECTEDFIELDS_proposallist','p.ref,p.ref_client,s.nom,s.zip,p.date,p.fin_validite,p.total_ht,u.login,p.fk_statut,ef.roomreservation_start_date_resa,ef.roomreservation_people,');

--
-- Table structure for table `llx_user_perentity`
--

CREATE TABLE `llx_user_perentity` (
  `rowid` int(11) NOT NULL AUTO_INCREMENT,
  `entity` int(11) NOT NULL DEFAULT 1,
  `fk_user` int(11) NOT NULL,
  `office_phone` varchar(20) COLLATE utf8_unicode_ci DEFAULT NULL,
  `office_fax` varchar(20) COLLATE utf8_unicode_ci DEFAULT NULL,
  `user_mobile` varchar(20) COLLATE utf8_unicode_ci DEFAULT NULL,
  `personal_mobile` varchar(20) COLLATE utf8_unicode_ci DEFAULT NULL,
  `email` varchar(255) COLLATE utf8_unicode_ci DEFAULT NULL,
  `personal_email` varchar(255) COLLATE utf8_unicode_ci DEFAULT NULL,
  `signature` text COLLATE utf8_unicode_ci DEFAULT NULL,
  PRIMARY KEY (`rowid`),
  UNIQUE KEY `idx_user_perentity_fk_user` (`entity`,`fk_user`),
  KEY `fk_user_perentity_fk_user` (`fk_user`),
  CONSTRAINT `fk_user_perentity_entity` FOREIGN KEY (`entity`) REFERENCES `llx_entity` (`rowid`),
  CONSTRAINT `fk_user_perentity_fk_user` FOREIGN KEY (`fk_user`) REFERENCES `llx_user` (`rowid`)
) ENGINE=InnoDB DEFAULT CHARSET=utf8 COLLATE=utf8_unicode_ci;

--
-- Dumping data for table `llx_user_perentity`
--


--
-- Table structure for table `llx_user_rib`
--

CREATE TABLE `llx_user_rib` (
  `rowid` int(11) NOT NULL AUTO_INCREMENT,
  `fk_user` int(11) NOT NULL,
  `entity` int(11) NOT NULL DEFAULT 1,
  `datec` datetime DEFAULT NULL,
  `tms` timestamp NOT NULL DEFAULT current_timestamp() ON UPDATE current_timestamp(),
  `label` varchar(30) COLLATE utf8_unicode_ci DEFAULT NULL,
  `bank` varchar(255) COLLATE utf8_unicode_ci DEFAULT NULL,
  `code_banque` varchar(128) COLLATE utf8_unicode_ci DEFAULT NULL,
  `code_guichet` varchar(6) COLLATE utf8_unicode_ci DEFAULT NULL,
  `number` varchar(255) COLLATE utf8_unicode_ci DEFAULT NULL,
  `cle_rib` varchar(5) COLLATE utf8_unicode_ci DEFAULT NULL,
  `bic` varchar(11) COLLATE utf8_unicode_ci DEFAULT NULL,
  `iban_prefix` varchar(34) COLLATE utf8_unicode_ci DEFAULT NULL,
  `domiciliation` varchar(255) COLLATE utf8_unicode_ci DEFAULT NULL,
  `proprio` varchar(60) COLLATE utf8_unicode_ci DEFAULT NULL,
  `owner_address` varchar(255) COLLATE utf8_unicode_ci DEFAULT NULL,
  PRIMARY KEY (`rowid`)
) ENGINE=InnoDB DEFAULT CHARSET=utf8 COLLATE=utf8_unicode_ci;

--
-- Dumping data for table `llx_user_rib`
--


--
-- Table structure for table `llx_user_rights`
--

CREATE TABLE `llx_user_rights` (
  `rowid` int(11) NOT NULL AUTO_INCREMENT,
  `entity` int(11) NOT NULL DEFAULT 1,
  `fk_user` int(11) NOT NULL,
  `fk_id` int(11) NOT NULL,
  PRIMARY KEY (`rowid`),
  UNIQUE KEY `uk_user_rights` (`entity`,`fk_user`,`fk_id`),
  KEY `fk_user_rights_fk_user_user` (`fk_user`),
  CONSTRAINT `fk_user_rights_fk_user_user` FOREIGN KEY (`fk_user`) REFERENCES `llx_user` (`rowid`)
) ENGINE=InnoDB AUTO_INCREMENT=4605 DEFAULT CHARSET=utf8 COLLATE=utf8_unicode_ci;

--
-- Dumping data for table `llx_user_rights`
--

INSERT INTO `llx_user_rights` (`rowid`, `entity`, `fk_user`, `fk_id`) VALUES (3531,1,1,11),(3511,1,1,12),(3516,1,1,13),(3519,1,1,14),(3522,1,1,15),(3526,1,1,16),(3532,1,1,19),(24,1,1,21),(18,1,1,22),(19,1,1,24),(20,1,1,25),(21,1,1,26),(23,1,1,27),(25,1,1,28),(142,1,1,31),(137,1,1,32),(139,1,1,34),(141,1,1,38),(143,1,1,39),(3498,1,1,81),(3481,1,1,82),(3486,1,1,84),(3489,1,1,86),(3492,1,1,87),(3495,1,1,88),(3499,1,1,89),(107,1,1,91),(104,1,1,92),(106,1,1,93),(108,1,1,94),(3450,1,1,111),(3421,1,1,112),(3427,1,1,113),(3433,1,1,114),(3439,1,1,115),(3445,1,1,116),(3451,1,1,117),(3654,1,1,121),(3643,1,1,122),(3649,1,1,125),(3655,1,1,126),(2083,1,1,161),(2060,1,1,162),(2066,1,1,163),(2072,1,1,164),(2078,1,1,165),(2084,1,1,167),(165,1,1,241),(164,1,1,242),(166,1,1,243),(3765,1,1,251),(3708,1,1,252),(3712,1,1,253),(3717,1,1,254),(3721,1,1,255),(3727,1,1,256),(3660,1,1,262),(3678,1,1,281),(3667,1,1,282),(3673,1,1,283),(3679,1,1,286),(170,1,1,331),(169,1,1,332),(171,1,1,333),(3732,1,1,341),(3735,1,1,342),(3738,1,1,343),(3741,1,1,344),(3759,1,1,351),(3748,1,1,352),(3754,1,1,353),(3760,1,1,354),(3766,1,1,358),(2950,1,1,431),(3633,1,1,531),(3622,1,1,532),(3628,1,1,534),(3634,1,1,538),(154,1,1,1001),(153,1,1,1002),(155,1,1,1003),(157,1,1,1004),(158,1,1,1005),(160,1,1,1011),(161,1,1,1012),(3543,1,1,1181),(3585,1,1,1182),(3550,1,1,1183),(3555,1,1,1184),(3559,1,1,1185),(3565,1,1,1186),(3571,1,1,1187),(3580,1,1,1188),(3576,1,1,1189),(3586,1,1,1191),(4539,1,1,1201),(4540,1,1,1202),(3612,1,1,1231),(3595,1,1,1232),(3600,1,1,1233),(3604,1,1,1234),(3609,1,1,1235),(3613,1,1,1236),(172,1,1,1251),(3537,1,1,1321),(3540,1,1,1322),(3504,1,1,1421),(3393,1,1,2401),(3388,1,1,2402),(3394,1,1,2403),(3408,1,1,2411),(3403,1,1,2412),(3409,1,1,2413),(3414,1,1,2414),(180,1,1,3201),(3309,1,1,3301),(2454,1,1,5001),(2443,1,1,5002),(2455,1,1,5003),(2487,1,1,5011),(2476,1,1,5012),(2488,1,1,5013),(2520,1,1,5021),(2509,1,1,5022),(2521,1,1,5023),(2553,1,1,5031),(2542,1,1,5032),(2554,1,1,5033),(2604,1,1,5041),(2575,1,1,5042),(2584,1,1,5043),(2587,1,1,5044),(2593,1,1,5045),(2605,1,1,5046),(2658,1,1,5051),(2626,1,1,5052),(2635,1,1,5054),(2638,1,1,5056),(2644,1,1,5057),(2653,1,1,5058),(2659,1,1,5059),(2715,1,1,5061),(2680,1,1,5062),(2689,1,1,5063),(2692,1,1,5064),(2695,1,1,5065),(2701,1,1,5066),(2710,1,1,5067),(2716,1,1,5069),(3471,1,1,23001),(3460,1,1,23002),(3466,1,1,23003),(3472,1,1,23004),(3348,1,1,50401),(3372,1,1,50411),(3355,1,1,50412),(3361,1,1,50414),(3367,1,1,50415),(3373,1,1,50418),(3378,1,1,50420),(3381,1,1,50430),(3345,1,1,50440),(3699,1,1,56001),(3688,1,1,56002),(3694,1,1,56003),(3700,1,1,56004),(4490,1,1,104852),(4491,1,1,104853),(4496,1,1,104854),(4403,1,1,432511),(4398,1,1,432512),(4404,1,1,432513),(4593,1,1,1048560),(4569,1,1,50000001),(4564,1,1,50000002),(4570,1,1,50000003),(4590,1,1,125042001),(3771,1,1,858369821),(945,1,3,2401),(946,1,3,5011),(947,1,3,5021),(948,1,4,2401),(949,1,4,5011),(950,1,4,5021),(951,1,5,2401),(952,1,5,5011),(953,1,5,5021),(957,1,7,2401),(958,1,7,5011),(959,1,7,5021),(3533,1,8,11),(3513,1,8,12),(3517,1,8,13),(3520,1,8,14),(3523,1,8,15),(3528,1,8,16),(3534,1,8,19),(3500,1,8,81),(3483,1,8,82),(3487,1,8,84),(3490,1,8,86),(3493,1,8,87),(3496,1,8,88),(3501,1,8,89),(3452,1,8,111),(3423,1,8,112),(3429,1,8,113),(3435,1,8,114),(3441,1,8,115),(3447,1,8,116),(3453,1,8,117),(3656,1,8,121),(3645,1,8,122),(3651,1,8,125),(3657,1,8,126),(2085,1,8,161),(2062,1,8,162),(2068,1,8,163),(2074,1,8,164),(2080,1,8,165),(2086,1,8,167),(3767,1,8,251),(3709,1,8,252),(3714,1,8,253),(3718,1,8,254),(3723,1,8,255),(3729,1,8,256),(3661,1,8,262),(3680,1,8,281),(3669,1,8,282),(3675,1,8,283),(3681,1,8,286),(3733,1,8,341),(3736,1,8,342),(3739,1,8,343),(3742,1,8,344),(3761,1,8,351),(3750,1,8,352),(3756,1,8,353),(3762,1,8,354),(3768,1,8,358),(2951,1,8,431),(3635,1,8,531),(3624,1,8,532),(3630,1,8,534),(3636,1,8,538),(3544,1,8,1181),(3587,1,8,1182),(3552,1,8,1183),(3556,1,8,1184),(3561,1,8,1185),(3567,1,8,1186),(3573,1,8,1187),(3582,1,8,1188),(3577,1,8,1189),(3588,1,8,1191),(4541,1,8,1201),(4542,1,8,1202),(3614,1,8,1231),(3597,1,8,1232),(3601,1,8,1233),(3606,1,8,1234),(3610,1,8,1235),(3615,1,8,1236),(3538,1,8,1321),(3541,1,8,1322),(3505,1,8,1421),(3395,1,8,2401),(3390,1,8,2402),(3396,1,8,2403),(3410,1,8,2411),(3405,1,8,2412),(3411,1,8,2413),(3415,1,8,2414),(3310,1,8,3301),(2458,1,8,5001),(2447,1,8,5002),(2459,1,8,5003),(2491,1,8,5011),(2480,1,8,5012),(2492,1,8,5013),(2524,1,8,5021),(2513,1,8,5022),(2525,1,8,5023),(2557,1,8,5031),(2546,1,8,5032),(2558,1,8,5033),(2608,1,8,5041),(2579,1,8,5042),(2585,1,8,5043),(2588,1,8,5044),(2597,1,8,5045),(2609,1,8,5046),(2662,1,8,5051),(2630,1,8,5052),(2636,1,8,5054),(2639,1,8,5056),(2648,1,8,5057),(2654,1,8,5058),(2663,1,8,5059),(2719,1,8,5061),(2684,1,8,5062),(2690,1,8,5063),(2693,1,8,5064),(2696,1,8,5065),(2705,1,8,5066),(2711,1,8,5067),(2720,1,8,5069),(3473,1,8,23001),(3462,1,8,23002),(3468,1,8,23003),(3474,1,8,23004),(3349,1,8,50401),(3374,1,8,50411),(3357,1,8,50412),(3363,1,8,50414),(3369,1,8,50415),(3375,1,8,50418),(3379,1,8,50420),(3382,1,8,50430),(3346,1,8,50440),(3701,1,8,56001),(3690,1,8,56002),(3696,1,8,56003),(3702,1,8,56004),(4492,1,8,104852),(4493,1,8,104853),(4497,1,8,104854),(4405,1,8,432511),(4400,1,8,432512),(4406,1,8,432513),(4594,1,8,1048560),(4571,1,8,50000001),(4566,1,8,50000002),(4572,1,8,50000003),(4591,1,8,125042001),(3772,1,8,858369821),(3535,1,9,11),(3515,1,9,12),(3518,1,9,13),(3521,1,9,14),(3524,1,9,15),(3530,1,9,16),(3536,1,9,19),(3502,1,9,81),(3485,1,9,82),(3488,1,9,84),(3491,1,9,86),(3494,1,9,87),(3497,1,9,88),(3503,1,9,89),(3454,1,9,111),(3425,1,9,112),(3431,1,9,113),(3437,1,9,114),(3443,1,9,115),(3449,1,9,116),(3455,1,9,117),(3658,1,9,121),(3647,1,9,122),(3653,1,9,125),(3659,1,9,126),(2087,1,9,161),(2064,1,9,162),(2070,1,9,163),(2076,1,9,164),(2082,1,9,165),(2088,1,9,167),(3769,1,9,251),(3710,1,9,252),(3716,1,9,253),(3719,1,9,254),(3725,1,9,255),(3731,1,9,256),(3662,1,9,262),(3682,1,9,281),(3671,1,9,282),(3677,1,9,283),(3683,1,9,286),(3734,1,9,341),(3740,1,9,343),(3743,1,9,344),(3763,1,9,351),(3752,1,9,352),(3758,1,9,353),(3764,1,9,354),(3770,1,9,358),(2952,1,9,431),(3637,1,9,531),(3626,1,9,532),(3632,1,9,534),(3638,1,9,538),(3545,1,9,1181),(3589,1,9,1182),(3554,1,9,1183),(3557,1,9,1184),(3563,1,9,1185),(3569,1,9,1186),(3575,1,9,1187),(3584,1,9,1188),(3578,1,9,1189),(3590,1,9,1191),(4543,1,9,1201),(4544,1,9,1202),(3616,1,9,1231),(3599,1,9,1232),(3602,1,9,1233),(3608,1,9,1234),(3611,1,9,1235),(3617,1,9,1236),(3539,1,9,1321),(3542,1,9,1322),(3506,1,9,1421),(3397,1,9,2401),(3392,1,9,2402),(3398,1,9,2403),(3412,1,9,2411),(3407,1,9,2412),(3413,1,9,2413),(3416,1,9,2414),(3311,1,9,3301),(2462,1,9,5001),(2451,1,9,5002),(2463,1,9,5003),(2495,1,9,5011),(2484,1,9,5012),(2496,1,9,5013),(2528,1,9,5021),(2517,1,9,5022),(2529,1,9,5023),(2561,1,9,5031),(2550,1,9,5032),(2562,1,9,5033),(2612,1,9,5041),(2583,1,9,5042),(2586,1,9,5043),(2589,1,9,5044),(2601,1,9,5045),(2613,1,9,5046),(2666,1,9,5051),(2634,1,9,5052),(2637,1,9,5054),(2640,1,9,5056),(2652,1,9,5057),(2655,1,9,5058),(2667,1,9,5059),(2723,1,9,5061),(2688,1,9,5062),(2691,1,9,5063),(2694,1,9,5064),(2697,1,9,5065),(2709,1,9,5066),(2712,1,9,5067),(2724,1,9,5069),(3475,1,9,23001),(3464,1,9,23002),(3470,1,9,23003),(3476,1,9,23004),(3350,1,9,50401),(3376,1,9,50411),(3359,1,9,50412),(3365,1,9,50414),(3371,1,9,50415),(3377,1,9,50418),(3380,1,9,50420),(3383,1,9,50430),(3347,1,9,50440),(3703,1,9,56001),(3692,1,9,56002),(3698,1,9,56003),(3704,1,9,56004),(4494,1,9,104852),(4495,1,9,104853),(4498,1,9,104854),(4407,1,9,432511),(4402,1,9,432512),(4408,1,9,432513),(4595,1,9,1048560),(4573,1,9,50000001),(4568,1,9,50000002),(4574,1,9,50000003),(4592,1,9,125042001),(3773,1,9,858369821),(4023,1,16,858369821),(4054,1,17,858369821),(4097,1,18,858369821),(4098,1,19,858369821),(4099,1,20,858369821),(367,2,1,11),(359,2,1,12),(360,2,1,13),(361,2,1,14),(362,2,1,15),(365,2,1,16),(368,2,1,19),(267,2,1,21),(259,2,1,22),(260,2,1,24),(261,2,1,25),(262,2,1,26),(265,2,1,27),(268,2,1,28),(442,2,1,31),(434,2,1,32),(437,2,1,34),(440,2,1,38),(443,2,1,39),(4039,2,1,61),(4028,2,1,62),(4034,2,1,64),(4040,2,1,67),(4045,2,1,68),(4048,2,1,69),(4051,2,1,70),(279,2,1,81),(273,2,1,82),(274,2,1,84),(275,2,1,86),(276,2,1,87),(277,2,1,88),(280,2,1,89),(380,2,1,91),(375,2,1,92),(378,2,1,93),(381,2,1,94),(409,2,1,111),(395,2,1,112),(398,2,1,113),(401,2,1,114),(404,2,1,115),(407,2,1,116),(410,2,1,117),(241,2,1,121),(236,2,1,122),(239,2,1,125),(242,2,1,126),(484,2,1,241),(482,2,1,242),(485,2,1,243),(243,2,1,262),(253,2,1,281),(248,2,1,282),(251,2,1,283),(254,2,1,286),(492,2,1,331),(490,2,1,332),(493,2,1,333),(3984,2,1,431),(389,2,1,511),(384,2,1,512),(386,2,1,514),(388,2,1,517),(390,2,1,519),(458,2,1,531),(453,2,1,532),(456,2,1,534),(459,2,1,538),(447,2,1,651),(446,2,1,652),(448,2,1,653),(466,2,1,1001),(464,2,1,1002),(467,2,1,1003),(471,2,1,1004),(472,2,1,1005),(476,2,1,1011),(477,2,1,1012),(311,2,1,1181),(332,2,1,1182),(316,2,1,1183),(317,2,1,1184),(320,2,1,1185),(323,2,1,1186),(326,2,1,1187),(330,2,1,1188),(327,2,1,1189),(333,2,1,1191),(4091,2,1,1201),(4092,2,1,1202),(345,2,1,1231),(338,2,1,1232),(339,2,1,1233),(342,2,1,1234),(343,2,1,1235),(346,2,1,1236),(960,2,1,1251),(369,2,1,1321),(370,2,1,1322),(281,2,1,1421),(299,2,1,2401),(297,2,1,2402),(300,2,1,2403),(307,2,1,2411),(305,2,1,2412),(308,2,1,2413),(309,2,1,2414),(4085,2,1,3201),(4602,2,1,3301),(3789,2,1,23001),(3778,2,1,23002),(3784,2,1,23003),(3790,2,1,23004),(412,2,1,50401),(425,2,1,50411),(417,2,1,50412),(420,2,1,50414),(423,2,1,50415),(426,2,1,50418),(428,2,1,50420),(429,2,1,50430),(411,2,1,50440),(291,2,1,56001),(286,2,1,56002),(289,2,1,56003),(292,2,1,56004),(4002,2,1,63001),(3991,2,1,63002),(3997,2,1,63003),(4003,2,1,63004),(4502,2,1,104852),(4503,2,1,104853),(4508,2,1,104854),(4554,2,1,432511),(4549,2,1,432512),(4555,2,1,432513),(353,2,1,941601),(349,2,1,941602),(350,2,1,941603),(351,2,1,941604),(352,2,1,941605),(354,2,1,941606),(4596,2,1,1048560),(4584,2,1,50000001),(4579,2,1,50000002),(4585,2,1,50000003),(2749,2,1,125042001),(494,2,1,858369821),(2113,2,8,11),(2114,2,8,12),(2115,2,8,13),(2116,2,8,14),(2117,2,8,15),(2118,2,8,16),(2119,2,8,19),(2120,2,8,21),(2121,2,8,22),(2122,2,8,24),(2123,2,8,25),(2124,2,8,26),(2125,2,8,27),(2126,2,8,28),(2127,2,8,31),(2128,2,8,32),(2129,2,8,34),(2130,2,8,38),(2131,2,8,39),(4041,2,8,61),(4030,2,8,62),(4036,2,8,64),(4042,2,8,67),(4046,2,8,68),(4049,2,8,69),(4052,2,8,70),(2132,2,8,81),(2133,2,8,82),(2134,2,8,84),(2135,2,8,86),(2136,2,8,87),(2137,2,8,88),(2138,2,8,89),(2139,2,8,91),(2140,2,8,92),(2141,2,8,93),(2142,2,8,94),(2143,2,8,111),(2144,2,8,112),(2145,2,8,113),(2146,2,8,114),(2147,2,8,115),(2148,2,8,116),(2149,2,8,117),(2150,2,8,121),(2151,2,8,122),(2152,2,8,125),(2153,2,8,126),(2154,2,8,241),(2155,2,8,242),(2156,2,8,243),(2157,2,8,251),(2158,2,8,252),(2159,2,8,253),(2160,2,8,254),(2161,2,8,255),(2162,2,8,256),(2163,2,8,262),(2164,2,8,281),(2165,2,8,282),(2166,2,8,283),(2167,2,8,286),(2168,2,8,331),(2169,2,8,332),(2170,2,8,333),(2171,2,8,341),(2172,2,8,342),(2173,2,8,343),(2174,2,8,344),(2175,2,8,351),(2176,2,8,352),(2177,2,8,353),(2178,2,8,354),(2179,2,8,358),(3985,2,8,431),(2180,2,8,511),(2181,2,8,512),(2182,2,8,514),(2183,2,8,517),(2184,2,8,519),(2185,2,8,531),(2186,2,8,532),(2187,2,8,534),(2188,2,8,538),(2189,2,8,1001),(2190,2,8,1002),(2191,2,8,1003),(2192,2,8,1004),(2193,2,8,1005),(2194,2,8,1011),(2195,2,8,1012),(2196,2,8,1181),(2197,2,8,1182),(2198,2,8,1183),(2199,2,8,1184),(2200,2,8,1185),(2201,2,8,1186),(2202,2,8,1187),(2203,2,8,1188),(2204,2,8,1189),(2205,2,8,1191),(4093,2,8,1201),(4094,2,8,1202),(2206,2,8,1231),(2207,2,8,1232),(2208,2,8,1233),(2209,2,8,1234),(2210,2,8,1235),(2211,2,8,1236),(2212,2,8,1251),(2213,2,8,1321),(2214,2,8,1322),(2215,2,8,1421),(2216,2,8,2401),(2217,2,8,2402),(2218,2,8,2403),(2219,2,8,2411),(2220,2,8,2412),(2221,2,8,2413),(2222,2,8,2414),(4086,2,8,3201),(4603,2,8,3301),(2223,2,8,5001),(2224,2,8,5002),(2225,2,8,5003),(2226,2,8,5011),(2227,2,8,5012),(2228,2,8,5013),(2229,2,8,5021),(2230,2,8,5022),(2231,2,8,5023),(2232,2,8,5031),(2233,2,8,5032),(2234,2,8,5033),(2235,2,8,5041),(2236,2,8,5042),(2237,2,8,5043),(2238,2,8,5044),(2239,2,8,5045),(2240,2,8,5046),(2241,2,8,5051),(2242,2,8,5052),(2243,2,8,5054),(2244,2,8,5056),(2245,2,8,5057),(2246,2,8,5058),(2247,2,8,5059),(2248,2,8,5061),(2249,2,8,5062),(2250,2,8,5063),(2251,2,8,5064),(2252,2,8,5065),(2253,2,8,5066),(2254,2,8,5067),(2255,2,8,5069),(3791,2,8,23001),(3780,2,8,23002),(3786,2,8,23003),(3792,2,8,23004),(2256,2,8,50401),(2257,2,8,50411),(2258,2,8,50412),(2259,2,8,50414),(2260,2,8,50415),(2261,2,8,50418),(2262,2,8,50420),(2263,2,8,50430),(2264,2,8,50440),(2265,2,8,56001),(2266,2,8,56002),(2267,2,8,56003),(2268,2,8,56004),(4004,2,8,63001),(3993,2,8,63002),(3999,2,8,63003),(4005,2,8,63004),(4504,2,8,104852),(4505,2,8,104853),(4509,2,8,104854),(4556,2,8,432511),(4551,2,8,432512),(4557,2,8,432513),(2272,2,8,941601),(2273,2,8,941602),(2274,2,8,941603),(2275,2,8,941604),(2276,2,8,941605),(2277,2,8,941606),(4597,2,8,1048560),(4586,2,8,50000001),(4581,2,8,50000002),(4587,2,8,50000003),(2750,2,8,125042001),(2281,2,8,858369821),(4043,2,9,61),(4032,2,9,62),(4038,2,9,64),(4044,2,9,67),(4047,2,9,68),(4050,2,9,69),(4053,2,9,70),(3737,2,9,342),(3986,2,9,431),(4095,2,9,1201),(4096,2,9,1202),(4087,2,9,3201),(4604,2,9,3301),(3793,2,9,23001),(3782,2,9,23002),(3788,2,9,23003),(3794,2,9,23004),(4006,2,9,63001),(3995,2,9,63002),(4001,2,9,63003),(4007,2,9,63004),(4506,2,9,104852),(4507,2,9,104853),(4510,2,9,104854),(4558,2,9,432511),(4553,2,9,432512),(4559,2,9,432513),(4598,2,9,1048560),(4588,2,9,50000001),(4583,2,9,50000002),(4589,2,9,50000003),(2751,2,9,125042001),(3030,2,11,251),(3031,2,11,252),(3048,2,11,351),(3049,2,11,352),(3052,2,11,358),(3062,2,11,1001),(3063,2,11,1002),(3064,2,11,1003),(3065,2,11,1004),(3066,2,11,1005),(3067,2,11,1011),(3068,2,11,1012),(4530,2,15,341),(3308,2,15,342),(4528,2,19,341),(618,3,1,11),(608,3,1,12),(609,3,1,13),(610,3,1,14),(611,3,1,15),(615,3,1,16),(619,3,1,19),(788,3,1,21),(778,3,1,22),(779,3,1,24),(780,3,1,25),(781,3,1,26),(785,3,1,27),(789,3,1,28),(706,3,1,31),(695,3,1,32),(699,3,1,34),(703,3,1,38),(707,3,1,39),(539,3,1,81),(532,3,1,82),(533,3,1,84),(534,3,1,86),(535,3,1,87),(536,3,1,88),(540,3,1,89),(635,3,1,91),(628,3,1,92),(632,3,1,93),(636,3,1,94),(662,3,1,111),(643,3,1,112),(647,3,1,113),(651,3,1,114),(655,3,1,115),(659,3,1,116),(663,3,1,117),(508,3,1,121),(501,3,1,122),(505,3,1,125),(509,3,1,126),(755,3,1,241),(752,3,1,242),(756,3,1,243),(510,3,1,262),(524,3,1,281),(517,3,1,282),(521,3,1,283),(525,3,1,286),(766,3,1,331),(763,3,1,332),(767,3,1,333),(721,3,1,531),(714,3,1,532),(718,3,1,534),(722,3,1,538),(544,3,1,1181),(572,3,1,1182),(551,3,1,1183),(552,3,1,1184),(556,3,1,1185),(560,3,1,1186),(564,3,1,1187),(569,3,1,1188),(565,3,1,1189),(573,3,1,1191),(589,3,1,1231),(580,3,1,1232),(581,3,1,1233),(585,3,1,1234),(586,3,1,1235),(590,3,1,1236),(620,3,1,1321),(621,3,1,1322),(541,3,1,1421),(732,3,1,2401),(729,3,1,2402),(733,3,1,2403),(743,3,1,2411),(740,3,1,2412),(744,3,1,2413),(745,3,1,2414),(4115,3,1,3301),(665,3,1,50401),(683,3,1,50411),(672,3,1,50412),(676,3,1,50414),(680,3,1,50415),(684,3,1,50418),(687,3,1,50420),(688,3,1,50430),(664,3,1,50440),(769,3,1,59001),(770,3,1,59002),(771,3,1,59003),(600,3,1,941601),(595,3,1,941602),(596,3,1,941603),(597,3,1,941604),(598,3,1,941605),(601,3,1,941606),(4599,3,1,1048560),(4109,3,1,50000001),(4104,3,1,50000002),(4110,3,1,50000003),(768,3,1,858369821),(4211,3,8,11),(4212,3,8,12),(4213,3,8,13),(4214,3,8,14),(4215,3,8,15),(4216,3,8,16),(4217,3,8,19),(4218,3,8,21),(4219,3,8,22),(4220,3,8,24),(4221,3,8,25),(4222,3,8,26),(4223,3,8,27),(4224,3,8,28),(4225,3,8,31),(4226,3,8,32),(4227,3,8,34),(4228,3,8,38),(4229,3,8,39),(4230,3,8,81),(4231,3,8,82),(4232,3,8,84),(4233,3,8,86),(4234,3,8,87),(4235,3,8,88),(4236,3,8,89),(4237,3,8,91),(4238,3,8,92),(4239,3,8,93),(4240,3,8,94),(4241,3,8,111),(4242,3,8,112),(4243,3,8,113),(4244,3,8,114),(4245,3,8,115),(4246,3,8,116),(4247,3,8,117),(4248,3,8,121),(4249,3,8,122),(4250,3,8,125),(4251,3,8,126),(4252,3,8,241),(4253,3,8,242),(4254,3,8,243),(4255,3,8,251),(4256,3,8,252),(4257,3,8,253),(4258,3,8,254),(4259,3,8,255),(4260,3,8,256),(4261,3,8,262),(4262,3,8,281),(4263,3,8,282),(4264,3,8,283),(4265,3,8,286),(4266,3,8,331),(4267,3,8,332),(4268,3,8,333),(4269,3,8,341),(4270,3,8,342),(4271,3,8,343),(4272,3,8,344),(4273,3,8,351),(4274,3,8,352),(4275,3,8,353),(4276,3,8,354),(4277,3,8,358),(4278,3,8,531),(4279,3,8,532),(4280,3,8,534),(4281,3,8,538),(4282,3,8,1181),(4283,3,8,1182),(4284,3,8,1183),(4285,3,8,1184),(4286,3,8,1185),(4287,3,8,1186),(4288,3,8,1187),(4289,3,8,1188),(4290,3,8,1189),(4291,3,8,1191),(4292,3,8,1231),(4293,3,8,1232),(4294,3,8,1233),(4295,3,8,1234),(4296,3,8,1235),(4297,3,8,1236),(4298,3,8,1321),(4299,3,8,1322),(4300,3,8,1421),(4301,3,8,2401),(4302,3,8,2402),(4303,3,8,2403),(4304,3,8,2411),(4305,3,8,2412),(4306,3,8,2413),(4307,3,8,2414),(4308,3,8,3301),(4309,3,8,5001),(4310,3,8,5002),(4311,3,8,5003),(4312,3,8,5011),(4313,3,8,5012),(4314,3,8,5013),(4315,3,8,5021),(4316,3,8,5022),(4317,3,8,5023),(4318,3,8,5031),(4319,3,8,5032),(4320,3,8,5033),(4321,3,8,5041),(4322,3,8,5042),(4323,3,8,5043),(4324,3,8,5044),(4325,3,8,5045),(4326,3,8,5046),(4327,3,8,5051),(4328,3,8,5052),(4329,3,8,5054),(4330,3,8,5056),(4331,3,8,5057),(4332,3,8,5058),(4333,3,8,5059),(4334,3,8,5061),(4335,3,8,5062),(4336,3,8,5063),(4337,3,8,5064),(4338,3,8,5065),(4339,3,8,5066),(4340,3,8,5067),(4341,3,8,5069),(4342,3,8,50401),(4343,3,8,50411),(4344,3,8,50412),(4345,3,8,50414),(4346,3,8,50415),(4347,3,8,50418),(4348,3,8,50420),(4349,3,8,50430),(4350,3,8,50440),(4351,3,8,59001),(4352,3,8,59002),(4353,3,8,59003),(4354,3,8,941601),(4355,3,8,941602),(4356,3,8,941603),(4357,3,8,941604),(4358,3,8,941605),(4359,3,8,941606),(4600,3,8,1048560),(4360,3,8,50000001),(4361,3,8,50000002),(4362,3,8,50000003),(4363,3,8,858369821),(4117,3,9,3301),(4601,3,9,1048560),(4113,3,9,50000001),(4108,3,9,50000002),(4114,3,9,50000003);

--
-- Table structure for table `llx_usergroup`
--

CREATE TABLE `llx_usergroup` (
  `rowid` int(11) NOT NULL AUTO_INCREMENT,
  `nom` varchar(180) COLLATE utf8_unicode_ci NOT NULL,
  `entity` int(11) NOT NULL DEFAULT 1,
  `datec` datetime DEFAULT NULL,
  `tms` timestamp NOT NULL DEFAULT current_timestamp() ON UPDATE current_timestamp(),
  `note` text COLLATE utf8_unicode_ci DEFAULT NULL,
  `model_pdf` varchar(255) COLLATE utf8_unicode_ci DEFAULT NULL,
  PRIMARY KEY (`rowid`),
  UNIQUE KEY `uk_usergroup_name` (`nom`,`entity`)
) ENGINE=InnoDB AUTO_INCREMENT=33 DEFAULT CHARSET=utf8 COLLATE=utf8_unicode_ci;

--
-- Dumping data for table `llx_usergroup`
--

INSERT INTO `llx_usergroup` (`rowid`, `nom`, `entity`, `datec`, `tms`, `note`, `model_pdf`) VALUES (2,'ADMIN DOLIBARR',0,'2021-11-23 13:17:22','2021-11-23 13:17:22',NULL,NULL),(3,'ASPCM WMUP',0,'2021-12-02 14:20:34','2021-12-02 14:20:34',NULL,NULL),(4,'ASPCM COMPTABILITE',0,'2021-12-30 08:18:58','2021-12-30 07:18:58',NULL,NULL),(5,'SEMPP DG / PRESIDENCE ASPCM',0,'2021-12-30 08:21:57','2021-12-30 07:21:57',NULL,NULL),(6,'SEMPP COMPTABILITE',0,'2021-12-30 08:23:07','2021-12-30 07:23:07',NULL,NULL),(7,'SEMPP ASSISTANTE',0,'2021-12-30 08:26:15','2021-12-30 07:26:15',NULL,NULL),(8,'ASPCM PRESTATAIRE',0,'2021-12-30 08:26:33','2021-12-30 07:26:33',NULL,NULL),(9,'ASPCM ACCUEIL',0,'2022-01-09 10:44:55','2022-01-09 10:44:55',NULL,NULL),(16,'ASPCM SALLE',0,'2022-01-18 20:06:24','2022-01-18 21:22:49','roomreservation',NULL);

--
-- Table structure for table `llx_usergroup_extrafields`
--

CREATE TABLE `llx_usergroup_extrafields` (
  `rowid` int(11) NOT NULL AUTO_INCREMENT,
  `tms` timestamp NOT NULL DEFAULT current_timestamp() ON UPDATE current_timestamp(),
  `fk_object` int(11) NOT NULL,
  `import_key` varchar(14) COLLATE utf8_unicode_ci DEFAULT NULL,
  PRIMARY KEY (`rowid`),
  KEY `idx_usergroup_extrafields` (`fk_object`)
) ENGINE=InnoDB DEFAULT CHARSET=utf8 COLLATE=utf8_unicode_ci;

--
-- Dumping data for table `llx_usergroup_extrafields`
--


--
-- Table structure for table `llx_usergroup_rights`
--

CREATE TABLE `llx_usergroup_rights` (
  `rowid` int(11) NOT NULL AUTO_INCREMENT,
  `entity` int(11) NOT NULL DEFAULT 1,
  `fk_usergroup` int(11) NOT NULL,
  `fk_id` int(11) NOT NULL,
  PRIMARY KEY (`rowid`),
  UNIQUE KEY `uk_usergroup_rights` (`entity`,`fk_usergroup`,`fk_id`),
  KEY `fk_usergroup_rights_fk_usergroup` (`fk_usergroup`),
  CONSTRAINT `fk_usergroup_rights_fk_usergroup` FOREIGN KEY (`fk_usergroup`) REFERENCES `llx_usergroup` (`rowid`)
) ENGINE=InnoDB AUTO_INCREMENT=2444 DEFAULT CHARSET=utf8 COLLATE=utf8_unicode_ci;

--
-- Dumping data for table `llx_usergroup_rights`
--

INSERT INTO `llx_usergroup_rights` (`rowid`, `entity`, `fk_usergroup`, `fk_id`) VALUES (1,1,2,11),(2,1,2,12),(3,1,2,13),(4,1,2,14),(5,1,2,15),(6,1,2,16),(7,1,2,19),(8,1,2,21),(9,1,2,22),(10,1,2,24),(11,1,2,25),(12,1,2,26),(13,1,2,27),(14,1,2,28),(15,1,2,31),(16,1,2,32),(17,1,2,34),(18,1,2,38),(19,1,2,39),(20,1,2,81),(21,1,2,82),(22,1,2,84),(23,1,2,86),(24,1,2,87),(25,1,2,88),(26,1,2,89),(27,1,2,91),(28,1,2,92),(29,1,2,93),(30,1,2,94),(31,1,2,111),(32,1,2,112),(33,1,2,113),(34,1,2,114),(35,1,2,115),(36,1,2,116),(37,1,2,117),(38,1,2,121),(39,1,2,122),(40,1,2,125),(41,1,2,126),(42,1,2,161),(43,1,2,162),(44,1,2,163),(45,1,2,164),(46,1,2,165),(47,1,2,167),(48,1,2,241),(49,1,2,242),(50,1,2,243),(51,1,2,251),(52,1,2,252),(53,1,2,253),(54,1,2,254),(55,1,2,255),(56,1,2,256),(57,1,2,262),(58,1,2,281),(59,1,2,282),(60,1,2,283),(61,1,2,286),(62,1,2,331),(63,1,2,332),(64,1,2,333),(65,1,2,341),(66,1,2,342),(67,1,2,343),(68,1,2,344),(69,1,2,351),(70,1,2,352),(71,1,2,353),(72,1,2,354),(73,1,2,358),(74,1,2,531),(75,1,2,532),(76,1,2,534),(77,1,2,538),(78,1,2,1001),(79,1,2,1002),(80,1,2,1003),(81,1,2,1004),(82,1,2,1005),(83,1,2,1011),(84,1,2,1012),(85,1,2,1181),(86,1,2,1182),(87,1,2,1183),(88,1,2,1184),(89,1,2,1185),(90,1,2,1186),(91,1,2,1187),(92,1,2,1188),(93,1,2,1189),(94,1,2,1191),(95,1,2,1231),(96,1,2,1232),(97,1,2,1233),(98,1,2,1234),(99,1,2,1235),(100,1,2,1236),(101,1,2,1251),(102,1,2,1321),(103,1,2,1322),(104,1,2,1421),(105,1,2,2401),(106,1,2,2402),(107,1,2,2403),(108,1,2,2411),(109,1,2,2412),(110,1,2,2413),(111,1,2,2414),(112,1,2,3201),(113,1,2,5001),(114,1,2,5002),(115,1,2,5003),(116,1,2,5011),(117,1,2,5012),(118,1,2,5013),(119,1,2,5021),(120,1,2,5022),(121,1,2,5023),(122,1,2,5031),(123,1,2,5032),(124,1,2,5033),(125,1,2,5041),(126,1,2,5042),(127,1,2,5043),(128,1,2,5044),(129,1,2,5045),(130,1,2,5046),(131,1,2,5051),(132,1,2,5052),(133,1,2,5054),(134,1,2,5056),(135,1,2,5057),(136,1,2,5058),(137,1,2,5059),(138,1,2,5061),(139,1,2,5062),(140,1,2,5063),(141,1,2,5064),(142,1,2,5065),(143,1,2,5066),(144,1,2,5067),(145,1,2,5069),(146,1,2,23001),(147,1,2,23002),(148,1,2,23003),(149,1,2,23004),(150,1,2,50401),(151,1,2,50411),(152,1,2,50412),(153,1,2,50414),(154,1,2,50415),(155,1,2,50418),(156,1,2,50420),(157,1,2,50430),(158,1,2,50440),(159,1,2,56001),(160,1,2,56002),(161,1,2,56003),(162,1,2,56004),(1986,1,2,104852),(1987,1,2,104853),(1988,1,2,104854),(163,1,2,50000001),(164,1,2,50000002),(165,1,2,50000003),(166,1,2,858369821),(634,1,3,11),(635,1,3,12),(636,1,3,13),(637,1,3,14),(638,1,3,15),(639,1,3,16),(640,1,3,19),(641,1,3,21),(642,1,3,22),(643,1,3,24),(644,1,3,25),(645,1,3,26),(646,1,3,27),(647,1,3,28),(648,1,3,31),(649,1,3,32),(650,1,3,34),(651,1,3,38),(652,1,3,39),(653,1,3,81),(654,1,3,82),(655,1,3,84),(656,1,3,86),(657,1,3,87),(658,1,3,88),(659,1,3,89),(660,1,3,91),(661,1,3,92),(662,1,3,93),(663,1,3,94),(664,1,3,111),(665,1,3,112),(666,1,3,113),(667,1,3,114),(668,1,3,115),(669,1,3,116),(670,1,3,117),(671,1,3,121),(672,1,3,122),(673,1,3,125),(674,1,3,126),(675,1,3,161),(676,1,3,162),(677,1,3,163),(678,1,3,164),(679,1,3,165),(680,1,3,167),(681,1,3,241),(682,1,3,242),(683,1,3,243),(684,1,3,251),(685,1,3,252),(686,1,3,253),(687,1,3,254),(688,1,3,255),(689,1,3,256),(690,1,3,262),(691,1,3,281),(692,1,3,282),(693,1,3,283),(694,1,3,286),(695,1,3,331),(696,1,3,332),(697,1,3,333),(698,1,3,341),(699,1,3,342),(700,1,3,343),(701,1,3,344),(702,1,3,351),(703,1,3,352),(704,1,3,353),(705,1,3,354),(706,1,3,358),(707,1,3,531),(708,1,3,532),(709,1,3,534),(710,1,3,538),(711,1,3,1001),(712,1,3,1002),(713,1,3,1003),(714,1,3,1004),(715,1,3,1005),(716,1,3,1011),(717,1,3,1012),(718,1,3,1181),(719,1,3,1182),(720,1,3,1183),(721,1,3,1184),(722,1,3,1185),(723,1,3,1186),(724,1,3,1187),(725,1,3,1188),(726,1,3,1189),(727,1,3,1191),(728,1,3,1231),(729,1,3,1232),(730,1,3,1233),(731,1,3,1234),(732,1,3,1235),(733,1,3,1236),(734,1,3,1251),(735,1,3,1321),(736,1,3,1322),(737,1,3,1421),(738,1,3,2401),(739,1,3,2402),(740,1,3,2403),(741,1,3,2411),(742,1,3,2412),(743,1,3,2413),(744,1,3,2414),(745,1,3,3201),(746,1,3,5001),(747,1,3,5002),(748,1,3,5003),(749,1,3,5011),(750,1,3,5012),(751,1,3,5013),(752,1,3,5021),(753,1,3,5022),(754,1,3,5023),(755,1,3,5031),(756,1,3,5032),(757,1,3,5033),(758,1,3,5041),(759,1,3,5042),(760,1,3,5043),(761,1,3,5044),(762,1,3,5045),(763,1,3,5046),(764,1,3,5051),(765,1,3,5052),(766,1,3,5054),(767,1,3,5056),(768,1,3,5057),(769,1,3,5058),(770,1,3,5059),(771,1,3,5061),(772,1,3,5062),(773,1,3,5063),(774,1,3,5064),(775,1,3,5065),(776,1,3,5066),(777,1,3,5067),(778,1,3,5069),(779,1,3,23001),(780,1,3,23002),(781,1,3,23003),(782,1,3,23004),(783,1,3,50401),(784,1,3,50411),(785,1,3,50412),(786,1,3,50414),(787,1,3,50415),(788,1,3,50418),(789,1,3,50420),(790,1,3,50430),(791,1,3,50440),(792,1,3,56001),(793,1,3,56002),(794,1,3,56003),(795,1,3,56004),(796,1,3,50000001),(797,1,3,50000002),(798,1,3,50000003),(799,1,3,858369821),(1248,1,4,31),(1235,1,4,121),(1249,1,4,161),(1242,1,4,241),(1232,1,4,251),(1236,1,4,262),(1239,1,4,281),(1252,1,4,331),(1245,1,4,531),(1260,1,4,1181),(1254,1,4,56001),(1983,1,4,104852),(1984,1,4,104853),(1985,1,4,104854),(2117,1,4,1048560),(1255,1,4,50000001),(1256,1,4,50000002),(1257,1,4,50000003),(1505,1,5,11),(2072,1,5,15),(1499,1,5,21),(2074,1,5,25),(1535,1,5,31),(1502,1,5,81),(2073,1,5,86),(1558,1,5,91),(1561,1,5,111),(1495,1,5,121),(1496,1,5,122),(2093,1,5,161),(2090,1,5,162),(2092,1,5,163),(2094,1,5,167),(2087,1,5,241),(1542,1,5,242),(2088,1,5,243),(1480,1,5,251),(1485,1,5,262),(1491,1,5,281),(1492,1,5,282),(2097,1,5,331),(1555,1,5,332),(2098,1,5,333),(1481,1,5,342),(2071,1,5,343),(1545,1,5,531),(1508,1,5,1181),(1511,1,5,1182),(2104,1,5,1201),(2105,1,5,1202),(1514,1,5,1231),(2083,1,5,1235),(2103,1,5,1251),(2077,1,5,2401),(1532,1,5,2402),(2078,1,5,2403),(2081,1,5,2411),(1524,1,5,2412),(2082,1,5,2413),(2084,1,5,2414),(1570,1,5,5051),(1567,1,5,50420),(2099,1,5,56001),(2100,1,5,56002),(2101,1,5,56003),(2102,1,5,56004),(1980,1,5,104852),(1981,1,5,104853),(1982,1,5,104854),(2115,1,5,1048560),(2106,1,5,50000001),(2107,1,5,50000002),(2108,1,5,50000003),(2056,1,5,125042001),(997,1,6,11),(998,1,6,12),(999,1,6,13),(1000,1,6,14),(1001,1,6,15),(1002,1,6,16),(1003,1,6,19),(990,1,6,21),(991,1,6,22),(992,1,6,24),(993,1,6,25),(994,1,6,26),(995,1,6,27),(996,1,6,28),(1032,1,6,31),(1033,1,6,32),(1034,1,6,34),(1035,1,6,38),(1036,1,6,39),(1150,1,6,81),(1151,1,6,82),(1152,1,6,84),(1153,1,6,86),(1154,1,6,87),(1155,1,6,88),(1156,1,6,89),(2062,1,6,91),(2063,1,6,92),(2064,1,6,93),(2065,1,6,94),(1057,1,6,111),(1058,1,6,112),(1059,1,6,113),(1060,1,6,114),(1061,1,6,115),(1062,1,6,116),(1063,1,6,117),(981,1,6,121),(982,1,6,122),(983,1,6,125),(984,1,6,126),(1965,1,6,161),(1966,1,6,162),(1967,1,6,163),(1968,1,6,164),(1969,1,6,165),(1970,1,6,167),(1029,1,6,241),(1030,1,6,242),(1031,1,6,243),(977,1,6,251),(985,1,6,262),(986,1,6,281),(987,1,6,282),(988,1,6,283),(989,1,6,286),(1054,1,6,331),(1055,1,6,332),(1056,1,6,333),(2061,1,6,341),(979,1,6,342),(980,1,6,343),(1037,1,6,531),(1038,1,6,532),(1039,1,6,534),(1040,1,6,538),(1041,1,6,1001),(1042,1,6,1002),(1043,1,6,1003),(1044,1,6,1004),(1045,1,6,1005),(1046,1,6,1011),(1047,1,6,1012),(1006,1,6,1181),(1007,1,6,1182),(1008,1,6,1183),(1009,1,6,1184),(1010,1,6,1185),(1011,1,6,1186),(1012,1,6,1187),(1013,1,6,1188),(1014,1,6,1189),(1015,1,6,1191),(2054,1,6,1201),(2055,1,6,1202),(1016,1,6,1231),(1017,1,6,1232),(1018,1,6,1233),(1019,1,6,1234),(1020,1,6,1235),(1021,1,6,1236),(2070,1,6,1251),(1004,1,6,1321),(1005,1,6,1322),(1157,1,6,1421),(1022,1,6,2401),(1023,1,6,2402),(1024,1,6,2403),(1025,1,6,2411),(1026,1,6,2412),(1027,1,6,2413),(1028,1,6,2414),(1064,1,6,50401),(1065,1,6,50411),(1066,1,6,50412),(1067,1,6,50414),(1068,1,6,50415),(1069,1,6,50418),(1070,1,6,50420),(1071,1,6,50430),(1072,1,6,50440),(2066,1,6,56001),(2067,1,6,56002),(2068,1,6,56003),(2069,1,6,56004),(1977,1,6,104852),(1978,1,6,104853),(1979,1,6,104854),(2114,1,6,1048560),(969,1,6,50000001),(970,1,6,50000002),(971,1,6,50000003),(2053,1,6,125042001),(2041,1,7,11),(2045,1,7,15),(2048,1,7,31),(1171,1,7,121),(1172,1,7,122),(1174,1,7,126),(2037,1,7,161),(1956,1,7,162),(1958,1,7,163),(1960,1,7,164),(1962,1,7,165),(2038,1,7,167),(1188,1,7,241),(1189,1,7,242),(1175,1,7,262),(1176,1,7,281),(1177,1,7,282),(1178,1,7,283),(1179,1,7,286),(1196,1,7,331),(1197,1,7,332),(1198,1,7,333),(2058,1,7,341),(1170,1,7,342),(2057,1,7,343),(2051,1,7,531),(1182,1,7,1181),(2035,1,7,1201),(2036,1,7,1202),(2044,1,7,1231),(2060,1,7,1251),(2031,1,7,1321),(2026,1,7,2401),(2023,1,7,2402),(2027,1,7,2403),(2030,1,7,2411),(2059,1,7,2414),(1207,1,7,56001),(1208,1,7,56002),(1209,1,7,56003),(1210,1,7,56004),(1974,1,7,104852),(1975,1,7,104853),(2111,1,7,1048560),(1211,1,7,50000001),(1212,1,7,50000002),(1213,1,7,50000003),(2052,1,7,125042001),(1998,1,9,342),(1999,1,9,343),(167,2,2,11),(168,2,2,12),(169,2,2,13),(170,2,2,14),(171,2,2,15),(172,2,2,16),(173,2,2,19),(174,2,2,21),(175,2,2,22),(176,2,2,24),(177,2,2,25),(178,2,2,26),(179,2,2,27),(180,2,2,28),(181,2,2,31),(182,2,2,32),(183,2,2,34),(184,2,2,38),(185,2,2,39),(186,2,2,81),(187,2,2,82),(188,2,2,84),(189,2,2,86),(190,2,2,87),(191,2,2,88),(192,2,2,89),(193,2,2,91),(194,2,2,92),(195,2,2,93),(196,2,2,94),(197,2,2,111),(198,2,2,112),(199,2,2,113),(200,2,2,114),(201,2,2,115),(202,2,2,116),(203,2,2,117),(204,2,2,121),(205,2,2,122),(206,2,2,125),(207,2,2,126),(208,2,2,241),(209,2,2,242),(210,2,2,243),(211,2,2,251),(212,2,2,252),(213,2,2,253),(214,2,2,254),(215,2,2,255),(216,2,2,256),(217,2,2,262),(218,2,2,281),(219,2,2,282),(220,2,2,283),(221,2,2,286),(222,2,2,331),(223,2,2,332),(224,2,2,333),(225,2,2,341),(226,2,2,342),(227,2,2,343),(228,2,2,344),(229,2,2,351),(230,2,2,352),(231,2,2,353),(232,2,2,354),(233,2,2,358),(234,2,2,511),(235,2,2,512),(236,2,2,514),(237,2,2,517),(238,2,2,519),(239,2,2,531),(240,2,2,532),(241,2,2,534),(242,2,2,538),(243,2,2,1001),(244,2,2,1002),(245,2,2,1003),(246,2,2,1004),(247,2,2,1005),(248,2,2,1011),(249,2,2,1012),(250,2,2,1181),(251,2,2,1182),(252,2,2,1183),(253,2,2,1184),(254,2,2,1185),(255,2,2,1186),(256,2,2,1187),(257,2,2,1188),(258,2,2,1189),(259,2,2,1191),(260,2,2,1231),(261,2,2,1232),(262,2,2,1233),(263,2,2,1234),(264,2,2,1235),(265,2,2,1236),(266,2,2,1251),(267,2,2,1321),(268,2,2,1322),(269,2,2,1421),(270,2,2,2401),(271,2,2,2402),(272,2,2,2403),(273,2,2,2411),(274,2,2,2412),(275,2,2,2413),(276,2,2,2414),(277,2,2,5001),(278,2,2,5002),(279,2,2,5003),(280,2,2,5011),(281,2,2,5012),(282,2,2,5013),(283,2,2,5021),(284,2,2,5022),(285,2,2,5023),(286,2,2,5031),(287,2,2,5032),(288,2,2,5033),(289,2,2,5041),(290,2,2,5042),(291,2,2,5043),(292,2,2,5044),(293,2,2,5045),(294,2,2,5046),(295,2,2,5051),(296,2,2,5052),(297,2,2,5054),(298,2,2,5056),(299,2,2,5057),(300,2,2,5058),(301,2,2,5059),(302,2,2,5061),(303,2,2,5062),(304,2,2,5063),(305,2,2,5064),(306,2,2,5065),(307,2,2,5066),(308,2,2,5067),(309,2,2,5069),(310,2,2,50401),(311,2,2,50411),(312,2,2,50412),(313,2,2,50414),(314,2,2,50415),(315,2,2,50418),(316,2,2,50420),(317,2,2,50430),(318,2,2,50440),(319,2,2,56001),(320,2,2,56002),(321,2,2,56003),(322,2,2,56004),(1989,2,2,104852),(1990,2,2,104853),(1991,2,2,104854),(323,2,2,432511),(324,2,2,432512),(325,2,2,432513),(326,2,2,941601),(327,2,2,941602),(328,2,2,941603),(329,2,2,941604),(330,2,2,941605),(331,2,2,941606),(332,2,2,50000001),(333,2,2,50000002),(334,2,2,50000003),(335,2,2,858369821),(2194,2,4,11),(2195,2,4,12),(2196,2,4,13),(2197,2,4,14),(2198,2,4,15),(2199,2,4,16),(2179,2,4,21),(2180,2,4,22),(2181,2,4,24),(2182,2,4,25),(2183,2,4,26),(2184,2,4,27),(2185,2,4,28),(2229,2,4,31),(2230,2,4,32),(2231,2,4,34),(2232,2,4,38),(2233,2,4,39),(2250,2,4,61),(2251,2,4,62),(2252,2,4,64),(2253,2,4,67),(2254,2,4,68),(2255,2,4,69),(2256,2,4,70),(2186,2,4,81),(2187,2,4,82),(2188,2,4,84),(2189,2,4,86),(2190,2,4,87),(2191,2,4,88),(2192,2,4,89),(2265,2,4,91),(2266,2,4,92),(2267,2,4,93),(2268,2,4,94),(2269,2,4,111),(2270,2,4,112),(2271,2,4,113),(2272,2,4,114),(2273,2,4,115),(2274,2,4,116),(2275,2,4,117),(2170,2,4,121),(2171,2,4,122),(2172,2,4,125),(2173,2,4,126),(2226,2,4,241),(2227,2,4,242),(2228,2,4,243),(1942,2,4,251),(2174,2,4,262),(2175,2,4,281),(2176,2,4,282),(2177,2,4,283),(2178,2,4,286),(2257,2,4,331),(2258,2,4,332),(2259,2,4,333),(2169,2,4,341),(1943,2,4,342),(1944,2,4,343),(2260,2,4,511),(2261,2,4,512),(2262,2,4,514),(2263,2,4,517),(2264,2,4,519),(2234,2,4,531),(2235,2,4,532),(2236,2,4,534),(2237,2,4,538),(2203,2,4,1181),(2204,2,4,1182),(2205,2,4,1183),(2206,2,4,1184),(2207,2,4,1185),(2208,2,4,1186),(2209,2,4,1187),(2210,2,4,1188),(2211,2,4,1189),(2212,2,4,1191),(1953,2,4,1201),(1954,2,4,1202),(2213,2,4,1231),(2214,2,4,1232),(2215,2,4,1233),(2216,2,4,1234),(2217,2,4,1235),(2218,2,4,1236),(1952,2,4,1251),(2201,2,4,1321),(2202,2,4,1322),(2193,2,4,1421),(2219,2,4,2401),(2220,2,4,2402),(2221,2,4,2403),(2222,2,4,2411),(2223,2,4,2412),(2224,2,4,2413),(2225,2,4,2414),(2280,2,4,50401),(2281,2,4,50411),(2282,2,4,50412),(2283,2,4,50414),(2284,2,4,50415),(2285,2,4,50418),(2286,2,4,50420),(2287,2,4,50430),(2288,2,4,50440),(2276,2,4,56001),(2277,2,4,56002),(2278,2,4,56003),(2279,2,4,56004),(1992,2,4,104852),(1993,2,4,104853),(1994,2,4,104854),(1945,2,4,432511),(1946,2,4,432512),(1947,2,4,432513),(2244,2,4,941601),(2245,2,4,941602),(2246,2,4,941603),(2247,2,4,941604),(2248,2,4,941605),(2249,2,4,941606),(2118,2,4,1048560),(1948,2,4,50000001),(1949,2,4,50000002),(1950,2,4,50000003),(1951,2,4,125042001),(1581,2,5,11),(1579,2,5,21),(1589,2,5,31),(1601,2,5,61),(1580,2,5,81),(1596,2,5,91),(1597,2,5,111),(1577,2,5,121),(1578,2,5,122),(1593,2,5,161),(1590,2,5,241),(1591,2,5,242),(1572,2,5,251),(1574,2,5,262),(1575,2,5,281),(1576,2,5,282),(1594,2,5,331),(1595,2,5,332),(1573,2,5,342),(1592,2,5,531),(1602,2,5,1001),(1582,2,5,1181),(1583,2,5,1182),(1584,2,5,1231),(1587,2,5,2401),(1588,2,5,2402),(1586,2,5,2411),(1585,2,5,2412),(1599,2,5,50420),(1598,2,5,56001),(1995,2,5,104852),(1996,2,5,104853),(1997,2,5,104854),(2116,2,5,1048560),(1571,2,5,50000001),(1603,2,5,125042001),(1267,2,6,56001),(1268,2,6,56002),(2110,2,7,56001),(2443,2,7,1048560),(1459,2,8,121),(2008,2,8,2401),(2009,2,8,2402),(2015,2,8,2411),(1462,2,8,56001),(1463,2,8,56002),(1464,2,8,56003),(1465,2,8,56004),(1466,2,8,125042001),(1090,2,9,21),(1091,2,9,22),(1092,2,9,24),(1093,2,9,25),(1094,2,9,26),(1095,2,9,27),(1096,2,9,28),(1117,2,9,31),(1097,2,9,81),(1098,2,9,82),(1099,2,9,84),(1100,2,9,86),(1101,2,9,87),(1102,2,9,88),(1103,2,9,89),(1083,2,9,121),(1084,2,9,122),(1112,2,9,241),(1113,2,9,242),(1114,2,9,243),(1085,2,9,262),(1088,2,9,281),(1089,2,9,282),(1132,2,9,331),(1133,2,9,332),(1134,2,9,333),(1076,2,9,342),(1077,2,9,343),(1120,2,9,531),(1125,2,9,1001),(1122,2,9,1004),(1123,2,9,1005),(1104,2,9,1421),(1105,2,9,2401),(1106,2,9,2402),(1107,2,9,2403),(1108,2,9,2411),(1109,2,9,2412),(1110,2,9,2413),(1111,2,9,2414),(1141,2,9,5011),(1144,2,9,5021),(1145,2,9,5022),(1135,2,9,56001),(1136,2,9,56002),(1137,2,9,56003),(1138,2,9,56004),(1971,2,9,104852),(1972,2,9,104853),(1973,2,9,104854),(1126,2,9,941601),(1127,2,9,941602),(1128,2,9,941603),(1129,2,9,941604),(1130,2,9,941605),(2113,2,9,1048560),(1148,2,9,50000001),(1149,2,9,125042001),(1283,2,16,11),(1284,2,16,12),(1285,2,16,13),(1286,2,16,14),(1287,2,16,15),(1288,2,16,16),(1289,2,16,19),(1290,2,16,21),(1291,2,16,22),(1292,2,16,24),(1293,2,16,25),(1294,2,16,26),(1295,2,16,27),(1296,2,16,28),(1297,2,16,31),(1298,2,16,32),(1299,2,16,34),(1300,2,16,38),(1301,2,16,39),(1302,2,16,81),(1303,2,16,82),(1304,2,16,84),(1305,2,16,86),(1306,2,16,87),(1307,2,16,88),(1308,2,16,89),(1309,2,16,91),(1310,2,16,92),(1311,2,16,93),(1312,2,16,94),(1313,2,16,111),(1314,2,16,112),(1315,2,16,113),(1316,2,16,114),(1317,2,16,115),(1318,2,16,116),(1319,2,16,117),(1320,2,16,121),(1321,2,16,122),(1322,2,16,125),(1323,2,16,126),(1324,2,16,241),(1325,2,16,242),(1326,2,16,243),(1327,2,16,251),(1328,2,16,252),(1329,2,16,253),(1330,2,16,254),(1331,2,16,255),(1332,2,16,256),(1333,2,16,262),(1334,2,16,281),(1335,2,16,282),(1336,2,16,283),(1337,2,16,286),(1338,2,16,331),(1339,2,16,332),(1340,2,16,333),(1341,2,16,341),(1342,2,16,342),(1343,2,16,343),(1344,2,16,344),(1345,2,16,351),(1346,2,16,352),(1347,2,16,353),(1348,2,16,354),(1349,2,16,358),(1350,2,16,511),(1351,2,16,512),(1352,2,16,514),(1353,2,16,517),(1354,2,16,519),(1355,2,16,531),(1356,2,16,532),(1357,2,16,534),(1358,2,16,538),(1359,2,16,1001),(1360,2,16,1002),(1361,2,16,1003),(1362,2,16,1004),(1363,2,16,1005),(1364,2,16,1011),(1365,2,16,1012),(1366,2,16,1181),(1367,2,16,1182),(1368,2,16,1183),(1369,2,16,1184),(1370,2,16,1185),(1371,2,16,1186),(1372,2,16,1187),(1373,2,16,1188),(1374,2,16,1189),(1375,2,16,1191),(1376,2,16,1231),(1377,2,16,1232),(1378,2,16,1233),(1379,2,16,1234),(1380,2,16,1235),(1381,2,16,1236),(1382,2,16,1251),(1383,2,16,1321),(1384,2,16,1322),(1385,2,16,1421),(1386,2,16,2401),(1387,2,16,2402),(1388,2,16,2403),(1389,2,16,2411),(1390,2,16,2412),(1391,2,16,2413),(1392,2,16,2414),(1393,2,16,5001),(1394,2,16,5002),(1395,2,16,5003),(1396,2,16,5011),(1397,2,16,5012),(1398,2,16,5013),(1399,2,16,5021),(1400,2,16,5022),(1401,2,16,5023),(1402,2,16,5031),(1403,2,16,5032),(1404,2,16,5033),(1405,2,16,5041),(1406,2,16,5042),(1407,2,16,5043),(1408,2,16,5044),(1409,2,16,5045),(1410,2,16,5046),(1411,2,16,5051),(1412,2,16,5052),(1413,2,16,5054),(1414,2,16,5056),(1415,2,16,5057),(1416,2,16,5058),(1417,2,16,5059),(1418,2,16,5061),(1419,2,16,5062),(1420,2,16,5063),(1421,2,16,5064),(1422,2,16,5065),(1423,2,16,5066),(1424,2,16,5067),(1425,2,16,5069),(1426,2,16,23001),(1427,2,16,23002),(1428,2,16,23003),(1429,2,16,23004),(1430,2,16,50401),(1431,2,16,50411),(1432,2,16,50412),(1433,2,16,50414),(1434,2,16,50415),(1435,2,16,50418),(1436,2,16,50420),(1437,2,16,50430),(1438,2,16,50440),(1439,2,16,56001),(1440,2,16,56002),(1441,2,16,56003),(1442,2,16,56004),(1443,2,16,432511),(1444,2,16,432512),(1445,2,16,432513),(1446,2,16,941601),(1447,2,16,941602),(1448,2,16,941603),(1449,2,16,941604),(1450,2,16,941605),(1451,2,16,941606),(1452,2,16,50000001),(1453,2,16,50000002),(1454,2,16,50000003),(1455,2,16,125042001),(1456,2,16,858369821),(336,3,2,11),(337,3,2,12),(338,3,2,13),(339,3,2,14),(340,3,2,15),(341,3,2,16),(342,3,2,19),(343,3,2,21),(344,3,2,22),(345,3,2,24),(346,3,2,25),(347,3,2,26),(348,3,2,27),(349,3,2,28),(350,3,2,31),(351,3,2,32),(352,3,2,34),(353,3,2,38),(354,3,2,39),(355,3,2,81),(356,3,2,82),(357,3,2,84),(358,3,2,86),(359,3,2,87),(360,3,2,88),(361,3,2,89),(362,3,2,91),(363,3,2,92),(364,3,2,93),(365,3,2,94),(366,3,2,111),(367,3,2,112),(368,3,2,113),(369,3,2,114),(370,3,2,115),(371,3,2,116),(372,3,2,117),(373,3,2,121),(374,3,2,122),(375,3,2,125),(376,3,2,126),(377,3,2,241),(378,3,2,242),(379,3,2,243),(380,3,2,251),(381,3,2,252),(382,3,2,253),(383,3,2,254),(384,3,2,255),(385,3,2,256),(386,3,2,262),(387,3,2,281),(388,3,2,282),(389,3,2,283),(390,3,2,286),(391,3,2,331),(392,3,2,332),(393,3,2,333),(394,3,2,341),(395,3,2,342),(396,3,2,343),(397,3,2,344),(398,3,2,351),(399,3,2,352),(400,3,2,353),(401,3,2,354),(402,3,2,358),(403,3,2,531),(404,3,2,532),(405,3,2,534),(406,3,2,538),(407,3,2,1181),(408,3,2,1182),(409,3,2,1183),(410,3,2,1184),(411,3,2,1185),(412,3,2,1186),(413,3,2,1187),(414,3,2,1188),(415,3,2,1189),(416,3,2,1191),(417,3,2,1231),(418,3,2,1232),(419,3,2,1233),(420,3,2,1234),(421,3,2,1235),(422,3,2,1236),(423,3,2,1321),(424,3,2,1322),(425,3,2,1421),(426,3,2,2401),(427,3,2,2402),(428,3,2,2403),(429,3,2,2411),(430,3,2,2412),(431,3,2,2413),(432,3,2,2414),(433,3,2,5001),(434,3,2,5002),(435,3,2,5003),(436,3,2,5011),(437,3,2,5012),(438,3,2,5013),(439,3,2,5021),(440,3,2,5022),(441,3,2,5023),(442,3,2,5031),(443,3,2,5032),(444,3,2,5033),(445,3,2,5041),(446,3,2,5042),(447,3,2,5043),(448,3,2,5044),(449,3,2,5045),(450,3,2,5046),(451,3,2,5051),(452,3,2,5052),(453,3,2,5054),(454,3,2,5056),(455,3,2,5057),(456,3,2,5058),(457,3,2,5059),(458,3,2,5061),(459,3,2,5062),(460,3,2,5063),(461,3,2,5064),(462,3,2,5065),(463,3,2,5066),(464,3,2,5067),(465,3,2,5069),(466,3,2,50401),(467,3,2,50411),(468,3,2,50412),(469,3,2,50414),(470,3,2,50415),(471,3,2,50418),(472,3,2,50420),(473,3,2,50430),(474,3,2,50440),(475,3,2,59001),(476,3,2,59002),(477,3,2,59003),(478,3,2,941601),(479,3,2,941602),(480,3,2,941603),(481,3,2,941604),(482,3,2,941605),(483,3,2,941606),(484,3,2,858369821),(1787,3,3,11),(1788,3,3,12),(1789,3,3,13),(1790,3,3,14),(1791,3,3,15),(1792,3,3,16),(1793,3,3,19),(1794,3,3,21),(1795,3,3,22),(1796,3,3,24),(1797,3,3,25),(1798,3,3,26),(1799,3,3,27),(1800,3,3,28),(1801,3,3,31),(1802,3,3,32),(1803,3,3,34),(1804,3,3,38),(1805,3,3,39),(1806,3,3,81),(1807,3,3,82),(1808,3,3,84),(1809,3,3,86),(1810,3,3,87),(1811,3,3,88),(1812,3,3,89),(1813,3,3,91),(1814,3,3,92),(1815,3,3,93),(1816,3,3,94),(1817,3,3,111),(1818,3,3,112),(1819,3,3,113),(1820,3,3,114),(1821,3,3,115),(1822,3,3,116),(1823,3,3,117),(1824,3,3,121),(1825,3,3,122),(1826,3,3,125),(1827,3,3,126),(1828,3,3,241),(1829,3,3,242),(1830,3,3,243),(1831,3,3,251),(1832,3,3,252),(1833,3,3,253),(1834,3,3,254),(1835,3,3,255),(1836,3,3,256),(1837,3,3,262),(1838,3,3,281),(1839,3,3,282),(1840,3,3,283),(1841,3,3,286),(1842,3,3,331),(1843,3,3,332),(1844,3,3,333),(1845,3,3,341),(1846,3,3,342),(1847,3,3,343),(1848,3,3,344),(1849,3,3,351),(1850,3,3,352),(1851,3,3,353),(1852,3,3,354),(1853,3,3,358),(1854,3,3,531),(1855,3,3,532),(1856,3,3,534),(1857,3,3,538),(1858,3,3,1181),(1859,3,3,1182),(1860,3,3,1183),(1861,3,3,1184),(1862,3,3,1185),(1863,3,3,1186),(1864,3,3,1187),(1865,3,3,1188),(1866,3,3,1189),(1867,3,3,1191),(1868,3,3,1231),(1869,3,3,1232),(1870,3,3,1233),(1871,3,3,1234),(1872,3,3,1235),(1873,3,3,1236),(1874,3,3,1321),(1875,3,3,1322),(1876,3,3,1421),(1877,3,3,2401),(1878,3,3,2402),(1879,3,3,2403),(1880,3,3,2411),(1881,3,3,2412),(1882,3,3,2413),(1883,3,3,2414),(1884,3,3,3301),(1885,3,3,5001),(1886,3,3,5002),(1887,3,3,5003),(1888,3,3,5011),(1889,3,3,5012),(1890,3,3,5013),(1891,3,3,5021),(1892,3,3,5022),(1893,3,3,5023),(1894,3,3,5031),(1895,3,3,5032),(1896,3,3,5033),(1897,3,3,5041),(1898,3,3,5042),(1899,3,3,5043),(1900,3,3,5044),(1901,3,3,5045),(1902,3,3,5046),(1903,3,3,5051),(1904,3,3,5052),(1905,3,3,5054),(1906,3,3,5056),(1907,3,3,5057),(1908,3,3,5058),(1909,3,3,5059),(1910,3,3,5061),(1911,3,3,5062),(1912,3,3,5063),(1913,3,3,5064),(1914,3,3,5065),(1915,3,3,5066),(1916,3,3,5067),(1917,3,3,5069),(1918,3,3,50401),(1919,3,3,50411),(1920,3,3,50412),(1921,3,3,50414),(1922,3,3,50415),(1923,3,3,50418),(1924,3,3,50420),(1925,3,3,50430),(1926,3,3,50440),(1927,3,3,59001),(1928,3,3,59002),(1929,3,3,59003),(1930,3,3,941601),(1931,3,3,941602),(1932,3,3,941603),(1933,3,3,941604),(1934,3,3,941605),(1935,3,3,941606),(1936,3,3,50000001),(1937,3,3,50000002),(1938,3,3,50000003),(1939,3,3,858369821),(2289,3,4,11),(2290,3,4,12),(2291,3,4,13),(2292,3,4,14),(2293,3,4,15),(2294,3,4,16),(2295,3,4,19),(2296,3,4,21),(2297,3,4,22),(2298,3,4,24),(2299,3,4,25),(2300,3,4,26),(2301,3,4,27),(2302,3,4,28),(2303,3,4,31),(2304,3,4,32),(2305,3,4,34),(2306,3,4,38),(2307,3,4,39),(2308,3,4,81),(2309,3,4,82),(2310,3,4,84),(2311,3,4,86),(2312,3,4,87),(2313,3,4,88),(2314,3,4,89),(2315,3,4,91),(2316,3,4,92),(2317,3,4,93),(2318,3,4,94),(2319,3,4,111),(2320,3,4,112),(2321,3,4,113),(2322,3,4,114),(2323,3,4,115),(2324,3,4,116),(2325,3,4,117),(2326,3,4,121),(2327,3,4,122),(2328,3,4,125),(2329,3,4,126),(2330,3,4,241),(2331,3,4,242),(2332,3,4,243),(2333,3,4,251),(2334,3,4,252),(2335,3,4,253),(2336,3,4,254),(2337,3,4,255),(2338,3,4,256),(2339,3,4,262),(2340,3,4,281),(2341,3,4,282),(2342,3,4,283),(2343,3,4,286),(2344,3,4,331),(2345,3,4,332),(2346,3,4,333),(2347,3,4,341),(2348,3,4,342),(2349,3,4,343),(2350,3,4,344),(2351,3,4,351),(2352,3,4,352),(2353,3,4,353),(2354,3,4,354),(2355,3,4,358),(2356,3,4,531),(2357,3,4,532),(2358,3,4,534),(2359,3,4,538),(2360,3,4,1181),(2361,3,4,1182),(2362,3,4,1183),(2363,3,4,1184),(2364,3,4,1185),(2365,3,4,1186),(2366,3,4,1187),(2367,3,4,1188),(2368,3,4,1189),(2369,3,4,1191),(2370,3,4,1231),(2371,3,4,1232),(2372,3,4,1233),(2373,3,4,1234),(2374,3,4,1235),(2375,3,4,1236),(2376,3,4,1321),(2377,3,4,1322),(2378,3,4,1421),(2379,3,4,2401),(2380,3,4,2402),(2381,3,4,2403),(2382,3,4,2411),(2383,3,4,2412),(2384,3,4,2413),(2385,3,4,2414),(2386,3,4,3301),(2387,3,4,5001),(2388,3,4,5002),(2389,3,4,5003),(2390,3,4,5011),(2391,3,4,5012),(2392,3,4,5013),(2393,3,4,5021),(2394,3,4,5022),(2395,3,4,5023),(2396,3,4,5031),(2397,3,4,5032),(2398,3,4,5033),(2399,3,4,5041),(2400,3,4,5042),(2401,3,4,5043),(2402,3,4,5044),(2403,3,4,5045),(2404,3,4,5046),(2405,3,4,5051),(2406,3,4,5052),(2407,3,4,5054),(2408,3,4,5056),(2409,3,4,5057),(2410,3,4,5058),(2411,3,4,5059),(2412,3,4,5061),(2413,3,4,5062),(2414,3,4,5063),(2415,3,4,5064),(2416,3,4,5065),(2417,3,4,5066),(2418,3,4,5067),(2419,3,4,5069),(2420,3,4,50401),(2421,3,4,50411),(2422,3,4,50412),(2423,3,4,50414),(2424,3,4,50415),(2425,3,4,50418),(2426,3,4,50420),(2427,3,4,50430),(2428,3,4,50440),(2429,3,4,59001),(2430,3,4,59002),(2431,3,4,59003),(2432,3,4,941601),(2433,3,4,941602),(2434,3,4,941603),(2435,3,4,941604),(2436,3,4,941605),(2437,3,4,941606),(2438,3,4,1048560),(2439,3,4,50000001),(2440,3,4,50000002),(2441,3,4,50000003),(1614,3,5,11),(1612,3,5,21),(1622,3,5,31),(1613,3,5,81),(1629,3,5,91),(1630,3,5,111),(1610,3,5,121),(1611,3,5,122),(1626,3,5,161),(1623,3,5,241),(1624,3,5,242),(1605,3,5,251),(1607,3,5,262),(1608,3,5,281),(1609,3,5,282),(1627,3,5,331),(1628,3,5,332),(1606,3,5,342),(1625,3,5,531),(1615,3,5,1181),(1616,3,5,1182),(1617,3,5,1231),(1620,3,5,2401),(1621,3,5,2402),(1619,3,5,2411),(1618,3,5,2412),(1633,3,5,5051),(1632,3,5,50420),(1631,3,5,56001),(1604,3,5,50000001);

--
-- Table structure for table `llx_usergroup_user`
--

CREATE TABLE `llx_usergroup_user` (
  `rowid` int(11) NOT NULL AUTO_INCREMENT,
  `entity` int(11) NOT NULL DEFAULT 1,
  `fk_user` int(11) NOT NULL,
  `fk_usergroup` int(11) NOT NULL,
  PRIMARY KEY (`rowid`),
  UNIQUE KEY `uk_usergroup_user` (`entity`,`fk_user`,`fk_usergroup`),
  KEY `fk_usergroup_user_fk_user` (`fk_user`),
  KEY `fk_usergroup_user_fk_usergroup` (`fk_usergroup`),
  CONSTRAINT `fk_usergroup_user_fk_user` FOREIGN KEY (`fk_user`) REFERENCES `llx_user` (`rowid`),
  CONSTRAINT `fk_usergroup_user_fk_usergroup` FOREIGN KEY (`fk_usergroup`) REFERENCES `llx_usergroup` (`rowid`)
) ENGINE=InnoDB AUTO_INCREMENT=48 DEFAULT CHARSET=utf8 COLLATE=utf8_unicode_ci;

--
-- Dumping data for table `llx_usergroup_user`
--

INSERT INTO `llx_usergroup_user` (`rowid`, `entity`, `fk_user`, `fk_usergroup`) VALUES (9,1,1,2),(6,1,8,2),(44,1,9,3),(18,1,10,6),(13,1,11,4),(40,1,12,5),(19,1,13,7),(10,2,1,2),(33,2,3,16),(34,2,4,16),(35,2,5,16),(32,2,6,16),(36,2,7,16),(7,2,8,2),(14,2,11,4),(16,2,12,5),(47,2,13,7),(20,2,14,8),(21,2,15,9),(37,2,16,16),(38,2,17,8),(39,2,18,8),(41,2,19,9),(42,2,20,9),(46,2,21,8),(11,3,1,2),(8,3,8,2),(43,3,8,3),(12,3,9,3),(15,3,11,4),(17,3,12,5);

--
-- Table structure for table `llx_website`
--

CREATE TABLE `llx_website` (
  `rowid` int(11) NOT NULL AUTO_INCREMENT,
  `type_container` varchar(16) COLLATE utf8_unicode_ci NOT NULL DEFAULT 'page',
  `entity` int(11) NOT NULL DEFAULT 1,
  `ref` varchar(128) COLLATE utf8_unicode_ci NOT NULL,
  `description` varchar(255) COLLATE utf8_unicode_ci DEFAULT NULL,
  `maincolor` varchar(16) COLLATE utf8_unicode_ci DEFAULT NULL,
  `maincolorbis` varchar(16) COLLATE utf8_unicode_ci DEFAULT NULL,
  `lang` varchar(8) COLLATE utf8_unicode_ci DEFAULT NULL,
  `otherlang` varchar(255) COLLATE utf8_unicode_ci DEFAULT NULL,
  `status` int(11) DEFAULT 1,
  `fk_default_home` int(11) DEFAULT NULL,
  `use_manifest` int(11) DEFAULT NULL,
  `virtualhost` varchar(255) COLLATE utf8_unicode_ci DEFAULT NULL,
  `fk_user_creat` int(11) DEFAULT NULL,
  `fk_user_modif` int(11) DEFAULT NULL,
  `date_creation` datetime DEFAULT NULL,
  `position` int(11) DEFAULT 0,
  `lastaccess` datetime DEFAULT NULL,
  `pageviews_month` bigint(20) unsigned DEFAULT 0,
  `pageviews_total` bigint(20) unsigned DEFAULT 0,
  `tms` timestamp NOT NULL DEFAULT current_timestamp() ON UPDATE current_timestamp(),
  `import_key` varchar(14) COLLATE utf8_unicode_ci DEFAULT NULL,
  PRIMARY KEY (`rowid`),
  UNIQUE KEY `uk_website_ref` (`ref`,`entity`)
) ENGINE=InnoDB DEFAULT CHARSET=utf8 COLLATE=utf8_unicode_ci;

--
-- Dumping data for table `llx_website`
--


--
-- Table structure for table `llx_website_extrafields`
--

CREATE TABLE `llx_website_extrafields` (
  `rowid` int(11) NOT NULL AUTO_INCREMENT,
  `tms` timestamp NOT NULL DEFAULT current_timestamp() ON UPDATE current_timestamp(),
  `fk_object` int(11) NOT NULL,
  `import_key` varchar(14) COLLATE utf8_unicode_ci DEFAULT NULL,
  PRIMARY KEY (`rowid`),
  KEY `idx_website_extrafields` (`fk_object`)
) ENGINE=InnoDB DEFAULT CHARSET=utf8 COLLATE=utf8_unicode_ci;

--
-- Dumping data for table `llx_website_extrafields`
--


--
-- Table structure for table `llx_website_page`
--

CREATE TABLE `llx_website_page` (
  `rowid` int(11) NOT NULL AUTO_INCREMENT,
  `fk_website` int(11) NOT NULL,
  `type_container` varchar(16) COLLATE utf8_unicode_ci NOT NULL DEFAULT 'page',
  `pageurl` varchar(255) COLLATE utf8_unicode_ci NOT NULL,
  `aliasalt` varchar(255) COLLATE utf8_unicode_ci DEFAULT NULL,
  `title` varchar(255) COLLATE utf8_unicode_ci DEFAULT NULL,
  `description` varchar(255) COLLATE utf8_unicode_ci DEFAULT NULL,
  `image` varchar(255) COLLATE utf8_unicode_ci DEFAULT NULL,
  `keywords` varchar(255) COLLATE utf8_unicode_ci DEFAULT NULL,
  `lang` varchar(6) COLLATE utf8_unicode_ci DEFAULT NULL,
  `fk_page` int(11) DEFAULT NULL,
  `allowed_in_frames` int(11) DEFAULT 0,
  `htmlheader` text COLLATE utf8_unicode_ci DEFAULT NULL,
  `content` mediumtext COLLATE utf8_unicode_ci DEFAULT NULL,
  `status` int(11) DEFAULT 1,
  `grabbed_from` varchar(255) COLLATE utf8_unicode_ci DEFAULT NULL,
  `fk_user_creat` int(11) DEFAULT NULL,
  `fk_user_modif` int(11) DEFAULT NULL,
  `author_alias` varchar(64) COLLATE utf8_unicode_ci DEFAULT NULL,
  `date_creation` datetime DEFAULT NULL,
  `tms` timestamp NOT NULL DEFAULT current_timestamp() ON UPDATE current_timestamp(),
  `import_key` varchar(14) COLLATE utf8_unicode_ci DEFAULT NULL,
  `object_type` varchar(255) COLLATE utf8_unicode_ci DEFAULT NULL,
  `fk_object` varchar(255) COLLATE utf8_unicode_ci DEFAULT NULL,
  PRIMARY KEY (`rowid`),
  UNIQUE KEY `uk_website_page_url` (`fk_website`,`pageurl`),
  CONSTRAINT `fk_website_page_website` FOREIGN KEY (`fk_website`) REFERENCES `llx_website` (`rowid`)
) ENGINE=InnoDB DEFAULT CHARSET=utf8 COLLATE=utf8_unicode_ci;

--
-- Dumping data for table `llx_website_page`
--


--
-- Table structure for table `llx_workstation_workstation`
--

CREATE TABLE `llx_workstation_workstation` (
  `rowid` int(11) NOT NULL AUTO_INCREMENT,
  `ref` varchar(128) COLLATE utf8_unicode_ci NOT NULL DEFAULT '(PROV)',
  `label` varchar(255) COLLATE utf8_unicode_ci DEFAULT NULL,
  `type` varchar(7) COLLATE utf8_unicode_ci DEFAULT NULL,
  `note_public` text COLLATE utf8_unicode_ci DEFAULT NULL,
  `entity` int(11) DEFAULT 1,
  `note_private` text COLLATE utf8_unicode_ci DEFAULT NULL,
  `date_creation` datetime NOT NULL,
  `tms` timestamp NOT NULL DEFAULT current_timestamp() ON UPDATE current_timestamp(),
  `fk_user_creat` int(11) NOT NULL,
  `fk_user_modif` int(11) DEFAULT NULL,
  `import_key` varchar(14) COLLATE utf8_unicode_ci DEFAULT NULL,
  `status` smallint(6) NOT NULL,
  `nb_operators_required` int(11) DEFAULT NULL,
  `thm_operator_estimated` double DEFAULT NULL,
  `thm_machine_estimated` double DEFAULT NULL,
  PRIMARY KEY (`rowid`),
  KEY `idx_workstation_workstation_rowid` (`rowid`),
  KEY `idx_workstation_workstation_ref` (`ref`),
  KEY `fk_workstation_workstation_fk_user_creat` (`fk_user_creat`),
  KEY `idx_workstation_workstation_status` (`status`),
  CONSTRAINT `fk_workstation_workstation_fk_user_creat` FOREIGN KEY (`fk_user_creat`) REFERENCES `llx_user` (`rowid`)
) ENGINE=InnoDB DEFAULT CHARSET=utf8 COLLATE=utf8_unicode_ci;

--
-- Dumping data for table `llx_workstation_workstation`
--


--
-- Table structure for table `llx_workstation_workstation_resource`
--

CREATE TABLE `llx_workstation_workstation_resource` (
  `rowid` int(11) NOT NULL AUTO_INCREMENT,
  `tms` timestamp NOT NULL DEFAULT current_timestamp() ON UPDATE current_timestamp(),
  `fk_resource` int(11) DEFAULT NULL,
  `fk_workstation` int(11) DEFAULT NULL,
  PRIMARY KEY (`rowid`)
) ENGINE=InnoDB DEFAULT CHARSET=utf8 COLLATE=utf8_unicode_ci;

--
-- Dumping data for table `llx_workstation_workstation_resource`
--


--
-- Table structure for table `llx_workstation_workstation_usergroup`
--

CREATE TABLE `llx_workstation_workstation_usergroup` (
  `rowid` int(11) NOT NULL AUTO_INCREMENT,
  `tms` timestamp NOT NULL DEFAULT current_timestamp() ON UPDATE current_timestamp(),
  `fk_usergroup` int(11) DEFAULT NULL,
  `fk_workstation` int(11) DEFAULT NULL,
  PRIMARY KEY (`rowid`)
) ENGINE=InnoDB DEFAULT CHARSET=utf8 COLLATE=utf8_unicode_ci;

--
-- Dumping data for table `llx_workstation_workstation_usergroup`
--


--
-- Table structure for table `llx_zapier_hook`
--

CREATE TABLE `llx_zapier_hook` (
  `rowid` int(11) NOT NULL AUTO_INCREMENT,
  `entity` int(11) NOT NULL DEFAULT 1,
  `url` varchar(255) COLLATE utf8_unicode_ci DEFAULT NULL,
  `event` varchar(255) COLLATE utf8_unicode_ci DEFAULT NULL,
  `module` varchar(128) COLLATE utf8_unicode_ci DEFAULT NULL,
  `action` varchar(128) COLLATE utf8_unicode_ci DEFAULT NULL,
  `status` int(11) DEFAULT NULL,
  `date_creation` datetime NOT NULL,
  `fk_user` int(11) NOT NULL,
  `tms` timestamp NOT NULL DEFAULT current_timestamp() ON UPDATE current_timestamp(),
  `import_key` varchar(14) COLLATE utf8_unicode_ci DEFAULT NULL,
  PRIMARY KEY (`rowid`)
) ENGINE=InnoDB DEFAULT CHARSET=utf8 COLLATE=utf8_unicode_ci;

--
-- Dumping data for table `llx_zapier_hook`
--



